[INFO] fetching crate bevy-discord 0.2.2...
[INFO] testing bevy-discord-0.2.2 against nightly-2024-10-28+rustflags=-Zrandomize-layout for randomize-layout
[INFO] extracting crate bevy-discord 0.2.2 into /workspace/builds/worker-1-tc2/source
[INFO] validating manifest of crates.io crate bevy-discord 0.2.2 on toolchain nightly-2024-10-28
[INFO] running `Command { std: CARGO_HOME="/workspace/cargo-home" RUSTUP_HOME="/workspace/rustup-home" "/workspace/cargo-home/bin/cargo" "+nightly-2024-10-28" "metadata" "--manifest-path" "Cargo.toml" "--no-deps", kill_on_drop: false }`
[INFO] started tweaking crates.io crate bevy-discord 0.2.2
[INFO] finished tweaking crates.io crate bevy-discord 0.2.2
[INFO] tweaked toml for crates.io crate bevy-discord 0.2.2 written to /workspace/builds/worker-1-tc2/source/Cargo.toml
[INFO] running `Command { std: CARGO_HOME="/workspace/cargo-home" RUSTUP_HOME="/workspace/rustup-home" "/workspace/cargo-home/bin/cargo" "+nightly-2024-10-28" "generate-lockfile" "--manifest-path" "Cargo.toml", kill_on_drop: false }`
[INFO] [stderr]     Updating crates.io index
[INFO] [stderr]      Locking 286 packages to latest compatible versions
[INFO] [stderr]       Adding bevy_app v0.13.2 (available: v0.14.2)
[INFO] [stderr]       Adding bevy_ecs v0.13.2 (available: v0.14.2)
[INFO] running `Command { std: CARGO_HOME="/workspace/cargo-home" RUSTUP_HOME="/workspace/rustup-home" "/workspace/cargo-home/bin/cargo" "+nightly-2024-10-28" "fetch" "--manifest-path" "Cargo.toml", kill_on_drop: false }`
[INFO] running `Command { std: "docker" "create" "-v" "/var/lib/crater-agent-workspace/builds/worker-1-tc2/target:/opt/rustwide/target:rw,Z" "-v" "/var/lib/crater-agent-workspace/builds/worker-1-tc2/source:/opt/rustwide/workdir:ro,Z" "-v" "/var/lib/crater-agent-workspace/cargo-home:/opt/rustwide/cargo-home:ro,Z" "-v" "/var/lib/crater-agent-workspace/rustup-home:/opt/rustwide/rustup-home:ro,Z" "-e" "SOURCE_DIR=/opt/rustwide/workdir" "-e" "CARGO_TARGET_DIR=/opt/rustwide/target" "-e" "CARGO_HOME=/opt/rustwide/cargo-home" "-e" "RUSTUP_HOME=/opt/rustwide/rustup-home" "-w" "/opt/rustwide/workdir" "-m" "1610612736" "--user" "0:0" "--network" "none" "ghcr.io/rust-lang/crates-build-env/linux@sha256:4a844ea9eb2546a2d2c7022eacef16ef2e8229c7fbb2c7d4d55a9ceca922f72d" "/opt/rustwide/cargo-home/bin/cargo" "+nightly-2024-10-28" "metadata" "--no-deps" "--format-version=1", kill_on_drop: false }`
[INFO] [stdout] 7ef0d3216b63ef0753e3f4c60965096a7e39490f69977527d367798bc4da4f2a
[INFO] running `Command { std: "docker" "start" "-a" "7ef0d3216b63ef0753e3f4c60965096a7e39490f69977527d367798bc4da4f2a", kill_on_drop: false }`
[INFO] running `Command { std: "docker" "inspect" "7ef0d3216b63ef0753e3f4c60965096a7e39490f69977527d367798bc4da4f2a", kill_on_drop: false }`
[INFO] running `Command { std: "docker" "rm" "-f" "7ef0d3216b63ef0753e3f4c60965096a7e39490f69977527d367798bc4da4f2a", kill_on_drop: false }`
[INFO] [stdout] 7ef0d3216b63ef0753e3f4c60965096a7e39490f69977527d367798bc4da4f2a
[INFO] running `Command { std: "docker" "create" "-v" "/var/lib/crater-agent-workspace/builds/worker-1-tc2/target:/opt/rustwide/target:rw,Z" "-v" "/var/lib/crater-agent-workspace/builds/worker-1-tc2/source:/opt/rustwide/workdir:ro,Z" "-v" "/var/lib/crater-agent-workspace/cargo-home:/opt/rustwide/cargo-home:ro,Z" "-v" "/var/lib/crater-agent-workspace/rustup-home:/opt/rustwide/rustup-home:ro,Z" "-e" "SOURCE_DIR=/opt/rustwide/workdir" "-e" "CARGO_TARGET_DIR=/opt/rustwide/target" "-e" "CARGO_INCREMENTAL=0" "-e" "RUST_BACKTRACE=full" "-e" "RUSTFLAGS=--cap-lints=forbid -Zrandomize-layout" "-e" "RUSTDOCFLAGS=--cap-lints=forbid" "-e" "CARGO_HOME=/opt/rustwide/cargo-home" "-e" "RUSTUP_HOME=/opt/rustwide/rustup-home" "-w" "/opt/rustwide/workdir" "-m" "1610612736" "--user" "0:0" "--network" "none" "ghcr.io/rust-lang/crates-build-env/linux@sha256:4a844ea9eb2546a2d2c7022eacef16ef2e8229c7fbb2c7d4d55a9ceca922f72d" "/opt/rustwide/cargo-home/bin/cargo" "+nightly-2024-10-28" "build" "--frozen" "--message-format=json", kill_on_drop: false }`
[INFO] [stdout] 7d6165882004bc7532e8806c86b4be9210a72aab58d4354e18f2213a451a08b4
[INFO] running `Command { std: "docker" "start" "-a" "7d6165882004bc7532e8806c86b4be9210a72aab58d4354e18f2213a451a08b4", kill_on_drop: false }`
[INFO] [stderr]    Compiling serde v1.0.214
[INFO] [stderr]    Compiling toml_datetime v0.6.8
[INFO] [stderr]    Compiling libc v0.2.161
[INFO] [stderr]    Compiling winnow v0.5.40
[INFO] [stderr]    Compiling rustc-hash v1.1.0
[INFO] [stderr]    Compiling ahash v0.8.11
[INFO] [stderr]    Compiling zerocopy v0.7.35
[INFO] [stderr]    Compiling typeid v1.0.2
[INFO] [stderr]    Compiling event-listener v5.3.1
[INFO] [stderr]    Compiling fixedbitset v0.4.2
[INFO] [stderr]    Compiling allocator-api2 v0.2.18
[INFO] [stderr]    Compiling futures-lite v2.4.0
[INFO] [stderr]    Compiling petgraph v0.6.5
[INFO] [stderr]    Compiling event-listener-strategy v0.5.2
[INFO] [stderr]    Compiling bevy_utils_proc_macros v0.13.2
[INFO] [stderr]    Compiling lock_api v0.4.12
[INFO] [stderr]    Compiling nonmax v0.5.5
[INFO] [stderr]    Compiling async-task v4.7.1
[INFO] [stderr]    Compiling getrandom v0.2.15
[INFO] [stderr]    Compiling web-time v0.2.4
[INFO] [stderr]    Compiling async-channel v2.3.1
[INFO] [stderr]    Compiling uuid v1.11.0
[INFO] [stderr]    Compiling bevy_ptr v0.13.2
[INFO] [stderr]    Compiling downcast-rs v1.2.1
[INFO] [stderr]    Compiling scopeguard v1.2.0
[INFO] [stderr]    Compiling async-executor v1.13.1
[INFO] [stderr]    Compiling thread_local v1.1.8
[INFO] [stderr]    Compiling nanorand v0.7.0
[INFO] [stderr]    Compiling bevy_tasks v0.13.2
[INFO] [stderr]    Compiling spin v0.9.8
[INFO] [stderr]    Compiling futures-sink v0.3.31
[INFO] [stderr]    Compiling tokio v1.41.0
[INFO] [stderr]    Compiling flume v0.11.1
[INFO] [stderr]    Compiling toml_edit v0.21.1
[INFO] [stderr]    Compiling hashbrown v0.14.5
[INFO] [stderr]    Compiling smallvec v1.13.2
[INFO] [stderr]    Compiling erased-serde v0.4.5
[INFO] [stderr]    Compiling bevy_macro_utils v0.13.2
[INFO] [stderr]    Compiling bevy_utils v0.13.2
[INFO] [stderr]    Compiling bevy_reflect_derive v0.13.2
[INFO] [stderr]    Compiling bevy_ecs_macros v0.13.2
[INFO] [stderr]    Compiling bevy_derive v0.13.2
[INFO] [stderr]    Compiling bevy_reflect v0.13.2
[INFO] [stderr]    Compiling bevy_ecs v0.13.2
[INFO] [stderr]    Compiling bevy_app v0.13.2
[INFO] [stderr]    Compiling bevy-discord v0.2.2 (/opt/rustwide/workdir)
[INFO] [stderr]     Finished `dev` profile [unoptimized + debuginfo] target(s) in 13.08s
[INFO] running `Command { std: "docker" "inspect" "7d6165882004bc7532e8806c86b4be9210a72aab58d4354e18f2213a451a08b4", kill_on_drop: false }`
[INFO] running `Command { std: "docker" "rm" "-f" "7d6165882004bc7532e8806c86b4be9210a72aab58d4354e18f2213a451a08b4", kill_on_drop: false }`
[INFO] [stdout] 7d6165882004bc7532e8806c86b4be9210a72aab58d4354e18f2213a451a08b4
[INFO] running `Command { std: "docker" "create" "-v" "/var/lib/crater-agent-workspace/builds/worker-1-tc2/target:/opt/rustwide/target:rw,Z" "-v" "/var/lib/crater-agent-workspace/builds/worker-1-tc2/source:/opt/rustwide/workdir:ro,Z" "-v" "/var/lib/crater-agent-workspace/cargo-home:/opt/rustwide/cargo-home:ro,Z" "-v" "/var/lib/crater-agent-workspace/rustup-home:/opt/rustwide/rustup-home:ro,Z" "-e" "SOURCE_DIR=/opt/rustwide/workdir" "-e" "CARGO_TARGET_DIR=/opt/rustwide/target" "-e" "CARGO_INCREMENTAL=0" "-e" "RUST_BACKTRACE=full" "-e" "RUSTFLAGS=--cap-lints=forbid -Zrandomize-layout" "-e" "RUSTDOCFLAGS=--cap-lints=forbid" "-e" "CARGO_HOME=/opt/rustwide/cargo-home" "-e" "RUSTUP_HOME=/opt/rustwide/rustup-home" "-w" "/opt/rustwide/workdir" "-m" "1610612736" "--user" "0:0" "--network" "none" "ghcr.io/rust-lang/crates-build-env/linux@sha256:4a844ea9eb2546a2d2c7022eacef16ef2e8229c7fbb2c7d4d55a9ceca922f72d" "/opt/rustwide/cargo-home/bin/cargo" "+nightly-2024-10-28" "test" "--frozen" "--no-run" "--message-format=json", kill_on_drop: false }`
[INFO] [stdout] 1187d7ebd7252ab8ab29bf8bf018eebe8ba8dbf2ba8ca4f485b519b7b192dd54
[INFO] running `Command { std: "docker" "start" "-a" "1187d7ebd7252ab8ab29bf8bf018eebe8ba8dbf2ba8ca4f485b519b7b192dd54", kill_on_drop: false }`
[INFO] [stderr]    Compiling bevy-discord v0.2.2 (/opt/rustwide/workdir)
[INFO] [stderr]     Finished `test` profile [unoptimized + debuginfo] target(s) in 0.39s
[INFO] running `Command { std: "docker" "inspect" "1187d7ebd7252ab8ab29bf8bf018eebe8ba8dbf2ba8ca4f485b519b7b192dd54", kill_on_drop: false }`
[INFO] running `Command { std: "docker" "rm" "-f" "1187d7ebd7252ab8ab29bf8bf018eebe8ba8dbf2ba8ca4f485b519b7b192dd54", kill_on_drop: false }`
[INFO] [stdout] 1187d7ebd7252ab8ab29bf8bf018eebe8ba8dbf2ba8ca4f485b519b7b192dd54
[INFO] running `Command { std: "docker" "create" "-v" "/var/lib/crater-agent-workspace/builds/worker-1-tc2/target:/opt/rustwide/target:rw,Z" "-v" "/var/lib/crater-agent-workspace/builds/worker-1-tc2/source:/opt/rustwide/workdir:ro,Z" "-v" "/var/lib/crater-agent-workspace/cargo-home:/opt/rustwide/cargo-home:ro,Z" "-v" "/var/lib/crater-agent-workspace/rustup-home:/opt/rustwide/rustup-home:ro,Z" "-e" "SOURCE_DIR=/opt/rustwide/workdir" "-e" "CARGO_TARGET_DIR=/opt/rustwide/target" "-e" "CARGO_INCREMENTAL=0" "-e" "RUST_BACKTRACE=full" "-e" "RUSTFLAGS=--cap-lints=forbid -Zrandomize-layout" "-e" "RUSTDOCFLAGS=--cap-lints=forbid" "-e" "CARGO_HOME=/opt/rustwide/cargo-home" "-e" "RUSTUP_HOME=/opt/rustwide/rustup-home" "-w" "/opt/rustwide/workdir" "-m" "1610612736" "--user" "0:0" "--network" "none" "ghcr.io/rust-lang/crates-build-env/linux@sha256:4a844ea9eb2546a2d2c7022eacef16ef2e8229c7fbb2c7d4d55a9ceca922f72d" "/opt/rustwide/cargo-home/bin/cargo" "+nightly-2024-10-28" "test" "--frozen", kill_on_drop: false }`
[INFO] [stdout] dbf60da5afb2173b165535b06d5eb27107dd658c340b1c454770b1e9fb9e7677
[INFO] running `Command { std: "docker" "start" "-a" "dbf60da5afb2173b165535b06d5eb27107dd658c340b1c454770b1e9fb9e7677", kill_on_drop: false }`
[INFO] [stderr]     Finished `test` profile [unoptimized + debuginfo] target(s) in 0.14s
[INFO] [stderr]      Running unittests src/lib.rs (/opt/rustwide/target/debug/deps/bevy_discord-cb3e1a13e2e234de)
[INFO] [stdout] 
[INFO] [stdout] running 0 tests
[INFO] [stdout] 
[INFO] [stdout] test result: ok. 0 passed; 0 failed; 0 ignored; 0 measured; 0 filtered out; finished in 0.00s
[INFO] [stdout] 
[INFO] [stderr]    Doc-tests bevy_discord
[INFO] [stdout] 
[INFO] [stdout] running 1 test
[INFO] [stdout] test src/../README.md - (line 19) ... FAILED
[INFO] [stdout] 
[INFO] [stdout] failures:
[INFO] [stdout] 
[INFO] [stdout] ---- src/../README.md - (line 19) stdout ----
[INFO] [stdout] error[E0433]: failed to resolve: could not find `bot` in `bevy_discord`
[INFO] [stdout]  --> src/../README.md:22:19
[INFO] [stdout]   |
[INFO] [stdout] 6 | use bevy_discord::bot::{ 
[INFO] [stdout]   |                   ^^^ could not find `bot` in `bevy_discord`
[INFO] [stdout]   |
[INFO] [stdout] note: found an item that was configured out
[INFO] [stdout]  --> /opt/rustwide/workdir/src/lib.rs:8:9
[INFO] [stdout]   |
[INFO] [stdout] 8 | pub mod bot;
[INFO] [stdout]   |         ^^^
[INFO] [stdout] note: the item is gated behind the `bot` feature
[INFO] [stdout]  --> /opt/rustwide/workdir/src/lib.rs:6:7
[INFO] [stdout]   |
[INFO] [stdout] 6 | #[cfg(feature = "bot")]
[INFO] [stdout]   |       ^^^^^^^^^^^^^^^
[INFO] [stdout] 
[INFO] [stdout] error[E0432]: unresolved import `bevy_discord::bot`
[INFO] [stdout]  --> src/../README.md:22:19
[INFO] [stdout]   |
[INFO] [stdout] 6 | use bevy_discord::bot::{ 
[INFO] [stdout]   |                   ^^^ could not find `bot` in `bevy_discord`
[INFO] [stdout]   |
[INFO] [stdout] note: found an item that was configured out
[INFO] [stdout]  --> /opt/rustwide/workdir/src/lib.rs:8:9
[INFO] [stdout]   |
[INFO] [stdout] 8 | pub mod bot;
[INFO] [stdout]   |         ^^^
[INFO] [stdout] note: the item is gated behind the `bot` feature
[INFO] [stdout]  --> /opt/rustwide/workdir/src/lib.rs:6:7
[INFO] [stdout]   |
[INFO] [stdout] 6 | #[cfg(feature = "bot")]
[INFO] [stdout]   |       ^^^^^^^^^^^^^^^
[INFO] [stdout] 
[INFO] [stdout] error[E0432]: unresolved import `serde_json`
[INFO] [stdout]   --> src/../README.md:28:5
[INFO] [stdout]    |
[INFO] [stdout] 12 | use serde_json::json;
[INFO] [stdout]    |     ^^^^^^^^^^ use of undeclared crate or module `serde_json`
[INFO] [stdout] 
[INFO] [stdout] error: aborting due to 3 previous errors
[INFO] [stdout] 
[INFO] [stdout] Some errors have detailed explanations: E0432, E0433.
[INFO] [stdout] For more information about an error, try `rustc --explain E0432`.
[INFO] [stdout] Couldn't compile the test.
[INFO] [stdout] 
[INFO] [stdout] failures:
[INFO] [stdout]     src/../README.md - (line 19)
[INFO] [stdout] 
[INFO] [stdout] test result: FAILED. 0 passed; 1 failed; 0 ignored; 0 measured; 0 filtered out; finished in 0.09s
[INFO] [stdout] 
[INFO] [stderr] error: doctest failed, to rerun pass `--doc`
[INFO] running `Command { std: "docker" "inspect" "dbf60da5afb2173b165535b06d5eb27107dd658c340b1c454770b1e9fb9e7677", kill_on_drop: false }`
[INFO] running `Command { std: "docker" "rm" "-f" "dbf60da5afb2173b165535b06d5eb27107dd658c340b1c454770b1e9fb9e7677", kill_on_drop: false }`
[INFO] [stdout] dbf60da5afb2173b165535b06d5eb27107dd658c340b1c454770b1e9fb9e7677
