[INFO] fetching crate beet_flow_macros 0.0.4-rc.3...
[INFO] testing beet_flow_macros-0.0.4-rc.3 against nightly-2024-10-28 for randomize-layout
[INFO] extracting crate beet_flow_macros 0.0.4-rc.3 into /workspace/builds/worker-2-tc1/source
[INFO] validating manifest of crates.io crate beet_flow_macros 0.0.4-rc.3 on toolchain nightly-2024-10-28
[INFO] running `Command { std: CARGO_HOME="/workspace/cargo-home" RUSTUP_HOME="/workspace/rustup-home" "/workspace/cargo-home/bin/cargo" "+nightly-2024-10-28" "metadata" "--manifest-path" "Cargo.toml" "--no-deps", kill_on_drop: false }`
[INFO] started tweaking crates.io crate beet_flow_macros 0.0.4-rc.3
[INFO] finished tweaking crates.io crate beet_flow_macros 0.0.4-rc.3
[INFO] tweaked toml for crates.io crate beet_flow_macros 0.0.4-rc.3 written to /workspace/builds/worker-2-tc1/source/Cargo.toml
[INFO] running `Command { std: CARGO_HOME="/workspace/cargo-home" RUSTUP_HOME="/workspace/rustup-home" "/workspace/cargo-home/bin/cargo" "+nightly-2024-10-28" "generate-lockfile" "--manifest-path" "Cargo.toml", kill_on_drop: false }`
[INFO] [stderr]     Updating crates.io index
[INFO] [stderr]      Locking 14 packages to latest compatible versions
[INFO] [stderr]       Adding heck v0.4.1 (available: v0.5.0)
[INFO] running `Command { std: CARGO_HOME="/workspace/cargo-home" RUSTUP_HOME="/workspace/rustup-home" "/workspace/cargo-home/bin/cargo" "+nightly-2024-10-28" "fetch" "--manifest-path" "Cargo.toml", kill_on_drop: false }`
[INFO] [stderr]  Downloading crates ...
[INFO] [stderr]   Downloaded extend v1.2.0
[INFO] running `Command { std: "docker" "create" "-v" "/var/lib/crater-agent-workspace/builds/worker-2-tc1/target:/opt/rustwide/target:rw,Z" "-v" "/var/lib/crater-agent-workspace/builds/worker-2-tc1/source:/opt/rustwide/workdir:ro,Z" "-v" "/var/lib/crater-agent-workspace/cargo-home:/opt/rustwide/cargo-home:ro,Z" "-v" "/var/lib/crater-agent-workspace/rustup-home:/opt/rustwide/rustup-home:ro,Z" "-e" "SOURCE_DIR=/opt/rustwide/workdir" "-e" "CARGO_TARGET_DIR=/opt/rustwide/target" "-e" "CARGO_HOME=/opt/rustwide/cargo-home" "-e" "RUSTUP_HOME=/opt/rustwide/rustup-home" "-w" "/opt/rustwide/workdir" "-m" "1610612736" "--user" "0:0" "--network" "none" "ghcr.io/rust-lang/crates-build-env/linux@sha256:4a844ea9eb2546a2d2c7022eacef16ef2e8229c7fbb2c7d4d55a9ceca922f72d" "/opt/rustwide/cargo-home/bin/cargo" "+nightly-2024-10-28" "metadata" "--no-deps" "--format-version=1", kill_on_drop: false }`
[INFO] [stdout] 33cf848d98902019cb295c237aebd7317eb6fb140b27cffc2a3c31a3cfb53319
[INFO] running `Command { std: "docker" "start" "-a" "33cf848d98902019cb295c237aebd7317eb6fb140b27cffc2a3c31a3cfb53319", kill_on_drop: false }`
[INFO] running `Command { std: "docker" "inspect" "33cf848d98902019cb295c237aebd7317eb6fb140b27cffc2a3c31a3cfb53319", kill_on_drop: false }`
[INFO] running `Command { std: "docker" "rm" "-f" "33cf848d98902019cb295c237aebd7317eb6fb140b27cffc2a3c31a3cfb53319", kill_on_drop: false }`
[INFO] [stdout] 33cf848d98902019cb295c237aebd7317eb6fb140b27cffc2a3c31a3cfb53319
[INFO] running `Command { std: "docker" "create" "-v" "/var/lib/crater-agent-workspace/builds/worker-2-tc1/target:/opt/rustwide/target:rw,Z" "-v" "/var/lib/crater-agent-workspace/builds/worker-2-tc1/source:/opt/rustwide/workdir:ro,Z" "-v" "/var/lib/crater-agent-workspace/cargo-home:/opt/rustwide/cargo-home:ro,Z" "-v" "/var/lib/crater-agent-workspace/rustup-home:/opt/rustwide/rustup-home:ro,Z" "-e" "SOURCE_DIR=/opt/rustwide/workdir" "-e" "CARGO_TARGET_DIR=/opt/rustwide/target" "-e" "CARGO_INCREMENTAL=0" "-e" "RUST_BACKTRACE=full" "-e" "RUSTFLAGS=--cap-lints=forbid" "-e" "RUSTDOCFLAGS=--cap-lints=forbid" "-e" "CARGO_HOME=/opt/rustwide/cargo-home" "-e" "RUSTUP_HOME=/opt/rustwide/rustup-home" "-w" "/opt/rustwide/workdir" "-m" "1610612736" "--user" "0:0" "--network" "none" "ghcr.io/rust-lang/crates-build-env/linux@sha256:4a844ea9eb2546a2d2c7022eacef16ef2e8229c7fbb2c7d4d55a9ceca922f72d" "/opt/rustwide/cargo-home/bin/cargo" "+nightly-2024-10-28" "build" "--frozen" "--message-format=json", kill_on_drop: false }`
[INFO] [stdout] f7cdb77e2711fde2b200543286bcb4408aa3ff568c20f379e662b4996c4427b2
[INFO] running `Command { std: "docker" "start" "-a" "f7cdb77e2711fde2b200543286bcb4408aa3ff568c20f379e662b4996c4427b2", kill_on_drop: false }`
[INFO] [stderr]    Compiling hashbrown v0.15.0
[INFO] [stderr]    Compiling winnow v0.6.20
[INFO] [stderr]    Compiling toml_datetime v0.6.8
[INFO] [stderr]    Compiling heck v0.4.1
[INFO] [stderr]    Compiling anyhow v1.0.92
[INFO] [stderr]    Compiling syn v2.0.86
[INFO] [stderr]    Compiling indexmap v2.6.0
[INFO] [stderr]    Compiling toml_edit v0.22.22
[INFO] [stderr]    Compiling extend v1.2.0
[INFO] [stderr]    Compiling beet_flow_macros v0.0.4-rc.3 (/opt/rustwide/workdir)
[INFO] [stderr]     Finished `dev` profile [unoptimized + debuginfo] target(s) in 4.92s
[INFO] running `Command { std: "docker" "inspect" "f7cdb77e2711fde2b200543286bcb4408aa3ff568c20f379e662b4996c4427b2", kill_on_drop: false }`
[INFO] running `Command { std: "docker" "rm" "-f" "f7cdb77e2711fde2b200543286bcb4408aa3ff568c20f379e662b4996c4427b2", kill_on_drop: false }`
[INFO] [stdout] f7cdb77e2711fde2b200543286bcb4408aa3ff568c20f379e662b4996c4427b2
[INFO] running `Command { std: "docker" "create" "-v" "/var/lib/crater-agent-workspace/builds/worker-2-tc1/target:/opt/rustwide/target:rw,Z" "-v" "/var/lib/crater-agent-workspace/builds/worker-2-tc1/source:/opt/rustwide/workdir:ro,Z" "-v" "/var/lib/crater-agent-workspace/cargo-home:/opt/rustwide/cargo-home:ro,Z" "-v" "/var/lib/crater-agent-workspace/rustup-home:/opt/rustwide/rustup-home:ro,Z" "-e" "SOURCE_DIR=/opt/rustwide/workdir" "-e" "CARGO_TARGET_DIR=/opt/rustwide/target" "-e" "CARGO_INCREMENTAL=0" "-e" "RUST_BACKTRACE=full" "-e" "RUSTFLAGS=--cap-lints=forbid" "-e" "RUSTDOCFLAGS=--cap-lints=forbid" "-e" "CARGO_HOME=/opt/rustwide/cargo-home" "-e" "RUSTUP_HOME=/opt/rustwide/rustup-home" "-w" "/opt/rustwide/workdir" "-m" "1610612736" "--user" "0:0" "--network" "none" "ghcr.io/rust-lang/crates-build-env/linux@sha256:4a844ea9eb2546a2d2c7022eacef16ef2e8229c7fbb2c7d4d55a9ceca922f72d" "/opt/rustwide/cargo-home/bin/cargo" "+nightly-2024-10-28" "test" "--frozen" "--no-run" "--message-format=json", kill_on_drop: false }`
[INFO] [stdout] 4e40575d7361b4c355680887fbaea57caafea619da79f41ad1c3e39f294ab9e1
[INFO] running `Command { std: "docker" "start" "-a" "4e40575d7361b4c355680887fbaea57caafea619da79f41ad1c3e39f294ab9e1", kill_on_drop: false }`
[INFO] [stderr]    Compiling beet_flow_macros v0.0.4-rc.3 (/opt/rustwide/workdir)
[INFO] [stderr]     Finished `test` profile [unoptimized + debuginfo] target(s) in 0.55s
[INFO] running `Command { std: "docker" "inspect" "4e40575d7361b4c355680887fbaea57caafea619da79f41ad1c3e39f294ab9e1", kill_on_drop: false }`
[INFO] running `Command { std: "docker" "rm" "-f" "4e40575d7361b4c355680887fbaea57caafea619da79f41ad1c3e39f294ab9e1", kill_on_drop: false }`
[INFO] [stdout] 4e40575d7361b4c355680887fbaea57caafea619da79f41ad1c3e39f294ab9e1
[INFO] running `Command { std: "docker" "create" "-v" "/var/lib/crater-agent-workspace/builds/worker-2-tc1/target:/opt/rustwide/target:rw,Z" "-v" "/var/lib/crater-agent-workspace/builds/worker-2-tc1/source:/opt/rustwide/workdir:ro,Z" "-v" "/var/lib/crater-agent-workspace/cargo-home:/opt/rustwide/cargo-home:ro,Z" "-v" "/var/lib/crater-agent-workspace/rustup-home:/opt/rustwide/rustup-home:ro,Z" "-e" "SOURCE_DIR=/opt/rustwide/workdir" "-e" "CARGO_TARGET_DIR=/opt/rustwide/target" "-e" "CARGO_INCREMENTAL=0" "-e" "RUST_BACKTRACE=full" "-e" "RUSTFLAGS=--cap-lints=forbid" "-e" "RUSTDOCFLAGS=--cap-lints=forbid" "-e" "CARGO_HOME=/opt/rustwide/cargo-home" "-e" "RUSTUP_HOME=/opt/rustwide/rustup-home" "-w" "/opt/rustwide/workdir" "-m" "1610612736" "--user" "0:0" "--network" "none" "ghcr.io/rust-lang/crates-build-env/linux@sha256:4a844ea9eb2546a2d2c7022eacef16ef2e8229c7fbb2c7d4d55a9ceca922f72d" "/opt/rustwide/cargo-home/bin/cargo" "+nightly-2024-10-28" "test" "--frozen", kill_on_drop: false }`
[INFO] [stdout] 7fa7d74e42590fe385401843c9cb744515766195984736dff0ae3831164946fa
[INFO] running `Command { std: "docker" "start" "-a" "7fa7d74e42590fe385401843c9cb744515766195984736dff0ae3831164946fa", kill_on_drop: false }`
[INFO] [stderr]     Finished `test` profile [unoptimized + debuginfo] target(s) in 0.03s
[INFO] [stderr]      Running unittests src/lib.rs (/opt/rustwide/target/debug/deps/beet_flow_macros-b6afb6fa67641ab7)
[INFO] [stdout] 
[INFO] [stdout] running 0 tests
[INFO] [stdout] 
[INFO] [stdout] test result: ok. 0 passed; 0 failed; 0 ignored; 0 measured; 0 filtered out; finished in 0.00s
[INFO] [stdout] 
[INFO] [stderr]    Doc-tests beet_flow_macros
[INFO] [stdout] 
[INFO] [stdout] running 1 test
[INFO] [stdout] test src/lib.rs - action (line 11) ... FAILED
[INFO] [stdout] 
[INFO] [stdout] failures:
[INFO] [stdout] 
[INFO] [stdout] ---- src/lib.rs - action (line 11) stdout ----
[INFO] [stdout] error: cannot find derive macro `Component` in this scope
[INFO] [stdout]  --> src/lib.rs:12:10
[INFO] [stdout]   |
[INFO] [stdout] 3 | #[derive(Component, Action)]
[INFO] [stdout]   |          ^^^^^^^^^
[INFO] [stdout] 
[INFO] [stdout] error: cannot find derive macro `Action` in this scope
[INFO] [stdout]  --> src/lib.rs:12:21
[INFO] [stdout]   |
[INFO] [stdout] 3 | #[derive(Component, Action)]
[INFO] [stdout]   |                     ^^^^^^
[INFO] [stdout]   |
[INFO] [stdout] help: consider importing this derive macro
[INFO] [stdout]   |
[INFO] [stdout] 2 + use beet_flow_macros::Action;
[INFO] [stdout]   |
[INFO] [stdout] 
[INFO] [stdout] error: cannot find attribute `observers` in this scope
[INFO] [stdout]  --> src/lib.rs:13:3
[INFO] [stdout]   |
[INFO] [stdout] 4 | #[observers(log_name_on_run,log_name_on_run)]
[INFO] [stdout]   |   ^^^^^^^^^
[INFO] [stdout] 
[INFO] [stdout] error[E0412]: cannot find type `Trigger` in this scope
[INFO] [stdout]  --> src/lib.rs:16:29
[INFO] [stdout]   |
[INFO] [stdout] 7 | fn log_name_on_run(trigger: Trigger<OnRun>, query: Query<&LogOnRun>) {
[INFO] [stdout]   |                             ^^^^^^^ not found in this scope
[INFO] [stdout] 
[INFO] [stdout] error[E0412]: cannot find type `OnRun` in this scope
[INFO] [stdout]  --> src/lib.rs:16:37
[INFO] [stdout]   |
[INFO] [stdout] 7 | fn log_name_on_run(trigger: Trigger<OnRun>, query: Query<&LogOnRun>) {
[INFO] [stdout]   |                                     ^^^^^ not found in this scope
[INFO] [stdout]   |
[INFO] [stdout] help: you might be missing a type parameter
[INFO] [stdout]   |
[INFO] [stdout] 7 | fn log_name_on_run<OnRun>(trigger: Trigger<OnRun>, query: Query<&LogOnRun>) {
[INFO] [stdout]   |                   +++++++
[INFO] [stdout] 
[INFO] [stdout] error[E0412]: cannot find type `Query` in this scope
[INFO] [stdout]  --> src/lib.rs:16:52
[INFO] [stdout]   |
[INFO] [stdout] 7 | fn log_name_on_run(trigger: Trigger<OnRun>, query: Query<&LogOnRun>) {
[INFO] [stdout]   |                                                    ^^^^^ not found in this scope
[INFO] [stdout] 
[INFO] [stdout] error: aborting due to 6 previous errors
[INFO] [stdout] 
[INFO] [stdout] For more information about this error, try `rustc --explain E0412`.
[INFO] [stdout] Couldn't compile the test.
[INFO] [stdout] 
[INFO] [stdout] failures:
[INFO] [stdout]     src/lib.rs - action (line 11)
[INFO] [stdout] 
[INFO] [stdout] test result: FAILED. 0 passed; 1 failed; 0 ignored; 0 measured; 0 filtered out; finished in 0.10s
[INFO] [stdout] 
[INFO] [stderr] error: doctest failed, to rerun pass `--doc`
[INFO] running `Command { std: "docker" "inspect" "7fa7d74e42590fe385401843c9cb744515766195984736dff0ae3831164946fa", kill_on_drop: false }`
[INFO] running `Command { std: "docker" "rm" "-f" "7fa7d74e42590fe385401843c9cb744515766195984736dff0ae3831164946fa", kill_on_drop: false }`
[INFO] [stdout] 7fa7d74e42590fe385401843c9cb744515766195984736dff0ae3831164946fa
