[INFO] fetching crate bchx_cargo_extras 0.1.1...
[INFO] testing bchx_cargo_extras-0.1.1 against nightly-2024-10-28 for randomize-layout
[INFO] extracting crate bchx_cargo_extras 0.1.1 into /workspace/builds/worker-7-tc1/source
[INFO] validating manifest of crates.io crate bchx_cargo_extras 0.1.1 on toolchain nightly-2024-10-28
[INFO] running `Command { std: CARGO_HOME="/workspace/cargo-home" RUSTUP_HOME="/workspace/rustup-home" "/workspace/cargo-home/bin/cargo" "+nightly-2024-10-28" "metadata" "--manifest-path" "Cargo.toml" "--no-deps", kill_on_drop: false }`
[INFO] started tweaking crates.io crate bchx_cargo_extras 0.1.1
[INFO] finished tweaking crates.io crate bchx_cargo_extras 0.1.1
[INFO] tweaked toml for crates.io crate bchx_cargo_extras 0.1.1 written to /workspace/builds/worker-7-tc1/source/Cargo.toml
[INFO] crate crates.io crate bchx_cargo_extras 0.1.1 already has a lockfile, it will not be regenerated
[INFO] running `Command { std: CARGO_HOME="/workspace/cargo-home" RUSTUP_HOME="/workspace/rustup-home" "/workspace/cargo-home/bin/cargo" "+nightly-2024-10-28" "fetch" "--manifest-path" "Cargo.toml", kill_on_drop: false }`
[INFO] running `Command { std: "docker" "create" "-v" "/var/lib/crater-agent-workspace/builds/worker-7-tc1/target:/opt/rustwide/target:rw,Z" "-v" "/var/lib/crater-agent-workspace/builds/worker-7-tc1/source:/opt/rustwide/workdir:ro,Z" "-v" "/var/lib/crater-agent-workspace/cargo-home:/opt/rustwide/cargo-home:ro,Z" "-v" "/var/lib/crater-agent-workspace/rustup-home:/opt/rustwide/rustup-home:ro,Z" "-e" "SOURCE_DIR=/opt/rustwide/workdir" "-e" "CARGO_TARGET_DIR=/opt/rustwide/target" "-e" "CARGO_HOME=/opt/rustwide/cargo-home" "-e" "RUSTUP_HOME=/opt/rustwide/rustup-home" "-w" "/opt/rustwide/workdir" "-m" "1610612736" "--user" "0:0" "--network" "none" "ghcr.io/rust-lang/crates-build-env/linux@sha256:4a844ea9eb2546a2d2c7022eacef16ef2e8229c7fbb2c7d4d55a9ceca922f72d" "/opt/rustwide/cargo-home/bin/cargo" "+nightly-2024-10-28" "metadata" "--no-deps" "--format-version=1", kill_on_drop: false }`
[INFO] [stdout] 17d7db779f9fbe0a34fa30259bf5f3da9e70df9e305ade47a56a68e6f1124190
[INFO] running `Command { std: "docker" "start" "-a" "17d7db779f9fbe0a34fa30259bf5f3da9e70df9e305ade47a56a68e6f1124190", kill_on_drop: false }`
[INFO] running `Command { std: "docker" "inspect" "17d7db779f9fbe0a34fa30259bf5f3da9e70df9e305ade47a56a68e6f1124190", kill_on_drop: false }`
[INFO] running `Command { std: "docker" "rm" "-f" "17d7db779f9fbe0a34fa30259bf5f3da9e70df9e305ade47a56a68e6f1124190", kill_on_drop: false }`
[INFO] [stdout] 17d7db779f9fbe0a34fa30259bf5f3da9e70df9e305ade47a56a68e6f1124190
[INFO] running `Command { std: "docker" "create" "-v" "/var/lib/crater-agent-workspace/builds/worker-7-tc1/target:/opt/rustwide/target:rw,Z" "-v" "/var/lib/crater-agent-workspace/builds/worker-7-tc1/source:/opt/rustwide/workdir:ro,Z" "-v" "/var/lib/crater-agent-workspace/cargo-home:/opt/rustwide/cargo-home:ro,Z" "-v" "/var/lib/crater-agent-workspace/rustup-home:/opt/rustwide/rustup-home:ro,Z" "-e" "SOURCE_DIR=/opt/rustwide/workdir" "-e" "CARGO_TARGET_DIR=/opt/rustwide/target" "-e" "CARGO_INCREMENTAL=0" "-e" "RUST_BACKTRACE=full" "-e" "RUSTFLAGS=--cap-lints=forbid" "-e" "RUSTDOCFLAGS=--cap-lints=forbid" "-e" "CARGO_HOME=/opt/rustwide/cargo-home" "-e" "RUSTUP_HOME=/opt/rustwide/rustup-home" "-w" "/opt/rustwide/workdir" "-m" "1610612736" "--user" "0:0" "--network" "none" "ghcr.io/rust-lang/crates-build-env/linux@sha256:4a844ea9eb2546a2d2c7022eacef16ef2e8229c7fbb2c7d4d55a9ceca922f72d" "/opt/rustwide/cargo-home/bin/cargo" "+nightly-2024-10-28" "build" "--frozen" "--message-format=json", kill_on_drop: false }`
[INFO] [stdout] 5b1b9e99fa260c2f359ae01fa9305c4572db3150db95478531857bbe179547c0
[INFO] running `Command { std: "docker" "start" "-a" "5b1b9e99fa260c2f359ae01fa9305c4572db3150db95478531857bbe179547c0", kill_on_drop: false }`
[INFO] [stderr]    Compiling bchx_cargo_extras v0.1.1 (/opt/rustwide/workdir)
[INFO] [stdout] warning: unused variable: `c1`
[INFO] [stdout]   --> src/lib.rs:33:16
[INFO] [stdout]    |
[INFO] [stdout] 33 |     pub fn mix(c1: PrimaryColor, c2: PrimaryColor) -> SecondaryColor {
[INFO] [stdout]    |                ^^ help: if this is intentional, prefix it with an underscore: `_c1`
[INFO] [stdout]    |
[INFO] [stdout]    = note: `#[warn(unused_variables)]` on by default
[INFO] [stdout] 
[INFO] [stdout] 
[INFO] [stdout] warning: unused variable: `c2`
[INFO] [stdout]   --> src/lib.rs:33:34
[INFO] [stdout]    |
[INFO] [stdout] 33 |     pub fn mix(c1: PrimaryColor, c2: PrimaryColor) -> SecondaryColor {
[INFO] [stdout]    |                                  ^^ help: if this is intentional, prefix it with an underscore: `_c2`
[INFO] [stdout] 
[INFO] [stdout] 
[INFO] [stderr]     Finished `dev` profile [unoptimized + debuginfo] target(s) in 0.12s
[INFO] running `Command { std: "docker" "inspect" "5b1b9e99fa260c2f359ae01fa9305c4572db3150db95478531857bbe179547c0", kill_on_drop: false }`
[INFO] running `Command { std: "docker" "rm" "-f" "5b1b9e99fa260c2f359ae01fa9305c4572db3150db95478531857bbe179547c0", kill_on_drop: false }`
[INFO] [stdout] 5b1b9e99fa260c2f359ae01fa9305c4572db3150db95478531857bbe179547c0
[INFO] running `Command { std: "docker" "create" "-v" "/var/lib/crater-agent-workspace/builds/worker-7-tc1/target:/opt/rustwide/target:rw,Z" "-v" "/var/lib/crater-agent-workspace/builds/worker-7-tc1/source:/opt/rustwide/workdir:ro,Z" "-v" "/var/lib/crater-agent-workspace/cargo-home:/opt/rustwide/cargo-home:ro,Z" "-v" "/var/lib/crater-agent-workspace/rustup-home:/opt/rustwide/rustup-home:ro,Z" "-e" "SOURCE_DIR=/opt/rustwide/workdir" "-e" "CARGO_TARGET_DIR=/opt/rustwide/target" "-e" "CARGO_INCREMENTAL=0" "-e" "RUST_BACKTRACE=full" "-e" "RUSTFLAGS=--cap-lints=forbid" "-e" "RUSTDOCFLAGS=--cap-lints=forbid" "-e" "CARGO_HOME=/opt/rustwide/cargo-home" "-e" "RUSTUP_HOME=/opt/rustwide/rustup-home" "-w" "/opt/rustwide/workdir" "-m" "1610612736" "--user" "0:0" "--network" "none" "ghcr.io/rust-lang/crates-build-env/linux@sha256:4a844ea9eb2546a2d2c7022eacef16ef2e8229c7fbb2c7d4d55a9ceca922f72d" "/opt/rustwide/cargo-home/bin/cargo" "+nightly-2024-10-28" "test" "--frozen" "--no-run" "--message-format=json", kill_on_drop: false }`
[INFO] [stdout] e27d456e7de62af1c783de74e137d22c31e59eaf4c4324245bed81e106c46766
[INFO] running `Command { std: "docker" "start" "-a" "e27d456e7de62af1c783de74e137d22c31e59eaf4c4324245bed81e106c46766", kill_on_drop: false }`
[INFO] [stderr]    Compiling bchx_cargo_extras v0.1.1 (/opt/rustwide/workdir)
[INFO] [stdout] warning: unused variable: `c1`
[INFO] [stdout]   --> src/lib.rs:33:16
[INFO] [stdout]    |
[INFO] [stdout] 33 |     pub fn mix(c1: PrimaryColor, c2: PrimaryColor) -> SecondaryColor {
[INFO] [stdout]    |                ^^ help: if this is intentional, prefix it with an underscore: `_c1`
[INFO] [stdout]    |
[INFO] [stdout]    = note: `#[warn(unused_variables)]` on by default
[INFO] [stdout] 
[INFO] [stdout] 
[INFO] [stdout] warning: unused variable: `c2`
[INFO] [stdout]   --> src/lib.rs:33:34
[INFO] [stdout]    |
[INFO] [stdout] 33 |     pub fn mix(c1: PrimaryColor, c2: PrimaryColor) -> SecondaryColor {
[INFO] [stdout]    |                                  ^^ help: if this is intentional, prefix it with an underscore: `_c2`
[INFO] [stdout] 
[INFO] [stdout] 
[INFO] [stdout] warning: unused variable: `c1`
[INFO] [stdout]   --> src/lib.rs:33:16
[INFO] [stdout]    |
[INFO] [stdout] 33 |     pub fn mix(c1: PrimaryColor, c2: PrimaryColor) -> SecondaryColor {
[INFO] [stdout]    |                ^^ help: if this is intentional, prefix it with an underscore: `_c1`
[INFO] [stdout]    |
[INFO] [stdout]    = note: `#[warn(unused_variables)]` on by default
[INFO] [stdout] 
[INFO] [stdout] 
[INFO] [stdout] warning: unused variable: `c2`
[INFO] [stdout]   --> src/lib.rs:33:34
[INFO] [stdout]    |
[INFO] [stdout] 33 |     pub fn mix(c1: PrimaryColor, c2: PrimaryColor) -> SecondaryColor {
[INFO] [stdout]    |                                  ^^ help: if this is intentional, prefix it with an underscore: `_c2`
[INFO] [stdout] 
[INFO] [stdout] 
[INFO] [stderr]     Finished `test` profile [unoptimized + debuginfo] target(s) in 0.10s
[INFO] running `Command { std: "docker" "inspect" "e27d456e7de62af1c783de74e137d22c31e59eaf4c4324245bed81e106c46766", kill_on_drop: false }`
[INFO] running `Command { std: "docker" "rm" "-f" "e27d456e7de62af1c783de74e137d22c31e59eaf4c4324245bed81e106c46766", kill_on_drop: false }`
[INFO] [stdout] e27d456e7de62af1c783de74e137d22c31e59eaf4c4324245bed81e106c46766
[INFO] running `Command { std: "docker" "create" "-v" "/var/lib/crater-agent-workspace/builds/worker-7-tc1/target:/opt/rustwide/target:rw,Z" "-v" "/var/lib/crater-agent-workspace/builds/worker-7-tc1/source:/opt/rustwide/workdir:ro,Z" "-v" "/var/lib/crater-agent-workspace/cargo-home:/opt/rustwide/cargo-home:ro,Z" "-v" "/var/lib/crater-agent-workspace/rustup-home:/opt/rustwide/rustup-home:ro,Z" "-e" "SOURCE_DIR=/opt/rustwide/workdir" "-e" "CARGO_TARGET_DIR=/opt/rustwide/target" "-e" "CARGO_INCREMENTAL=0" "-e" "RUST_BACKTRACE=full" "-e" "RUSTFLAGS=--cap-lints=forbid" "-e" "RUSTDOCFLAGS=--cap-lints=forbid" "-e" "CARGO_HOME=/opt/rustwide/cargo-home" "-e" "RUSTUP_HOME=/opt/rustwide/rustup-home" "-w" "/opt/rustwide/workdir" "-m" "1610612736" "--user" "0:0" "--network" "none" "ghcr.io/rust-lang/crates-build-env/linux@sha256:4a844ea9eb2546a2d2c7022eacef16ef2e8229c7fbb2c7d4d55a9ceca922f72d" "/opt/rustwide/cargo-home/bin/cargo" "+nightly-2024-10-28" "test" "--frozen", kill_on_drop: false }`
[INFO] [stdout] 12ff0f66149e8c3480561588465384291a6898eb23443b1b0b1aa9e21f442b3c
[INFO] running `Command { std: "docker" "start" "-a" "12ff0f66149e8c3480561588465384291a6898eb23443b1b0b1aa9e21f442b3c", kill_on_drop: false }`
[INFO] [stderr] warning: unused variable: `c1`
[INFO] [stderr]   --> src/lib.rs:33:16
[INFO] [stderr]    |
[INFO] [stderr] 33 |     pub fn mix(c1: PrimaryColor, c2: PrimaryColor) -> SecondaryColor {
[INFO] [stderr]    |                ^^ help: if this is intentional, prefix it with an underscore: `_c1`
[INFO] [stderr]    |
[INFO] [stderr]    = note: `#[warn(unused_variables)]` on by default
[INFO] [stderr] 
[INFO] [stderr] warning: unused variable: `c2`
[INFO] [stderr]   --> src/lib.rs:33:34
[INFO] [stderr]    |
[INFO] [stderr] 33 |     pub fn mix(c1: PrimaryColor, c2: PrimaryColor) -> SecondaryColor {
[INFO] [stderr]    |                                  ^^ help: if this is intentional, prefix it with an underscore: `_c2`
[INFO] [stderr] 
[INFO] [stderr] warning: `bchx_cargo_extras` (lib) generated 2 warnings
[INFO] [stderr] warning: `bchx_cargo_extras` (lib test) generated 2 warnings (2 duplicates)
[INFO] [stderr]     Finished `test` profile [unoptimized + debuginfo] target(s) in 0.00s
[INFO] [stderr]      Running unittests src/lib.rs (/opt/rustwide/target/debug/deps/bchx_cargo_extras-c20c9f5054b794c2)
[INFO] [stdout] 
[INFO] [stdout] running 1 test
[INFO] [stdout] test tests::it_works ... ok
[INFO] [stdout] 
[INFO] [stdout] test result: ok. 1 passed; 0 failed; 0 ignored; 0 measured; 0 filtered out; finished in 0.00s
[INFO] [stdout] 
[INFO] [stderr]      Running unittests src/main.rs (/opt/rustwide/target/debug/deps/bchx_cargo_extras-0fb083cc5c4bc45c)
[INFO] [stdout] 
[INFO] [stdout] running 0 tests
[INFO] [stdout] 
[INFO] [stdout] test result: ok. 0 passed; 0 failed; 0 ignored; 0 measured; 0 filtered out; finished in 0.00s
[INFO] [stdout] 
[INFO] [stderr]    Doc-tests bchx_cargo_extras
[INFO] [stdout] 
[INFO] [stdout] running 1 test
[INFO] [stdout] test src/lib.rs - add_one (line 42) ... FAILED
[INFO] [stdout] 
[INFO] [stdout] failures:
[INFO] [stdout] 
[INFO] [stdout] ---- src/lib.rs - add_one (line 42) stdout ----
[INFO] [stdout] error[E0433]: failed to resolve: use of undeclared crate or module `cargo_extras`
[INFO] [stdout]  --> src/lib.rs:44:14
[INFO] [stdout]   |
[INFO] [stdout] 4 | let answer = cargo_extras::add_one(arg);
[INFO] [stdout]   |              ^^^^^^^^^^^^ use of undeclared crate or module `cargo_extras`
[INFO] [stdout] 
[INFO] [stdout] error: aborting due to 1 previous error
[INFO] [stdout] 
[INFO] [stdout] For more information about this error, try `rustc --explain E0433`.
[INFO] [stdout] Couldn't compile the test.
[INFO] [stdout] 
[INFO] [stdout] failures:
[INFO] [stdout]     src/lib.rs - add_one (line 42)
[INFO] [stdout] 
[INFO] [stdout] test result: FAILED. 0 passed; 1 failed; 0 ignored; 0 measured; 0 filtered out; finished in 0.04s
[INFO] [stdout] 
[INFO] [stderr] error: doctest failed, to rerun pass `--doc`
[INFO] running `Command { std: "docker" "inspect" "12ff0f66149e8c3480561588465384291a6898eb23443b1b0b1aa9e21f442b3c", kill_on_drop: false }`
[INFO] running `Command { std: "docker" "rm" "-f" "12ff0f66149e8c3480561588465384291a6898eb23443b1b0b1aa9e21f442b3c", kill_on_drop: false }`
[INFO] [stdout] 12ff0f66149e8c3480561588465384291a6898eb23443b1b0b1aa9e21f442b3c
