[INFO] fetching crate bb8-arangodb 0.2.0...
[INFO] testing bb8-arangodb-0.2.0 against nightly-2024-10-28 for randomize-layout
[INFO] extracting crate bb8-arangodb 0.2.0 into /workspace/builds/worker-2-tc1/source
[INFO] validating manifest of crates.io crate bb8-arangodb 0.2.0 on toolchain nightly-2024-10-28
[INFO] running `Command { std: CARGO_HOME="/workspace/cargo-home" RUSTUP_HOME="/workspace/rustup-home" "/workspace/cargo-home/bin/cargo" "+nightly-2024-10-28" "metadata" "--manifest-path" "Cargo.toml" "--no-deps", kill_on_drop: false }`
[INFO] started tweaking crates.io crate bb8-arangodb 0.2.0
[INFO] finished tweaking crates.io crate bb8-arangodb 0.2.0
[INFO] tweaked toml for crates.io crate bb8-arangodb 0.2.0 written to /workspace/builds/worker-2-tc1/source/Cargo.toml
[INFO] running `Command { std: CARGO_HOME="/workspace/cargo-home" RUSTUP_HOME="/workspace/rustup-home" "/workspace/cargo-home/bin/cargo" "+nightly-2024-10-28" "generate-lockfile" "--manifest-path" "Cargo.toml", kill_on_drop: false }`
[INFO] [stderr]     Blocking waiting for file lock on package cache
[INFO] [stderr]     Updating crates.io index
[INFO] [stderr]     Blocking waiting for file lock on package cache
[INFO] [stderr]      Locking 151 packages to latest compatible versions
[INFO] [stderr]       Adding arangors v0.5.5 (available: v0.6.0)
[INFO] running `Command { std: CARGO_HOME="/workspace/cargo-home" RUSTUP_HOME="/workspace/rustup-home" "/workspace/cargo-home/bin/cargo" "+nightly-2024-10-28" "fetch" "--manifest-path" "Cargo.toml", kill_on_drop: false }`
[INFO] [stderr]  Downloading crates ...
[INFO] [stderr]   Downloaded uclient v0.1.3
[INFO] [stderr]   Downloaded maybe-async v0.2.10
[INFO] [stderr]   Downloaded arangors v0.5.5
[INFO] [stderr]   Downloaded typed-builder-macro v0.18.2
[INFO] [stderr]   Downloaded typed-builder v0.18.2
[INFO] [stderr]   Downloaded tokio-test v0.4.4
[INFO] running `Command { std: "docker" "create" "-v" "/var/lib/crater-agent-workspace/builds/worker-2-tc1/target:/opt/rustwide/target:rw,Z" "-v" "/var/lib/crater-agent-workspace/builds/worker-2-tc1/source:/opt/rustwide/workdir:ro,Z" "-v" "/var/lib/crater-agent-workspace/cargo-home:/opt/rustwide/cargo-home:ro,Z" "-v" "/var/lib/crater-agent-workspace/rustup-home:/opt/rustwide/rustup-home:ro,Z" "-e" "SOURCE_DIR=/opt/rustwide/workdir" "-e" "CARGO_TARGET_DIR=/opt/rustwide/target" "-e" "CARGO_HOME=/opt/rustwide/cargo-home" "-e" "RUSTUP_HOME=/opt/rustwide/rustup-home" "-w" "/opt/rustwide/workdir" "-m" "1610612736" "--user" "0:0" "--network" "none" "ghcr.io/rust-lang/crates-build-env/linux@sha256:4a844ea9eb2546a2d2c7022eacef16ef2e8229c7fbb2c7d4d55a9ceca922f72d" "/opt/rustwide/cargo-home/bin/cargo" "+nightly-2024-10-28" "metadata" "--no-deps" "--format-version=1", kill_on_drop: false }`
[INFO] [stdout] bbb0509f71040afffa68a52b36cbb85c3c21483a4cfff889d9480b9fbc2329d8
[INFO] running `Command { std: "docker" "start" "-a" "bbb0509f71040afffa68a52b36cbb85c3c21483a4cfff889d9480b9fbc2329d8", kill_on_drop: false }`
[INFO] running `Command { std: "docker" "inspect" "bbb0509f71040afffa68a52b36cbb85c3c21483a4cfff889d9480b9fbc2329d8", kill_on_drop: false }`
[INFO] running `Command { std: "docker" "rm" "-f" "bbb0509f71040afffa68a52b36cbb85c3c21483a4cfff889d9480b9fbc2329d8", kill_on_drop: false }`
[INFO] [stdout] bbb0509f71040afffa68a52b36cbb85c3c21483a4cfff889d9480b9fbc2329d8
[INFO] running `Command { std: "docker" "create" "-v" "/var/lib/crater-agent-workspace/builds/worker-2-tc1/target:/opt/rustwide/target:rw,Z" "-v" "/var/lib/crater-agent-workspace/builds/worker-2-tc1/source:/opt/rustwide/workdir:ro,Z" "-v" "/var/lib/crater-agent-workspace/cargo-home:/opt/rustwide/cargo-home:ro,Z" "-v" "/var/lib/crater-agent-workspace/rustup-home:/opt/rustwide/rustup-home:ro,Z" "-e" "SOURCE_DIR=/opt/rustwide/workdir" "-e" "CARGO_TARGET_DIR=/opt/rustwide/target" "-e" "CARGO_INCREMENTAL=0" "-e" "RUST_BACKTRACE=full" "-e" "RUSTFLAGS=--cap-lints=forbid" "-e" "RUSTDOCFLAGS=--cap-lints=forbid" "-e" "CARGO_HOME=/opt/rustwide/cargo-home" "-e" "RUSTUP_HOME=/opt/rustwide/rustup-home" "-w" "/opt/rustwide/workdir" "-m" "1610612736" "--user" "0:0" "--network" "none" "ghcr.io/rust-lang/crates-build-env/linux@sha256:4a844ea9eb2546a2d2c7022eacef16ef2e8229c7fbb2c7d4d55a9ceca922f72d" "/opt/rustwide/cargo-home/bin/cargo" "+nightly-2024-10-28" "build" "--frozen" "--message-format=json", kill_on_drop: false }`
[INFO] [stdout] bff538529ab9a45fc418aee48b1fb9c08f49d388ff5d8f62c3c184139587e121
[INFO] running `Command { std: "docker" "start" "-a" "bff538529ab9a45fc418aee48b1fb9c08f49d388ff5d8f62c3c184139587e121", kill_on_drop: false }`
[INFO] [stderr]    Compiling proc-macro2 v1.0.89
[INFO] [stderr]    Compiling unicode-ident v1.0.13
[INFO] [stderr]    Compiling libc v0.2.161
[INFO] [stderr]    Compiling autocfg v1.4.0
[INFO] [stderr]    Compiling tinyvec_macros v0.1.1
[INFO] [stderr]    Compiling serde v1.0.214
[INFO] [stderr]    Compiling parking_lot_core v0.9.10
[INFO] [stderr]    Compiling percent-encoding v2.3.1
[INFO] [stderr]    Compiling thiserror v1.0.66
[INFO] [stderr]    Compiling itoa v1.0.11
[INFO] [stderr]    Compiling smallvec v1.13.2
[INFO] [stderr]    Compiling cfg-if v1.0.0
[INFO] [stderr]    Compiling scopeguard v1.2.0
[INFO] [stderr]    Compiling unicode-bidi v0.3.17
[INFO] [stderr]    Compiling pin-project-lite v0.2.15
[INFO] [stderr]    Compiling fnv v1.0.7
[INFO] [stderr]    Compiling tinyvec v1.8.0
[INFO] [stderr]    Compiling serde_json v1.0.132
[INFO] [stderr]    Compiling bytes v1.8.0
[INFO] [stderr]    Compiling futures-core v0.3.31
[INFO] [stderr]    Compiling pin-utils v0.1.0
[INFO] [stderr]    Compiling futures-task v0.3.31
[INFO] [stderr]    Compiling form_urlencoded v1.2.1
[INFO] [stderr]    Compiling ryu v1.0.18
[INFO] [stderr]    Compiling memchr v2.7.4
[INFO] [stderr]    Compiling futures-util v0.3.31
[INFO] [stderr]    Compiling log v0.4.22
[INFO] [stderr]    Compiling base64 v0.22.1
[INFO] [stderr]    Compiling lock_api v0.4.12
[INFO] [stderr]    Compiling http v0.2.12
[INFO] [stderr]    Compiling quote v1.0.37
[INFO] [stderr]    Compiling unicode-normalization v0.1.24
[INFO] [stderr]    Compiling syn v2.0.86
[INFO] [stderr]    Compiling parking_lot v0.12.3
[INFO] [stderr]    Compiling tokio v1.41.0
[INFO] [stderr]    Compiling idna v0.5.0
[INFO] [stderr]    Compiling url v2.5.2
[INFO] [stderr]    Compiling serde_derive v1.0.214
[INFO] [stderr]    Compiling thiserror-impl v1.0.66
[INFO] [stderr]    Compiling async-trait v0.1.83
[INFO] [stderr]    Compiling typed-builder-macro v0.18.2
[INFO] [stderr]    Compiling maybe-async v0.2.10
[INFO] [stderr]    Compiling serde_repr v0.1.19
[INFO] [stderr]    Compiling bb8 v0.8.6
[INFO] [stderr]    Compiling uclient v0.1.3
[INFO] [stderr]    Compiling typed-builder v0.18.2
[INFO] [stderr]    Compiling serde_qs v0.13.0
[INFO] [stderr]    Compiling arangors v0.5.5
[INFO] [stderr]    Compiling bb8-arangodb v0.2.0 (/opt/rustwide/workdir)
[INFO] [stderr]     Finished `dev` profile [unoptimized + debuginfo] target(s) in 13.41s
[INFO] running `Command { std: "docker" "inspect" "bff538529ab9a45fc418aee48b1fb9c08f49d388ff5d8f62c3c184139587e121", kill_on_drop: false }`
[INFO] running `Command { std: "docker" "rm" "-f" "bff538529ab9a45fc418aee48b1fb9c08f49d388ff5d8f62c3c184139587e121", kill_on_drop: false }`
[INFO] [stdout] bff538529ab9a45fc418aee48b1fb9c08f49d388ff5d8f62c3c184139587e121
[INFO] running `Command { std: "docker" "create" "-v" "/var/lib/crater-agent-workspace/builds/worker-2-tc1/target:/opt/rustwide/target:rw,Z" "-v" "/var/lib/crater-agent-workspace/builds/worker-2-tc1/source:/opt/rustwide/workdir:ro,Z" "-v" "/var/lib/crater-agent-workspace/cargo-home:/opt/rustwide/cargo-home:ro,Z" "-v" "/var/lib/crater-agent-workspace/rustup-home:/opt/rustwide/rustup-home:ro,Z" "-e" "SOURCE_DIR=/opt/rustwide/workdir" "-e" "CARGO_TARGET_DIR=/opt/rustwide/target" "-e" "CARGO_INCREMENTAL=0" "-e" "RUST_BACKTRACE=full" "-e" "RUSTFLAGS=--cap-lints=forbid" "-e" "RUSTDOCFLAGS=--cap-lints=forbid" "-e" "CARGO_HOME=/opt/rustwide/cargo-home" "-e" "RUSTUP_HOME=/opt/rustwide/rustup-home" "-w" "/opt/rustwide/workdir" "-m" "1610612736" "--user" "0:0" "--network" "none" "ghcr.io/rust-lang/crates-build-env/linux@sha256:4a844ea9eb2546a2d2c7022eacef16ef2e8229c7fbb2c7d4d55a9ceca922f72d" "/opt/rustwide/cargo-home/bin/cargo" "+nightly-2024-10-28" "test" "--frozen" "--no-run" "--message-format=json", kill_on_drop: false }`
[INFO] [stdout] dc317195a43f177be1b72c7188b460c5b01a2ad1fac9e52a92816ef2e1cb71a1
[INFO] running `Command { std: "docker" "start" "-a" "dc317195a43f177be1b72c7188b460c5b01a2ad1fac9e52a92816ef2e1cb71a1", kill_on_drop: false }`
[INFO] [stderr]    Compiling futures-core v0.3.31
[INFO] [stderr]    Compiling shlex v1.3.0
[INFO] [stderr]    Compiling pkg-config v0.3.31
[INFO] [stderr]    Compiling vcpkg v0.2.15
[INFO] [stderr]    Compiling once_cell v1.20.2
[INFO] [stderr]    Compiling slab v0.4.9
[INFO] [stderr]    Compiling openssl v0.10.68
[INFO] [stderr]    Compiling foreign-types-shared v0.1.1
[INFO] [stderr]    Compiling httparse v1.9.5
[INFO] [stderr]    Compiling equivalent v1.0.1
[INFO] [stderr]    Compiling mio v1.0.2
[INFO] [stderr]    Compiling socket2 v0.5.7
[INFO] [stderr]    Compiling bitflags v2.6.0
[INFO] [stderr]    Compiling tokio-macros v2.4.0
[INFO] [stderr]    Compiling openssl-macros v0.1.1
[INFO] [stderr]    Compiling hashbrown v0.15.0
[INFO] [stderr]    Compiling foreign-types v0.3.2
[INFO] [stderr]    Compiling futures-sink v0.3.31
[INFO] [stderr]    Compiling futures-util v0.3.31
[INFO] [stderr]    Compiling native-tls v0.2.12
[INFO] [stderr]    Compiling cc v1.1.31
[INFO] [stderr]    Compiling tracing-core v0.1.32
[INFO] [stderr]    Compiling try-lock v0.2.5
[INFO] [stderr]    Compiling openssl-probe v0.1.5
[INFO] [stderr]    Compiling adler2 v2.0.0
[INFO] [stderr]    Compiling futures-channel v0.3.31
[INFO] [stderr]    Compiling miniz_oxide v0.8.0
[INFO] [stderr]    Compiling want v0.3.1
[INFO] [stderr]    Compiling http-body v0.4.6
[INFO] [stderr]    Compiling crc32fast v1.4.2
[INFO] [stderr]    Compiling tower-service v0.3.3
[INFO] [stderr]    Compiling httpdate v1.0.3
[INFO] [stderr]    Compiling memchr v2.7.4
[INFO] [stderr]    Compiling base64 v0.21.7
[INFO] [stderr]    Compiling serde_urlencoded v0.7.1
[INFO] [stderr]    Compiling encoding_rs v0.8.35
[INFO] [stderr]    Compiling tracing v0.1.40
[INFO] [stderr]    Compiling sync_wrapper v0.1.2
[INFO] [stderr]    Compiling mime v0.3.17
[INFO] [stderr]    Compiling indexmap v2.6.0
[INFO] [stderr]    Compiling tokio v1.41.0
[INFO] [stderr]    Compiling flate2 v1.0.34
[INFO] [stderr]    Compiling rustls-pemfile v1.0.4
[INFO] [stderr]    Compiling ipnet v2.10.1
[INFO] [stderr]    Compiling async-stream-impl v0.3.6
[INFO] [stderr]    Compiling serde_json v1.0.132
[INFO] [stderr]    Compiling openssl-sys v0.9.104
[INFO] [stderr]    Compiling async-stream v0.3.6
[INFO] [stderr]    Compiling tokio-util v0.7.12
[INFO] [stderr]    Compiling async-compression v0.4.17
[INFO] [stderr]    Compiling tokio-stream v0.1.16
[INFO] [stderr]    Compiling bb8 v0.8.6
[INFO] [stderr]    Compiling tokio-test v0.4.4
[INFO] [stderr]    Compiling h2 v0.3.26
[INFO] [stderr]    Compiling tokio-native-tls v0.3.1
[INFO] [stderr]    Compiling hyper v0.14.31
[INFO] [stderr]    Compiling hyper-tls v0.5.0
[INFO] [stderr]    Compiling reqwest v0.11.27
[INFO] [stderr]    Compiling uclient v0.1.3
[INFO] [stderr]    Compiling arangors v0.5.5
[INFO] [stderr]    Compiling bb8-arangodb v0.2.0 (/opt/rustwide/workdir)
[INFO] [stderr]     Finished `test` profile [unoptimized + debuginfo] target(s) in 20.93s
[INFO] running `Command { std: "docker" "inspect" "dc317195a43f177be1b72c7188b460c5b01a2ad1fac9e52a92816ef2e1cb71a1", kill_on_drop: false }`
[INFO] running `Command { std: "docker" "rm" "-f" "dc317195a43f177be1b72c7188b460c5b01a2ad1fac9e52a92816ef2e1cb71a1", kill_on_drop: false }`
[INFO] [stdout] dc317195a43f177be1b72c7188b460c5b01a2ad1fac9e52a92816ef2e1cb71a1
[INFO] running `Command { std: "docker" "create" "-v" "/var/lib/crater-agent-workspace/builds/worker-2-tc1/target:/opt/rustwide/target:rw,Z" "-v" "/var/lib/crater-agent-workspace/builds/worker-2-tc1/source:/opt/rustwide/workdir:ro,Z" "-v" "/var/lib/crater-agent-workspace/cargo-home:/opt/rustwide/cargo-home:ro,Z" "-v" "/var/lib/crater-agent-workspace/rustup-home:/opt/rustwide/rustup-home:ro,Z" "-e" "SOURCE_DIR=/opt/rustwide/workdir" "-e" "CARGO_TARGET_DIR=/opt/rustwide/target" "-e" "CARGO_INCREMENTAL=0" "-e" "RUST_BACKTRACE=full" "-e" "RUSTFLAGS=--cap-lints=forbid" "-e" "RUSTDOCFLAGS=--cap-lints=forbid" "-e" "CARGO_HOME=/opt/rustwide/cargo-home" "-e" "RUSTUP_HOME=/opt/rustwide/rustup-home" "-w" "/opt/rustwide/workdir" "-m" "1610612736" "--user" "0:0" "--network" "none" "ghcr.io/rust-lang/crates-build-env/linux@sha256:4a844ea9eb2546a2d2c7022eacef16ef2e8229c7fbb2c7d4d55a9ceca922f72d" "/opt/rustwide/cargo-home/bin/cargo" "+nightly-2024-10-28" "test" "--frozen", kill_on_drop: false }`
[INFO] [stdout] 4728b2d262494a727623fa7525430e0374f1c3f0840e3e9177c0e49098c6fb3d
[INFO] running `Command { std: "docker" "start" "-a" "4728b2d262494a727623fa7525430e0374f1c3f0840e3e9177c0e49098c6fb3d", kill_on_drop: false }`
[INFO] [stderr]     Finished `test` profile [unoptimized + debuginfo] target(s) in 0.09s
[INFO] [stderr]      Running unittests src/lib.rs (/opt/rustwide/target/debug/deps/bb8_arangodb-7ad0c0e55c9f2ccd)
[INFO] [stdout] 
[INFO] [stdout] running 0 tests
[INFO] [stdout] 
[INFO] [stdout] test result: ok. 0 passed; 0 failed; 0 ignored; 0 measured; 0 filtered out; finished in 0.00s
[INFO] [stdout] 
[INFO] [stderr]    Doc-tests bb8_arangodb
[INFO] [stdout] 
[INFO] [stdout] running 3 tests
[INFO] [stdout] test src/lib.rs - (line 57) - compile ... ok
[INFO] [stdout] test src/lib.rs - (line 13) ... FAILED
[INFO] [stdout] test src/lib.rs - (line 35) ... FAILED
[INFO] [stdout] 
[INFO] [stdout] failures:
[INFO] [stdout] 
[INFO] [stdout] ---- src/lib.rs - (line 13) stdout ----
[INFO] [stdout] Test executable failed (exit status: 101).
[INFO] [stdout] 
[INFO] [stdout] stderr:
[INFO] [stdout] thread 'main' panicked at src/lib.rs:17:33:
[INFO] [stdout] called `Result::unwrap()` on an `Err` value: TimedOut
[INFO] [stdout] stack backtrace:
[INFO] [stdout]    0:     0x610d4e5f005a - std::backtrace_rs::backtrace::libunwind::trace::h207520d6e9873551
[INFO] [stdout]                                at /rustc/df4ca44d3fbc9301ee17f30f4d474e6ae4b05252/library/std/src/../../backtrace/src/backtrace/libunwind.rs:116:5
[INFO] [stdout]    1:     0x610d4e5f005a - std::backtrace_rs::backtrace::trace_unsynchronized::h2ed7433f370e3eca
[INFO] [stdout]                                at /rustc/df4ca44d3fbc9301ee17f30f4d474e6ae4b05252/library/std/src/../../backtrace/src/backtrace/mod.rs:66:5
[INFO] [stdout]    2:     0x610d4e5f005a - std::sys::backtrace::_print_fmt::h916fac51166b18d7
[INFO] [stdout]                                at /rustc/df4ca44d3fbc9301ee17f30f4d474e6ae4b05252/library/std/src/sys/backtrace.rs:66:9
[INFO] [stdout]    3:     0x610d4e5f005a - <std::sys::backtrace::BacktraceLock::print::DisplayBacktrace as core::fmt::Display>::fmt::ha0a4c9b8ce3802e6
[INFO] [stdout]                                at /rustc/df4ca44d3fbc9301ee17f30f4d474e6ae4b05252/library/std/src/sys/backtrace.rs:39:26
[INFO] [stdout]    4:     0x610d4e615cc3 - core::fmt::rt::Argument::fmt::h4cfc8587d52b3eb5
[INFO] [stdout]                                at /rustc/df4ca44d3fbc9301ee17f30f4d474e6ae4b05252/library/core/src/fmt/rt.rs:177:76
[INFO] [stdout]    5:     0x610d4e615cc3 - core::fmt::write::h522cc39e5b36ae9f
[INFO] [stdout]                                at /rustc/df4ca44d3fbc9301ee17f30f4d474e6ae4b05252/library/core/src/fmt/mod.rs:1190:21
[INFO] [stdout]    6:     0x610d4e5ec983 - std::io::Write::write_fmt::hf1c1dcc8cc1287f0
[INFO] [stdout]                                at /rustc/df4ca44d3fbc9301ee17f30f4d474e6ae4b05252/library/std/src/io/mod.rs:1839:15
[INFO] [stdout]    7:     0x610d4e5efea2 - std::sys::backtrace::BacktraceLock::print::h4b9e00b29e9c0942
[INFO] [stdout]                                at /rustc/df4ca44d3fbc9301ee17f30f4d474e6ae4b05252/library/std/src/sys/backtrace.rs:42:9
[INFO] [stdout]    8:     0x610d4e5f0fac - std::panicking::default_hook::{{closure}}::hb59b88280d0324d9
[INFO] [stdout]                                at /rustc/df4ca44d3fbc9301ee17f30f4d474e6ae4b05252/library/std/src/panicking.rs:268:22
[INFO] [stdout]    9:     0x610d4e5f0df2 - std::panicking::default_hook::he1dd496665be4a29
[INFO] [stdout]                                at /rustc/df4ca44d3fbc9301ee17f30f4d474e6ae4b05252/library/std/src/panicking.rs:295:9
[INFO] [stdout]   10:     0x610d4e5f15e7 - std::panicking::rust_panic_with_hook::h2ff17fe8f26dfcf8
[INFO] [stdout]                                at /rustc/df4ca44d3fbc9301ee17f30f4d474e6ae4b05252/library/std/src/panicking.rs:801:13
[INFO] [stdout]   11:     0x610d4e5f147a - std::panicking::begin_panic_handler::{{closure}}::h4fad77951c07e101
[INFO] [stdout]                                at /rustc/df4ca44d3fbc9301ee17f30f4d474e6ae4b05252/library/std/src/panicking.rs:674:13
[INFO] [stdout]   12:     0x610d4e5f0539 - std::sys::backtrace::__rust_end_short_backtrace::hb1a25b3da5d0ea08
[INFO] [stdout]                                at /rustc/df4ca44d3fbc9301ee17f30f4d474e6ae4b05252/library/std/src/sys/backtrace.rs:170:18
[INFO] [stdout]   13:     0x610d4e5f110c - rust_begin_unwind
[INFO] [stdout]                                at /rustc/df4ca44d3fbc9301ee17f30f4d474e6ae4b05252/library/std/src/panicking.rs:665:5
[INFO] [stdout]   14:     0x610d4e613e70 - core::panicking::panic_fmt::ha9db07b529f9b256
[INFO] [stdout]                                at /rustc/df4ca44d3fbc9301ee17f30f4d474e6ae4b05252/library/core/src/panicking.rs:75:14
[INFO] [stdout]   15:     0x610d4e614356 - core::result::unwrap_failed::h5e8218e4d4338b8a
[INFO] [stdout]                                at /rustc/df4ca44d3fbc9301ee17f30f4d474e6ae4b05252/library/core/src/result.rs:1698:5
[INFO] [stdout]   16:     0x610d4e1708dc - rust_out::main::_doctest_main_src_lib_rs_13_0::{{closure}}::hde04c9f08348bfe0
[INFO] [stdout]   17:     0x610d4e15f436 - <core::pin::Pin<P> as core::future::future::Future>::poll::hfc649f05778133e0
[INFO] [stdout]   18:     0x610d4e15c795 - tokio::runtime::scheduler::current_thread::CoreGuard::block_on::{{closure}}::{{closure}}::{{closure}}::hf9d45d9495d5b561
[INFO] [stdout]   19:     0x610d4e15c6c8 - tokio::runtime::scheduler::current_thread::CoreGuard::block_on::{{closure}}::{{closure}}::hfc266d8132df2f98
[INFO] [stdout]   20:     0x610d4e15a4d0 - tokio::runtime::scheduler::current_thread::Context::enter::hfd5b6552b8d15b21
[INFO] [stdout]   21:     0x610d4e15be1b - tokio::runtime::scheduler::current_thread::CoreGuard::block_on::{{closure}}::hcf6a2b290f082717
[INFO] [stdout]   22:     0x610d4e15b2f4 - tokio::runtime::scheduler::current_thread::CoreGuard::enter::{{closure}}::h42f18d3d8a72a50d
[INFO] [stdout]   23:     0x610d4e1559e1 - tokio::runtime::context::scoped::Scoped<T>::set::he22f335eff754f40
[INFO] [stdout]   24:     0x610d4e155784 - tokio::runtime::context::set_scheduler::{{closure}}::ha7e4ed2dd63991b4
[INFO] [stdout]   25:     0x610d4e1385fa - std::thread::local::LocalKey<T>::try_with::ha1352bfcbd24d03c
[INFO] [stdout]   26:     0x610d4e137c06 - std::thread::local::LocalKey<T>::with::h72b72080f0fe1ebf
[INFO] [stdout]   27:     0x610d4e15570b - tokio::runtime::context::set_scheduler::he10a5dbbdffc26c1
[INFO] [stdout]   28:     0x610d4e15b0b4 - tokio::runtime::scheduler::current_thread::CoreGuard::enter::ha1c3667b7929d315
[INFO] [stdout]   29:     0x610d4e15b38e - tokio::runtime::scheduler::current_thread::CoreGuard::block_on::hb9397ea1ee9ccb62
[INFO] [stdout]   30:     0x610d4e15867f - tokio::runtime::scheduler::current_thread::CurrentThread::block_on::{{closure}}::h38239bd18a1c3139
[INFO] [stdout]   31:     0x610d4e15664e - tokio::runtime::context::runtime::enter_runtime::h203ac6a7e21e070e
[INFO] [stdout]   32:     0x610d4e15837f - tokio::runtime::scheduler::current_thread::CurrentThread::block_on::h483c89989e252f30
[INFO] [stdout]   33:     0x610d4e1573f8 - tokio::runtime::runtime::Runtime::block_on_inner::h026e27a97d623cd4
[INFO] [stdout]   34:     0x610d4e157750 - tokio::runtime::runtime::Runtime::block_on::h26797665c544b90e
[INFO] [stdout]   35:     0x610d4e12a8f5 - tokio_test::block_on::h7dd4b9b51b03b730
[INFO] [stdout]   36:     0x610d4e170176 - rust_out::main::_doctest_main_src_lib_rs_13_0::h2155a910311cb8e6
[INFO] [stdout]   37:     0x610d4e170156 - rust_out::main::ha213a30daa5df4da
[INFO] [stdout]   38:     0x610d4e13c073 - core::ops::function::FnOnce::call_once::hf7edf7132571051c
[INFO] [stdout]   39:     0x610d4e136506 - std::sys::backtrace::__rust_begin_short_backtrace::h32fd822fd2ba4079
[INFO] [stdout]   40:     0x610d4e1364e9 - std::rt::lang_start::{{closure}}::h4039a1c394ed4f7c
[INFO] [stdout]   41:     0x610d4e5e7e27 - core::ops::function::impls::<impl core::ops::function::FnOnce<A> for &F>::call_once::hd87d66b906e0ccaf
[INFO] [stdout]                                at /rustc/df4ca44d3fbc9301ee17f30f4d474e6ae4b05252/library/core/src/ops/function.rs:284:13
[INFO] [stdout]   42:     0x610d4e5e7e27 - std::panicking::try::do_call::hae3703de71fc9e3a
[INFO] [stdout]                                at /rustc/df4ca44d3fbc9301ee17f30f4d474e6ae4b05252/library/std/src/panicking.rs:557:40
[INFO] [stdout]   43:     0x610d4e5e7e27 - std::panicking::try::h1178330e9a2b2645
[INFO] [stdout]                                at /rustc/df4ca44d3fbc9301ee17f30f4d474e6ae4b05252/library/std/src/panicking.rs:520:19
[INFO] [stdout]   44:     0x610d4e5e7e27 - std::panic::catch_unwind::h0acf49d2305d32ad
[INFO] [stdout]                                at /rustc/df4ca44d3fbc9301ee17f30f4d474e6ae4b05252/library/std/src/panic.rs:358:14
[INFO] [stdout]   45:     0x610d4e5e7e27 - std::rt::lang_start_internal::{{closure}}::h2d95182d798177be
[INFO] [stdout]                                at /rustc/df4ca44d3fbc9301ee17f30f4d474e6ae4b05252/library/std/src/rt.rs:174:48
[INFO] [stdout]   46:     0x610d4e5e7e27 - std::panicking::try::do_call::hb506f5bfe11fd30c
[INFO] [stdout]                                at /rustc/df4ca44d3fbc9301ee17f30f4d474e6ae4b05252/library/std/src/panicking.rs:557:40
[INFO] [stdout]   47:     0x610d4e5e7e27 - std::panicking::try::h54d825c46bd0fa95
[INFO] [stdout]                                at /rustc/df4ca44d3fbc9301ee17f30f4d474e6ae4b05252/library/std/src/panicking.rs:520:19
[INFO] [stdout]   48:     0x610d4e5e7e27 - std::panic::catch_unwind::hffbb0ad20c4e9fac
[INFO] [stdout]                                at /rustc/df4ca44d3fbc9301ee17f30f4d474e6ae4b05252/library/std/src/panic.rs:358:14
[INFO] [stdout]   49:     0x610d4e5e7e27 - std::rt::lang_start_internal::h52c291ef1962c925
[INFO] [stdout]                                at /rustc/df4ca44d3fbc9301ee17f30f4d474e6ae4b05252/library/std/src/rt.rs:174:20
[INFO] [stdout]   50:     0x610d4e1364c7 - std::rt::lang_start::h8c6075cd6f225ba1
[INFO] [stdout]   51:     0x610d4e170cf5 - main
[INFO] [stdout]   52:     0x72e5ed858d90 - <unknown>
[INFO] [stdout]   53:     0x72e5ed858e40 - __libc_start_main
[INFO] [stdout]   54:     0x610d4e1265f5 - _start
[INFO] [stdout]   55:                0x0 - <unknown>
[INFO] [stdout] 
[INFO] [stdout] 
[INFO] [stdout] ---- src/lib.rs - (line 35) stdout ----
[INFO] [stdout] Test executable failed (exit status: 101).
[INFO] [stdout] 
[INFO] [stdout] stderr:
[INFO] [stdout] thread 'main' panicked at src/lib.rs:17:33:
[INFO] [stdout] called `Result::unwrap()` on an `Err` value: TimedOut
[INFO] [stdout] stack backtrace:
[INFO] [stdout]    0:     0x5dcfe4a7305a - std::backtrace_rs::backtrace::libunwind::trace::h207520d6e9873551
[INFO] [stdout]                                at /rustc/df4ca44d3fbc9301ee17f30f4d474e6ae4b05252/library/std/src/../../backtrace/src/backtrace/libunwind.rs:116:5
[INFO] [stdout]    1:     0x5dcfe4a7305a - std::backtrace_rs::backtrace::trace_unsynchronized::h2ed7433f370e3eca
[INFO] [stdout]                                at /rustc/df4ca44d3fbc9301ee17f30f4d474e6ae4b05252/library/std/src/../../backtrace/src/backtrace/mod.rs:66:5
[INFO] [stdout]    2:     0x5dcfe4a7305a - std::sys::backtrace::_print_fmt::h916fac51166b18d7
[INFO] [stdout]                                at /rustc/df4ca44d3fbc9301ee17f30f4d474e6ae4b05252/library/std/src/sys/backtrace.rs:66:9
[INFO] [stdout]    3:     0x5dcfe4a7305a - <std::sys::backtrace::BacktraceLock::print::DisplayBacktrace as core::fmt::Display>::fmt::ha0a4c9b8ce3802e6
[INFO] [stdout]                                at /rustc/df4ca44d3fbc9301ee17f30f4d474e6ae4b05252/library/std/src/sys/backtrace.rs:39:26
[INFO] [stdout]    4:     0x5dcfe4a98cc3 - core::fmt::rt::Argument::fmt::h4cfc8587d52b3eb5
[INFO] [stdout]                                at /rustc/df4ca44d3fbc9301ee17f30f4d474e6ae4b05252/library/core/src/fmt/rt.rs:177:76
[INFO] [stdout]    5:     0x5dcfe4a98cc3 - core::fmt::write::h522cc39e5b36ae9f
[INFO] [stdout]                                at /rustc/df4ca44d3fbc9301ee17f30f4d474e6ae4b05252/library/core/src/fmt/mod.rs:1190:21
[INFO] [stdout]    6:     0x5dcfe4a6f983 - std::io::Write::write_fmt::hf1c1dcc8cc1287f0
[INFO] [stdout]                                at /rustc/df4ca44d3fbc9301ee17f30f4d474e6ae4b05252/library/std/src/io/mod.rs:1839:15
[INFO] [stdout]    7:     0x5dcfe4a72ea2 - std::sys::backtrace::BacktraceLock::print::h4b9e00b29e9c0942
[INFO] [stdout]                                at /rustc/df4ca44d3fbc9301ee17f30f4d474e6ae4b05252/library/std/src/sys/backtrace.rs:42:9
[INFO] [stdout]    8:     0x5dcfe4a73fac - std::panicking::default_hook::{{closure}}::hb59b88280d0324d9
[INFO] [stdout]                                at /rustc/df4ca44d3fbc9301ee17f30f4d474e6ae4b05252/library/std/src/panicking.rs:268:22
[INFO] [stdout]    9:     0x5dcfe4a73df2 - std::panicking::default_hook::he1dd496665be4a29
[INFO] [stdout]                                at /rustc/df4ca44d3fbc9301ee17f30f4d474e6ae4b05252/library/std/src/panicking.rs:295:9
[INFO] [stdout]   10:     0x5dcfe4a745e7 - std::panicking::rust_panic_with_hook::h2ff17fe8f26dfcf8
[INFO] [stdout]                                at /rustc/df4ca44d3fbc9301ee17f30f4d474e6ae4b05252/library/std/src/panicking.rs:801:13
[INFO] [stdout]   11:     0x5dcfe4a7447a - std::panicking::begin_panic_handler::{{closure}}::h4fad77951c07e101
[INFO] [stdout]                                at /rustc/df4ca44d3fbc9301ee17f30f4d474e6ae4b05252/library/std/src/panicking.rs:674:13
[INFO] [stdout]   12:     0x5dcfe4a73539 - std::sys::backtrace::__rust_end_short_backtrace::hb1a25b3da5d0ea08
[INFO] [stdout]                                at /rustc/df4ca44d3fbc9301ee17f30f4d474e6ae4b05252/library/std/src/sys/backtrace.rs:170:18
[INFO] [stdout]   13:     0x5dcfe4a7410c - rust_begin_unwind
[INFO] [stdout]                                at /rustc/df4ca44d3fbc9301ee17f30f4d474e6ae4b05252/library/std/src/panicking.rs:665:5
[INFO] [stdout]   14:     0x5dcfe4a96e70 - core::panicking::panic_fmt::ha9db07b529f9b256
[INFO] [stdout]                                at /rustc/df4ca44d3fbc9301ee17f30f4d474e6ae4b05252/library/core/src/panicking.rs:75:14
[INFO] [stdout]   15:     0x5dcfe4a97356 - core::result::unwrap_failed::h5e8218e4d4338b8a
[INFO] [stdout]                                at /rustc/df4ca44d3fbc9301ee17f30f4d474e6ae4b05252/library/core/src/result.rs:1698:5
[INFO] [stdout]   16:     0x5dcfe45f38dc - rust_out::main::_doctest_main_src_lib_rs_35_0::{{closure}}::hde9af2072f15b3c1
[INFO] [stdout]   17:     0x5dcfe45e2436 - <core::pin::Pin<P> as core::future::future::Future>::poll::hed763036766e8fb5
[INFO] [stdout]   18:     0x5dcfe45df795 - tokio::runtime::scheduler::current_thread::CoreGuard::block_on::{{closure}}::{{closure}}::{{closure}}::he16b5faaa7e7e6dd
[INFO] [stdout]   19:     0x5dcfe45df548 - tokio::runtime::scheduler::current_thread::CoreGuard::block_on::{{closure}}::{{closure}}::h37620e4fb7b2fc7a
[INFO] [stdout]   20:     0x5dcfe45dcf00 - tokio::runtime::scheduler::current_thread::Context::enter::hc704955fd743bedb
[INFO] [stdout]   21:     0x5dcfe45dee1b - tokio::runtime::scheduler::current_thread::CoreGuard::block_on::{{closure}}::h7f9cc46d2bea8f27
[INFO] [stdout]   22:     0x5dcfe45de2f4 - tokio::runtime::scheduler::current_thread::CoreGuard::enter::{{closure}}::h2d71425e45b23e67
[INFO] [stdout]   23:     0x5dcfe45d89e1 - tokio::runtime::context::scoped::Scoped<T>::set::h0160191408fcca70
[INFO] [stdout]   24:     0x5dcfe45d8744 - tokio::runtime::context::set_scheduler::{{closure}}::h3618183d5aa27d03
[INFO] [stdout]   25:     0x5dcfe45bb8fa - std::thread::local::LocalKey<T>::try_with::hc8abfc9343debfc4
[INFO] [stdout]   26:     0x5dcfe45baa96 - std::thread::local::LocalKey<T>::with::h7c68397ea7acec62
[INFO] [stdout]   27:     0x5dcfe45d86db - tokio::runtime::context::set_scheduler::h7a9bbc54f0034a18
[INFO] [stdout]   28:     0x5dcfe45ddcc4 - tokio::runtime::scheduler::current_thread::CoreGuard::enter::h6e92bf8ad7dc4d4b
[INFO] [stdout]   29:     0x5dcfe45de32e - tokio::runtime::scheduler::current_thread::CoreGuard::block_on::h5d16ec9e3e9f9875
[INFO] [stdout]   30:     0x5dcfe45db67f - tokio::runtime::scheduler::current_thread::CurrentThread::block_on::{{closure}}::h89e15f62ab6f9790
[INFO] [stdout]   31:     0x5dcfe45d981e - tokio::runtime::context::runtime::enter_runtime::h98ec910d258284f2
[INFO] [stdout]   32:     0x5dcfe45db37f - tokio::runtime::scheduler::current_thread::CurrentThread::block_on::h679ccc74f4bbd422
[INFO] [stdout]   33:     0x5dcfe45da3f8 - tokio::runtime::runtime::Runtime::block_on_inner::hac5cca497079499e
[INFO] [stdout]   34:     0x5dcfe45da750 - tokio::runtime::runtime::Runtime::block_on::h4ff87964ff81503a
[INFO] [stdout]   35:     0x5dcfe45ad8f5 - tokio_test::block_on::hf83b1149209eeb4c
[INFO] [stdout]   36:     0x5dcfe45f3176 - rust_out::main::_doctest_main_src_lib_rs_35_0::h3e3b05c275530cc5
[INFO] [stdout]   37:     0x5dcfe45f3156 - rust_out::main::ha213a30daa5df4da
[INFO] [stdout]   38:     0x5dcfe45bf073 - core::ops::function::FnOnce::call_once::hf7edf7132571051c
[INFO] [stdout]   39:     0x5dcfe45b9506 - std::sys::backtrace::__rust_begin_short_backtrace::h32fd822fd2ba4079
[INFO] [stdout]   40:     0x5dcfe45b94e9 - std::rt::lang_start::{{closure}}::h4039a1c394ed4f7c
[INFO] [stdout]   41:     0x5dcfe4a6ae27 - core::ops::function::impls::<impl core::ops::function::FnOnce<A> for &F>::call_once::hd87d66b906e0ccaf
[INFO] [stdout]                                at /rustc/df4ca44d3fbc9301ee17f30f4d474e6ae4b05252/library/core/src/ops/function.rs:284:13
[INFO] [stdout]   42:     0x5dcfe4a6ae27 - std::panicking::try::do_call::hae3703de71fc9e3a
[INFO] [stdout]                                at /rustc/df4ca44d3fbc9301ee17f30f4d474e6ae4b05252/library/std/src/panicking.rs:557:40
[INFO] [stdout]   43:     0x5dcfe4a6ae27 - std::panicking::try::h1178330e9a2b2645
[INFO] [stdout]                                at /rustc/df4ca44d3fbc9301ee17f30f4d474e6ae4b05252/library/std/src/panicking.rs:520:19
[INFO] [stdout]   44:     0x5dcfe4a6ae27 - std::panic::catch_unwind::h0acf49d2305d32ad
[INFO] [stdout]                                at /rustc/df4ca44d3fbc9301ee17f30f4d474e6ae4b05252/library/std/src/panic.rs:358:14
[INFO] [stdout]   45:     0x5dcfe4a6ae27 - std::rt::lang_start_internal::{{closure}}::h2d95182d798177be
[INFO] [stdout]                                at /rustc/df4ca44d3fbc9301ee17f30f4d474e6ae4b05252/library/std/src/rt.rs:174:48
[INFO] [stdout]   46:     0x5dcfe4a6ae27 - std::panicking::try::do_call::hb506f5bfe11fd30c
[INFO] [stdout]                                at /rustc/df4ca44d3fbc9301ee17f30f4d474e6ae4b05252/library/std/src/panicking.rs:557:40
[INFO] [stdout]   47:     0x5dcfe4a6ae27 - std::panicking::try::h54d825c46bd0fa95
[INFO] [stdout]                                at /rustc/df4ca44d3fbc9301ee17f30f4d474e6ae4b05252/library/std/src/panicking.rs:520:19
[INFO] [stdout]   48:     0x5dcfe4a6ae27 - std::panic::catch_unwind::hffbb0ad20c4e9fac
[INFO] [stdout]                                at /rustc/df4ca44d3fbc9301ee17f30f4d474e6ae4b05252/library/std/src/panic.rs:358:14
[INFO] [stdout]   49:     0x5dcfe4a6ae27 - std::rt::lang_start_internal::h52c291ef1962c925
[INFO] [stdout]                                at /rustc/df4ca44d3fbc9301ee17f30f4d474e6ae4b05252/library/std/src/rt.rs:174:20
[INFO] [stdout]   50:     0x5dcfe45b94c7 - std::rt::lang_start::h8c6075cd6f225ba1
[INFO] [stdout]   51:     0x5dcfe45f3cf5 - main
[INFO] [stdout]   52:     0x7412bf837d90 - <unknown>
[INFO] [stdout]   53:     0x7412bf837e40 - __libc_start_main
[INFO] [stdout]   54:     0x5dcfe45a95f5 - _start
[INFO] [stdout]   55:                0x0 - <unknown>
[INFO] [stdout] 
[INFO] [stdout] 
[INFO] [stdout] 
[INFO] [stdout] failures:
[INFO] [stdout]     src/lib.rs - (line 13)
[INFO] [stdout]     src/lib.rs - (line 35)
[INFO] [stdout] 
[INFO] [stdout] test result: FAILED. 1 passed; 2 failed; 0 ignored; 0 measured; 0 filtered out; finished in 31.05s
[INFO] [stdout] 
[INFO] [stderr] error: doctest failed, to rerun pass `--doc`
[INFO] running `Command { std: "docker" "inspect" "4728b2d262494a727623fa7525430e0374f1c3f0840e3e9177c0e49098c6fb3d", kill_on_drop: false }`
[INFO] running `Command { std: "docker" "rm" "-f" "4728b2d262494a727623fa7525430e0374f1c3f0840e3e9177c0e49098c6fb3d", kill_on_drop: false }`
[INFO] [stdout] 4728b2d262494a727623fa7525430e0374f1c3f0840e3e9177c0e49098c6fb3d
