[INFO] fetching crate basichll 0.3.1...
[INFO] testing basichll-0.3.1 against nightly-2024-10-28 for randomize-layout
[INFO] extracting crate basichll 0.3.1 into /workspace/builds/worker-4-tc1/source
[INFO] validating manifest of crates.io crate basichll 0.3.1 on toolchain nightly-2024-10-28
[INFO] running `Command { std: CARGO_HOME="/workspace/cargo-home" RUSTUP_HOME="/workspace/rustup-home" "/workspace/cargo-home/bin/cargo" "+nightly-2024-10-28" "metadata" "--manifest-path" "Cargo.toml" "--no-deps", kill_on_drop: false }`
[INFO] started tweaking crates.io crate basichll 0.3.1
[INFO] finished tweaking crates.io crate basichll 0.3.1
[INFO] tweaked toml for crates.io crate basichll 0.3.1 written to /workspace/builds/worker-4-tc1/source/Cargo.toml
[INFO] running `Command { std: CARGO_HOME="/workspace/cargo-home" RUSTUP_HOME="/workspace/rustup-home" "/workspace/cargo-home/bin/cargo" "+nightly-2024-10-28" "generate-lockfile" "--manifest-path" "Cargo.toml", kill_on_drop: false }`
[INFO] [stderr]     Updating crates.io index
[INFO] [stderr]      Locking 1 package to latest compatible version
[INFO] [stderr]       Adding byteorder v0.3.13 (available: v1.5.0)
[INFO] running `Command { std: CARGO_HOME="/workspace/cargo-home" RUSTUP_HOME="/workspace/rustup-home" "/workspace/cargo-home/bin/cargo" "+nightly-2024-10-28" "fetch" "--manifest-path" "Cargo.toml", kill_on_drop: false }`
[INFO] [stderr] warning: no edition set: defaulting to the 2015 edition while the latest is 2021
[INFO] [stderr] warning: `[project]` is deprecated in favor of `[package]`
[INFO] [stderr]  Downloading crates ...
[INFO] [stderr]   Downloaded byteorder v0.3.13
[INFO] running `Command { std: "docker" "create" "-v" "/var/lib/crater-agent-workspace/builds/worker-4-tc1/target:/opt/rustwide/target:rw,Z" "-v" "/var/lib/crater-agent-workspace/builds/worker-4-tc1/source:/opt/rustwide/workdir:ro,Z" "-v" "/var/lib/crater-agent-workspace/cargo-home:/opt/rustwide/cargo-home:ro,Z" "-v" "/var/lib/crater-agent-workspace/rustup-home:/opt/rustwide/rustup-home:ro,Z" "-e" "SOURCE_DIR=/opt/rustwide/workdir" "-e" "CARGO_TARGET_DIR=/opt/rustwide/target" "-e" "CARGO_HOME=/opt/rustwide/cargo-home" "-e" "RUSTUP_HOME=/opt/rustwide/rustup-home" "-w" "/opt/rustwide/workdir" "-m" "1610612736" "--user" "0:0" "--network" "none" "ghcr.io/rust-lang/crates-build-env/linux@sha256:4a844ea9eb2546a2d2c7022eacef16ef2e8229c7fbb2c7d4d55a9ceca922f72d" "/opt/rustwide/cargo-home/bin/cargo" "+nightly-2024-10-28" "metadata" "--no-deps" "--format-version=1", kill_on_drop: false }`
[INFO] [stdout] 293ab3463a796e9dc60156f0c5cf1991220cc6ad573aa7822e4d8361c0b18462
[INFO] running `Command { std: "docker" "start" "-a" "293ab3463a796e9dc60156f0c5cf1991220cc6ad573aa7822e4d8361c0b18462", kill_on_drop: false }`
[INFO] running `Command { std: "docker" "inspect" "293ab3463a796e9dc60156f0c5cf1991220cc6ad573aa7822e4d8361c0b18462", kill_on_drop: false }`
[INFO] running `Command { std: "docker" "rm" "-f" "293ab3463a796e9dc60156f0c5cf1991220cc6ad573aa7822e4d8361c0b18462", kill_on_drop: false }`
[INFO] [stdout] 293ab3463a796e9dc60156f0c5cf1991220cc6ad573aa7822e4d8361c0b18462
[INFO] running `Command { std: "docker" "create" "-v" "/var/lib/crater-agent-workspace/builds/worker-4-tc1/target:/opt/rustwide/target:rw,Z" "-v" "/var/lib/crater-agent-workspace/builds/worker-4-tc1/source:/opt/rustwide/workdir:ro,Z" "-v" "/var/lib/crater-agent-workspace/cargo-home:/opt/rustwide/cargo-home:ro,Z" "-v" "/var/lib/crater-agent-workspace/rustup-home:/opt/rustwide/rustup-home:ro,Z" "-e" "SOURCE_DIR=/opt/rustwide/workdir" "-e" "CARGO_TARGET_DIR=/opt/rustwide/target" "-e" "CARGO_INCREMENTAL=0" "-e" "RUST_BACKTRACE=full" "-e" "RUSTFLAGS=--cap-lints=forbid" "-e" "RUSTDOCFLAGS=--cap-lints=forbid" "-e" "CARGO_HOME=/opt/rustwide/cargo-home" "-e" "RUSTUP_HOME=/opt/rustwide/rustup-home" "-w" "/opt/rustwide/workdir" "-m" "1610612736" "--user" "0:0" "--network" "none" "ghcr.io/rust-lang/crates-build-env/linux@sha256:4a844ea9eb2546a2d2c7022eacef16ef2e8229c7fbb2c7d4d55a9ceca922f72d" "/opt/rustwide/cargo-home/bin/cargo" "+nightly-2024-10-28" "build" "--frozen" "--message-format=json", kill_on_drop: false }`
[INFO] [stdout] 14d5fe014e69d3374e0d50073d11c2cd54774849615c87edc8ddc5febbf1b393
[INFO] running `Command { std: "docker" "start" "-a" "14d5fe014e69d3374e0d50073d11c2cd54774849615c87edc8ddc5febbf1b393", kill_on_drop: false }`
[INFO] [stderr] warning: no edition set: defaulting to the 2015 edition while the latest is 2021
[INFO] [stderr] warning: `[project]` is deprecated in favor of `[package]`
[INFO] [stderr]    Compiling byteorder v0.3.13
[INFO] [stderr]    Compiling basichll v0.3.1 (/opt/rustwide/workdir)
[INFO] [stdout] warning: use of deprecated struct `std::hash::SipHasher`: use `std::hash::DefaultHasher` instead
[INFO] [stdout]   --> src/lib.rs:12:32
[INFO] [stdout]    |
[INFO] [stdout] 12 | use std::hash::{ Hash, Hasher, SipHasher };
[INFO] [stdout]    |                                ^^^^^^^^^
[INFO] [stdout]    |
[INFO] [stdout]    = note: `#[warn(deprecated)]` on by default
[INFO] [stdout] 
[INFO] [stdout] 
[INFO] [stdout] warning: use of deprecated struct `std::hash::SipHasher`: use `std::hash::DefaultHasher` instead
[INFO] [stdout]    --> src/lib.rs:126:26
[INFO] [stdout]     |
[INFO] [stdout] 126 |         let mut hasher = SipHasher::new();
[INFO] [stdout]     |                          ^^^^^^^^^
[INFO] [stdout] 
[INFO] [stdout] 
[INFO] [stdout] warning: use of deprecated associated function `std::hash::SipHasher::new`: use `std::hash::DefaultHasher` instead
[INFO] [stdout]    --> src/lib.rs:126:37
[INFO] [stdout]     |
[INFO] [stdout] 126 |         let mut hasher = SipHasher::new();
[INFO] [stdout]     |                                     ^^^
[INFO] [stdout] 
[INFO] [stdout] 
[INFO] [stderr]     Finished `dev` profile [unoptimized + debuginfo] target(s) in 0.21s
[INFO] running `Command { std: "docker" "inspect" "14d5fe014e69d3374e0d50073d11c2cd54774849615c87edc8ddc5febbf1b393", kill_on_drop: false }`
[INFO] running `Command { std: "docker" "rm" "-f" "14d5fe014e69d3374e0d50073d11c2cd54774849615c87edc8ddc5febbf1b393", kill_on_drop: false }`
[INFO] [stdout] 14d5fe014e69d3374e0d50073d11c2cd54774849615c87edc8ddc5febbf1b393
[INFO] running `Command { std: "docker" "create" "-v" "/var/lib/crater-agent-workspace/builds/worker-4-tc1/target:/opt/rustwide/target:rw,Z" "-v" "/var/lib/crater-agent-workspace/builds/worker-4-tc1/source:/opt/rustwide/workdir:ro,Z" "-v" "/var/lib/crater-agent-workspace/cargo-home:/opt/rustwide/cargo-home:ro,Z" "-v" "/var/lib/crater-agent-workspace/rustup-home:/opt/rustwide/rustup-home:ro,Z" "-e" "SOURCE_DIR=/opt/rustwide/workdir" "-e" "CARGO_TARGET_DIR=/opt/rustwide/target" "-e" "CARGO_INCREMENTAL=0" "-e" "RUST_BACKTRACE=full" "-e" "RUSTFLAGS=--cap-lints=forbid" "-e" "RUSTDOCFLAGS=--cap-lints=forbid" "-e" "CARGO_HOME=/opt/rustwide/cargo-home" "-e" "RUSTUP_HOME=/opt/rustwide/rustup-home" "-w" "/opt/rustwide/workdir" "-m" "1610612736" "--user" "0:0" "--network" "none" "ghcr.io/rust-lang/crates-build-env/linux@sha256:4a844ea9eb2546a2d2c7022eacef16ef2e8229c7fbb2c7d4d55a9ceca922f72d" "/opt/rustwide/cargo-home/bin/cargo" "+nightly-2024-10-28" "test" "--frozen" "--no-run" "--message-format=json", kill_on_drop: false }`
[INFO] [stdout] 5faa509d896a9484532a8e101ae1d15ce2582dd8635b5d5a63d63d448d8038e9
[INFO] running `Command { std: "docker" "start" "-a" "5faa509d896a9484532a8e101ae1d15ce2582dd8635b5d5a63d63d448d8038e9", kill_on_drop: false }`
[INFO] [stderr] warning: no edition set: defaulting to the 2015 edition while the latest is 2021
[INFO] [stderr] warning: `[project]` is deprecated in favor of `[package]`
[INFO] [stdout] warning: use of deprecated struct `std::hash::SipHasher`: use `std::hash::DefaultHasher` instead
[INFO] [stdout]   --> src/lib.rs:12:32
[INFO] [stdout]    |
[INFO] [stdout] 12 | use std::hash::{ Hash, Hasher, SipHasher };
[INFO] [stdout]    |                                ^^^^^^^^^
[INFO] [stdout]    |
[INFO] [stdout]    = note: `#[warn(deprecated)]` on by default
[INFO] [stdout] 
[INFO] [stdout] 
[INFO] [stdout] warning: use of deprecated struct `std::hash::SipHasher`: use `std::hash::DefaultHasher` instead
[INFO] [stdout]    --> src/lib.rs:126:26
[INFO] [stdout]     |
[INFO] [stdout] 126 |         let mut hasher = SipHasher::new();
[INFO] [stdout]     |                          ^^^^^^^^^
[INFO] [stdout] 
[INFO] [stdout] 
[INFO] [stdout] warning: use of deprecated associated function `std::hash::SipHasher::new`: use `std::hash::DefaultHasher` instead
[INFO] [stdout]    --> src/lib.rs:126:37
[INFO] [stdout]     |
[INFO] [stdout] 126 |         let mut hasher = SipHasher::new();
[INFO] [stdout]     |                                     ^^^
[INFO] [stdout] 
[INFO] [stdout] 
[INFO] [stderr]    Compiling basichll v0.3.1 (/opt/rustwide/workdir)
[INFO] [stdout] warning: use of deprecated struct `std::hash::SipHasher`: use `std::hash::DefaultHasher` instead
[INFO] [stdout]   --> src/lib.rs:12:32
[INFO] [stdout]    |
[INFO] [stdout] 12 | use std::hash::{ Hash, Hasher, SipHasher };
[INFO] [stdout]    |                                ^^^^^^^^^
[INFO] [stdout]    |
[INFO] [stdout]    = note: `#[warn(deprecated)]` on by default
[INFO] [stdout] 
[INFO] [stdout] 
[INFO] [stdout] warning: use of deprecated struct `std::hash::SipHasher`: use `std::hash::DefaultHasher` instead
[INFO] [stdout]    --> src/lib.rs:126:26
[INFO] [stdout]     |
[INFO] [stdout] 126 |         let mut hasher = SipHasher::new();
[INFO] [stdout]     |                          ^^^^^^^^^
[INFO] [stdout] 
[INFO] [stdout] 
[INFO] [stdout] warning: use of deprecated associated function `std::hash::SipHasher::new`: use `std::hash::DefaultHasher` instead
[INFO] [stdout]    --> src/lib.rs:126:37
[INFO] [stdout]     |
[INFO] [stdout] 126 |         let mut hasher = SipHasher::new();
[INFO] [stdout]     |                                     ^^^
[INFO] [stdout] 
[INFO] [stdout] 
[INFO] [stderr]     Finished `test` profile [unoptimized + debuginfo] target(s) in 0.22s
[INFO] running `Command { std: "docker" "inspect" "5faa509d896a9484532a8e101ae1d15ce2582dd8635b5d5a63d63d448d8038e9", kill_on_drop: false }`
[INFO] running `Command { std: "docker" "rm" "-f" "5faa509d896a9484532a8e101ae1d15ce2582dd8635b5d5a63d63d448d8038e9", kill_on_drop: false }`
[INFO] [stdout] 5faa509d896a9484532a8e101ae1d15ce2582dd8635b5d5a63d63d448d8038e9
[INFO] running `Command { std: "docker" "create" "-v" "/var/lib/crater-agent-workspace/builds/worker-4-tc1/target:/opt/rustwide/target:rw,Z" "-v" "/var/lib/crater-agent-workspace/builds/worker-4-tc1/source:/opt/rustwide/workdir:ro,Z" "-v" "/var/lib/crater-agent-workspace/cargo-home:/opt/rustwide/cargo-home:ro,Z" "-v" "/var/lib/crater-agent-workspace/rustup-home:/opt/rustwide/rustup-home:ro,Z" "-e" "SOURCE_DIR=/opt/rustwide/workdir" "-e" "CARGO_TARGET_DIR=/opt/rustwide/target" "-e" "CARGO_INCREMENTAL=0" "-e" "RUST_BACKTRACE=full" "-e" "RUSTFLAGS=--cap-lints=forbid" "-e" "RUSTDOCFLAGS=--cap-lints=forbid" "-e" "CARGO_HOME=/opt/rustwide/cargo-home" "-e" "RUSTUP_HOME=/opt/rustwide/rustup-home" "-w" "/opt/rustwide/workdir" "-m" "1610612736" "--user" "0:0" "--network" "none" "ghcr.io/rust-lang/crates-build-env/linux@sha256:4a844ea9eb2546a2d2c7022eacef16ef2e8229c7fbb2c7d4d55a9ceca922f72d" "/opt/rustwide/cargo-home/bin/cargo" "+nightly-2024-10-28" "test" "--frozen", kill_on_drop: false }`
[INFO] [stdout] 4cf998f5bd29e4f190d6334ea1789b118b871816eef7fc9dd14dd779dc81defb
[INFO] running `Command { std: "docker" "start" "-a" "4cf998f5bd29e4f190d6334ea1789b118b871816eef7fc9dd14dd779dc81defb", kill_on_drop: false }`
[INFO] [stderr] warning: no edition set: defaulting to the 2015 edition while the latest is 2021
[INFO] [stderr] warning: `[project]` is deprecated in favor of `[package]`
[INFO] [stderr] warning: use of deprecated struct `std::hash::SipHasher`: use `std::hash::DefaultHasher` instead
[INFO] [stderr]   --> src/lib.rs:12:32
[INFO] [stderr]    |
[INFO] [stderr] 12 | use std::hash::{ Hash, Hasher, SipHasher };
[INFO] [stderr]    |                                ^^^^^^^^^
[INFO] [stderr]    |
[INFO] [stderr]    = note: `#[warn(deprecated)]` on by default
[INFO] [stderr] 
[INFO] [stderr] warning: use of deprecated struct `std::hash::SipHasher`: use `std::hash::DefaultHasher` instead
[INFO] [stderr]    --> src/lib.rs:126:26
[INFO] [stderr]     |
[INFO] [stderr] 126 |         let mut hasher = SipHasher::new();
[INFO] [stderr]     |                          ^^^^^^^^^
[INFO] [stderr] 
[INFO] [stderr] warning: use of deprecated associated function `std::hash::SipHasher::new`: use `std::hash::DefaultHasher` instead
[INFO] [stderr]    --> src/lib.rs:126:37
[INFO] [stderr]     |
[INFO] [stderr] 126 |         let mut hasher = SipHasher::new();
[INFO] [stderr]     |                                     ^^^
[INFO] [stderr] 
[INFO] [stderr] warning: `basichll` (lib) generated 3 warnings
[INFO] [stderr] warning: `basichll` (lib test) generated 3 warnings (3 duplicates)
[INFO] [stderr]     Finished `test` profile [unoptimized + debuginfo] target(s) in 0.01s
[INFO] [stderr]      Running unittests src/lib.rs (/opt/rustwide/target/debug/deps/basichll-aaa1602dbe07a790)
[INFO] [stderr]      Running tests/addition.rs (/opt/rustwide/target/debug/deps/addition-8d099dd8e611288d)
[INFO] [stdout] 
[INFO] [stdout] running 0 tests
[INFO] [stdout] 
[INFO] [stdout] test result: ok. 0 passed; 0 failed; 0 ignored; 0 measured; 0 filtered out; finished in 0.00s
[INFO] [stdout] 
[INFO] [stdout] 
[INFO] [stdout] running 4 tests
[INFO] [stdout] test tests::adding_two_empty_hlls_results_in_an_empty_hll ... ok
[INFO] [stdout] test tests::add_together_two_hlls_doesnt_double_count_duplicate_elements ... ok
[INFO] [stdout] test tests::adding_together_two_hlls_preserves_the_sum_of_their_counts ... ok
[INFO] [stdout] test tests::monoid_laws_should_hold_for_hll ... ok
[INFO] [stdout] 
[INFO] [stdout] test result: ok. 4 passed; 0 failed; 0 ignored; 0 measured; 0 filtered out; finished in 0.02s
[INFO] [stdout] 
[INFO] [stderr]      Running tests/counting.rs (/opt/rustwide/target/debug/deps/counting-9192020e94b06807)
[INFO] [stdout] 
[INFO] [stdout] running 2 tests
[INFO] [stdout] test tests::a_hll_can_count_heterogenuous_items ... ok
[INFO] [stdout] test tests::a_hll_can_count_small_numbers ... ok
[INFO] [stdout] 
[INFO] [stdout] test result: ok. 2 passed; 0 failed; 0 ignored; 0 measured; 0 filtered out; finished in 0.01s
[INFO] [stdout] 
[INFO] [stderr]      Running tests/equality.rs (/opt/rustwide/target/debug/deps/equality-dc6ab7703cdb354b)
[INFO] [stdout] 
[INFO] [stdout] running 3 tests
[INFO] [stdout] test tests::two_empty_hlls_are_equal ... ok
[INFO] [stdout] test tests::a_non_empty_hll_is_not_equal_to_an_empty_one - should panic ... ok
[INFO] [stdout] test tests::adding_two_different_elements_to_two_different_hlls_produces_differences - should panic ... ok
[INFO] [stdout] 
[INFO] [stdout] test result: ok. 3 passed; 0 failed; 0 ignored; 0 measured; 0 filtered out; finished in 0.01s
[INFO] [stdout] 
[INFO] [stderr]      Running tests/estimation.rs (/opt/rustwide/target/debug/deps/estimation-cd681e37cb17515b)
[INFO] [stdout] 
[INFO] [stdout] running 2 tests
[INFO] [stdout] test tests::can_estimate_a_small_range_subset_of_the_system_dictionary ... FAILED
[INFO] [stdout] test tests::can_estimate_a_large_sequence_of_floating_points ... ok
[INFO] [stdout] 
[INFO] [stdout] failures:
[INFO] [stdout] 
[INFO] [stdout] ---- tests::can_estimate_a_small_range_subset_of_the_system_dictionary stdout ----
[INFO] [stdout] thread 'tests::can_estimate_a_small_range_subset_of_the_system_dictionary' panicked at tests/estimation.rs:15:53:
[INFO] [stdout] called `Result::unwrap()` on an `Err` value: Os { code: 2, kind: NotFound, message: "No such file or directory" }
[INFO] [stdout] stack backtrace:
[INFO] [stdout]    0:     0x58974a1ba7fa - std::backtrace_rs::backtrace::libunwind::trace::h207520d6e9873551
[INFO] [stdout]                                at /rustc/df4ca44d3fbc9301ee17f30f4d474e6ae4b05252/library/std/src/../../backtrace/src/backtrace/libunwind.rs:116:5
[INFO] [stdout]    1:     0x58974a1ba7fa - std::backtrace_rs::backtrace::trace_unsynchronized::h2ed7433f370e3eca
[INFO] [stdout]                                at /rustc/df4ca44d3fbc9301ee17f30f4d474e6ae4b05252/library/std/src/../../backtrace/src/backtrace/mod.rs:66:5
[INFO] [stdout]    2:     0x58974a1ba7fa - std::sys::backtrace::_print_fmt::h916fac51166b18d7
[INFO] [stdout]                                at /rustc/df4ca44d3fbc9301ee17f30f4d474e6ae4b05252/library/std/src/sys/backtrace.rs:66:9
[INFO] [stdout]    3:     0x58974a1ba7fa - <std::sys::backtrace::BacktraceLock::print::DisplayBacktrace as core::fmt::Display>::fmt::ha0a4c9b8ce3802e6
[INFO] [stdout]                                at /rustc/df4ca44d3fbc9301ee17f30f4d474e6ae4b05252/library/std/src/sys/backtrace.rs:39:26
[INFO] [stdout]    4:     0x58974a1e0d03 - core::fmt::rt::Argument::fmt::h4cfc8587d52b3eb5
[INFO] [stdout]                                at /rustc/df4ca44d3fbc9301ee17f30f4d474e6ae4b05252/library/core/src/fmt/rt.rs:177:76
[INFO] [stdout]    5:     0x58974a1e0d03 - core::fmt::write::h522cc39e5b36ae9f
[INFO] [stdout]                                at /rustc/df4ca44d3fbc9301ee17f30f4d474e6ae4b05252/library/core/src/fmt/mod.rs:1190:21
[INFO] [stdout]    6:     0x58974a1b7463 - std::io::Write::write_fmt::h7d3c26752da97734
[INFO] [stdout]                                at /rustc/df4ca44d3fbc9301ee17f30f4d474e6ae4b05252/library/std/src/io/mod.rs:1839:15
[INFO] [stdout]    7:     0x58974a1ba642 - std::sys::backtrace::BacktraceLock::print::h4b9e00b29e9c0942
[INFO] [stdout]                                at /rustc/df4ca44d3fbc9301ee17f30f4d474e6ae4b05252/library/std/src/sys/backtrace.rs:42:9
[INFO] [stdout]    8:     0x58974a1bbc8a - std::panicking::default_hook::{{closure}}::hb59b88280d0324d9
[INFO] [stdout]                                at /rustc/df4ca44d3fbc9301ee17f30f4d474e6ae4b05252/library/std/src/panicking.rs:268:22
[INFO] [stdout]    9:     0x58974a1bba94 - std::panicking::default_hook::he1dd496665be4a29
[INFO] [stdout]                                at /rustc/df4ca44d3fbc9301ee17f30f4d474e6ae4b05252/library/std/src/panicking.rs:292:9
[INFO] [stdout]   10:     0x58974a181f79 - <alloc::boxed::Box<F,A> as core::ops::function::Fn<Args>>::call::h4ff71de18744e1dc
[INFO] [stdout]                                at /rustc/df4ca44d3fbc9301ee17f30f4d474e6ae4b05252/library/alloc/src/boxed.rs:2468:9
[INFO] [stdout]   11:     0x58974a181f79 - test::test_main::{{closure}}::hcf7c055ce117aa81
[INFO] [stdout]                                at /rustc/df4ca44d3fbc9301ee17f30f4d474e6ae4b05252/library/test/src/lib.rs:133:21
[INFO] [stdout]   12:     0x58974a1bc388 - <alloc::boxed::Box<F,A> as core::ops::function::Fn<Args>>::call::h1d66c6bbd60c9692
[INFO] [stdout]                                at /rustc/df4ca44d3fbc9301ee17f30f4d474e6ae4b05252/library/alloc/src/boxed.rs:2468:9
[INFO] [stdout]   13:     0x58974a1bc388 - std::panicking::rust_panic_with_hook::h2ff17fe8f26dfcf8
[INFO] [stdout]                                at /rustc/df4ca44d3fbc9301ee17f30f4d474e6ae4b05252/library/std/src/panicking.rs:809:13
[INFO] [stdout]   14:     0x58974a1bc14a - std::panicking::begin_panic_handler::{{closure}}::h4fad77951c07e101
[INFO] [stdout]                                at /rustc/df4ca44d3fbc9301ee17f30f4d474e6ae4b05252/library/std/src/panicking.rs:674:13
[INFO] [stdout]   15:     0x58974a1bacd9 - std::sys::backtrace::__rust_end_short_backtrace::hb1a25b3da5d0ea08
[INFO] [stdout]                                at /rustc/df4ca44d3fbc9301ee17f30f4d474e6ae4b05252/library/std/src/sys/backtrace.rs:170:18
[INFO] [stdout]   16:     0x58974a1bbddc - rust_begin_unwind
[INFO] [stdout]                                at /rustc/df4ca44d3fbc9301ee17f30f4d474e6ae4b05252/library/std/src/panicking.rs:665:5
[INFO] [stdout]   17:     0x58974a1df7a0 - core::panicking::panic_fmt::ha9db07b529f9b256
[INFO] [stdout]                                at /rustc/df4ca44d3fbc9301ee17f30f4d474e6ae4b05252/library/core/src/panicking.rs:75:14
[INFO] [stdout]   18:     0x58974a1dfb46 - core::result::unwrap_failed::h5e8218e4d4338b8a
[INFO] [stdout]                                at /rustc/df4ca44d3fbc9301ee17f30f4d474e6ae4b05252/library/core/src/result.rs:1698:5
[INFO] [stdout]   19:     0x58974a14754b - core::result::Result<T,E>::unwrap::h8b4a68871bb8c8f5
[INFO] [stdout]                                at /rustc/df4ca44d3fbc9301ee17f30f4d474e6ae4b05252/library/core/src/result.rs:1103:23
[INFO] [stdout]   20:     0x58974a14754b - estimation::tests::can_estimate_a_small_range_subset_of_the_system_dictionary::hd548bf617b17c1f7
[INFO] [stdout]                                at /opt/rustwide/workdir/tests/estimation.rs:15:35
[INFO] [stdout]   21:     0x58974a1474b7 - estimation::tests::can_estimate_a_small_range_subset_of_the_system_dictionary::{{closure}}::h9927f724cee6a87a
[INFO] [stdout]                                at /opt/rustwide/workdir/tests/estimation.rs:13:69
[INFO] [stdout]   22:     0x58974a143e86 - core::ops::function::FnOnce::call_once::heee6b51230abae24
[INFO] [stdout]                                at /rustc/df4ca44d3fbc9301ee17f30f4d474e6ae4b05252/library/core/src/ops/function.rs:250:5
[INFO] [stdout]   23:     0x58974a18684b - core::ops::function::FnOnce::call_once::h22c3ba5715e93f05
[INFO] [stdout]                                at /rustc/df4ca44d3fbc9301ee17f30f4d474e6ae4b05252/library/core/src/ops/function.rs:250:5
[INFO] [stdout]   24:     0x58974a18684b - test::__rust_begin_short_backtrace::h8e82d8113d0da17f
[INFO] [stdout]                                at /rustc/df4ca44d3fbc9301ee17f30f4d474e6ae4b05252/library/test/src/lib.rs:621:18
[INFO] [stdout]   25:     0x58974a1861c7 - test::run_test_in_process::{{closure}}::h33235f4f20b7b7c7
[INFO] [stdout]                                at /rustc/df4ca44d3fbc9301ee17f30f4d474e6ae4b05252/library/test/src/lib.rs:644:60
[INFO] [stdout]   26:     0x58974a1861c7 - <core::panic::unwind_safe::AssertUnwindSafe<F> as core::ops::function::FnOnce<()>>::call_once::hb5043206310c586f
[INFO] [stdout]                                at /rustc/df4ca44d3fbc9301ee17f30f4d474e6ae4b05252/library/core/src/panic/unwind_safe.rs:272:9
[INFO] [stdout]   27:     0x58974a1861c7 - std::panicking::try::do_call::h9ad4731a60ab23e2
[INFO] [stdout]                                at /rustc/df4ca44d3fbc9301ee17f30f4d474e6ae4b05252/library/std/src/panicking.rs:557:40
[INFO] [stdout]   28:     0x58974a1861c7 - std::panicking::try::h3824d23db772a716
[INFO] [stdout]                                at /rustc/df4ca44d3fbc9301ee17f30f4d474e6ae4b05252/library/std/src/panicking.rs:520:19
[INFO] [stdout]   29:     0x58974a1861c7 - std::panic::catch_unwind::h5afd514605fde46b
[INFO] [stdout]                                at /rustc/df4ca44d3fbc9301ee17f30f4d474e6ae4b05252/library/std/src/panic.rs:358:14
[INFO] [stdout]   30:     0x58974a1861c7 - test::run_test_in_process::h0d5cbfa7067d1720
[INFO] [stdout]                                at /rustc/df4ca44d3fbc9301ee17f30f4d474e6ae4b05252/library/test/src/lib.rs:644:27
[INFO] [stdout]   31:     0x58974a1861c7 - test::run_test::{{closure}}::h708eb8872708115d
[INFO] [stdout]                                at /rustc/df4ca44d3fbc9301ee17f30f4d474e6ae4b05252/library/test/src/lib.rs:565:43
[INFO] [stdout]   32:     0x58974a1498e4 - test::run_test::{{closure}}::h392c51cee94713ab
[INFO] [stdout]                                at /rustc/df4ca44d3fbc9301ee17f30f4d474e6ae4b05252/library/test/src/lib.rs:595:41
[INFO] [stdout]   33:     0x58974a1498e4 - std::sys::backtrace::__rust_begin_short_backtrace::h2f40290710935a8b
[INFO] [stdout]                                at /rustc/df4ca44d3fbc9301ee17f30f4d474e6ae4b05252/library/std/src/sys/backtrace.rs:154:18
[INFO] [stdout]   34:     0x58974a14d08e - std::thread::Builder::spawn_unchecked_::{{closure}}::{{closure}}::h3fd968d89053a903
[INFO] [stdout]                                at /rustc/df4ca44d3fbc9301ee17f30f4d474e6ae4b05252/library/std/src/thread/mod.rs:541:17
[INFO] [stdout]   35:     0x58974a14d08e - <core::panic::unwind_safe::AssertUnwindSafe<F> as core::ops::function::FnOnce<()>>::call_once::h743f637ba4229880
[INFO] [stdout]                                at /rustc/df4ca44d3fbc9301ee17f30f4d474e6ae4b05252/library/core/src/panic/unwind_safe.rs:272:9
[INFO] [stdout]   36:     0x58974a14d08e - std::panicking::try::do_call::h07440897322525a6
[INFO] [stdout]                                at /rustc/df4ca44d3fbc9301ee17f30f4d474e6ae4b05252/library/std/src/panicking.rs:557:40
[INFO] [stdout]   37:     0x58974a14d08e - std::panicking::try::he5a2e00188156637
[INFO] [stdout]                                at /rustc/df4ca44d3fbc9301ee17f30f4d474e6ae4b05252/library/std/src/panicking.rs:520:19
[INFO] [stdout]   38:     0x58974a14d08e - std::panic::catch_unwind::hbaf3cae49b3c6433
[INFO] [stdout]                                at /rustc/df4ca44d3fbc9301ee17f30f4d474e6ae4b05252/library/std/src/panic.rs:358:14
[INFO] [stdout]   39:     0x58974a14d08e - std::thread::Builder::spawn_unchecked_::{{closure}}::h8e141ea224820bce
[INFO] [stdout]                                at /rustc/df4ca44d3fbc9301ee17f30f4d474e6ae4b05252/library/std/src/thread/mod.rs:540:30
[INFO] [stdout]   40:     0x58974a14d08e - core::ops::function::FnOnce::call_once{{vtable.shim}}::h90d312fedd7b8ea8
[INFO] [stdout]                                at /rustc/df4ca44d3fbc9301ee17f30f4d474e6ae4b05252/library/core/src/ops/function.rs:250:5
[INFO] [stdout]   41:     0x58974a1c018b - <alloc::boxed::Box<F,A> as core::ops::function::FnOnce<Args>>::call_once::h69aa08ddb6adb8b6
[INFO] [stdout]                                at /rustc/df4ca44d3fbc9301ee17f30f4d474e6ae4b05252/library/alloc/src/boxed.rs:2454:9
[INFO] [stdout]   42:     0x58974a1c018b - <alloc::boxed::Box<F,A> as core::ops::function::FnOnce<Args>>::call_once::h5aa36efdb79c806f
[INFO] [stdout]                                at /rustc/df4ca44d3fbc9301ee17f30f4d474e6ae4b05252/library/alloc/src/boxed.rs:2454:9
[INFO] [stdout]   43:     0x58974a1c018b - std::sys::pal::unix::thread::Thread::new::thread_start::h6cd80a1b4be5158d
[INFO] [stdout]                                at /rustc/df4ca44d3fbc9301ee17f30f4d474e6ae4b05252/library/std/src/sys/pal/unix/thread.rs:105:17
[INFO] [stdout]   44:     0x7724e5778ac3 - <unknown>
[INFO] [stdout]   45:     0x7724e5809a04 - clone
[INFO] [stdout]   46:                0x0 - <unknown>
[INFO] [stdout] 
[INFO] [stdout] 
[INFO] [stdout] failures:
[INFO] [stdout]     tests::can_estimate_a_small_range_subset_of_the_system_dictionary
[INFO] [stdout] 
[INFO] [stdout] test result: FAILED. 1 passed; 1 failed; 0 ignored; 0 measured; 0 filtered out; finished in 0.34s
[INFO] [stdout] 
[INFO] [stderr] error: test failed, to rerun pass `--test estimation`
[INFO] running `Command { std: "docker" "inspect" "4cf998f5bd29e4f190d6334ea1789b118b871816eef7fc9dd14dd779dc81defb", kill_on_drop: false }`
[INFO] running `Command { std: "docker" "rm" "-f" "4cf998f5bd29e4f190d6334ea1789b118b871816eef7fc9dd14dd779dc81defb", kill_on_drop: false }`
[INFO] [stdout] 4cf998f5bd29e4f190d6334ea1789b118b871816eef7fc9dd14dd779dc81defb
