[INFO] fetching crate base1112031 0.1.3...
[INFO] testing base1112031-0.1.3 against nightly-2024-10-28+rustflags=-Zrandomize-layout for randomize-layout
[INFO] extracting crate base1112031 0.1.3 into /workspace/builds/worker-1-tc2/source
[INFO] validating manifest of crates.io crate base1112031 0.1.3 on toolchain nightly-2024-10-28
[INFO] running `Command { std: CARGO_HOME="/workspace/cargo-home" RUSTUP_HOME="/workspace/rustup-home" "/workspace/cargo-home/bin/cargo" "+nightly-2024-10-28" "metadata" "--manifest-path" "Cargo.toml" "--no-deps", kill_on_drop: false }`
[INFO] started tweaking crates.io crate base1112031 0.1.3
[INFO] finished tweaking crates.io crate base1112031 0.1.3
[INFO] tweaked toml for crates.io crate base1112031 0.1.3 written to /workspace/builds/worker-1-tc2/source/Cargo.toml
[INFO] running `Command { std: CARGO_HOME="/workspace/cargo-home" RUSTUP_HOME="/workspace/rustup-home" "/workspace/cargo-home/bin/cargo" "+nightly-2024-10-28" "generate-lockfile" "--manifest-path" "Cargo.toml", kill_on_drop: false }`
[INFO] [stderr]     Updating crates.io index
[INFO] [stderr]      Locking 4 packages to latest compatible versions
[INFO] running `Command { std: CARGO_HOME="/workspace/cargo-home" RUSTUP_HOME="/workspace/rustup-home" "/workspace/cargo-home/bin/cargo" "+nightly-2024-10-28" "fetch" "--manifest-path" "Cargo.toml", kill_on_drop: false }`
[INFO] running `Command { std: "docker" "create" "-v" "/var/lib/crater-agent-workspace/builds/worker-1-tc2/target:/opt/rustwide/target:rw,Z" "-v" "/var/lib/crater-agent-workspace/builds/worker-1-tc2/source:/opt/rustwide/workdir:ro,Z" "-v" "/var/lib/crater-agent-workspace/cargo-home:/opt/rustwide/cargo-home:ro,Z" "-v" "/var/lib/crater-agent-workspace/rustup-home:/opt/rustwide/rustup-home:ro,Z" "-e" "SOURCE_DIR=/opt/rustwide/workdir" "-e" "CARGO_TARGET_DIR=/opt/rustwide/target" "-e" "CARGO_HOME=/opt/rustwide/cargo-home" "-e" "RUSTUP_HOME=/opt/rustwide/rustup-home" "-w" "/opt/rustwide/workdir" "-m" "1610612736" "--user" "0:0" "--network" "none" "ghcr.io/rust-lang/crates-build-env/linux@sha256:4a844ea9eb2546a2d2c7022eacef16ef2e8229c7fbb2c7d4d55a9ceca922f72d" "/opt/rustwide/cargo-home/bin/cargo" "+nightly-2024-10-28" "metadata" "--no-deps" "--format-version=1", kill_on_drop: false }`
[INFO] [stdout] 63bfb21d9ad53092ec6bda4f484d4966e838af9d87813af222a018854a2fb49b
[INFO] running `Command { std: "docker" "start" "-a" "63bfb21d9ad53092ec6bda4f484d4966e838af9d87813af222a018854a2fb49b", kill_on_drop: false }`
[INFO] running `Command { std: "docker" "inspect" "63bfb21d9ad53092ec6bda4f484d4966e838af9d87813af222a018854a2fb49b", kill_on_drop: false }`
[INFO] running `Command { std: "docker" "rm" "-f" "63bfb21d9ad53092ec6bda4f484d4966e838af9d87813af222a018854a2fb49b", kill_on_drop: false }`
[INFO] [stdout] 63bfb21d9ad53092ec6bda4f484d4966e838af9d87813af222a018854a2fb49b
[INFO] running `Command { std: "docker" "create" "-v" "/var/lib/crater-agent-workspace/builds/worker-1-tc2/target:/opt/rustwide/target:rw,Z" "-v" "/var/lib/crater-agent-workspace/builds/worker-1-tc2/source:/opt/rustwide/workdir:ro,Z" "-v" "/var/lib/crater-agent-workspace/cargo-home:/opt/rustwide/cargo-home:ro,Z" "-v" "/var/lib/crater-agent-workspace/rustup-home:/opt/rustwide/rustup-home:ro,Z" "-e" "SOURCE_DIR=/opt/rustwide/workdir" "-e" "CARGO_TARGET_DIR=/opt/rustwide/target" "-e" "CARGO_INCREMENTAL=0" "-e" "RUST_BACKTRACE=full" "-e" "RUSTFLAGS=--cap-lints=forbid -Zrandomize-layout" "-e" "RUSTDOCFLAGS=--cap-lints=forbid" "-e" "CARGO_HOME=/opt/rustwide/cargo-home" "-e" "RUSTUP_HOME=/opt/rustwide/rustup-home" "-w" "/opt/rustwide/workdir" "-m" "1610612736" "--user" "0:0" "--network" "none" "ghcr.io/rust-lang/crates-build-env/linux@sha256:4a844ea9eb2546a2d2c7022eacef16ef2e8229c7fbb2c7d4d55a9ceca922f72d" "/opt/rustwide/cargo-home/bin/cargo" "+nightly-2024-10-28" "build" "--frozen" "--message-format=json", kill_on_drop: false }`
[INFO] [stdout] 2a531904bb8b658987eeaacb0abda89521a7b82488fd88445a9becaef0b54973
[INFO] running `Command { std: "docker" "start" "-a" "2a531904bb8b658987eeaacb0abda89521a7b82488fd88445a9becaef0b54973", kill_on_drop: false }`
[INFO] [stderr]    Compiling num-traits v0.2.19
[INFO] [stderr]    Compiling num-integer v0.1.46
[INFO] [stderr]    Compiling num-bigint v0.4.6
[INFO] [stderr]    Compiling base1112031 v0.1.3 (/opt/rustwide/workdir)
[INFO] [stdout] warning: the feature `unchecked_math` has been stable since 1.79.0 and no longer requires an attribute to enable
[INFO] [stdout]  --> src/lib.rs:1:12
[INFO] [stdout]   |
[INFO] [stdout] 1 | #![feature(unchecked_math)]
[INFO] [stdout]   |            ^^^^^^^^^^^^^^
[INFO] [stdout]   |
[INFO] [stdout]   = note: `#[warn(stable_features)]` on by default
[INFO] [stdout] 
[INFO] [stdout] 
[INFO] [stderr]     Finished `dev` profile [unoptimized + debuginfo] target(s) in 2.14s
[INFO] running `Command { std: "docker" "inspect" "2a531904bb8b658987eeaacb0abda89521a7b82488fd88445a9becaef0b54973", kill_on_drop: false }`
[INFO] running `Command { std: "docker" "rm" "-f" "2a531904bb8b658987eeaacb0abda89521a7b82488fd88445a9becaef0b54973", kill_on_drop: false }`
[INFO] [stdout] 2a531904bb8b658987eeaacb0abda89521a7b82488fd88445a9becaef0b54973
[INFO] running `Command { std: "docker" "create" "-v" "/var/lib/crater-agent-workspace/builds/worker-1-tc2/target:/opt/rustwide/target:rw,Z" "-v" "/var/lib/crater-agent-workspace/builds/worker-1-tc2/source:/opt/rustwide/workdir:ro,Z" "-v" "/var/lib/crater-agent-workspace/cargo-home:/opt/rustwide/cargo-home:ro,Z" "-v" "/var/lib/crater-agent-workspace/rustup-home:/opt/rustwide/rustup-home:ro,Z" "-e" "SOURCE_DIR=/opt/rustwide/workdir" "-e" "CARGO_TARGET_DIR=/opt/rustwide/target" "-e" "CARGO_INCREMENTAL=0" "-e" "RUST_BACKTRACE=full" "-e" "RUSTFLAGS=--cap-lints=forbid -Zrandomize-layout" "-e" "RUSTDOCFLAGS=--cap-lints=forbid" "-e" "CARGO_HOME=/opt/rustwide/cargo-home" "-e" "RUSTUP_HOME=/opt/rustwide/rustup-home" "-w" "/opt/rustwide/workdir" "-m" "1610612736" "--user" "0:0" "--network" "none" "ghcr.io/rust-lang/crates-build-env/linux@sha256:4a844ea9eb2546a2d2c7022eacef16ef2e8229c7fbb2c7d4d55a9ceca922f72d" "/opt/rustwide/cargo-home/bin/cargo" "+nightly-2024-10-28" "test" "--frozen" "--no-run" "--message-format=json", kill_on_drop: false }`
[INFO] [stdout] 7fbea72cb79350e9fd4ae20eea77240414c1dd367f9f50354215fd65541823ed
[INFO] running `Command { std: "docker" "start" "-a" "7fbea72cb79350e9fd4ae20eea77240414c1dd367f9f50354215fd65541823ed", kill_on_drop: false }`
[INFO] [stdout] warning: the feature `unchecked_math` has been stable since 1.79.0 and no longer requires an attribute to enable
[INFO] [stdout]  --> src/lib.rs:1:12
[INFO] [stdout]   |
[INFO] [stdout] 1 | #![feature(unchecked_math)]
[INFO] [stdout]   |            ^^^^^^^^^^^^^^
[INFO] [stdout]   |
[INFO] [stdout]   = note: `#[warn(stable_features)]` on by default
[INFO] [stdout] 
[INFO] [stdout] 
[INFO] [stderr]    Compiling base1112031 v0.1.3 (/opt/rustwide/workdir)
[INFO] [stdout] warning: the feature `unchecked_math` has been stable since 1.79.0 and no longer requires an attribute to enable
[INFO] [stdout]  --> src/lib.rs:1:12
[INFO] [stdout]   |
[INFO] [stdout] 1 | #![feature(unchecked_math)]
[INFO] [stdout]   |            ^^^^^^^^^^^^^^
[INFO] [stdout]   |
[INFO] [stdout]   = note: `#[warn(stable_features)]` on by default
[INFO] [stdout] 
[INFO] [stdout] 
[INFO] [stderr]     Finished `test` profile [unoptimized + debuginfo] target(s) in 0.19s
[INFO] running `Command { std: "docker" "inspect" "7fbea72cb79350e9fd4ae20eea77240414c1dd367f9f50354215fd65541823ed", kill_on_drop: false }`
[INFO] running `Command { std: "docker" "rm" "-f" "7fbea72cb79350e9fd4ae20eea77240414c1dd367f9f50354215fd65541823ed", kill_on_drop: false }`
[INFO] [stdout] 7fbea72cb79350e9fd4ae20eea77240414c1dd367f9f50354215fd65541823ed
[INFO] running `Command { std: "docker" "create" "-v" "/var/lib/crater-agent-workspace/builds/worker-1-tc2/target:/opt/rustwide/target:rw,Z" "-v" "/var/lib/crater-agent-workspace/builds/worker-1-tc2/source:/opt/rustwide/workdir:ro,Z" "-v" "/var/lib/crater-agent-workspace/cargo-home:/opt/rustwide/cargo-home:ro,Z" "-v" "/var/lib/crater-agent-workspace/rustup-home:/opt/rustwide/rustup-home:ro,Z" "-e" "SOURCE_DIR=/opt/rustwide/workdir" "-e" "CARGO_TARGET_DIR=/opt/rustwide/target" "-e" "CARGO_INCREMENTAL=0" "-e" "RUST_BACKTRACE=full" "-e" "RUSTFLAGS=--cap-lints=forbid -Zrandomize-layout" "-e" "RUSTDOCFLAGS=--cap-lints=forbid" "-e" "CARGO_HOME=/opt/rustwide/cargo-home" "-e" "RUSTUP_HOME=/opt/rustwide/rustup-home" "-w" "/opt/rustwide/workdir" "-m" "1610612736" "--user" "0:0" "--network" "none" "ghcr.io/rust-lang/crates-build-env/linux@sha256:4a844ea9eb2546a2d2c7022eacef16ef2e8229c7fbb2c7d4d55a9ceca922f72d" "/opt/rustwide/cargo-home/bin/cargo" "+nightly-2024-10-28" "test" "--frozen", kill_on_drop: false }`
[INFO] [stdout] 6b6fa7818978819ec8b3d2adbfe957f4b59ab45332d0cd68fb6e59e1dc27c989
[INFO] running `Command { std: "docker" "start" "-a" "6b6fa7818978819ec8b3d2adbfe957f4b59ab45332d0cd68fb6e59e1dc27c989", kill_on_drop: false }`
[INFO] [stderr] warning: the feature `unchecked_math` has been stable since 1.79.0 and no longer requires an attribute to enable
[INFO] [stderr]  --> src/lib.rs:1:12
[INFO] [stderr]   |
[INFO] [stderr] 1 | #![feature(unchecked_math)]
[INFO] [stderr]   |            ^^^^^^^^^^^^^^
[INFO] [stderr]   |
[INFO] [stderr]   = note: `#[warn(stable_features)]` on by default
[INFO] [stderr] 
[INFO] [stderr] warning: `base1112031` (lib) generated 1 warning
[INFO] [stderr] warning: `base1112031` (lib test) generated 1 warning (1 duplicate)
[INFO] [stderr]     Finished `test` profile [unoptimized + debuginfo] target(s) in 0.01s
[INFO] [stderr]      Running unittests src/lib.rs (/opt/rustwide/target/debug/deps/base1112031-57ba5ae96466bd7c)
[INFO] [stdout] 
[INFO] [stdout] running 0 tests
[INFO] [stdout] 
[INFO] [stdout] test result: ok. 0 passed; 0 failed; 0 ignored; 0 measured; 0 filtered out; finished in 0.00s
[INFO] [stdout] 
[INFO] [stderr]    Doc-tests base1112031
[INFO] [stdout] 
[INFO] [stdout] running 2 tests
[INFO] [stdout] test src/lib.rs - FromBase1112031 (line 72) ... FAILED
[INFO] [stdout] test src/lib.rs - ToBase1112031 (line 11) ... FAILED
[INFO] [stdout] 
[INFO] [stdout] failures:
[INFO] [stdout] 
[INFO] [stdout] ---- src/lib.rs - FromBase1112031 (line 72) stdout ----
[INFO] [stdout] error: expected identifier, found keyword `use`
[INFO] [stdout]  --> src/lib.rs:74:5
[INFO] [stdout]   |
[INFO] [stdout] 5 | use use base1112031::FromBase1112031;
[INFO] [stdout]   |     ^^^ expected identifier, found keyword
[INFO] [stdout] 
[INFO] [stdout] error: expected one of `::`, `;`, or `as`, found `base1112031`
[INFO] [stdout]  --> src/lib.rs:74:9
[INFO] [stdout]   |
[INFO] [stdout] 5 | use use base1112031::FromBase1112031;
[INFO] [stdout]   |         ^^^^^^^^^^^ expected one of `::`, `;`, or `as`
[INFO] [stdout] 
[INFO] [stdout] error: aborting due to 2 previous errors
[INFO] [stdout] 
[INFO] [stdout] Couldn't compile the test.
[INFO] [stdout] ---- src/lib.rs - ToBase1112031 (line 11) stdout ----
[INFO] [stdout] error: expected identifier, found keyword `use`
[INFO] [stdout]  --> src/lib.rs:13:5
[INFO] [stdout]   |
[INFO] [stdout] 5 | use use base1112031::ToBase1112031;
[INFO] [stdout]   |     ^^^ expected identifier, found keyword
[INFO] [stdout] 
[INFO] [stdout] error: expected one of `::`, `;`, or `as`, found `base1112031`
[INFO] [stdout]  --> src/lib.rs:13:9
[INFO] [stdout]   |
[INFO] [stdout] 5 | use use base1112031::ToBase1112031;
[INFO] [stdout]   |         ^^^^^^^^^^^ expected one of `::`, `;`, or `as`
[INFO] [stdout] 
[INFO] [stdout] error: aborting due to 2 previous errors
[INFO] [stdout] 
[INFO] [stdout] Couldn't compile the test.
[INFO] [stdout] 
[INFO] [stdout] failures:
[INFO] [stdout]     src/lib.rs - FromBase1112031 (line 72)
[INFO] [stdout]     src/lib.rs - ToBase1112031 (line 11)
[INFO] [stdout] 
[INFO] [stdout] test result: FAILED. 0 passed; 2 failed; 0 ignored; 0 measured; 0 filtered out; finished in 0.06s
[INFO] [stdout] 
[INFO] [stderr] error: doctest failed, to rerun pass `--doc`
[INFO] running `Command { std: "docker" "inspect" "6b6fa7818978819ec8b3d2adbfe957f4b59ab45332d0cd68fb6e59e1dc27c989", kill_on_drop: false }`
[INFO] running `Command { std: "docker" "rm" "-f" "6b6fa7818978819ec8b3d2adbfe957f4b59ab45332d0cd68fb6e59e1dc27c989", kill_on_drop: false }`
[INFO] [stdout] 6b6fa7818978819ec8b3d2adbfe957f4b59ab45332d0cd68fb6e59e1dc27c989
