[INFO] fetching crate balancer_sdk 0.1.16-alpha...
[INFO] testing balancer_sdk-0.1.16-alpha against nightly-2024-10-28+rustflags=-Zrandomize-layout for randomize-layout
[INFO] extracting crate balancer_sdk 0.1.16-alpha into /workspace/builds/worker-6-tc2/source
[INFO] validating manifest of crates.io crate balancer_sdk 0.1.16-alpha on toolchain nightly-2024-10-28
[INFO] running `Command { std: CARGO_HOME="/workspace/cargo-home" RUSTUP_HOME="/workspace/rustup-home" "/workspace/cargo-home/bin/cargo" "+nightly-2024-10-28" "metadata" "--manifest-path" "Cargo.toml" "--no-deps", kill_on_drop: false }`
[INFO] started tweaking crates.io crate balancer_sdk 0.1.16-alpha
[INFO] finished tweaking crates.io crate balancer_sdk 0.1.16-alpha
[INFO] tweaked toml for crates.io crate balancer_sdk 0.1.16-alpha written to /workspace/builds/worker-6-tc2/source/Cargo.toml
[INFO] crate crates.io crate balancer_sdk 0.1.16-alpha already has a lockfile, it will not be regenerated
[INFO] running `Command { std: CARGO_HOME="/workspace/cargo-home" RUSTUP_HOME="/workspace/rustup-home" "/workspace/cargo-home/bin/cargo" "+nightly-2024-10-28" "fetch" "--manifest-path" "Cargo.toml", kill_on_drop: false }`
[INFO] running `Command { std: "docker" "create" "-v" "/var/lib/crater-agent-workspace/builds/worker-6-tc2/target:/opt/rustwide/target:rw,Z" "-v" "/var/lib/crater-agent-workspace/builds/worker-6-tc2/source:/opt/rustwide/workdir:ro,Z" "-v" "/var/lib/crater-agent-workspace/cargo-home:/opt/rustwide/cargo-home:ro,Z" "-v" "/var/lib/crater-agent-workspace/rustup-home:/opt/rustwide/rustup-home:ro,Z" "-e" "SOURCE_DIR=/opt/rustwide/workdir" "-e" "CARGO_TARGET_DIR=/opt/rustwide/target" "-e" "CARGO_HOME=/opt/rustwide/cargo-home" "-e" "RUSTUP_HOME=/opt/rustwide/rustup-home" "-w" "/opt/rustwide/workdir" "-m" "1610612736" "--user" "0:0" "--network" "none" "ghcr.io/rust-lang/crates-build-env/linux@sha256:4a844ea9eb2546a2d2c7022eacef16ef2e8229c7fbb2c7d4d55a9ceca922f72d" "/opt/rustwide/cargo-home/bin/cargo" "+nightly-2024-10-28" "metadata" "--no-deps" "--format-version=1", kill_on_drop: false }`
[INFO] [stdout] 5009edf5b637b2d6e95669baa90f2ca638ee7ace064863c615c37f81ec6b5b3b
[INFO] running `Command { std: "docker" "start" "-a" "5009edf5b637b2d6e95669baa90f2ca638ee7ace064863c615c37f81ec6b5b3b", kill_on_drop: false }`
[INFO] running `Command { std: "docker" "inspect" "5009edf5b637b2d6e95669baa90f2ca638ee7ace064863c615c37f81ec6b5b3b", kill_on_drop: false }`
[INFO] running `Command { std: "docker" "rm" "-f" "5009edf5b637b2d6e95669baa90f2ca638ee7ace064863c615c37f81ec6b5b3b", kill_on_drop: false }`
[INFO] [stdout] 5009edf5b637b2d6e95669baa90f2ca638ee7ace064863c615c37f81ec6b5b3b
[INFO] running `Command { std: "docker" "create" "-v" "/var/lib/crater-agent-workspace/builds/worker-6-tc2/target:/opt/rustwide/target:rw,Z" "-v" "/var/lib/crater-agent-workspace/builds/worker-6-tc2/source:/opt/rustwide/workdir:ro,Z" "-v" "/var/lib/crater-agent-workspace/cargo-home:/opt/rustwide/cargo-home:ro,Z" "-v" "/var/lib/crater-agent-workspace/rustup-home:/opt/rustwide/rustup-home:ro,Z" "-e" "SOURCE_DIR=/opt/rustwide/workdir" "-e" "CARGO_TARGET_DIR=/opt/rustwide/target" "-e" "CARGO_INCREMENTAL=0" "-e" "RUST_BACKTRACE=full" "-e" "RUSTFLAGS=--cap-lints=forbid -Zrandomize-layout" "-e" "RUSTDOCFLAGS=--cap-lints=forbid" "-e" "CARGO_HOME=/opt/rustwide/cargo-home" "-e" "RUSTUP_HOME=/opt/rustwide/rustup-home" "-w" "/opt/rustwide/workdir" "-m" "1610612736" "--user" "0:0" "--network" "none" "ghcr.io/rust-lang/crates-build-env/linux@sha256:4a844ea9eb2546a2d2c7022eacef16ef2e8229c7fbb2c7d4d55a9ceca922f72d" "/opt/rustwide/cargo-home/bin/cargo" "+nightly-2024-10-28" "build" "--frozen" "--message-format=json", kill_on_drop: false }`
[INFO] [stdout] 503648d7f1cce6f5a22a2aaf82deb95c5beee8eab1e98c6bb71c87b387508581
[INFO] running `Command { std: "docker" "start" "-a" "503648d7f1cce6f5a22a2aaf82deb95c5beee8eab1e98c6bb71c87b387508581", kill_on_drop: false }`
[INFO] [stderr]    Compiling proc-macro2 v1.0.39
[INFO] [stderr]    Compiling unicode-ident v1.0.1
[INFO] [stderr]    Compiling syn v1.0.96
[INFO] [stderr]    Compiling libc v0.2.126
[INFO] [stderr]    Compiling serde_derive v1.0.137
[INFO] [stderr]    Compiling serde v1.0.137
[INFO] [stderr]    Compiling version_check v0.9.4
[INFO] [stderr]    Compiling typenum v1.15.0
[INFO] [stderr]    Compiling ppv-lite86 v0.2.16
[INFO] [stderr]    Compiling rustc-hex v2.1.0
[INFO] [stderr]    Compiling crunchy v0.2.2
[INFO] [stderr]    Compiling byteorder v1.4.3
[INFO] [stderr]    Compiling static_assertions v1.1.0
[INFO] [stderr]    Compiling cc v1.0.73
[INFO] [stderr]    Compiling memchr v2.5.0
[INFO] [stderr]    Compiling tap v1.0.1
[INFO] [stderr]    Compiling itoa v1.0.2
[INFO] [stderr]    Compiling hex v0.4.3
[INFO] [stderr]    Compiling byte-slice-cast v1.2.1
[INFO] [stderr]    Compiling pkg-config v0.3.25
[INFO] [stderr]    Compiling arrayvec v0.7.2
[INFO] [stderr]    Compiling tiny-keccak v2.0.2
[INFO] [stderr]    Compiling lock_api v0.4.7
[INFO] [stderr]    Compiling smallvec v1.8.0
[INFO] [stderr]    Compiling futures-core v0.3.21
[INFO] [stderr]    Compiling scopeguard v1.1.0
[INFO] [stderr]    Compiling uint v0.9.3
[INFO] [stderr]    Compiling generic-array v0.14.5
[INFO] [stderr]    Compiling parking_lot_core v0.9.3
[INFO] [stderr]    Compiling once_cell v1.12.0
[INFO] [stderr]    Compiling slab v0.4.6
[INFO] [stderr]    Compiling radium v0.6.2
[INFO] [stderr]    Compiling block-padding v0.2.1
[INFO] [stderr]    Compiling funty v1.1.0
[INFO] [stderr]    Compiling wyz v0.2.0
[INFO] [stderr]    Compiling ryu v1.0.10
[INFO] [stderr]    Compiling opaque-debug v0.3.0
[INFO] [stderr]    Compiling serde_json v1.0.81
[INFO] [stderr]    Compiling keccak v0.1.2
[INFO] [stderr]    Compiling futures-sink v0.3.21
[INFO] [stderr]    Compiling futures-task v0.3.21
[INFO] [stderr]    Compiling futures-channel v0.3.21
[INFO] [stderr]    Compiling futures-io v0.3.21
[INFO] [stderr]    Compiling futures-util v0.3.21
[INFO] [stderr]    Compiling matches v0.1.9
[INFO] [stderr]    Compiling tinyvec_macros v0.1.0
[INFO] [stderr]    Compiling quote v1.0.18
[INFO] [stderr]    Compiling tinyvec v1.6.0
[INFO] [stderr]    Compiling unicode-bidi v0.3.8
[INFO] [stderr]    Compiling openssl v0.10.40
[INFO] [stderr]    Compiling getrandom v0.2.7
[INFO] [stderr]    Compiling bitvec v0.20.4
[INFO] [stderr]    Compiling num_cpus v1.13.1
[INFO] [stderr]    Compiling mio v0.8.3
[INFO] [stderr]    Compiling socket2 v0.4.4
[INFO] [stderr]    Compiling rand_core v0.6.3
[INFO] [stderr]    Compiling signal-hook-registry v1.4.0
[INFO] [stderr]    Compiling percent-encoding v2.1.0
[INFO] [stderr]    Compiling subtle v2.4.1
[INFO] [stderr]    Compiling httparse v1.7.1
[INFO] [stderr]    Compiling openssl-sys v0.9.74
[INFO] [stderr]    Compiling rand_chacha v0.3.1
[INFO] [stderr]    Compiling parking_lot v0.12.1
[INFO] [stderr]    Compiling bytes v1.1.0
[INFO] [stderr]    Compiling bitflags v1.3.2
[INFO] [stderr]    Compiling rand v0.8.5
[INFO] [stderr]    Compiling form_urlencoded v1.0.1
[INFO] [stderr]    Compiling tracing-core v0.1.27
[INFO] [stderr]    Compiling indexmap v1.8.2
[INFO] [stderr]    Compiling native-tls v0.2.10
[INFO] [stderr]    Compiling unicode-normalization v0.1.19
[INFO] [stderr]    Compiling rlp v0.5.1
[INFO] [stderr]    Compiling libz-sys v1.1.8
[INFO] [stderr]    Compiling cpufeatures v0.2.2
[INFO] [stderr]    Compiling tracing v0.1.35
[INFO] [stderr]    Compiling convert_case v0.4.0
[INFO] [stderr]    Compiling hashbrown v0.11.2
[INFO] [stderr]    Compiling impl-rlp v0.3.0
[INFO] [stderr]    Compiling digest v0.9.0
[INFO] [stderr]    Compiling block-buffer v0.9.0
[INFO] [stderr]    Compiling crypto-common v0.1.3
[INFO] [stderr]    Compiling block-buffer v0.10.2
[INFO] [stderr]    Compiling sha3 v0.9.1
[INFO] [stderr]    Compiling radium v0.7.0
[INFO] [stderr]    Compiling zeroize v1.5.5
[INFO] [stderr]    Compiling fixed-hash v0.7.0
[INFO] [stderr]    Compiling digest v0.10.3
[INFO] [stderr]    Compiling secp256k1-sys v0.4.2
[INFO] [stderr]    Compiling try-lock v0.2.3
[INFO] [stderr]    Compiling anyhow v1.0.57
[INFO] [stderr]    Compiling base64 v0.13.0
[INFO] [stderr]    Compiling futures-timer v3.0.2
[INFO] [stderr]    Compiling lazy_static v1.4.0
[INFO] [stderr]    Compiling const-oid v0.7.1
[INFO] [stderr]    Compiling httpdate v1.0.2
[INFO] [stderr]    Compiling want v0.3.0
[INFO] [stderr]    Compiling der v0.5.1
[INFO] [stderr]    Compiling curl-sys v0.4.55+curl-7.83.1
[INFO] [stderr]    Compiling aho-corasick v0.7.18
[INFO] [stderr]    Compiling wyz v0.5.0
[INFO] [stderr]    Compiling tower-service v0.3.1
[INFO] [stderr]    Compiling funty v2.0.0
[INFO] [stderr]    Compiling encoding_rs v0.8.31
[INFO] [stderr]    Compiling regex-syntax v0.6.26
[INFO] [stderr]    Compiling idna v0.2.3
[INFO] [stderr]    Compiling base64ct v1.5.0
[INFO] [stderr]    Compiling sha-1 v0.9.8
[INFO] [stderr]    Compiling mime v0.3.16
[INFO] [stderr]    Compiling arrayvec v0.5.2
[INFO] [stderr]    Compiling radium v0.3.0
[INFO] [stderr]    Compiling either v1.6.1
[INFO] [stderr]    Compiling sha-1 v0.10.0
[INFO] [stderr]    Compiling crypto-bigint v0.3.2
[INFO] [stderr]    Compiling bitvec v1.0.0
[INFO] [stderr]    Compiling bitvec v0.17.4
[INFO] [stderr]    Compiling crypto-mac v0.11.1
[INFO] [stderr]    Compiling url v2.2.2
[INFO] [stderr]    Compiling ff v0.11.1
[INFO] [stderr]    Compiling num-traits v0.2.15
[INFO] [stderr]    Compiling spki v0.5.4
[INFO] [stderr]    Compiling byte-slice-cast v0.3.5
[INFO] [stderr]    Compiling ipnet v2.5.0
[INFO] [stderr]    Compiling pkcs8 v0.8.0
[INFO] [stderr]    Compiling curl v0.4.43
[INFO] [stderr]    Compiling sec1 v0.2.1
[INFO] [stderr]    Compiling group v0.11.0
[INFO] [stderr]    Compiling hmac v0.11.0
[INFO] [stderr]    Compiling num-integer v0.1.45
[INFO] [stderr]    Compiling base16ct v0.1.1
[INFO] [stderr]    Compiling parking_lot_core v0.8.5
[INFO] [stderr]    Compiling elliptic-curve v0.11.12
[INFO] [stderr]    Compiling rfc6979 v0.1.0
[INFO] [stderr]    Compiling secp256k1 v0.21.3
[INFO] [stderr]    Compiling signature v1.4.0
[INFO] [stderr]    Compiling instant v0.1.12
[INFO] [stderr]    Compiling sha3 v0.10.1
[INFO] [stderr]    Compiling secp256k1 v0.20.3
[INFO] [stderr]    Compiling unicode-xid v0.2.3
[INFO] [stderr]    Compiling unicode_categories v0.1.1
[INFO] [stderr]    Compiling ecdsa v0.13.4
[INFO] [stderr]    Compiling ethereum-hexutil v0.2.3
[INFO] [stderr]    Compiling dotenv v0.15.0
[INFO] [stderr]    Compiling parking_lot v0.11.2
[INFO] [stderr]    Compiling k256 v0.10.4
[INFO] [stderr]    Compiling regex v1.5.6
[INFO] [stderr]    Compiling chrono v0.4.19
[INFO] [stderr]    Compiling Inflector v0.11.4
[INFO] [stderr]    Compiling thiserror-impl v1.0.31
[INFO] [stderr]    Compiling impl-trait-for-tuples v0.2.2
[INFO] [stderr]    Compiling futures-macro v0.3.21
[INFO] [stderr]    Compiling tokio-macros v1.8.0
[INFO] [stderr]    Compiling openssl-macros v0.1.0
[INFO] [stderr]    Compiling pin-project-internal v1.0.10
[INFO] [stderr]    Compiling derive_more v0.99.17
[INFO] [stderr]    Compiling async-stream-impl v0.3.3
[INFO] [stderr]    Compiling rlp-derive v0.1.0
[INFO] [stderr]    Compiling actix-macros v0.2.3
[INFO] [stderr]    Compiling async-stream v0.3.3
[INFO] [stderr]    Compiling thiserror v1.0.31
[INFO] [stderr]    Compiling snailquote v0.3.1
[INFO] [stderr]    Compiling pin-project v1.0.10
[INFO] [stderr]    Compiling futures-executor v0.3.21
[INFO] [stderr]    Compiling futures v0.3.21
[INFO] [stderr]    Compiling toml v0.5.9
[INFO] [stderr]    Compiling impl-serde v0.3.2
[INFO] [stderr]    Compiling serde_urlencoded v0.7.1
[INFO] [stderr]    Compiling parity-scale-codec v1.3.7
[INFO] [stderr]    Compiling ethbloom v0.11.1
[INFO] [stderr]    Compiling tokio v1.19.2
[INFO] [stderr]    Compiling http v0.2.8
[INFO] [stderr]    Compiling soketto v0.7.1
[INFO] [stderr]    Compiling soketto v0.5.0
[INFO] [stderr]    Compiling ethbloom v0.12.1
[INFO] [stderr]    Compiling ethbloom v0.10.0
[INFO] [stderr]    Compiling proc-macro-crate v1.1.3
[INFO] [stderr]    Compiling jsonrpc-core v18.0.0
[INFO] [stderr]    Compiling parity-scale-codec-derive v2.3.1
[INFO] [stderr]    Compiling parity-scale-codec-derive v3.1.3
[INFO] [stderr]    Compiling http-body v0.4.5
[INFO] [stderr]    Compiling headers-core v0.2.0
[INFO] [stderr]    Compiling headers v0.3.7
[INFO] [stderr]    Compiling parity-scale-codec v3.1.5
[INFO] [stderr]    Compiling parity-scale-codec v2.3.1
[INFO] [stderr]    Compiling impl-codec v0.6.0
[INFO] [stderr]    Compiling primitive-types v0.11.1
[INFO] [stderr]    Compiling impl-codec v0.5.1
[INFO] [stderr]    Compiling primitive-types v0.10.1
[INFO] [stderr]    Compiling primitive-types v0.9.1
[INFO] [stderr]    Compiling ethereum-types v0.12.1
[INFO] [stderr]    Compiling ethereum-types v0.13.1
[INFO] [stderr]    Compiling ethereum-types v0.11.0
[INFO] [stderr]    Compiling impl-codec v0.4.2
[INFO] [stderr]    Compiling primitive-types v0.8.0
[INFO] [stderr]    Compiling ethabi v16.0.0
[INFO] [stderr]    Compiling ethabi v14.1.0
[INFO] [stderr]    Compiling ethabi v17.0.0
[INFO] [stderr]    Compiling tokio-util v0.7.3
[INFO] [stderr]    Compiling tokio-native-tls v0.3.0
[INFO] [stderr]    Compiling web3-async-native-tls v0.4.0
[INFO] [stderr]    Compiling tokio-util v0.6.10
[INFO] [stderr]    Compiling tokio-stream v0.1.9
[INFO] [stderr]    Compiling actix-rt v2.7.0
[INFO] [stderr]    Compiling tokio-test v0.4.2
[INFO] [stderr]    Compiling h2 v0.3.13
[INFO] [stderr]    Compiling web3 v0.18.0
[INFO] [stderr]    Compiling ethereum-types v0.10.0
[INFO] [stderr]    Compiling ethers-core v0.10.0
[INFO] [stderr]    Compiling ethabi v13.0.0
[INFO] [stderr]    Compiling hyper v0.14.19
[INFO] [stderr]    Compiling ethcontract-common v0.17.0
[INFO] [stderr]    Compiling ethcontract-generate v0.17.0
[INFO] [stderr]    Compiling hyper-tls v0.5.0
[INFO] [stderr]    Compiling ethcontract-derive v0.17.0
[INFO] [stderr]    Compiling reqwest v0.11.11
[INFO] [stderr]    Compiling web3 v0.17.0
[INFO] [stderr]    Compiling ethcontract v0.17.0
[INFO] [stderr]    Compiling balancer_sdk v0.1.16-alpha (/opt/rustwide/workdir)
[INFO] [stderr]     Finished `dev` profile [unoptimized + debuginfo] target(s) in 24.07s
[INFO] running `Command { std: "docker" "inspect" "503648d7f1cce6f5a22a2aaf82deb95c5beee8eab1e98c6bb71c87b387508581", kill_on_drop: false }`
[INFO] running `Command { std: "docker" "rm" "-f" "503648d7f1cce6f5a22a2aaf82deb95c5beee8eab1e98c6bb71c87b387508581", kill_on_drop: false }`
[INFO] [stdout] 503648d7f1cce6f5a22a2aaf82deb95c5beee8eab1e98c6bb71c87b387508581
[INFO] running `Command { std: "docker" "create" "-v" "/var/lib/crater-agent-workspace/builds/worker-6-tc2/target:/opt/rustwide/target:rw,Z" "-v" "/var/lib/crater-agent-workspace/builds/worker-6-tc2/source:/opt/rustwide/workdir:ro,Z" "-v" "/var/lib/crater-agent-workspace/cargo-home:/opt/rustwide/cargo-home:ro,Z" "-v" "/var/lib/crater-agent-workspace/rustup-home:/opt/rustwide/rustup-home:ro,Z" "-e" "SOURCE_DIR=/opt/rustwide/workdir" "-e" "CARGO_TARGET_DIR=/opt/rustwide/target" "-e" "CARGO_INCREMENTAL=0" "-e" "RUST_BACKTRACE=full" "-e" "RUSTFLAGS=--cap-lints=forbid -Zrandomize-layout" "-e" "RUSTDOCFLAGS=--cap-lints=forbid" "-e" "CARGO_HOME=/opt/rustwide/cargo-home" "-e" "RUSTUP_HOME=/opt/rustwide/rustup-home" "-w" "/opt/rustwide/workdir" "-m" "1610612736" "--user" "0:0" "--network" "none" "ghcr.io/rust-lang/crates-build-env/linux@sha256:4a844ea9eb2546a2d2c7022eacef16ef2e8229c7fbb2c7d4d55a9ceca922f72d" "/opt/rustwide/cargo-home/bin/cargo" "+nightly-2024-10-28" "test" "--frozen" "--no-run" "--message-format=json", kill_on_drop: false }`
[INFO] [stdout] e58c61c5bffc78dd513eba85dcce5411c23d59ff997c0564b1a3ffba42edbf6a
[INFO] running `Command { std: "docker" "start" "-a" "e58c61c5bffc78dd513eba85dcce5411c23d59ff997c0564b1a3ffba42edbf6a", kill_on_drop: false }`
[INFO] [stderr]    Compiling balancer_sdk v0.1.16-alpha (/opt/rustwide/workdir)
[INFO] [stdout] warning: fields `pool_type`, `address`, and `token_list` are never read
[INFO] [stdout]  --> examples/sample_data/mod.rs:2:9
[INFO] [stdout]   |
[INFO] [stdout] 1 | pub struct Pool {
[INFO] [stdout]   |            ---- fields in this struct
[INFO] [stdout] 2 |     pub pool_type: &'static str,
[INFO] [stdout]   |         ^^^^^^^^^
[INFO] [stdout] 3 |     pub address: &'static str,
[INFO] [stdout]   |         ^^^^^^^
[INFO] [stdout] 4 |     pub id: &'static str,
[INFO] [stdout] 5 |     pub token_list: [&'static str; 2],
[INFO] [stdout]   |         ^^^^^^^^^^
[INFO] [stdout]   |
[INFO] [stdout]   = note: `#[warn(dead_code)]` on by default
[INFO] [stdout] 
[INFO] [stdout] 
[INFO] [stdout] warning: fields `pool_type`, `address`, and `token_list` are never read
[INFO] [stdout]  --> examples/sample_data/mod.rs:2:9
[INFO] [stdout]   |
[INFO] [stdout] 1 | pub struct Pool {
[INFO] [stdout]   |            ---- fields in this struct
[INFO] [stdout] 2 |     pub pool_type: &'static str,
[INFO] [stdout]   |         ^^^^^^^^^
[INFO] [stdout] 3 |     pub address: &'static str,
[INFO] [stdout]   |         ^^^^^^^
[INFO] [stdout] 4 |     pub id: &'static str,
[INFO] [stdout] 5 |     pub token_list: [&'static str; 2],
[INFO] [stdout]   |         ^^^^^^^^^^
[INFO] [stdout]   |
[INFO] [stdout]   = note: `#[warn(dead_code)]` on by default
[INFO] [stdout] 
[INFO] [stdout] 
[INFO] [stdout] warning: fields `pool_type`, `address`, and `token_list` are never read
[INFO] [stdout]  --> examples/sample_data/mod.rs:2:9
[INFO] [stdout]   |
[INFO] [stdout] 1 | pub struct Pool {
[INFO] [stdout]   |            ---- fields in this struct
[INFO] [stdout] 2 |     pub pool_type: &'static str,
[INFO] [stdout]   |         ^^^^^^^^^
[INFO] [stdout] 3 |     pub address: &'static str,
[INFO] [stdout]   |         ^^^^^^^
[INFO] [stdout] 4 |     pub id: &'static str,
[INFO] [stdout] 5 |     pub token_list: [&'static str; 2],
[INFO] [stdout]   |         ^^^^^^^^^^
[INFO] [stdout]   |
[INFO] [stdout]   = note: `#[warn(dead_code)]` on by default
[INFO] [stdout] 
[INFO] [stdout] 
[INFO] [stdout] warning: fields `pool_type`, `address`, `id`, and `token_list` are never read
[INFO] [stdout]  --> examples/sample_data/mod.rs:2:9
[INFO] [stdout]   |
[INFO] [stdout] 1 | pub struct Pool {
[INFO] [stdout]   |            ---- fields in this struct
[INFO] [stdout] 2 |     pub pool_type: &'static str,
[INFO] [stdout]   |         ^^^^^^^^^
[INFO] [stdout] 3 |     pub address: &'static str,
[INFO] [stdout]   |         ^^^^^^^
[INFO] [stdout] 4 |     pub id: &'static str,
[INFO] [stdout]   |         ^^
[INFO] [stdout] 5 |     pub token_list: [&'static str; 2],
[INFO] [stdout]   |         ^^^^^^^^^^
[INFO] [stdout]   |
[INFO] [stdout]   = note: `#[warn(dead_code)]` on by default
[INFO] [stdout] 
[INFO] [stdout] 
[INFO] [stdout] warning: fields `pool_type`, `address`, and `token_list` are never read
[INFO] [stdout]  --> examples/sample_data/mod.rs:2:9
[INFO] [stdout]   |
[INFO] [stdout] 1 | pub struct Pool {
[INFO] [stdout]   |            ---- fields in this struct
[INFO] [stdout] 2 |     pub pool_type: &'static str,
[INFO] [stdout]   |         ^^^^^^^^^
[INFO] [stdout] 3 |     pub address: &'static str,
[INFO] [stdout]   |         ^^^^^^^
[INFO] [stdout] 4 |     pub id: &'static str,
[INFO] [stdout] 5 |     pub token_list: [&'static str; 2],
[INFO] [stdout]   |         ^^^^^^^^^^
[INFO] [stdout]   |
[INFO] [stdout]   = note: `#[warn(dead_code)]` on by default
[INFO] [stdout] 
[INFO] [stdout] 
[INFO] [stdout] warning: fields `pool_type`, `address`, `id`, and `token_list` are never read
[INFO] [stdout]  --> examples/sample_data/mod.rs:2:9
[INFO] [stdout]   |
[INFO] [stdout] 1 | pub struct Pool {
[INFO] [stdout]   |            ---- fields in this struct
[INFO] [stdout] 2 |     pub pool_type: &'static str,
[INFO] [stdout]   |         ^^^^^^^^^
[INFO] [stdout] 3 |     pub address: &'static str,
[INFO] [stdout]   |         ^^^^^^^
[INFO] [stdout] 4 |     pub id: &'static str,
[INFO] [stdout]   |         ^^
[INFO] [stdout] 5 |     pub token_list: [&'static str; 2],
[INFO] [stdout]   |         ^^^^^^^^^^
[INFO] [stdout]   |
[INFO] [stdout]   = note: `#[warn(dead_code)]` on by default
[INFO] [stdout] 
[INFO] [stdout] 
[INFO] [stderr]     Finished `test` profile [unoptimized + debuginfo] target(s) in 14.03s
[INFO] running `Command { std: "docker" "inspect" "e58c61c5bffc78dd513eba85dcce5411c23d59ff997c0564b1a3ffba42edbf6a", kill_on_drop: false }`
[INFO] running `Command { std: "docker" "rm" "-f" "e58c61c5bffc78dd513eba85dcce5411c23d59ff997c0564b1a3ffba42edbf6a", kill_on_drop: false }`
[INFO] [stdout] e58c61c5bffc78dd513eba85dcce5411c23d59ff997c0564b1a3ffba42edbf6a
[INFO] running `Command { std: "docker" "create" "-v" "/var/lib/crater-agent-workspace/builds/worker-6-tc2/target:/opt/rustwide/target:rw,Z" "-v" "/var/lib/crater-agent-workspace/builds/worker-6-tc2/source:/opt/rustwide/workdir:ro,Z" "-v" "/var/lib/crater-agent-workspace/cargo-home:/opt/rustwide/cargo-home:ro,Z" "-v" "/var/lib/crater-agent-workspace/rustup-home:/opt/rustwide/rustup-home:ro,Z" "-e" "SOURCE_DIR=/opt/rustwide/workdir" "-e" "CARGO_TARGET_DIR=/opt/rustwide/target" "-e" "CARGO_INCREMENTAL=0" "-e" "RUST_BACKTRACE=full" "-e" "RUSTFLAGS=--cap-lints=forbid -Zrandomize-layout" "-e" "RUSTDOCFLAGS=--cap-lints=forbid" "-e" "CARGO_HOME=/opt/rustwide/cargo-home" "-e" "RUSTUP_HOME=/opt/rustwide/rustup-home" "-w" "/opt/rustwide/workdir" "-m" "1610612736" "--user" "0:0" "--network" "none" "ghcr.io/rust-lang/crates-build-env/linux@sha256:4a844ea9eb2546a2d2c7022eacef16ef2e8229c7fbb2c7d4d55a9ceca922f72d" "/opt/rustwide/cargo-home/bin/cargo" "+nightly-2024-10-28" "test" "--frozen", kill_on_drop: false }`
[INFO] [stdout] a7b7d99bb90221a9fe1477755fd20c9b67130a129b19f1f230f5a3415c473fef
[INFO] running `Command { std: "docker" "start" "-a" "a7b7d99bb90221a9fe1477755fd20c9b67130a129b19f1f230f5a3415c473fef", kill_on_drop: false }`
[INFO] [stderr] warning: fields `pool_type`, `address`, `id`, and `token_list` are never read
[INFO] [stderr]  --> examples/sample_data/mod.rs:2:9
[INFO] [stderr]   |
[INFO] [stderr] 1 | pub struct Pool {
[INFO] [stderr]   |            ---- fields in this struct
[INFO] [stderr] 2 |     pub pool_type: &'static str,
[INFO] [stderr]   |         ^^^^^^^^^
[INFO] [stderr] 3 |     pub address: &'static str,
[INFO] [stderr]   |         ^^^^^^^
[INFO] [stderr] 4 |     pub id: &'static str,
[INFO] [stderr]   |         ^^
[INFO] [stderr] 5 |     pub token_list: [&'static str; 2],
[INFO] [stderr]   |         ^^^^^^^^^^
[INFO] [stderr]   |
[INFO] [stderr]   = note: `#[warn(dead_code)]` on by default
[INFO] [stderr] 
[INFO] [stderr] warning: fields `pool_type`, `address`, and `token_list` are never read
[INFO] [stderr]  --> examples/sample_data/mod.rs:2:9
[INFO] [stderr]   |
[INFO] [stderr] 1 | pub struct Pool {
[INFO] [stderr]   |            ---- fields in this struct
[INFO] [stderr] 2 |     pub pool_type: &'static str,
[INFO] [stderr]   |         ^^^^^^^^^
[INFO] [stderr] 3 |     pub address: &'static str,
[INFO] [stderr]   |         ^^^^^^^
[INFO] [stderr] 4 |     pub id: &'static str,
[INFO] [stderr] 5 |     pub token_list: [&'static str; 2],
[INFO] [stderr]   |         ^^^^^^^^^^
[INFO] [stderr]   |
[INFO] [stderr]   = note: `#[warn(dead_code)]` on by default
[INFO] [stderr] 
[INFO] [stderr] warning: `balancer_sdk` (example "check_token_allowance") generated 1 warning
[INFO] [stderr] warning: `balancer_sdk` (example "vault_methods") generated 1 warning
[INFO] [stderr] warning: `balancer_sdk` (example "query_batch_swap") generated 1 warning (1 duplicate)
[INFO] [stderr] warning: `balancer_sdk` (example "batch_swap") generated 1 warning (1 duplicate)
[INFO] [stderr] warning: `balancer_sdk` (example "approve_token") generated 1 warning (1 duplicate)
[INFO] [stderr] warning: `balancer_sdk` (example "single_swap") generated 1 warning (1 duplicate)
[INFO] [stderr]     Finished `test` profile [unoptimized + debuginfo] target(s) in 1.29s
[INFO] [stderr]      Running unittests src/lib.rs (/opt/rustwide/target/debug/deps/balancer_sdk-6b70fb230465beb4)
[INFO] [stdout] 
[INFO] [stdout] running 1 test
[INFO] [stdout] test pools::tests::test_instantiate_pools ... ok
[INFO] [stdout] 
[INFO] [stdout] test result: ok. 1 passed; 0 failed; 0 ignored; 0 measured; 0 filtered out; finished in 0.24s
[INFO] [stdout] 
[INFO] [stderr]      Running unittests src/main.rs (/opt/rustwide/target/debug/deps/balancer_sdk-1799ce9ea61c2d3f)
[INFO] [stdout] 
[INFO] [stdout] running 0 tests
[INFO] [stdout] 
[INFO] [stdout] test result: ok. 0 passed; 0 failed; 0 ignored; 0 measured; 0 filtered out; finished in 0.00s
[INFO] [stdout] 
[INFO] [stderr]    Doc-tests balancer_sdk
[INFO] [stdout] 
[INFO] [stdout] running 55 tests
[INFO] [stdout] test src/pools.rs - pools (line 286) - compile ... ok
[INFO] [stdout] test src/pools.rs - pools (line 311) - compile ... ok
[INFO] [stdout] test src/pools.rs - pools (line 229) - compile ... ok
[INFO] [stdout] test src/pools.rs - pools (line 45) - compile ... ok
[INFO] [stdout] test src/helpers/tokens.rs - helpers::tokens::TokenApprover (line 12) - compile ... ok
[INFO] [stdout] test src/pools.rs - pools (line 135) - compile ... ok
[INFO] [stdout] test src/pools.rs - pools (line 403) - compile ... ok
[INFO] [stdout] test src/pools.rs - pools (line 159) - compile ... ok
[INFO] [stdout] test src/pools.rs - pools (line 339) - compile ... ok
[INFO] [stdout] test src/pools.rs - pools (line 426) - compile ... ok
[INFO] [stdout] test src/pools.rs - pools (line 182) - compile ... ok
[INFO] [stdout] test src/pools.rs - pools (line 370) - compile ... ok
[INFO] [stdout] test src/pools.rs - pools (line 111) - compile ... ok
[INFO] [stdout] test src/pools.rs - pools (line 263) - compile ... ok
[INFO] [stdout] test src/pools.rs - pools (line 622) - compile ... ok
[INFO] [stdout] test src/pools.rs - pools (line 590) - compile ... ok
[INFO] [stdout] test src/pools.rs - pools (line 512) - compile ... ok
[INFO] [stdout] test src/pools.rs - pools (line 678) - compile ... ok
[INFO] [stdout] test src/pools.rs - pools (line 739) - compile ... ok
[INFO] [stdout] test src/pools.rs - pools (line 535) - compile ... ok
[INFO] [stdout] test src/pools.rs - pools (line 454) - compile ... ok
[INFO] [stdout] test src/pools.rs - pools (line 559) - compile ... ok
[INFO] [stdout] test src/pools.rs - pools (line 716) - compile ... ok
[INFO] [stdout] test src/pools.rs - pools (line 799) - compile ... ok
[INFO] [stdout] test src/pools.rs - pools (line 67) - compile ... ok
[INFO] [stdout] test src/pools.rs - pools (line 764) - compile ... ok
[INFO] [stdout] test src/pools.rs - pools (line 478) - compile ... ok
[INFO] [stdout] test src/pools.rs - pools (line 651) - compile ... ok
[INFO] [stdout] test src/vault.rs - vault (line 177) - compile ... ok
[INFO] [stdout] test src/vault.rs - vault (line 284) - compile ... ok
[INFO] [stdout] test src/pools.rs - pools (line 89) - compile ... ok
[INFO] [stdout] test src/vault.rs - vault (line 136) - compile ... ok
[INFO] [stdout] test src/vault.rs - vault (line 221) - compile ... ok
[INFO] [stdout] test src/vault.rs - vault (line 243) - compile ... ok
[INFO] [stdout] test src/vault.rs - vault (line 116) - compile ... ok
[INFO] [stdout] test src/vault.rs - vault (line 158) - compile ... ok
[INFO] [stdout] test src/vault.rs - vault (line 263) - compile ... ok
[INFO] [stdout] test src/vault.rs - vault (line 196) - compile ... ok
[INFO] [stdout] test src/vault.rs - vault (line 311) - compile ... ok
[INFO] [stdout] test src/vault.rs - vault (line 340) - compile ... ok
[INFO] [stdout] test src/vault.rs - vault (line 45) - compile ... ok
[INFO] [stdout] test src/vault.rs - vault (line 60) - compile ... ok
[INFO] [stdout] test src/vault.rs - vault (line 609) - compile ... ok
[INFO] [stdout] test src/vault.rs - vault (line 532) - compile ... ok
[INFO] [stdout] test src/vault.rs - vault (line 585) - compile ... ok
[INFO] [stdout] test src/vault.rs - vault (line 564) - compile ... ok
[INFO] [stdout] test src/vault.rs - vault (line 77) - compile ... ok
[INFO] [stdout] test src/vault.rs - vault (line 444) - compile ... ok
[INFO] [stdout] test src/vault.rs - vault (line 492) - compile ... ok
[INFO] [stdout] test src/vault.rs - vault (line 388) - compile ... ok
[INFO] [stdout] test src/vault.rs - vault (line 95) - compile ... ok
[INFO] [stdout] test src/structs.rs - structs::SwapFeePercentage (line 48) ... ok
[INFO] [stdout] test src/pools.rs - pools (line 10) ... ok
[INFO] [stdout] test src/vault.rs - vault (line 12) ... ok
[INFO] [stdout] test src/../README.md - (line 45) ... FAILED
[INFO] [stdout] 
[INFO] [stdout] failures:
[INFO] [stdout] 
[INFO] [stdout] ---- src/../README.md - (line 45) stdout ----
[INFO] [stdout] Test executable failed (exit status: 101).
[INFO] [stdout] 
[INFO] [stdout] stderr:
[INFO] [stdout] thread 'main' panicked at src/../README.md:12:57:
[INFO] [stdout] called `Result::unwrap()` on an `Err` value: MethodError { signature: "WETH():(address)", inner: Web3(Transport(Message("failed to send request: error sending request for url (https://rpc.flashbots.net/): error trying to connect: dns error: failed to lookup address information: Temporary failure in name resolution"))) }
[INFO] [stdout] stack backtrace:
[INFO] [stdout]    0:     0x5bc50e7788ba - std::backtrace_rs::backtrace::libunwind::trace::h207520d6e9873551
[INFO] [stdout]                                at /rustc/df4ca44d3fbc9301ee17f30f4d474e6ae4b05252/library/std/src/../../backtrace/src/backtrace/libunwind.rs:116:5
[INFO] [stdout]    1:     0x5bc50e7788ba - std::backtrace_rs::backtrace::trace_unsynchronized::h2ed7433f370e3eca
[INFO] [stdout]                                at /rustc/df4ca44d3fbc9301ee17f30f4d474e6ae4b05252/library/std/src/../../backtrace/src/backtrace/mod.rs:66:5
[INFO] [stdout]    2:     0x5bc50e7788ba - std::sys::backtrace::_print_fmt::h916fac51166b18d7
[INFO] [stdout]                                at /rustc/df4ca44d3fbc9301ee17f30f4d474e6ae4b05252/library/std/src/sys/backtrace.rs:66:9
[INFO] [stdout]    3:     0x5bc50e7788ba - <std::sys::backtrace::BacktraceLock::print::DisplayBacktrace as core::fmt::Display>::fmt::ha0a4c9b8ce3802e6
[INFO] [stdout]                                at /rustc/df4ca44d3fbc9301ee17f30f4d474e6ae4b05252/library/std/src/sys/backtrace.rs:39:26
[INFO] [stdout]    4:     0x5bc50e79da03 - core::fmt::rt::Argument::fmt::h4cfc8587d52b3eb5
[INFO] [stdout]                                at /rustc/df4ca44d3fbc9301ee17f30f4d474e6ae4b05252/library/core/src/fmt/rt.rs:177:76
[INFO] [stdout]    5:     0x5bc50e79da03 - core::fmt::write::h522cc39e5b36ae9f
[INFO] [stdout]                                at /rustc/df4ca44d3fbc9301ee17f30f4d474e6ae4b05252/library/core/src/fmt/mod.rs:1190:21
[INFO] [stdout]    6:     0x5bc50e7752b3 - std::io::Write::write_fmt::hf1c1dcc8cc1287f0
[INFO] [stdout]                                at /rustc/df4ca44d3fbc9301ee17f30f4d474e6ae4b05252/library/std/src/io/mod.rs:1839:15
[INFO] [stdout]    7:     0x5bc50e778702 - std::sys::backtrace::BacktraceLock::print::h4b9e00b29e9c0942
[INFO] [stdout]                                at /rustc/df4ca44d3fbc9301ee17f30f4d474e6ae4b05252/library/std/src/sys/backtrace.rs:42:9
[INFO] [stdout]    8:     0x5bc50e7796cc - std::panicking::default_hook::{{closure}}::hb59b88280d0324d9
[INFO] [stdout]                                at /rustc/df4ca44d3fbc9301ee17f30f4d474e6ae4b05252/library/std/src/panicking.rs:268:22
[INFO] [stdout]    9:     0x5bc50e779512 - std::panicking::default_hook::he1dd496665be4a29
[INFO] [stdout]                                at /rustc/df4ca44d3fbc9301ee17f30f4d474e6ae4b05252/library/std/src/panicking.rs:295:9
[INFO] [stdout]   10:     0x5bc50e779d07 - std::panicking::rust_panic_with_hook::h2ff17fe8f26dfcf8
[INFO] [stdout]                                at /rustc/df4ca44d3fbc9301ee17f30f4d474e6ae4b05252/library/std/src/panicking.rs:801:13
[INFO] [stdout]   11:     0x5bc50e779b9a - std::panicking::begin_panic_handler::{{closure}}::h4fad77951c07e101
[INFO] [stdout]                                at /rustc/df4ca44d3fbc9301ee17f30f4d474e6ae4b05252/library/std/src/panicking.rs:674:13
[INFO] [stdout]   12:     0x5bc50e778d99 - std::sys::backtrace::__rust_end_short_backtrace::hb1a25b3da5d0ea08
[INFO] [stdout]                                at /rustc/df4ca44d3fbc9301ee17f30f4d474e6ae4b05252/library/std/src/sys/backtrace.rs:170:18
[INFO] [stdout]   13:     0x5bc50e77982c - rust_begin_unwind
[INFO] [stdout]                                at /rustc/df4ca44d3fbc9301ee17f30f4d474e6ae4b05252/library/std/src/panicking.rs:665:5
[INFO] [stdout]   14:     0x5bc50e79b950 - core::panicking::panic_fmt::ha9db07b529f9b256
[INFO] [stdout]                                at /rustc/df4ca44d3fbc9301ee17f30f4d474e6ae4b05252/library/core/src/panicking.rs:75:14
[INFO] [stdout]   15:     0x5bc50e79bdd6 - core::result::unwrap_failed::h5e8218e4d4338b8a
[INFO] [stdout]                                at /rustc/df4ca44d3fbc9301ee17f30f4d474e6ae4b05252/library/core/src/result.rs:1698:5
[INFO] [stdout]   16:     0x5bc50e24b38c - rust_out::main::{{closure}}::h6aa186353edbc990
[INFO] [stdout]   17:     0x5bc50e246775 - tokio::park::thread::CachedParkThread::block_on::{{closure}}::h566a580047a186a1
[INFO] [stdout]   18:     0x5bc50e24607b - tokio::coop::with_budget::{{closure}}::hb67e00d1eb231bac
[INFO] [stdout]   19:     0x5bc50e2408ea - std::thread::local::LocalKey<T>::try_with::hc3a2e57afec92c96
[INFO] [stdout]   20:     0x5bc50e240586 - std::thread::local::LocalKey<T>::with::hb1189c5040a883cd
[INFO] [stdout]   21:     0x5bc50e2462f3 - tokio::park::thread::CachedParkThread::block_on::h264d3ccc96f5091e
[INFO] [stdout]   22:     0x5bc50e2483bb - tokio::runtime::enter::Enter::block_on::h47447f56cbe73ca8
[INFO] [stdout]   23:     0x5bc50e246987 - tokio::runtime::thread_pool::ThreadPool::block_on::h5893d62c01d6d2f9
[INFO] [stdout]   24:     0x5bc50e248569 - tokio::runtime::Runtime::block_on::hde817ea05a67b335
[INFO] [stdout]   25:     0x5bc50e24ae8d - rust_out::main::ha213a30daa5df4da
[INFO] [stdout]   26:     0x5bc50e240f43 - core::ops::function::FnOnce::call_once::hf7edf7132571051c
[INFO] [stdout]   27:     0x5bc50e2404b6 - std::sys::backtrace::__rust_begin_short_backtrace::h32fd822fd2ba4079
[INFO] [stdout]   28:     0x5bc50e240499 - std::rt::lang_start::{{closure}}::h4039a1c394ed4f7c
[INFO] [stdout]   29:     0x5bc50e772837 - core::ops::function::impls::<impl core::ops::function::FnOnce<A> for &F>::call_once::hd87d66b906e0ccaf
[INFO] [stdout]                                at /rustc/df4ca44d3fbc9301ee17f30f4d474e6ae4b05252/library/core/src/ops/function.rs:284:13
[INFO] [stdout]   30:     0x5bc50e772837 - std::panicking::try::do_call::hae3703de71fc9e3a
[INFO] [stdout]                                at /rustc/df4ca44d3fbc9301ee17f30f4d474e6ae4b05252/library/std/src/panicking.rs:557:40
[INFO] [stdout]   31:     0x5bc50e772837 - std::panicking::try::h1178330e9a2b2645
[INFO] [stdout]                                at /rustc/df4ca44d3fbc9301ee17f30f4d474e6ae4b05252/library/std/src/panicking.rs:520:19
[INFO] [stdout]   32:     0x5bc50e772837 - std::panic::catch_unwind::h0acf49d2305d32ad
[INFO] [stdout]                                at /rustc/df4ca44d3fbc9301ee17f30f4d474e6ae4b05252/library/std/src/panic.rs:358:14
[INFO] [stdout]   33:     0x5bc50e772837 - std::rt::lang_start_internal::{{closure}}::h2d95182d798177be
[INFO] [stdout]                                at /rustc/df4ca44d3fbc9301ee17f30f4d474e6ae4b05252/library/std/src/rt.rs:174:48
[INFO] [stdout]   34:     0x5bc50e772837 - std::panicking::try::do_call::hb506f5bfe11fd30c
[INFO] [stdout]                                at /rustc/df4ca44d3fbc9301ee17f30f4d474e6ae4b05252/library/std/src/panicking.rs:557:40
[INFO] [stdout]   35:     0x5bc50e772837 - std::panicking::try::h54d825c46bd0fa95
[INFO] [stdout]                                at /rustc/df4ca44d3fbc9301ee17f30f4d474e6ae4b05252/library/std/src/panicking.rs:520:19
[INFO] [stdout]   36:     0x5bc50e772837 - std::panic::catch_unwind::hffbb0ad20c4e9fac
[INFO] [stdout]                                at /rustc/df4ca44d3fbc9301ee17f30f4d474e6ae4b05252/library/std/src/panic.rs:358:14
[INFO] [stdout]   37:     0x5bc50e772837 - std::rt::lang_start_internal::h52c291ef1962c925
[INFO] [stdout]                                at /rustc/df4ca44d3fbc9301ee17f30f4d474e6ae4b05252/library/std/src/rt.rs:174:20
[INFO] [stdout]   38:     0x5bc50e240477 - std::rt::lang_start::h8c6075cd6f225ba1
[INFO] [stdout]   39:     0x5bc50e24b455 - main
[INFO] [stdout]   40:     0x75f3cb3aed90 - <unknown>
[INFO] [stdout]   41:     0x75f3cb3aee40 - __libc_start_main
[INFO] [stdout]   42:     0x5bc50e23d645 - _start
[INFO] [stdout]   43:                0x0 - <unknown>
[INFO] [stdout] 
[INFO] [stdout] 
[INFO] [stdout] 
[INFO] [stdout] failures:
[INFO] [stdout]     src/../README.md - (line 45)
[INFO] [stdout] 
[INFO] [stdout] test result: FAILED. 54 passed; 1 failed; 0 ignored; 0 measured; 0 filtered out; finished in 2.86s
[INFO] [stdout] 
[INFO] [stderr] error: doctest failed, to rerun pass `--doc`
[INFO] running `Command { std: "docker" "inspect" "a7b7d99bb90221a9fe1477755fd20c9b67130a129b19f1f230f5a3415c473fef", kill_on_drop: false }`
[INFO] running `Command { std: "docker" "rm" "-f" "a7b7d99bb90221a9fe1477755fd20c9b67130a129b19f1f230f5a3415c473fef", kill_on_drop: false }`
[INFO] [stdout] a7b7d99bb90221a9fe1477755fd20c9b67130a129b19f1f230f5a3415c473fef
