[INFO] fetching crate azalea-world 0.10.3+mc1.21.1...
[INFO] testing azalea-world-0.10.3+mc1.21.1 against nightly-2024-10-28+rustflags=-Zrandomize-layout for randomize-layout
[INFO] extracting crate azalea-world 0.10.3+mc1.21.1 into /workspace/builds/worker-5-tc2/source
[INFO] validating manifest of crates.io crate azalea-world 0.10.3+mc1.21.1 on toolchain nightly-2024-10-28
[INFO] running `Command { std: CARGO_HOME="/workspace/cargo-home" RUSTUP_HOME="/workspace/rustup-home" "/workspace/cargo-home/bin/cargo" "+nightly-2024-10-28" "metadata" "--manifest-path" "Cargo.toml" "--no-deps", kill_on_drop: false }`
[INFO] started tweaking crates.io crate azalea-world 0.10.3+mc1.21.1
[INFO] finished tweaking crates.io crate azalea-world 0.10.3+mc1.21.1
[INFO] tweaked toml for crates.io crate azalea-world 0.10.3+mc1.21.1 written to /workspace/builds/worker-5-tc2/source/Cargo.toml
[INFO] running `Command { std: CARGO_HOME="/workspace/cargo-home" RUSTUP_HOME="/workspace/rustup-home" "/workspace/cargo-home/bin/cargo" "+nightly-2024-10-28" "generate-lockfile" "--manifest-path" "Cargo.toml", kill_on_drop: false }`
[INFO] [stderr]     Updating crates.io index
[INFO] [stderr]     Blocking waiting for file lock on package cache
[INFO] [stderr]      Locking 152 packages to latest compatible versions
[INFO] [stderr]       Adding bevy_ecs v0.13.2 (available: v0.14.2)
[INFO] [stderr]       Adding derive_more v0.99.18 (available: v1.0.0)
[INFO] running `Command { std: CARGO_HOME="/workspace/cargo-home" RUSTUP_HOME="/workspace/rustup-home" "/workspace/cargo-home/bin/cargo" "+nightly-2024-10-28" "fetch" "--manifest-path" "Cargo.toml", kill_on_drop: false }`
[INFO] [stderr]     Blocking waiting for file lock on package cache
[INFO] [stderr]     Blocking waiting for file lock on package cache
[INFO] running `Command { std: "docker" "create" "-v" "/var/lib/crater-agent-workspace/builds/worker-5-tc2/target:/opt/rustwide/target:rw,Z" "-v" "/var/lib/crater-agent-workspace/builds/worker-5-tc2/source:/opt/rustwide/workdir:ro,Z" "-v" "/var/lib/crater-agent-workspace/cargo-home:/opt/rustwide/cargo-home:ro,Z" "-v" "/var/lib/crater-agent-workspace/rustup-home:/opt/rustwide/rustup-home:ro,Z" "-e" "SOURCE_DIR=/opt/rustwide/workdir" "-e" "CARGO_TARGET_DIR=/opt/rustwide/target" "-e" "CARGO_HOME=/opt/rustwide/cargo-home" "-e" "RUSTUP_HOME=/opt/rustwide/rustup-home" "-w" "/opt/rustwide/workdir" "-m" "1610612736" "--user" "0:0" "--network" "none" "ghcr.io/rust-lang/crates-build-env/linux@sha256:4a844ea9eb2546a2d2c7022eacef16ef2e8229c7fbb2c7d4d55a9ceca922f72d" "/opt/rustwide/cargo-home/bin/cargo" "+nightly-2024-10-28" "metadata" "--no-deps" "--format-version=1", kill_on_drop: false }`
[INFO] [stdout] c38c7fd7d8ce179d2cc3f840d18d2aca5154953c042c3eb48ccd770e3fd58e46
[INFO] running `Command { std: "docker" "start" "-a" "c38c7fd7d8ce179d2cc3f840d18d2aca5154953c042c3eb48ccd770e3fd58e46", kill_on_drop: false }`
[INFO] running `Command { std: "docker" "inspect" "c38c7fd7d8ce179d2cc3f840d18d2aca5154953c042c3eb48ccd770e3fd58e46", kill_on_drop: false }`
[INFO] running `Command { std: "docker" "rm" "-f" "c38c7fd7d8ce179d2cc3f840d18d2aca5154953c042c3eb48ccd770e3fd58e46", kill_on_drop: false }`
[INFO] [stdout] c38c7fd7d8ce179d2cc3f840d18d2aca5154953c042c3eb48ccd770e3fd58e46
[INFO] running `Command { std: "docker" "create" "-v" "/var/lib/crater-agent-workspace/builds/worker-5-tc2/target:/opt/rustwide/target:rw,Z" "-v" "/var/lib/crater-agent-workspace/builds/worker-5-tc2/source:/opt/rustwide/workdir:ro,Z" "-v" "/var/lib/crater-agent-workspace/cargo-home:/opt/rustwide/cargo-home:ro,Z" "-v" "/var/lib/crater-agent-workspace/rustup-home:/opt/rustwide/rustup-home:ro,Z" "-e" "SOURCE_DIR=/opt/rustwide/workdir" "-e" "CARGO_TARGET_DIR=/opt/rustwide/target" "-e" "CARGO_INCREMENTAL=0" "-e" "RUST_BACKTRACE=full" "-e" "RUSTFLAGS=--cap-lints=forbid -Zrandomize-layout" "-e" "RUSTDOCFLAGS=--cap-lints=forbid" "-e" "CARGO_HOME=/opt/rustwide/cargo-home" "-e" "RUSTUP_HOME=/opt/rustwide/rustup-home" "-w" "/opt/rustwide/workdir" "-m" "1610612736" "--user" "0:0" "--network" "none" "ghcr.io/rust-lang/crates-build-env/linux@sha256:4a844ea9eb2546a2d2c7022eacef16ef2e8229c7fbb2c7d4d55a9ceca922f72d" "/opt/rustwide/cargo-home/bin/cargo" "+nightly-2024-10-28" "build" "--frozen" "--message-format=json", kill_on_drop: false }`
[INFO] [stdout] 4d9f4fad2b0a9d305df790235a92924c9d32ef7a7a38614ea5c819dce72d6a93
[INFO] running `Command { std: "docker" "start" "-a" "4d9f4fad2b0a9d305df790235a92924c9d32ef7a7a38614ea5c819dce72d6a93", kill_on_drop: false }`
[INFO] [stderr]    Compiling serde v1.0.214
[INFO] [stderr]    Compiling crossbeam-utils v0.8.20
[INFO] [stderr]    Compiling libc v0.2.161
[INFO] [stderr]    Compiling parking v2.2.1
[INFO] [stderr]    Compiling toml_datetime v0.6.8
[INFO] [stderr]    Compiling adler2 v2.0.0
[INFO] [stderr]    Compiling winnow v0.5.40
[INFO] [stderr]    Compiling byteorder v1.5.0
[INFO] [stderr]    Compiling typeid v1.0.2
[INFO] [stderr]    Compiling futures-core v0.3.31
[INFO] [stderr]    Compiling cesu8 v1.1.0
[INFO] [stderr]    Compiling rustc-hash v1.1.0
[INFO] [stderr]    Compiling simdutf8 v0.1.5
[INFO] [stderr]    Compiling thiserror-impl v1.0.66
[INFO] [stderr]    Compiling simd_cesu8 v1.0.1
[INFO] [stderr]    Compiling zerocopy v0.7.35
[INFO] [stderr]    Compiling miniz_oxide v0.8.0
[INFO] [stderr]    Compiling simdnbt-derive v0.6.0
[INFO] [stderr]    Compiling fixedbitset v0.4.2
[INFO] [stderr]    Compiling futures-lite v2.4.0
[INFO] [stderr]    Compiling azalea-buf-macros v0.10.3+mc1.21.1
[INFO] [stderr]    Compiling valence_nbt v0.8.0
[INFO] [stderr]    Compiling petgraph v0.6.5
[INFO] [stderr]    Compiling bevy_utils_proc_macros v0.13.2
[INFO] [stderr]    Compiling nonmax v0.5.5
[INFO] [stderr]    Compiling web-time v0.2.4
[INFO] [stderr]    Compiling ahash v0.8.11
[INFO] [stderr]    Compiling async-task v4.7.1
[INFO] [stderr]    Compiling azalea-registry-macros v0.10.3+mc1.21.1
[INFO] [stderr]    Compiling num-traits v0.2.19
[INFO] [stderr]    Compiling concurrent-queue v2.5.0
[INFO] [stderr]    Compiling downcast-rs v1.2.1
[INFO] [stderr]    Compiling serde_json v1.0.132
[INFO] [stderr]    Compiling bevy_ptr v0.13.2
[INFO] [stderr]    Compiling memchr v2.7.4
[INFO] [stderr]    Compiling azalea-block-macros v0.10.3+mc1.21.1
[INFO] [stderr]    Compiling convert_case v0.4.0
[INFO] [stderr]    Compiling event-listener v5.3.1
[INFO] [stderr]    Compiling nohash-hasher v0.2.0
[INFO] [stderr]    Compiling rustc-hash v2.0.0
[INFO] [stderr]    Compiling flate2 v1.0.34
[INFO] [stderr]    Compiling event-listener-strategy v0.5.2
[INFO] [stderr]    Compiling derive_more v0.99.18
[INFO] [stderr]    Compiling async-channel v2.3.1
[INFO] [stderr]    Compiling thiserror v1.0.66
[INFO] [stderr]    Compiling simdnbt v0.6.1
[INFO] [stderr]    Compiling getrandom v0.2.15
[INFO] [stderr]    Compiling async-executor v1.13.1
[INFO] [stderr]    Compiling uuid v1.11.0
[INFO] [stderr]    Compiling bevy_tasks v0.13.2
[INFO] [stderr]    Compiling toml_edit v0.21.1
[INFO] [stderr]    Compiling smallvec v1.13.2
[INFO] [stderr]    Compiling hashbrown v0.14.5
[INFO] [stderr]    Compiling erased-serde v0.4.5
[INFO] [stderr]    Compiling bevy_macro_utils v0.13.2
[INFO] [stderr]    Compiling parking_lot_core v0.9.10
[INFO] [stderr]    Compiling azalea-buf v0.10.3+mc1.21.1
[INFO] [stderr]    Compiling parking_lot v0.12.3
[INFO] [stderr]    Compiling azalea-registry v0.10.3+mc1.21.1
[INFO] [stderr]    Compiling bevy_reflect_derive v0.13.2
[INFO] [stderr]    Compiling bevy_ecs_macros v0.13.2
[INFO] [stderr]    Compiling bevy_utils v0.13.2
[INFO] [stderr]    Compiling bevy_reflect v0.13.2
[INFO] [stderr]    Compiling bevy_ecs v0.13.2
[INFO] [stderr]    Compiling azalea-block v0.10.3+mc1.21.1
[INFO] [stderr]    Compiling azalea-core v0.10.3+mc1.21.1
[INFO] [stderr]    Compiling azalea-world v0.10.3+mc1.21.1 (/opt/rustwide/workdir)
[INFO] [stderr]     Finished `dev` profile [unoptimized + debuginfo] target(s) in 36.46s
[INFO] running `Command { std: "docker" "inspect" "4d9f4fad2b0a9d305df790235a92924c9d32ef7a7a38614ea5c819dce72d6a93", kill_on_drop: false }`
[INFO] running `Command { std: "docker" "rm" "-f" "4d9f4fad2b0a9d305df790235a92924c9d32ef7a7a38614ea5c819dce72d6a93", kill_on_drop: false }`
[INFO] [stdout] 4d9f4fad2b0a9d305df790235a92924c9d32ef7a7a38614ea5c819dce72d6a93
[INFO] running `Command { std: "docker" "create" "-v" "/var/lib/crater-agent-workspace/builds/worker-5-tc2/target:/opt/rustwide/target:rw,Z" "-v" "/var/lib/crater-agent-workspace/builds/worker-5-tc2/source:/opt/rustwide/workdir:ro,Z" "-v" "/var/lib/crater-agent-workspace/cargo-home:/opt/rustwide/cargo-home:ro,Z" "-v" "/var/lib/crater-agent-workspace/rustup-home:/opt/rustwide/rustup-home:ro,Z" "-e" "SOURCE_DIR=/opt/rustwide/workdir" "-e" "CARGO_TARGET_DIR=/opt/rustwide/target" "-e" "CARGO_INCREMENTAL=0" "-e" "RUST_BACKTRACE=full" "-e" "RUSTFLAGS=--cap-lints=forbid -Zrandomize-layout" "-e" "RUSTDOCFLAGS=--cap-lints=forbid" "-e" "CARGO_HOME=/opt/rustwide/cargo-home" "-e" "RUSTUP_HOME=/opt/rustwide/rustup-home" "-w" "/opt/rustwide/workdir" "-m" "1610612736" "--user" "0:0" "--network" "none" "ghcr.io/rust-lang/crates-build-env/linux@sha256:4a844ea9eb2546a2d2c7022eacef16ef2e8229c7fbb2c7d4d55a9ceca922f72d" "/opt/rustwide/cargo-home/bin/cargo" "+nightly-2024-10-28" "test" "--frozen" "--no-run" "--message-format=json", kill_on_drop: false }`
[INFO] [stdout] 0131bc596aaecc50151df3e5ac09ce611563b06f63a4f46b99ceb5c3e22d31c0
[INFO] running `Command { std: "docker" "start" "-a" "0131bc596aaecc50151df3e5ac09ce611563b06f63a4f46b99ceb5c3e22d31c0", kill_on_drop: false }`
[INFO] [stderr]    Compiling serde v1.0.214
[INFO] [stderr]    Compiling concurrent-queue v2.5.0
[INFO] [stderr]    Compiling either v1.13.0
[INFO] [stderr]    Compiling half v2.4.1
[INFO] [stderr]    Compiling plotters-backend v0.3.7
[INFO] [stderr]    Compiling anstyle v1.0.9
[INFO] [stderr]    Compiling clap_lex v0.7.2
[INFO] [stderr]    Compiling regex-syntax v0.8.5
[INFO] [stderr]    Compiling ciborium-io v0.2.2
[INFO] [stderr]    Compiling cast v0.3.0
[INFO] [stderr]    Compiling rayon-core v1.12.1
[INFO] [stderr]    Compiling same-file v1.0.6
[INFO] [stderr]    Compiling is-terminal v0.4.13
[INFO] [stderr]    Compiling oorandom v11.1.4
[INFO] [stderr]    Compiling anes v0.1.6
[INFO] [stderr]    Compiling walkdir v2.5.0
[INFO] [stderr]    Compiling clap_builder v4.5.20
[INFO] [stderr]    Compiling event-listener v5.3.1
[INFO] [stderr]    Compiling async-executor v1.13.1
[INFO] [stderr]    Compiling itertools v0.10.5
[INFO] [stderr]    Compiling plotters-svg v0.3.7
[INFO] [stderr]    Compiling ciborium-ll v0.2.2
[INFO] [stderr]    Compiling plotters v0.3.7
[INFO] [stderr]    Compiling event-listener-strategy v0.5.2
[INFO] [stderr]    Compiling rayon v1.10.0
[INFO] [stderr]    Compiling async-channel v2.3.1
[INFO] [stderr]    Compiling bevy_tasks v0.13.2
[INFO] [stderr]    Compiling regex-automata v0.4.8
[INFO] [stderr]    Compiling criterion-plot v0.5.0
[INFO] [stderr]    Compiling clap v4.5.20
[INFO] [stderr]    Compiling regex v1.11.1
[INFO] [stderr]    Compiling uuid v1.11.0
[INFO] [stderr]    Compiling smallvec v1.13.2
[INFO] [stderr]    Compiling hashbrown v0.14.5
[INFO] [stderr]    Compiling serde_json v1.0.132
[INFO] [stderr]    Compiling erased-serde v0.4.5
[INFO] [stderr]    Compiling ciborium v0.2.2
[INFO] [stderr]    Compiling parking_lot_core v0.9.10
[INFO] [stderr]    Compiling azalea-buf v0.10.3+mc1.21.1
[INFO] [stderr]    Compiling parking_lot v0.12.3
[INFO] [stderr]    Compiling bevy_utils v0.13.2
[INFO] [stderr]    Compiling azalea-registry v0.10.3+mc1.21.1
[INFO] [stderr]    Compiling bevy_reflect v0.13.2
[INFO] [stderr]    Compiling tinytemplate v1.2.1
[INFO] [stderr]    Compiling criterion v0.5.1
[INFO] [stderr]    Compiling bevy_ecs v0.13.2
[INFO] [stderr]    Compiling azalea-block v0.10.3+mc1.21.1
[INFO] [stderr]    Compiling azalea-core v0.10.3+mc1.21.1
[INFO] [stderr]    Compiling azalea-world v0.10.3+mc1.21.1 (/opt/rustwide/workdir)
[INFO] [stderr]     Finished `test` profile [unoptimized + debuginfo] target(s) in 35.91s
[INFO] running `Command { std: "docker" "inspect" "0131bc596aaecc50151df3e5ac09ce611563b06f63a4f46b99ceb5c3e22d31c0", kill_on_drop: false }`
[INFO] running `Command { std: "docker" "rm" "-f" "0131bc596aaecc50151df3e5ac09ce611563b06f63a4f46b99ceb5c3e22d31c0", kill_on_drop: false }`
[INFO] [stdout] 0131bc596aaecc50151df3e5ac09ce611563b06f63a4f46b99ceb5c3e22d31c0
[INFO] running `Command { std: "docker" "create" "-v" "/var/lib/crater-agent-workspace/builds/worker-5-tc2/target:/opt/rustwide/target:rw,Z" "-v" "/var/lib/crater-agent-workspace/builds/worker-5-tc2/source:/opt/rustwide/workdir:ro,Z" "-v" "/var/lib/crater-agent-workspace/cargo-home:/opt/rustwide/cargo-home:ro,Z" "-v" "/var/lib/crater-agent-workspace/rustup-home:/opt/rustwide/rustup-home:ro,Z" "-e" "SOURCE_DIR=/opt/rustwide/workdir" "-e" "CARGO_TARGET_DIR=/opt/rustwide/target" "-e" "CARGO_INCREMENTAL=0" "-e" "RUST_BACKTRACE=full" "-e" "RUSTFLAGS=--cap-lints=forbid -Zrandomize-layout" "-e" "RUSTDOCFLAGS=--cap-lints=forbid" "-e" "CARGO_HOME=/opt/rustwide/cargo-home" "-e" "RUSTUP_HOME=/opt/rustwide/rustup-home" "-w" "/opt/rustwide/workdir" "-m" "1610612736" "--user" "0:0" "--network" "none" "ghcr.io/rust-lang/crates-build-env/linux@sha256:4a844ea9eb2546a2d2c7022eacef16ef2e8229c7fbb2c7d4d55a9ceca922f72d" "/opt/rustwide/cargo-home/bin/cargo" "+nightly-2024-10-28" "test" "--frozen", kill_on_drop: false }`
[INFO] [stdout] dae7ab8f9a9c6d1de4942b6213c72d4a6b8bf6c6c161174cd47fa0fc09a23616
[INFO] running `Command { std: "docker" "start" "-a" "dae7ab8f9a9c6d1de4942b6213c72d4a6b8bf6c6c161174cd47fa0fc09a23616", kill_on_drop: false }`
[INFO] [stderr]     Finished `test` profile [unoptimized + debuginfo] target(s) in 0.10s
[INFO] [stderr]      Running unittests src/lib.rs (/opt/rustwide/target/debug/deps/azalea_world-0496c169556a9074)
[INFO] [stdout] 
[INFO] [stdout] running 9 tests
[INFO] [stdout] test bit_storage::tests::test_wikivg_example ... ok
[INFO] [stdout] test chunk_storage::tests::test_chunk_pos_from_index ... ok
[INFO] [stdout] test chunk_storage::tests::test_section_index ... ok
[INFO] [stdout] test chunk_storage::tests::test_out_of_bounds_y ... ok
[INFO] [stdout] test palette::tests::test_coords_from_index ... ok
[INFO] [stdout] test palette::tests::test_resize_0_bits_to_1 ... ok
[INFO] [stdout] test palette::tests::test_resize_0_bits_to_5 ... ok
[INFO] [stdout] test find_blocks::tests::find_block ... ok
[INFO] [stdout] test find_blocks::tests::find_block_next_to_chunk_border ... ok
[INFO] [stdout] 
[INFO] [stdout] test result: ok. 9 passed; 0 failed; 0 ignored; 0 measured; 0 filtered out; finished in 0.01s
[INFO] [stdout] 
[INFO] [stderr]    Doc-tests azalea_world
[INFO] [stdout] 
[INFO] [stdout] running 5 tests
[INFO] [stdout] test src/find_blocks.rs - find_blocks::Instance::find_block (line 25) ... FAILED
[INFO] [stdout] test src/iterators.rs - iterators::SquareChunkIterator (line 83) ... ok
[INFO] [stdout] test src/iterators.rs - iterators::BlockIterator (line 8) ... ok
[INFO] [stdout] test src/iterators.rs - iterators::ChunkIterator (line 171) ... ok
[INFO] [stdout] test src/iterators.rs - iterators::SquareChunkIterator::set_max_distance (line 120) ... ok
[INFO] [stdout] 
[INFO] [stdout] failures:
[INFO] [stdout] 
[INFO] [stdout] ---- src/find_blocks.rs - find_blocks::Instance::find_block (line 25) stdout ----
[INFO] [stdout] error[E0433]: failed to resolve: use of undeclared crate or module `azalea_client`
[INFO] [stdout]  --> src/find_blocks.rs:26:21
[INFO] [stdout]   |
[INFO] [stdout] 3 | fn example(client: &azalea_client::Client) {
[INFO] [stdout]   |                     ^^^^^^^^^^^^^ use of undeclared crate or module `azalea_client`
[INFO] [stdout]   |
[INFO] [stdout] help: there is a crate or module with a similar name
[INFO] [stdout]   |
[INFO] [stdout] 3 | fn example(client: &azalea_core::Client) {
[INFO] [stdout]   |                     ~~~~~~~~~~~
[INFO] [stdout] 
[INFO] [stdout] error: aborting due to 1 previous error
[INFO] [stdout] 
[INFO] [stdout] For more information about this error, try `rustc --explain E0433`.
[INFO] [stdout] Couldn't compile the test.
[INFO] [stdout] 
[INFO] [stdout] failures:
[INFO] [stdout]     src/find_blocks.rs - find_blocks::Instance::find_block (line 25)
[INFO] [stdout] 
[INFO] [stdout] test result: FAILED. 4 passed; 1 failed; 0 ignored; 0 measured; 0 filtered out; finished in 0.45s
[INFO] [stdout] 
[INFO] [stderr] error: doctest failed, to rerun pass `--doc`
[INFO] running `Command { std: "docker" "inspect" "dae7ab8f9a9c6d1de4942b6213c72d4a6b8bf6c6c161174cd47fa0fc09a23616", kill_on_drop: false }`
[INFO] running `Command { std: "docker" "rm" "-f" "dae7ab8f9a9c6d1de4942b6213c72d4a6b8bf6c6c161174cd47fa0fc09a23616", kill_on_drop: false }`
[INFO] [stdout] dae7ab8f9a9c6d1de4942b6213c72d4a6b8bf6c6c161174cd47fa0fc09a23616
