[INFO] fetching crate axum-sqlite 0.1.0...
[INFO] testing axum-sqlite-0.1.0 against nightly-2024-10-28+rustflags=-Zrandomize-layout for randomize-layout
[INFO] extracting crate axum-sqlite 0.1.0 into /workspace/builds/worker-2-tc2/source
[INFO] validating manifest of crates.io crate axum-sqlite 0.1.0 on toolchain nightly-2024-10-28
[INFO] running `Command { std: CARGO_HOME="/workspace/cargo-home" RUSTUP_HOME="/workspace/rustup-home" "/workspace/cargo-home/bin/cargo" "+nightly-2024-10-28" "metadata" "--manifest-path" "Cargo.toml" "--no-deps", kill_on_drop: false }`
[INFO] started tweaking crates.io crate axum-sqlite 0.1.0
[INFO] finished tweaking crates.io crate axum-sqlite 0.1.0
[INFO] tweaked toml for crates.io crate axum-sqlite 0.1.0 written to /workspace/builds/worker-2-tc2/source/Cargo.toml
[INFO] running `Command { std: CARGO_HOME="/workspace/cargo-home" RUSTUP_HOME="/workspace/rustup-home" "/workspace/cargo-home/bin/cargo" "+nightly-2024-10-28" "generate-lockfile" "--manifest-path" "Cargo.toml", kill_on_drop: false }`
[INFO] [stderr]     Updating crates.io index
[INFO] [stderr]      Locking 94 packages to latest compatible versions
[INFO] [stderr]       Adding axum v0.5.17 (available: v0.7.7)
[INFO] [stderr]       Adding r2d2_sqlite v0.20.0 (available: v0.25.0)
[INFO] running `Command { std: CARGO_HOME="/workspace/cargo-home" RUSTUP_HOME="/workspace/rustup-home" "/workspace/cargo-home/bin/cargo" "+nightly-2024-10-28" "fetch" "--manifest-path" "Cargo.toml", kill_on_drop: false }`
[INFO] running `Command { std: "docker" "create" "-v" "/var/lib/crater-agent-workspace/builds/worker-2-tc2/target:/opt/rustwide/target:rw,Z" "-v" "/var/lib/crater-agent-workspace/builds/worker-2-tc2/source:/opt/rustwide/workdir:ro,Z" "-v" "/var/lib/crater-agent-workspace/cargo-home:/opt/rustwide/cargo-home:ro,Z" "-v" "/var/lib/crater-agent-workspace/rustup-home:/opt/rustwide/rustup-home:ro,Z" "-e" "SOURCE_DIR=/opt/rustwide/workdir" "-e" "CARGO_TARGET_DIR=/opt/rustwide/target" "-e" "CARGO_HOME=/opt/rustwide/cargo-home" "-e" "RUSTUP_HOME=/opt/rustwide/rustup-home" "-w" "/opt/rustwide/workdir" "-m" "1610612736" "--user" "0:0" "--network" "none" "ghcr.io/rust-lang/crates-build-env/linux@sha256:4a844ea9eb2546a2d2c7022eacef16ef2e8229c7fbb2c7d4d55a9ceca922f72d" "/opt/rustwide/cargo-home/bin/cargo" "+nightly-2024-10-28" "metadata" "--no-deps" "--format-version=1", kill_on_drop: false }`
[INFO] [stdout] 414568a640245705f13a2749cfa0300477d1d477cb70eb5b824028d48aef89b5
[INFO] running `Command { std: "docker" "start" "-a" "414568a640245705f13a2749cfa0300477d1d477cb70eb5b824028d48aef89b5", kill_on_drop: false }`
[INFO] running `Command { std: "docker" "inspect" "414568a640245705f13a2749cfa0300477d1d477cb70eb5b824028d48aef89b5", kill_on_drop: false }`
[INFO] running `Command { std: "docker" "rm" "-f" "414568a640245705f13a2749cfa0300477d1d477cb70eb5b824028d48aef89b5", kill_on_drop: false }`
[INFO] [stdout] 414568a640245705f13a2749cfa0300477d1d477cb70eb5b824028d48aef89b5
[INFO] running `Command { std: "docker" "create" "-v" "/var/lib/crater-agent-workspace/builds/worker-2-tc2/target:/opt/rustwide/target:rw,Z" "-v" "/var/lib/crater-agent-workspace/builds/worker-2-tc2/source:/opt/rustwide/workdir:ro,Z" "-v" "/var/lib/crater-agent-workspace/cargo-home:/opt/rustwide/cargo-home:ro,Z" "-v" "/var/lib/crater-agent-workspace/rustup-home:/opt/rustwide/rustup-home:ro,Z" "-e" "SOURCE_DIR=/opt/rustwide/workdir" "-e" "CARGO_TARGET_DIR=/opt/rustwide/target" "-e" "CARGO_INCREMENTAL=0" "-e" "RUST_BACKTRACE=full" "-e" "RUSTFLAGS=--cap-lints=forbid -Zrandomize-layout" "-e" "RUSTDOCFLAGS=--cap-lints=forbid" "-e" "CARGO_HOME=/opt/rustwide/cargo-home" "-e" "RUSTUP_HOME=/opt/rustwide/rustup-home" "-w" "/opt/rustwide/workdir" "-m" "1610612736" "--user" "0:0" "--network" "none" "ghcr.io/rust-lang/crates-build-env/linux@sha256:4a844ea9eb2546a2d2c7022eacef16ef2e8229c7fbb2c7d4d55a9ceca922f72d" "/opt/rustwide/cargo-home/bin/cargo" "+nightly-2024-10-28" "build" "--frozen" "--message-format=json", kill_on_drop: false }`
[INFO] [stdout] 0e78f8b1a9800db45bb78696b0819b13a36ec5e956fabfda94776f2a1da7caa7
[INFO] running `Command { std: "docker" "start" "-a" "0e78f8b1a9800db45bb78696b0819b13a36ec5e956fabfda94776f2a1da7caa7", kill_on_drop: false }`
[INFO] [stderr]    Compiling log v0.4.22
[INFO] [stderr]    Compiling version_check v0.9.5
[INFO] [stderr]    Compiling smallvec v1.13.2
[INFO] [stderr]    Compiling parking_lot_core v0.9.10
[INFO] [stderr]    Compiling futures-task v0.3.31
[INFO] [stderr]    Compiling lock_api v0.4.12
[INFO] [stderr]    Compiling mio v1.0.2
[INFO] [stderr]    Compiling getrandom v0.2.15
[INFO] [stderr]    Compiling http v0.2.12
[INFO] [stderr]    Compiling socket2 v0.5.7
[INFO] [stderr]    Compiling tracing-core v0.1.32
[INFO] [stderr]    Compiling tower-service v0.3.3
[INFO] [stderr]    Compiling pkg-config v0.3.31
[INFO] [stderr]    Compiling scopeguard v1.2.0
[INFO] [stderr]    Compiling vcpkg v0.2.15
[INFO] [stderr]    Compiling syn v2.0.86
[INFO] [stderr]    Compiling httparse v1.9.5
[INFO] [stderr]    Compiling bitflags v1.3.2
[INFO] [stderr]    Compiling tower-layer v0.3.3
[INFO] [stderr]    Compiling futures-util v0.3.31
[INFO] [stderr]    Compiling memchr v2.7.4
[INFO] [stderr]    Compiling try-lock v0.2.5
[INFO] [stderr]    Compiling serde v1.0.214
[INFO] [stderr]    Compiling want v0.3.1
[INFO] [stderr]    Compiling futures-channel v0.3.31
[INFO] [stderr]    Compiling ahash v0.7.8
[INFO] [stderr]    Compiling httpdate v1.0.3
[INFO] [stderr]    Compiling tokio v1.41.0
[INFO] [stderr]    Compiling tracing v0.1.40
[INFO] [stderr]    Compiling parking_lot v0.12.3
[INFO] [stderr]    Compiling fallible-iterator v0.2.0
[INFO] [stderr]    Compiling fallible-streaming-iterator v0.1.9
[INFO] [stderr]    Compiling scheduled-thread-pool v0.2.7
[INFO] [stderr]    Compiling mime v0.3.17
[INFO] [stderr]    Compiling hashbrown v0.11.2
[INFO] [stderr]    Compiling http-range-header v0.3.1
[INFO] [stderr]    Compiling sync_wrapper v0.1.2
[INFO] [stderr]    Compiling r2d2 v0.8.10
[INFO] [stderr]    Compiling matchit v0.5.0
[INFO] [stderr]    Compiling percent-encoding v2.3.1
[INFO] [stderr]    Compiling libsqlite3-sys v0.24.2
[INFO] [stderr]    Compiling http-body v0.4.6
[INFO] [stderr]    Compiling hashlink v0.7.0
[INFO] [stderr]    Compiling rusqlite v0.27.0
[INFO] [stderr]    Compiling r2d2_sqlite v0.20.0
[INFO] [stderr]    Compiling pin-project-internal v1.1.7
[INFO] [stderr]    Compiling async-trait v0.1.83
[INFO] [stderr]    Compiling hyper v0.14.31
[INFO] [stderr]    Compiling axum-core v0.2.9
[INFO] [stderr]    Compiling pin-project v1.1.7
[INFO] [stderr]    Compiling tower v0.4.13
[INFO] [stderr]    Compiling tower-http v0.3.5
[INFO] [stderr]    Compiling axum v0.5.17
[INFO] [stderr]    Compiling axum-sqlite v0.1.0 (/opt/rustwide/workdir)
[INFO] [stderr]     Finished `dev` profile [unoptimized + debuginfo] target(s) in 5.52s
[INFO] running `Command { std: "docker" "inspect" "0e78f8b1a9800db45bb78696b0819b13a36ec5e956fabfda94776f2a1da7caa7", kill_on_drop: false }`
[INFO] running `Command { std: "docker" "rm" "-f" "0e78f8b1a9800db45bb78696b0819b13a36ec5e956fabfda94776f2a1da7caa7", kill_on_drop: false }`
[INFO] [stdout] 0e78f8b1a9800db45bb78696b0819b13a36ec5e956fabfda94776f2a1da7caa7
[INFO] running `Command { std: "docker" "create" "-v" "/var/lib/crater-agent-workspace/builds/worker-2-tc2/target:/opt/rustwide/target:rw,Z" "-v" "/var/lib/crater-agent-workspace/builds/worker-2-tc2/source:/opt/rustwide/workdir:ro,Z" "-v" "/var/lib/crater-agent-workspace/cargo-home:/opt/rustwide/cargo-home:ro,Z" "-v" "/var/lib/crater-agent-workspace/rustup-home:/opt/rustwide/rustup-home:ro,Z" "-e" "SOURCE_DIR=/opt/rustwide/workdir" "-e" "CARGO_TARGET_DIR=/opt/rustwide/target" "-e" "CARGO_INCREMENTAL=0" "-e" "RUST_BACKTRACE=full" "-e" "RUSTFLAGS=--cap-lints=forbid -Zrandomize-layout" "-e" "RUSTDOCFLAGS=--cap-lints=forbid" "-e" "CARGO_HOME=/opt/rustwide/cargo-home" "-e" "RUSTUP_HOME=/opt/rustwide/rustup-home" "-w" "/opt/rustwide/workdir" "-m" "1610612736" "--user" "0:0" "--network" "none" "ghcr.io/rust-lang/crates-build-env/linux@sha256:4a844ea9eb2546a2d2c7022eacef16ef2e8229c7fbb2c7d4d55a9ceca922f72d" "/opt/rustwide/cargo-home/bin/cargo" "+nightly-2024-10-28" "test" "--frozen" "--no-run" "--message-format=json", kill_on_drop: false }`
[INFO] [stdout] dffdc5c7b4d1abd9bbfa6565bca227c0f6d58a2feec92f24064d1f5d5ce26a23
[INFO] running `Command { std: "docker" "start" "-a" "dffdc5c7b4d1abd9bbfa6565bca227c0f6d58a2feec92f24064d1f5d5ce26a23", kill_on_drop: false }`
[INFO] [stderr]    Compiling signal-hook-registry v1.4.2
[INFO] [stderr]    Compiling serde_json v1.0.132
[INFO] [stderr]    Compiling form_urlencoded v1.2.1
[INFO] [stderr]    Compiling syn v2.0.86
[INFO] [stderr]    Compiling serde_urlencoded v0.7.1
[INFO] [stderr]    Compiling tokio-macros v2.4.0
[INFO] [stderr]    Compiling pin-project-internal v1.1.7
[INFO] [stderr]    Compiling async-trait v0.1.83
[INFO] [stderr]    Compiling tokio v1.41.0
[INFO] [stderr]    Compiling axum-core v0.2.9
[INFO] [stderr]    Compiling pin-project v1.1.7
[INFO] [stderr]    Compiling tower v0.4.13
[INFO] [stderr]    Compiling hyper v0.14.31
[INFO] [stderr]    Compiling tower-http v0.3.5
[INFO] [stderr]    Compiling axum v0.5.17
[INFO] [stderr]    Compiling axum-sqlite v0.1.0 (/opt/rustwide/workdir)
[INFO] [stderr]     Finished `test` profile [unoptimized + debuginfo] target(s) in 8.73s
[INFO] running `Command { std: "docker" "inspect" "dffdc5c7b4d1abd9bbfa6565bca227c0f6d58a2feec92f24064d1f5d5ce26a23", kill_on_drop: false }`
[INFO] running `Command { std: "docker" "rm" "-f" "dffdc5c7b4d1abd9bbfa6565bca227c0f6d58a2feec92f24064d1f5d5ce26a23", kill_on_drop: false }`
[INFO] [stdout] dffdc5c7b4d1abd9bbfa6565bca227c0f6d58a2feec92f24064d1f5d5ce26a23
[INFO] running `Command { std: "docker" "create" "-v" "/var/lib/crater-agent-workspace/builds/worker-2-tc2/target:/opt/rustwide/target:rw,Z" "-v" "/var/lib/crater-agent-workspace/builds/worker-2-tc2/source:/opt/rustwide/workdir:ro,Z" "-v" "/var/lib/crater-agent-workspace/cargo-home:/opt/rustwide/cargo-home:ro,Z" "-v" "/var/lib/crater-agent-workspace/rustup-home:/opt/rustwide/rustup-home:ro,Z" "-e" "SOURCE_DIR=/opt/rustwide/workdir" "-e" "CARGO_TARGET_DIR=/opt/rustwide/target" "-e" "CARGO_INCREMENTAL=0" "-e" "RUST_BACKTRACE=full" "-e" "RUSTFLAGS=--cap-lints=forbid -Zrandomize-layout" "-e" "RUSTDOCFLAGS=--cap-lints=forbid" "-e" "CARGO_HOME=/opt/rustwide/cargo-home" "-e" "RUSTUP_HOME=/opt/rustwide/rustup-home" "-w" "/opt/rustwide/workdir" "-m" "1610612736" "--user" "0:0" "--network" "none" "ghcr.io/rust-lang/crates-build-env/linux@sha256:4a844ea9eb2546a2d2c7022eacef16ef2e8229c7fbb2c7d4d55a9ceca922f72d" "/opt/rustwide/cargo-home/bin/cargo" "+nightly-2024-10-28" "test" "--frozen", kill_on_drop: false }`
[INFO] [stdout] 22aca93e6c1c151a4fd8f5c800a0d1ada92e870dd422faa31e4e8b3c85bd56d0
[INFO] running `Command { std: "docker" "start" "-a" "22aca93e6c1c151a4fd8f5c800a0d1ada92e870dd422faa31e4e8b3c85bd56d0", kill_on_drop: false }`
[INFO] [stderr]     Finished `test` profile [unoptimized + debuginfo] target(s) in 0.09s
[INFO] [stderr]      Running unittests src/lib.rs (/opt/rustwide/target/debug/deps/axum_sqlite-c1fdf12b1752aac5)
[INFO] [stdout] 
[INFO] [stdout] running 0 tests
[INFO] [stdout] 
[INFO] [stdout] test result: ok. 0 passed; 0 failed; 0 ignored; 0 measured; 0 filtered out; finished in 0.00s
[INFO] [stdout] 
[INFO] [stderr]    Doc-tests axum_sqlite
[INFO] [stdout] 
[INFO] [stdout] running 1 test
[INFO] [stdout] test src/lib.rs - (line 3) has been running for over 60 seconds
[ERROR] error running command: no output for 300 seconds
[INFO] running `Command { std: "docker" "inspect" "22aca93e6c1c151a4fd8f5c800a0d1ada92e870dd422faa31e4e8b3c85bd56d0", kill_on_drop: false }`
[INFO] running `Command { std: "docker" "rm" "-f" "22aca93e6c1c151a4fd8f5c800a0d1ada92e870dd422faa31e4e8b3c85bd56d0", kill_on_drop: false }`
[INFO] [stderr] Error response from daemon: Could not kill running container 22aca93e6c1c151a4fd8f5c800a0d1ada92e870dd422faa31e4e8b3c85bd56d0, cannot remove - tried to kill container, but did not receive an exit event
[ERROR] failed to delete container 22aca93e6c1c151a4fd8f5c800a0d1ada92e870dd422faa31e4e8b3c85bd56d0
[ERROR] caused by: command failed: exit status: 1
