[INFO] fetching crate axum-resp-result 0.7.1...
[INFO] testing axum-resp-result-0.7.1 against nightly-2024-10-28 for randomize-layout
[INFO] extracting crate axum-resp-result 0.7.1 into /workspace/builds/worker-4-tc1/source
[INFO] validating manifest of crates.io crate axum-resp-result 0.7.1 on toolchain nightly-2024-10-28
[INFO] running `Command { std: CARGO_HOME="/workspace/cargo-home" RUSTUP_HOME="/workspace/rustup-home" "/workspace/cargo-home/bin/cargo" "+nightly-2024-10-28" "metadata" "--manifest-path" "Cargo.toml" "--no-deps", kill_on_drop: false }`
[INFO] started tweaking crates.io crate axum-resp-result 0.7.1
[INFO] removed 0 missing examples
[INFO] finished tweaking crates.io crate axum-resp-result 0.7.1
[INFO] tweaked toml for crates.io crate axum-resp-result 0.7.1 written to /workspace/builds/worker-4-tc1/source/Cargo.toml
[INFO] crate crates.io crate axum-resp-result 0.7.1 already has a lockfile, it will not be regenerated
[INFO] running `Command { std: CARGO_HOME="/workspace/cargo-home" RUSTUP_HOME="/workspace/rustup-home" "/workspace/cargo-home/bin/cargo" "+nightly-2024-10-28" "fetch" "--manifest-path" "Cargo.toml", kill_on_drop: false }`
[INFO] [stderr]     Updating crates.io index
[INFO] [stderr]  Downloading crates ...
[INFO] [stderr]   Downloaded http-body-util v0.1.1
[INFO] [stderr]   Downloaded proc-macro2 v1.0.79
[INFO] [stderr]   Downloaded tracing-unwrap v0.10.0
[INFO] [stderr]   Downloaded windows-targets v0.52.4
[INFO] [stderr]   Downloaded darling_macro v0.20.8
[INFO] [stderr]   Downloaded axum-resp-result-macro v0.7.1
[INFO] [stderr]   Downloaded log-mdc v0.1.0
[INFO] [stderr]   Downloaded serde-value v0.6.0
[INFO] [stderr]   Downloaded serde_path_to_error v0.1.16
[INFO] [stderr]   Downloaded async-trait v0.1.78
[INFO] [stderr]   Downloaded darling v0.20.8
[INFO] [stderr]   Downloaded darling_core v0.20.8
[INFO] [stderr]   Downloaded indexmap v2.2.5
[INFO] [stderr]   Downloaded bumpalo v3.15.4
[INFO] [stderr]   Downloaded tower-http v0.5.2
[INFO] [stderr]   Downloaded cc v1.0.90
[INFO] [stderr]   Downloaded h2 v0.4.3
[INFO] [stderr]   Downloaded hyper v1.2.0
[INFO] [stderr]   Downloaded serde_json v1.0.114
[INFO] [stderr]   Downloaded arc-swap v0.4.8
[INFO] [stderr]   Downloaded chrono v0.4.35
[INFO] [stderr]   Downloaded syn v2.0.53
[INFO] [stderr]   Downloaded log4rs v0.13.0
[INFO] [stderr]   Downloaded serde_yaml v0.8.26
[INFO] [stderr]   Downloaded convert_case v0.5.0
[INFO] [stderr]   Downloaded simple-log v1.6.0
[INFO] [stderr]   Downloaded thiserror-impl v1.0.58
[INFO] [stderr]   Downloaded thiserror v1.0.58
[INFO] [stderr]   Downloaded thread-id v3.3.0
[INFO] [stderr]   Downloaded windows_x86_64_gnullvm v0.52.4
[INFO] [stderr]   Downloaded windows_aarch64_gnullvm v0.52.4
[INFO] [stderr]   Downloaded windows_x86_64_msvc v0.52.4
[INFO] [stderr]   Downloaded windows_aarch64_msvc v0.52.4
[INFO] [stderr]   Downloaded windows_x86_64_gnu v0.52.4
[INFO] [stderr]   Downloaded windows_i686_gnu v0.52.4
[INFO] [stderr]   Downloaded windows_i686_msvc v0.52.4
[INFO] running `Command { std: "docker" "create" "-v" "/var/lib/crater-agent-workspace/builds/worker-4-tc1/target:/opt/rustwide/target:rw,Z" "-v" "/var/lib/crater-agent-workspace/builds/worker-4-tc1/source:/opt/rustwide/workdir:ro,Z" "-v" "/var/lib/crater-agent-workspace/cargo-home:/opt/rustwide/cargo-home:ro,Z" "-v" "/var/lib/crater-agent-workspace/rustup-home:/opt/rustwide/rustup-home:ro,Z" "-e" "SOURCE_DIR=/opt/rustwide/workdir" "-e" "CARGO_TARGET_DIR=/opt/rustwide/target" "-e" "CARGO_HOME=/opt/rustwide/cargo-home" "-e" "RUSTUP_HOME=/opt/rustwide/rustup-home" "-w" "/opt/rustwide/workdir" "-m" "1610612736" "--user" "0:0" "--network" "none" "ghcr.io/rust-lang/crates-build-env/linux@sha256:4a844ea9eb2546a2d2c7022eacef16ef2e8229c7fbb2c7d4d55a9ceca922f72d" "/opt/rustwide/cargo-home/bin/cargo" "+nightly-2024-10-28" "metadata" "--no-deps" "--format-version=1", kill_on_drop: false }`
[INFO] [stdout] d096ac40c743431b3f3cea1a0f9f12f8c4775e83df654d18264ebc2a6ff1fb5f
[INFO] running `Command { std: "docker" "start" "-a" "d096ac40c743431b3f3cea1a0f9f12f8c4775e83df654d18264ebc2a6ff1fb5f", kill_on_drop: false }`
[INFO] running `Command { std: "docker" "inspect" "d096ac40c743431b3f3cea1a0f9f12f8c4775e83df654d18264ebc2a6ff1fb5f", kill_on_drop: false }`
[INFO] running `Command { std: "docker" "rm" "-f" "d096ac40c743431b3f3cea1a0f9f12f8c4775e83df654d18264ebc2a6ff1fb5f", kill_on_drop: false }`
[INFO] [stdout] d096ac40c743431b3f3cea1a0f9f12f8c4775e83df654d18264ebc2a6ff1fb5f
[INFO] running `Command { std: "docker" "create" "-v" "/var/lib/crater-agent-workspace/builds/worker-4-tc1/target:/opt/rustwide/target:rw,Z" "-v" "/var/lib/crater-agent-workspace/builds/worker-4-tc1/source:/opt/rustwide/workdir:ro,Z" "-v" "/var/lib/crater-agent-workspace/cargo-home:/opt/rustwide/cargo-home:ro,Z" "-v" "/var/lib/crater-agent-workspace/rustup-home:/opt/rustwide/rustup-home:ro,Z" "-e" "SOURCE_DIR=/opt/rustwide/workdir" "-e" "CARGO_TARGET_DIR=/opt/rustwide/target" "-e" "CARGO_INCREMENTAL=0" "-e" "RUST_BACKTRACE=full" "-e" "RUSTFLAGS=--cap-lints=forbid" "-e" "RUSTDOCFLAGS=--cap-lints=forbid" "-e" "CARGO_HOME=/opt/rustwide/cargo-home" "-e" "RUSTUP_HOME=/opt/rustwide/rustup-home" "-w" "/opt/rustwide/workdir" "-m" "1610612736" "--user" "0:0" "--network" "none" "ghcr.io/rust-lang/crates-build-env/linux@sha256:4a844ea9eb2546a2d2c7022eacef16ef2e8229c7fbb2c7d4d55a9ceca922f72d" "/opt/rustwide/cargo-home/bin/cargo" "+nightly-2024-10-28" "build" "--frozen" "--message-format=json", kill_on_drop: false }`
[INFO] [stdout] 78d56b021c9bb768b745f58998b9ee543c437475f2aca46f20a403c2afea5b4b
[INFO] running `Command { std: "docker" "start" "-a" "78d56b021c9bb768b745f58998b9ee543c437475f2aca46f20a403c2afea5b4b", kill_on_drop: false }`
[INFO] [stderr]    Compiling proc-macro2 v1.0.79
[INFO] [stderr]    Compiling futures-core v0.3.30
[INFO] [stderr]    Compiling futures-sink v0.3.30
[INFO] [stderr]    Compiling libc v0.2.153
[INFO] [stderr]    Compiling memchr v2.7.1
[INFO] [stderr]    Compiling tracing-core v0.1.32
[INFO] [stderr]    Compiling http v1.1.0
[INFO] [stderr]    Compiling log v0.4.21
[INFO] [stderr]    Compiling serde v1.0.197
[INFO] [stderr]    Compiling futures-channel v0.3.30
[INFO] [stderr]    Compiling indexmap v2.2.5
[INFO] [stderr]    Compiling ident_case v1.0.1
[INFO] [stderr]    Compiling tracing v0.1.40
[INFO] [stderr]    Compiling async-trait v0.1.78
[INFO] [stderr]    Compiling strsim v0.10.0
[INFO] [stderr]    Compiling axum-core v0.4.3
[INFO] [stderr]    Compiling smallvec v1.13.1
[INFO] [stderr]    Compiling quote v1.0.35
[INFO] [stderr]    Compiling serde_json v1.0.114
[INFO] [stderr]    Compiling ryu v1.0.17
[INFO] [stderr]    Compiling axum v0.7.4
[INFO] [stderr]    Compiling thiserror v1.0.58
[INFO] [stderr]    Compiling syn v2.0.53
[INFO] [stderr]    Compiling http-body v1.0.0
[INFO] [stderr]    Compiling http-body-util v0.1.1
[INFO] [stderr]    Compiling mio v0.8.11
[INFO] [stderr]    Compiling socket2 v0.5.6
[INFO] [stderr]    Compiling darling_core v0.20.8
[INFO] [stderr]    Compiling futures-macro v0.3.30
[INFO] [stderr]    Compiling tokio-macros v2.2.0
[INFO] [stderr]    Compiling serde_derive v1.0.197
[INFO] [stderr]    Compiling pin-project-internal v1.1.5
[INFO] [stderr]    Compiling thiserror-impl v1.0.58
[INFO] [stderr]    Compiling tokio v1.36.0
[INFO] [stderr]    Compiling pin-project v1.1.5
[INFO] [stderr]    Compiling futures-util v0.3.30
[INFO] [stderr]    Compiling darling_macro v0.20.8
[INFO] [stderr]    Compiling darling v0.20.8
[INFO] [stderr]    Compiling axum-resp-result-macro v0.7.1
[INFO] [stderr]    Compiling futures-executor v0.3.30
[INFO] [stderr]    Compiling futures v0.3.30
[INFO] [stderr]    Compiling tokio-util v0.7.10
[INFO] [stderr]    Compiling tower v0.4.13
[INFO] [stderr]    Compiling h2 v0.4.3
[INFO] [stderr]    Compiling serde_path_to_error v0.1.16
[INFO] [stderr]    Compiling serde_urlencoded v0.7.1
[INFO] [stderr]    Compiling hyper v1.2.0
[INFO] [stderr]    Compiling hyper-util v0.1.3
[INFO] [stderr]    Compiling axum-resp-result v0.7.1 (/opt/rustwide/workdir)
[INFO] [stdout] warning: unexpected `cfg` condition value: `trace`
[INFO] [stdout]   --> src/lib.rs:37:11
[INFO] [stdout]    |
[INFO] [stdout] 37 |     #[cfg(feature = "trace")]
[INFO] [stdout]    |           ^^^^^^^^^^^^^^^^^
[INFO] [stdout]    |
[INFO] [stdout]    = note: expected values for `feature` are: `extra-error`, `log`, `nightly_try_v2`, and `tracing`
[INFO] [stdout]    = help: consider adding `trace` as a feature in `Cargo.toml`
[INFO] [stdout]    = note: see <https://doc.rust-lang.org/nightly/rustc/check-cfg/cargo-specifics.html> for more information about checking conditional configuration
[INFO] [stdout]    = note: `#[warn(unexpected_cfgs)]` on by default
[INFO] [stdout] 
[INFO] [stdout] 
[INFO] [stdout] warning: unexpected `cfg` condition value: `trace`
[INFO] [stdout]   --> src/lib.rs:52:19
[INFO] [stdout]    |
[INFO] [stdout] 52 |             #[cfg(feature = "trace")]
[INFO] [stdout]    |                   ^^^^^^^^^^^^^^^^^
[INFO] [stdout]    |
[INFO] [stdout]    = note: expected values for `feature` are: `extra-error`, `log`, `nightly_try_v2`, and `tracing`
[INFO] [stdout]    = help: consider adding `trace` as a feature in `Cargo.toml`
[INFO] [stdout]    = note: see <https://doc.rust-lang.org/nightly/rustc/check-cfg/cargo-specifics.html> for more information about checking conditional configuration
[INFO] [stdout] 
[INFO] [stdout] 
[INFO] [stdout] warning: unexpected `cfg` condition value: `trace`
[INFO] [stdout]   --> src/lib.rs:56:19
[INFO] [stdout]    |
[INFO] [stdout] 56 |             #[cfg(feature = "trace")]
[INFO] [stdout]    |                   ^^^^^^^^^^^^^^^^^
[INFO] [stdout]    |
[INFO] [stdout]    = note: expected values for `feature` are: `extra-error`, `log`, `nightly_try_v2`, and `tracing`
[INFO] [stdout]    = help: consider adding `trace` as a feature in `Cargo.toml`
[INFO] [stdout]    = note: see <https://doc.rust-lang.org/nightly/rustc/check-cfg/cargo-specifics.html> for more information about checking conditional configuration
[INFO] [stdout] 
[INFO] [stdout] 
[INFO] [stdout] warning: unexpected `cfg` condition value: `trace`
[INFO] [stdout]   --> src/lib.rs:65:15
[INFO] [stdout]    |
[INFO] [stdout] 65 |         #[cfg(feature = "trace")]
[INFO] [stdout]    |               ^^^^^^^^^^^^^^^^^
[INFO] [stdout]    |
[INFO] [stdout]    = note: expected values for `feature` are: `extra-error`, `log`, `nightly_try_v2`, and `tracing`
[INFO] [stdout]    = help: consider adding `trace` as a feature in `Cargo.toml`
[INFO] [stdout]    = note: see <https://doc.rust-lang.org/nightly/rustc/check-cfg/cargo-specifics.html> for more information about checking conditional configuration
[INFO] [stdout] 
[INFO] [stdout] 
[INFO] [stdout] warning: method `with_expect_err` is never used
[INFO] [stdout]  --> src/expect_ext.rs:8:8
[INFO] [stdout]   |
[INFO] [stdout] 3 | pub(crate) trait ExpectExt<T, E> {
[INFO] [stdout]   |                  --------- method in this trait
[INFO] [stdout] ...
[INFO] [stdout] 8 |     fn with_expect_err(self, msg: &str) -> E
[INFO] [stdout]   |        ^^^^^^^^^^^^^^^
[INFO] [stdout]   |
[INFO] [stdout]   = note: `#[warn(dead_code)]` on by default
[INFO] [stdout] 
[INFO] [stdout] 
[INFO] [stderr]     Finished `dev` profile [unoptimized + debuginfo] target(s) in 44.83s
[INFO] running `Command { std: "docker" "inspect" "78d56b021c9bb768b745f58998b9ee543c437475f2aca46f20a403c2afea5b4b", kill_on_drop: false }`
[INFO] running `Command { std: "docker" "rm" "-f" "78d56b021c9bb768b745f58998b9ee543c437475f2aca46f20a403c2afea5b4b", kill_on_drop: false }`
[INFO] [stdout] 78d56b021c9bb768b745f58998b9ee543c437475f2aca46f20a403c2afea5b4b
[INFO] running `Command { std: "docker" "create" "-v" "/var/lib/crater-agent-workspace/builds/worker-4-tc1/target:/opt/rustwide/target:rw,Z" "-v" "/var/lib/crater-agent-workspace/builds/worker-4-tc1/source:/opt/rustwide/workdir:ro,Z" "-v" "/var/lib/crater-agent-workspace/cargo-home:/opt/rustwide/cargo-home:ro,Z" "-v" "/var/lib/crater-agent-workspace/rustup-home:/opt/rustwide/rustup-home:ro,Z" "-e" "SOURCE_DIR=/opt/rustwide/workdir" "-e" "CARGO_TARGET_DIR=/opt/rustwide/target" "-e" "CARGO_INCREMENTAL=0" "-e" "RUST_BACKTRACE=full" "-e" "RUSTFLAGS=--cap-lints=forbid" "-e" "RUSTDOCFLAGS=--cap-lints=forbid" "-e" "CARGO_HOME=/opt/rustwide/cargo-home" "-e" "RUSTUP_HOME=/opt/rustwide/rustup-home" "-w" "/opt/rustwide/workdir" "-m" "1610612736" "--user" "0:0" "--network" "none" "ghcr.io/rust-lang/crates-build-env/linux@sha256:4a844ea9eb2546a2d2c7022eacef16ef2e8229c7fbb2c7d4d55a9ceca922f72d" "/opt/rustwide/cargo-home/bin/cargo" "+nightly-2024-10-28" "test" "--frozen" "--no-run" "--message-format=json", kill_on_drop: false }`
[INFO] [stdout] 17db0018ecd1e58514518e0dddf748fec2f0483b8c55ef50334657e20ebd45ae
[INFO] running `Command { std: "docker" "start" "-a" "17db0018ecd1e58514518e0dddf748fec2f0483b8c55ef50334657e20ebd45ae", kill_on_drop: false }`
[INFO] [stderr]    Compiling parking_lot_core v0.9.9
[INFO] [stderr]    Compiling num_cpus v1.16.0
[INFO] [stderr]    Compiling signal-hook-registry v1.4.1
[INFO] [stderr]    Compiling log v0.4.21
[INFO] [stderr]    Compiling num-traits v0.2.18
[INFO] [stderr]    Compiling indexmap v1.9.3
[INFO] [stderr]    Compiling crc32fast v1.4.0
[INFO] [stderr]    Compiling instant v0.1.12
[INFO] [stderr]    Compiling miniz_oxide v0.7.2
[INFO] [stderr]    Compiling parking_lot v0.12.1
[INFO] [stderr]    Compiling tracing v0.1.40
[INFO] [stderr]    Compiling tokio v1.36.0
[INFO] [stderr]    Compiling yaml-rust v0.4.5
[INFO] [stderr]    Compiling parking_lot_core v0.8.6
[INFO] [stderr]    Compiling iana-time-zone v0.1.60
[INFO] [stderr]    Compiling quick-error v1.2.3
[INFO] [stderr]    Compiling regex-automata v0.4.6
[INFO] [stderr]    Compiling humantime v1.3.0
[INFO] [stderr]    Compiling parking_lot v0.11.2
[INFO] [stderr]    Compiling serde_yaml v0.8.26
[INFO] [stderr]    Compiling axum-core v0.4.3
[INFO] [stderr]    Compiling flate2 v1.0.28
[INFO] [stderr]    Compiling ordered-float v1.1.1
[INFO] [stderr]    Compiling chrono v0.4.35
[INFO] [stderr]    Compiling thread-id v3.3.0
[INFO] [stderr]    Compiling arc-swap v0.4.8
[INFO] [stderr]    Compiling serde-value v0.6.0
[INFO] [stderr]    Compiling log-mdc v0.1.0
[INFO] [stderr]    Compiling tracing-log v0.2.0
[INFO] [stderr]    Compiling thread_local v1.1.8
[INFO] [stderr]    Compiling bitflags v2.5.0
[INFO] [stderr]    Compiling convert_case v0.5.0
[INFO] [stderr]    Compiling is_debug v1.0.1
[INFO] [stderr]    Compiling tower-http v0.5.2
[INFO] [stderr]    Compiling log4rs v0.13.0
[INFO] [stderr]    Compiling regex v1.10.3
[INFO] [stderr]    Compiling tracing-subscriber v0.3.18
[INFO] [stderr]    Compiling simple-log v1.6.0
[INFO] [stderr]    Compiling tokio-util v0.7.10
[INFO] [stderr]    Compiling tower v0.4.13
[INFO] [stderr]    Compiling h2 v0.4.3
[INFO] [stderr]    Compiling hyper v1.2.0
[INFO] [stderr]    Compiling hyper-util v0.1.3
[INFO] [stderr]    Compiling axum v0.7.4
[INFO] [stderr]    Compiling axum-resp-result v0.7.1 (/opt/rustwide/workdir)
[INFO] [stdout] warning: unexpected `cfg` condition value: `trace`
[INFO] [stdout]   --> src/lib.rs:37:11
[INFO] [stdout]    |
[INFO] [stdout] 37 |     #[cfg(feature = "trace")]
[INFO] [stdout]    |           ^^^^^^^^^^^^^^^^^
[INFO] [stdout]    |
[INFO] [stdout]    = note: expected values for `feature` are: `extra-error`, `log`, `nightly_try_v2`, and `tracing`
[INFO] [stdout]    = help: consider adding `trace` as a feature in `Cargo.toml`
[INFO] [stdout]    = note: see <https://doc.rust-lang.org/nightly/rustc/check-cfg/cargo-specifics.html> for more information about checking conditional configuration
[INFO] [stdout]    = note: `#[warn(unexpected_cfgs)]` on by default
[INFO] [stdout] 
[INFO] [stdout] 
[INFO] [stdout] warning: unexpected `cfg` condition value: `trace`
[INFO] [stdout]   --> src/lib.rs:52:19
[INFO] [stdout]    |
[INFO] [stdout] 52 |             #[cfg(feature = "trace")]
[INFO] [stdout]    |                   ^^^^^^^^^^^^^^^^^
[INFO] [stdout]    |
[INFO] [stdout]    = note: expected values for `feature` are: `extra-error`, `log`, `nightly_try_v2`, and `tracing`
[INFO] [stdout]    = help: consider adding `trace` as a feature in `Cargo.toml`
[INFO] [stdout]    = note: see <https://doc.rust-lang.org/nightly/rustc/check-cfg/cargo-specifics.html> for more information about checking conditional configuration
[INFO] [stdout] 
[INFO] [stdout] 
[INFO] [stdout] warning: unexpected `cfg` condition value: `trace`
[INFO] [stdout]   --> src/lib.rs:56:19
[INFO] [stdout]    |
[INFO] [stdout] 56 |             #[cfg(feature = "trace")]
[INFO] [stdout]    |                   ^^^^^^^^^^^^^^^^^
[INFO] [stdout]    |
[INFO] [stdout]    = note: expected values for `feature` are: `extra-error`, `log`, `nightly_try_v2`, and `tracing`
[INFO] [stdout]    = help: consider adding `trace` as a feature in `Cargo.toml`
[INFO] [stdout]    = note: see <https://doc.rust-lang.org/nightly/rustc/check-cfg/cargo-specifics.html> for more information about checking conditional configuration
[INFO] [stdout] 
[INFO] [stdout] 
[INFO] [stdout] warning: unexpected `cfg` condition value: `trace`
[INFO] [stdout]   --> src/lib.rs:65:15
[INFO] [stdout]    |
[INFO] [stdout] 65 |         #[cfg(feature = "trace")]
[INFO] [stdout]    |               ^^^^^^^^^^^^^^^^^
[INFO] [stdout]    |
[INFO] [stdout]    = note: expected values for `feature` are: `extra-error`, `log`, `nightly_try_v2`, and `tracing`
[INFO] [stdout]    = help: consider adding `trace` as a feature in `Cargo.toml`
[INFO] [stdout]    = note: see <https://doc.rust-lang.org/nightly/rustc/check-cfg/cargo-specifics.html> for more information about checking conditional configuration
[INFO] [stdout] 
[INFO] [stdout] 
[INFO] [stdout] warning: method `with_expect_err` is never used
[INFO] [stdout]  --> src/expect_ext.rs:8:8
[INFO] [stdout]   |
[INFO] [stdout] 3 | pub(crate) trait ExpectExt<T, E> {
[INFO] [stdout]   |                  --------- method in this trait
[INFO] [stdout] ...
[INFO] [stdout] 8 |     fn with_expect_err(self, msg: &str) -> E
[INFO] [stdout]   |        ^^^^^^^^^^^^^^^
[INFO] [stdout]   |
[INFO] [stdout]   = note: `#[warn(dead_code)]` on by default
[INFO] [stdout] 
[INFO] [stdout] 
[INFO] [stdout] warning: unexpected `cfg` condition value: `trace`
[INFO] [stdout]   --> src/lib.rs:37:11
[INFO] [stdout]    |
[INFO] [stdout] 37 |     #[cfg(feature = "trace")]
[INFO] [stdout]    |           ^^^^^^^^^^^^^^^^^
[INFO] [stdout]    |
[INFO] [stdout]    = note: expected values for `feature` are: `extra-error`, `log`, `nightly_try_v2`, and `tracing`
[INFO] [stdout]    = help: consider adding `trace` as a feature in `Cargo.toml`
[INFO] [stdout]    = note: see <https://doc.rust-lang.org/nightly/rustc/check-cfg/cargo-specifics.html> for more information about checking conditional configuration
[INFO] [stdout]    = note: `#[warn(unexpected_cfgs)]` on by default
[INFO] [stdout] 
[INFO] [stdout] 
[INFO] [stdout] warning: unexpected `cfg` condition value: `trace`
[INFO] [stdout]   --> src/lib.rs:52:19
[INFO] [stdout]    |
[INFO] [stdout] 52 |             #[cfg(feature = "trace")]
[INFO] [stdout]    |                   ^^^^^^^^^^^^^^^^^
[INFO] [stdout]    |
[INFO] [stdout]    = note: expected values for `feature` are: `extra-error`, `log`, `nightly_try_v2`, and `tracing`
[INFO] [stdout]    = help: consider adding `trace` as a feature in `Cargo.toml`
[INFO] [stdout]    = note: see <https://doc.rust-lang.org/nightly/rustc/check-cfg/cargo-specifics.html> for more information about checking conditional configuration
[INFO] [stdout] 
[INFO] [stdout] 
[INFO] [stdout] warning: unexpected `cfg` condition value: `trace`
[INFO] [stdout]   --> src/lib.rs:56:19
[INFO] [stdout]    |
[INFO] [stdout] 56 |             #[cfg(feature = "trace")]
[INFO] [stdout]    |                   ^^^^^^^^^^^^^^^^^
[INFO] [stdout]    |
[INFO] [stdout]    = note: expected values for `feature` are: `extra-error`, `log`, `nightly_try_v2`, and `tracing`
[INFO] [stdout]    = help: consider adding `trace` as a feature in `Cargo.toml`
[INFO] [stdout]    = note: see <https://doc.rust-lang.org/nightly/rustc/check-cfg/cargo-specifics.html> for more information about checking conditional configuration
[INFO] [stdout] 
[INFO] [stdout] 
[INFO] [stdout] warning: unexpected `cfg` condition value: `trace`
[INFO] [stdout]   --> src/lib.rs:65:15
[INFO] [stdout]    |
[INFO] [stdout] 65 |         #[cfg(feature = "trace")]
[INFO] [stdout]    |               ^^^^^^^^^^^^^^^^^
[INFO] [stdout]    |
[INFO] [stdout]    = note: expected values for `feature` are: `extra-error`, `log`, `nightly_try_v2`, and `tracing`
[INFO] [stdout]    = help: consider adding `trace` as a feature in `Cargo.toml`
[INFO] [stdout]    = note: see <https://doc.rust-lang.org/nightly/rustc/check-cfg/cargo-specifics.html> for more information about checking conditional configuration
[INFO] [stdout] 
[INFO] [stdout] 
[INFO] [stdout] warning: method `with_expect_err` is never used
[INFO] [stdout]  --> src/expect_ext.rs:8:8
[INFO] [stdout]   |
[INFO] [stdout] 3 | pub(crate) trait ExpectExt<T, E> {
[INFO] [stdout]   |                  --------- method in this trait
[INFO] [stdout] ...
[INFO] [stdout] 8 |     fn with_expect_err(self, msg: &str) -> E
[INFO] [stdout]   |        ^^^^^^^^^^^^^^^
[INFO] [stdout]   |
[INFO] [stdout]   = note: `#[warn(dead_code)]` on by default
[INFO] [stdout] 
[INFO] [stdout] 
[INFO] [stderr]     Finished `test` profile [unoptimized + debuginfo] target(s) in 38.13s
[INFO] running `Command { std: "docker" "inspect" "17db0018ecd1e58514518e0dddf748fec2f0483b8c55ef50334657e20ebd45ae", kill_on_drop: false }`
[INFO] running `Command { std: "docker" "rm" "-f" "17db0018ecd1e58514518e0dddf748fec2f0483b8c55ef50334657e20ebd45ae", kill_on_drop: false }`
[INFO] [stdout] 17db0018ecd1e58514518e0dddf748fec2f0483b8c55ef50334657e20ebd45ae
[INFO] running `Command { std: "docker" "create" "-v" "/var/lib/crater-agent-workspace/builds/worker-4-tc1/target:/opt/rustwide/target:rw,Z" "-v" "/var/lib/crater-agent-workspace/builds/worker-4-tc1/source:/opt/rustwide/workdir:ro,Z" "-v" "/var/lib/crater-agent-workspace/cargo-home:/opt/rustwide/cargo-home:ro,Z" "-v" "/var/lib/crater-agent-workspace/rustup-home:/opt/rustwide/rustup-home:ro,Z" "-e" "SOURCE_DIR=/opt/rustwide/workdir" "-e" "CARGO_TARGET_DIR=/opt/rustwide/target" "-e" "CARGO_INCREMENTAL=0" "-e" "RUST_BACKTRACE=full" "-e" "RUSTFLAGS=--cap-lints=forbid" "-e" "RUSTDOCFLAGS=--cap-lints=forbid" "-e" "CARGO_HOME=/opt/rustwide/cargo-home" "-e" "RUSTUP_HOME=/opt/rustwide/rustup-home" "-w" "/opt/rustwide/workdir" "-m" "1610612736" "--user" "0:0" "--network" "none" "ghcr.io/rust-lang/crates-build-env/linux@sha256:4a844ea9eb2546a2d2c7022eacef16ef2e8229c7fbb2c7d4d55a9ceca922f72d" "/opt/rustwide/cargo-home/bin/cargo" "+nightly-2024-10-28" "test" "--frozen", kill_on_drop: false }`
[INFO] [stdout] 53483d5d692feef80fcf66cd5bd19e91c963d83ce6214843708b8844a5922487
[INFO] running `Command { std: "docker" "start" "-a" "53483d5d692feef80fcf66cd5bd19e91c963d83ce6214843708b8844a5922487", kill_on_drop: false }`
[INFO] [stderr] warning: unexpected `cfg` condition value: `trace`
[INFO] [stderr]   --> src/lib.rs:37:11
[INFO] [stderr]    |
[INFO] [stderr] 37 |     #[cfg(feature = "trace")]
[INFO] [stderr]    |           ^^^^^^^^^^^^^^^^^
[INFO] [stderr]    |
[INFO] [stderr]    = note: expected values for `feature` are: `extra-error`, `log`, `nightly_try_v2`, and `tracing`
[INFO] [stderr]    = help: consider adding `trace` as a feature in `Cargo.toml`
[INFO] [stderr]    = note: see <https://doc.rust-lang.org/nightly/rustc/check-cfg/cargo-specifics.html> for more information about checking conditional configuration
[INFO] [stderr]    = note: `#[warn(unexpected_cfgs)]` on by default
[INFO] [stderr] 
[INFO] [stderr] warning: unexpected `cfg` condition value: `trace`
[INFO] [stderr]   --> src/lib.rs:52:19
[INFO] [stderr]    |
[INFO] [stderr] 52 |             #[cfg(feature = "trace")]
[INFO] [stderr]    |                   ^^^^^^^^^^^^^^^^^
[INFO] [stderr]    |
[INFO] [stderr]    = note: expected values for `feature` are: `extra-error`, `log`, `nightly_try_v2`, and `tracing`
[INFO] [stderr]    = help: consider adding `trace` as a feature in `Cargo.toml`
[INFO] [stderr]    = note: see <https://doc.rust-lang.org/nightly/rustc/check-cfg/cargo-specifics.html> for more information about checking conditional configuration
[INFO] [stderr] 
[INFO] [stderr] warning: unexpected `cfg` condition value: `trace`
[INFO] [stderr]   --> src/lib.rs:56:19
[INFO] [stderr]    |
[INFO] [stderr] 56 |             #[cfg(feature = "trace")]
[INFO] [stderr]    |                   ^^^^^^^^^^^^^^^^^
[INFO] [stderr]    |
[INFO] [stderr]    = note: expected values for `feature` are: `extra-error`, `log`, `nightly_try_v2`, and `tracing`
[INFO] [stderr]    = help: consider adding `trace` as a feature in `Cargo.toml`
[INFO] [stderr]    = note: see <https://doc.rust-lang.org/nightly/rustc/check-cfg/cargo-specifics.html> for more information about checking conditional configuration
[INFO] [stderr] 
[INFO] [stderr] warning: unexpected `cfg` condition value: `trace`
[INFO] [stderr]   --> src/lib.rs:65:15
[INFO] [stderr]    |
[INFO] [stderr] 65 |         #[cfg(feature = "trace")]
[INFO] [stderr]    |               ^^^^^^^^^^^^^^^^^
[INFO] [stderr]    |
[INFO] [stderr]    = note: expected values for `feature` are: `extra-error`, `log`, `nightly_try_v2`, and `tracing`
[INFO] [stderr]    = help: consider adding `trace` as a feature in `Cargo.toml`
[INFO] [stderr]    = note: see <https://doc.rust-lang.org/nightly/rustc/check-cfg/cargo-specifics.html> for more information about checking conditional configuration
[INFO] [stderr] 
[INFO] [stderr] warning: method `with_expect_err` is never used
[INFO] [stderr]  --> src/expect_ext.rs:8:8
[INFO] [stderr]   |
[INFO] [stderr] 3 | pub(crate) trait ExpectExt<T, E> {
[INFO] [stderr]   |                  --------- method in this trait
[INFO] [stderr] ...
[INFO] [stderr] 8 |     fn with_expect_err(self, msg: &str) -> E
[INFO] [stderr]   |        ^^^^^^^^^^^^^^^
[INFO] [stderr]   |
[INFO] [stderr]   = note: `#[warn(dead_code)]` on by default
[INFO] [stderr] 
[INFO] [stderr] warning: `axum-resp-result` (lib) generated 5 warnings
[INFO] [stderr] warning: `axum-resp-result` (lib test) generated 5 warnings (5 duplicates)
[INFO] [stderr]     Finished `test` profile [unoptimized + debuginfo] target(s) in 0.22s
[INFO] [stderr]      Running unittests src/lib.rs (/opt/rustwide/target/debug/deps/axum_resp_result-b562b3ab03dc72d2)
[INFO] [stdout] 
[INFO] [stdout] running 3 tests
[INFO] [stdout] test extra_flag::flag_wrap::test::test_serde ... ok
[INFO] [stdout] test resp_result::to_response::test::test_prepare_resp ... ok
[INFO] [stdout] test resp_result::to_response::axum::axum_respond_part::test::test_wrap ... ok
[INFO] [stdout] 
[INFO] [stdout] test result: ok. 3 passed; 0 failed; 0 ignored; 0 measured; 0 filtered out; finished in 0.01s
[INFO] [stdout] 
[INFO] [stderr]    Doc-tests axum_resp_result
[INFO] [stdout] 
[INFO] [stdout] running 7 tests
[INFO] [stdout] test src/extra_flag/flag_wrap.rs - extra_flag::flag_wrap::FlagWrap (line 10) ... ignored
[INFO] [stdout] test src/../Readme.md - (line 149) ... FAILED
[INFO] [stdout] test src/../Readme.md - (line 45) ... FAILED
[INFO] [stdout] test src/../Readme.md - (line 83) ... FAILED
[INFO] [stdout] test src/../Readme.md - (line 226) ... FAILED
[INFO] [stdout] test src/../Readme.md - (line 248) ... FAILED
[INFO] [stdout] test src/extra_flag/flags.rs - extra_flag::flags::ExtraFlags (line 92) ... FAILED
[INFO] [stdout] 
[INFO] [stdout] failures:
[INFO] [stdout] 
[INFO] [stdout] ---- src/../Readme.md - (line 149) stdout ----
[INFO] [stdout] error[E0432]: unresolved import `resp_result`
[INFO] [stdout]  --> src/../Readme.md:150:5
[INFO] [stdout]   |
[INFO] [stdout] 3 | use resp_result::{RespError, RespResult, FlagWrap, ExtraFlag};
[INFO] [stdout]   |     ^^^^^^^^^^^ use of undeclared crate or module `resp_result`
[INFO] [stdout] 
[INFO] [stdout] error: aborting due to 1 previous error
[INFO] [stdout] 
[INFO] [stdout] For more information about this error, try `rustc --explain E0432`.
[INFO] [stdout] Couldn't compile the test.
[INFO] [stdout] ---- src/../Readme.md - (line 45) stdout ----
[INFO] [stdout] error[E0432]: unresolved import `resp_result`
[INFO] [stdout]  --> src/../Readme.md:46:5
[INFO] [stdout]   |
[INFO] [stdout] 3 | use resp_result::{RespError, RespResult};
[INFO] [stdout]   |     ^^^^^^^^^^^ use of undeclared crate or module `resp_result`
[INFO] [stdout] 
[INFO] [stdout] error: aborting due to 1 previous error
[INFO] [stdout] 
[INFO] [stdout] For more information about this error, try `rustc --explain E0432`.
[INFO] [stdout] Couldn't compile the test.
[INFO] [stdout] ---- src/../Readme.md - (line 83) stdout ----
[INFO] [stdout] error[E0432]: unresolved import `resp_result`
[INFO] [stdout]  --> src/../Readme.md:84:5
[INFO] [stdout]   |
[INFO] [stdout] 3 | use resp_result::{RespError, RespResult};
[INFO] [stdout]   |     ^^^^^^^^^^^ use of undeclared crate or module `resp_result`
[INFO] [stdout] 
[INFO] [stdout] error: aborting due to 1 previous error
[INFO] [stdout] 
[INFO] [stdout] For more information about this error, try `rustc --explain E0432`.
[INFO] [stdout] Couldn't compile the test.
[INFO] [stdout] ---- src/../Readme.md - (line 226) stdout ----
[INFO] [stdout] error: cannot find attribute `rresult` in this scope
[INFO] [stdout]  --> src/../Readme.md:229:3
[INFO] [stdout]   |
[INFO] [stdout] 5 | #[rresult]
[INFO] [stdout]   |   ^^^^^^^
[INFO] [stdout]   |
[INFO] [stdout] help: consider importing this attribute macro
[INFO] [stdout]   |
[INFO] [stdout] 4 + use axum_resp_result::rresult;
[INFO] [stdout]   |
[INFO] [stdout] 
[INFO] [stdout] error[E0412]: cannot find type `PlainError` in this scope
[INFO] [stdout]  --> src/../Readme.md:230:56
[INFO] [stdout]   |
[INFO] [stdout] 6 | fn test((a, b): (i32, i64), foo: String) -> Result<(), PlainError> {
[INFO] [stdout]   |                                                        ^^^^^^^^^^ not found in this scope
[INFO] [stdout]   |
[INFO] [stdout] help: you might be missing a type parameter
[INFO] [stdout]   |
[INFO] [stdout] 6 | fn test<PlainError>((a, b): (i32, i64), foo: String) -> Result<(), PlainError> {
[INFO] [stdout]   |        ++++++++++++
[INFO] [stdout] 
[INFO] [stdout] error: aborting due to 2 previous errors
[INFO] [stdout] 
[INFO] [stdout] For more information about this error, try `rustc --explain E0412`.
[INFO] [stdout] Couldn't compile the test.
[INFO] [stdout] ---- src/../Readme.md - (line 248) stdout ----
[INFO] [stdout] error[E0433]: failed to resolve: there are too many leading `super` keywords
[INFO] [stdout]   --> src/../Readme.md:255:9
[INFO] [stdout]    |
[INFO] [stdout] 10 |     pub(super) enum PlainError {
[INFO] [stdout]    |         ^^^^^ there are too many leading `super` keywords
[INFO] [stdout] 
[INFO] [stdout] error: aborting due to 1 previous error
[INFO] [stdout] 
[INFO] [stdout] For more information about this error, try `rustc --explain E0433`.
[INFO] [stdout] Couldn't compile the test.
[INFO] [stdout] ---- src/extra_flag/flags.rs - extra_flag::flags::ExtraFlags (line 92) stdout ----
[INFO] [stdout] error[E0432]: unresolved imports `crate::ExtraFlag`, `crate::ExtraFlags`
[INFO] [stdout]  --> src/extra_flag/flags.rs:94:13
[INFO] [stdout]   |
[INFO] [stdout] 4 | use crate::{ExtraFlag,ExtraFlags};
[INFO] [stdout]   |             ^^^^^^^^^ ^^^^^^^^^^ no `ExtraFlags` in the root
[INFO] [stdout]   |             |
[INFO] [stdout]   |             no `ExtraFlag` in the root
[INFO] [stdout]   |
[INFO] [stdout]   = help: consider importing this enum instead:
[INFO] [stdout]           axum_resp_result::ExtraFlag
[INFO] [stdout]   = help: consider importing this struct instead:
[INFO] [stdout]           axum_resp_result::ExtraFlags
[INFO] [stdout] 
[INFO] [stdout] error: aborting due to 1 previous error
[INFO] [stdout] 
[INFO] [stdout] For more information about this error, try `rustc --explain E0432`.
[INFO] [stdout] Couldn't compile the test.
[INFO] [stdout] 
[INFO] [stdout] failures:
[INFO] [stdout]     src/../Readme.md - (line 149)
[INFO] [stdout]     src/../Readme.md - (line 226)
[INFO] [stdout]     src/../Readme.md - (line 248)
[INFO] [stdout]     src/../Readme.md - (line 45)
[INFO] [stdout]     src/../Readme.md - (line 83)
[INFO] [stdout]     src/extra_flag/flags.rs - extra_flag::flags::ExtraFlags (line 92)
[INFO] [stdout] 
[INFO] [stdout] test result: FAILED. 0 passed; 6 failed; 1 ignored; 0 measured; 0 filtered out; finished in 0.44s
[INFO] [stdout] 
[INFO] [stderr] error: doctest failed, to rerun pass `--doc`
[INFO] running `Command { std: "docker" "inspect" "53483d5d692feef80fcf66cd5bd19e91c963d83ce6214843708b8844a5922487", kill_on_drop: false }`
[INFO] running `Command { std: "docker" "rm" "-f" "53483d5d692feef80fcf66cd5bd19e91c963d83ce6214843708b8844a5922487", kill_on_drop: false }`
[INFO] [stdout] 53483d5d692feef80fcf66cd5bd19e91c963d83ce6214843708b8844a5922487
