[INFO] fetching crate axum-embed-files 0.1.0-beta.0...
[INFO] testing axum-embed-files-0.1.0-beta.0 against nightly-2024-10-28+rustflags=-Zrandomize-layout for randomize-layout
[INFO] extracting crate axum-embed-files 0.1.0-beta.0 into /workspace/builds/worker-2-tc2/source
[INFO] validating manifest of crates.io crate axum-embed-files 0.1.0-beta.0 on toolchain nightly-2024-10-28
[INFO] running `Command { std: CARGO_HOME="/workspace/cargo-home" RUSTUP_HOME="/workspace/rustup-home" "/workspace/cargo-home/bin/cargo" "+nightly-2024-10-28" "metadata" "--manifest-path" "Cargo.toml" "--no-deps", kill_on_drop: false }`
[INFO] started tweaking crates.io crate axum-embed-files 0.1.0-beta.0
[INFO] finished tweaking crates.io crate axum-embed-files 0.1.0-beta.0
[INFO] tweaked toml for crates.io crate axum-embed-files 0.1.0-beta.0 written to /workspace/builds/worker-2-tc2/source/Cargo.toml
[INFO] running `Command { std: CARGO_HOME="/workspace/cargo-home" RUSTUP_HOME="/workspace/rustup-home" "/workspace/cargo-home/bin/cargo" "+nightly-2024-10-28" "generate-lockfile" "--manifest-path" "Cargo.toml", kill_on_drop: false }`
[INFO] [stderr]     Updating crates.io index
[INFO] [stderr]      Locking 103 packages to latest compatible versions
[INFO] [stderr]       Adding axum v0.6.20 (available: v0.7.7)
[INFO] [stderr]       Adding http v0.2.12 (available: v1.1.0)
[INFO] [stderr]       Adding http-body v0.4.6 (available: v1.0.1)
[INFO] running `Command { std: CARGO_HOME="/workspace/cargo-home" RUSTUP_HOME="/workspace/rustup-home" "/workspace/cargo-home/bin/cargo" "+nightly-2024-10-28" "fetch" "--manifest-path" "Cargo.toml", kill_on_drop: false }`
[INFO] running `Command { std: "docker" "create" "-v" "/var/lib/crater-agent-workspace/builds/worker-2-tc2/target:/opt/rustwide/target:rw,Z" "-v" "/var/lib/crater-agent-workspace/builds/worker-2-tc2/source:/opt/rustwide/workdir:ro,Z" "-v" "/var/lib/crater-agent-workspace/cargo-home:/opt/rustwide/cargo-home:ro,Z" "-v" "/var/lib/crater-agent-workspace/rustup-home:/opt/rustwide/rustup-home:ro,Z" "-e" "SOURCE_DIR=/opt/rustwide/workdir" "-e" "CARGO_TARGET_DIR=/opt/rustwide/target" "-e" "CARGO_HOME=/opt/rustwide/cargo-home" "-e" "RUSTUP_HOME=/opt/rustwide/rustup-home" "-w" "/opt/rustwide/workdir" "-m" "1610612736" "--user" "0:0" "--network" "none" "ghcr.io/rust-lang/crates-build-env/linux@sha256:4a844ea9eb2546a2d2c7022eacef16ef2e8229c7fbb2c7d4d55a9ceca922f72d" "/opt/rustwide/cargo-home/bin/cargo" "+nightly-2024-10-28" "metadata" "--no-deps" "--format-version=1", kill_on_drop: false }`
[INFO] [stdout] 55d9d6d47bf564ef57d07ca3da7580890acddacf59ee73b233f0e2b925d1b7ed
[INFO] running `Command { std: "docker" "start" "-a" "55d9d6d47bf564ef57d07ca3da7580890acddacf59ee73b233f0e2b925d1b7ed", kill_on_drop: false }`
[INFO] running `Command { std: "docker" "inspect" "55d9d6d47bf564ef57d07ca3da7580890acddacf59ee73b233f0e2b925d1b7ed", kill_on_drop: false }`
[INFO] running `Command { std: "docker" "rm" "-f" "55d9d6d47bf564ef57d07ca3da7580890acddacf59ee73b233f0e2b925d1b7ed", kill_on_drop: false }`
[INFO] [stdout] 55d9d6d47bf564ef57d07ca3da7580890acddacf59ee73b233f0e2b925d1b7ed
[INFO] running `Command { std: "docker" "create" "-v" "/var/lib/crater-agent-workspace/builds/worker-2-tc2/target:/opt/rustwide/target:rw,Z" "-v" "/var/lib/crater-agent-workspace/builds/worker-2-tc2/source:/opt/rustwide/workdir:ro,Z" "-v" "/var/lib/crater-agent-workspace/cargo-home:/opt/rustwide/cargo-home:ro,Z" "-v" "/var/lib/crater-agent-workspace/rustup-home:/opt/rustwide/rustup-home:ro,Z" "-e" "SOURCE_DIR=/opt/rustwide/workdir" "-e" "CARGO_TARGET_DIR=/opt/rustwide/target" "-e" "CARGO_INCREMENTAL=0" "-e" "RUST_BACKTRACE=full" "-e" "RUSTFLAGS=--cap-lints=forbid -Zrandomize-layout" "-e" "RUSTDOCFLAGS=--cap-lints=forbid" "-e" "CARGO_HOME=/opt/rustwide/cargo-home" "-e" "RUSTUP_HOME=/opt/rustwide/rustup-home" "-w" "/opt/rustwide/workdir" "-m" "1610612736" "--user" "0:0" "--network" "none" "ghcr.io/rust-lang/crates-build-env/linux@sha256:4a844ea9eb2546a2d2c7022eacef16ef2e8229c7fbb2c7d4d55a9ceca922f72d" "/opt/rustwide/cargo-home/bin/cargo" "+nightly-2024-10-28" "build" "--frozen" "--message-format=json", kill_on_drop: false }`
[INFO] [stdout] 5efb239e1b83a3df4e5b24b597bc5859a00a0220ccda23c270ea9a2468db1255
[INFO] running `Command { std: "docker" "start" "-a" "5efb239e1b83a3df4e5b24b597bc5859a00a0220ccda23c270ea9a2468db1255", kill_on_drop: false }`
[INFO] [stderr]    Compiling unicase v2.8.0
[INFO] [stderr]    Compiling iana-time-zone v0.1.61
[INFO] [stderr]    Compiling keccak v0.1.5
[INFO] [stderr]    Compiling mime v0.3.17
[INFO] [stderr]    Compiling base64 v0.21.7
[INFO] [stderr]    Compiling typenum v1.17.0
[INFO] [stderr]    Compiling generic-array v0.14.7
[INFO] [stderr]    Compiling num-traits v0.2.19
[INFO] [stderr]    Compiling mime_guess v2.0.5
[INFO] [stderr]    Compiling chrono v0.4.38
[INFO] [stderr]    Compiling block-buffer v0.10.4
[INFO] [stderr]    Compiling crypto-common v0.1.6
[INFO] [stderr]    Compiling digest v0.10.7
[INFO] [stderr]    Compiling sha3 v0.10.8
[INFO] [stderr]    Compiling axum-embed-files-core v0.1.0-beta.0
[INFO] [stderr]    Compiling axum-embed-files-macros v0.1.0-beta.0
[INFO] [stderr]    Compiling axum-embed-files v0.1.0-beta.0 (/opt/rustwide/workdir)
[INFO] [stderr]     Finished `dev` profile [unoptimized + debuginfo] target(s) in 3.53s
[INFO] running `Command { std: "docker" "inspect" "5efb239e1b83a3df4e5b24b597bc5859a00a0220ccda23c270ea9a2468db1255", kill_on_drop: false }`
[INFO] running `Command { std: "docker" "rm" "-f" "5efb239e1b83a3df4e5b24b597bc5859a00a0220ccda23c270ea9a2468db1255", kill_on_drop: false }`
[INFO] [stdout] 5efb239e1b83a3df4e5b24b597bc5859a00a0220ccda23c270ea9a2468db1255
[INFO] running `Command { std: "docker" "create" "-v" "/var/lib/crater-agent-workspace/builds/worker-2-tc2/target:/opt/rustwide/target:rw,Z" "-v" "/var/lib/crater-agent-workspace/builds/worker-2-tc2/source:/opt/rustwide/workdir:ro,Z" "-v" "/var/lib/crater-agent-workspace/cargo-home:/opt/rustwide/cargo-home:ro,Z" "-v" "/var/lib/crater-agent-workspace/rustup-home:/opt/rustwide/rustup-home:ro,Z" "-e" "SOURCE_DIR=/opt/rustwide/workdir" "-e" "CARGO_TARGET_DIR=/opt/rustwide/target" "-e" "CARGO_INCREMENTAL=0" "-e" "RUST_BACKTRACE=full" "-e" "RUSTFLAGS=--cap-lints=forbid -Zrandomize-layout" "-e" "RUSTDOCFLAGS=--cap-lints=forbid" "-e" "CARGO_HOME=/opt/rustwide/cargo-home" "-e" "RUSTUP_HOME=/opt/rustwide/rustup-home" "-w" "/opt/rustwide/workdir" "-m" "1610612736" "--user" "0:0" "--network" "none" "ghcr.io/rust-lang/crates-build-env/linux@sha256:4a844ea9eb2546a2d2c7022eacef16ef2e8229c7fbb2c7d4d55a9ceca922f72d" "/opt/rustwide/cargo-home/bin/cargo" "+nightly-2024-10-28" "test" "--frozen" "--no-run" "--message-format=json", kill_on_drop: false }`
[INFO] [stdout] efe32ef517fa5509adc86bd4b6303cbabc9ca411711927f0443ec71218516cc2
[INFO] running `Command { std: "docker" "start" "-a" "efe32ef517fa5509adc86bd4b6303cbabc9ca411711927f0443ec71218516cc2", kill_on_drop: false }`
[INFO] [stderr]    Compiling rustversion v1.0.18
[INFO] [stderr]    Compiling mime v0.3.17
[INFO] [stderr]    Compiling serde v1.0.214
[INFO] [stderr]    Compiling futures-task v0.3.31
[INFO] [stderr]    Compiling tower-layer v0.3.3
[INFO] [stderr]    Compiling serde_json v1.0.132
[INFO] [stderr]    Compiling tokio v1.41.0
[INFO] [stderr]    Compiling pin-project-internal v1.1.7
[INFO] [stderr]    Compiling async-trait v0.1.83
[INFO] [stderr]    Compiling tracing v0.1.40
[INFO] [stderr]    Compiling matchit v0.7.3
[INFO] [stderr]    Compiling sync_wrapper v0.1.2
[INFO] [stderr]    Compiling futures-util v0.3.31
[INFO] [stderr]    Compiling mime_guess v2.0.5
[INFO] [stderr]    Compiling axum-embed-files-core v0.1.0-beta.0
[INFO] [stderr]    Compiling axum-core v0.3.4
[INFO] [stderr]    Compiling axum v0.6.20
[INFO] [stderr]    Compiling pin-project v1.1.7
[INFO] [stderr]    Compiling axum-embed-files-macros v0.1.0-beta.0
[INFO] [stderr]    Compiling axum-embed-files v0.1.0-beta.0 (/opt/rustwide/workdir)
[INFO] [stderr]    Compiling hyper v0.14.31
[INFO] [stderr]    Compiling tower v0.4.13
[INFO] [stderr]    Compiling serde_path_to_error v0.1.16
[INFO] [stderr]    Compiling serde_urlencoded v0.7.1
[INFO] [stderr]     Finished `test` profile [unoptimized + debuginfo] target(s) in 10.47s
[INFO] running `Command { std: "docker" "inspect" "efe32ef517fa5509adc86bd4b6303cbabc9ca411711927f0443ec71218516cc2", kill_on_drop: false }`
[INFO] running `Command { std: "docker" "rm" "-f" "efe32ef517fa5509adc86bd4b6303cbabc9ca411711927f0443ec71218516cc2", kill_on_drop: false }`
[INFO] [stdout] efe32ef517fa5509adc86bd4b6303cbabc9ca411711927f0443ec71218516cc2
[INFO] running `Command { std: "docker" "create" "-v" "/var/lib/crater-agent-workspace/builds/worker-2-tc2/target:/opt/rustwide/target:rw,Z" "-v" "/var/lib/crater-agent-workspace/builds/worker-2-tc2/source:/opt/rustwide/workdir:ro,Z" "-v" "/var/lib/crater-agent-workspace/cargo-home:/opt/rustwide/cargo-home:ro,Z" "-v" "/var/lib/crater-agent-workspace/rustup-home:/opt/rustwide/rustup-home:ro,Z" "-e" "SOURCE_DIR=/opt/rustwide/workdir" "-e" "CARGO_TARGET_DIR=/opt/rustwide/target" "-e" "CARGO_INCREMENTAL=0" "-e" "RUST_BACKTRACE=full" "-e" "RUSTFLAGS=--cap-lints=forbid -Zrandomize-layout" "-e" "RUSTDOCFLAGS=--cap-lints=forbid" "-e" "CARGO_HOME=/opt/rustwide/cargo-home" "-e" "RUSTUP_HOME=/opt/rustwide/rustup-home" "-w" "/opt/rustwide/workdir" "-m" "1610612736" "--user" "0:0" "--network" "none" "ghcr.io/rust-lang/crates-build-env/linux@sha256:4a844ea9eb2546a2d2c7022eacef16ef2e8229c7fbb2c7d4d55a9ceca922f72d" "/opt/rustwide/cargo-home/bin/cargo" "+nightly-2024-10-28" "test" "--frozen", kill_on_drop: false }`
[INFO] [stdout] 713675fa5172ecedec4e35b1d03bb491ec991b5d368d10de3a11925bf966eeef
[INFO] running `Command { std: "docker" "start" "-a" "713675fa5172ecedec4e35b1d03bb491ec991b5d368d10de3a11925bf966eeef", kill_on_drop: false }`
[INFO] [stderr]     Finished `test` profile [unoptimized + debuginfo] target(s) in 0.07s
[INFO] [stderr]      Running unittests src/lib.rs (/opt/rustwide/target/debug/deps/axum_embed_files-022488d26efdcf02)
[INFO] [stdout] 
[INFO] [stdout] running 0 tests
[INFO] [stdout] 
[INFO] [stdout] test result: ok. 0 passed; 0 failed; 0 ignored; 0 measured; 0 filtered out; finished in 0.00s
[INFO] [stdout] 
[INFO] [stderr]    Doc-tests axum_embed_files
[INFO] [stdout] 
[INFO] [stdout] running 3 tests
[INFO] [stdout] test src/lib.rs - embed_files (line 43) ... FAILED
[INFO] [stdout] test src/lib.rs - (line 15) ... FAILED
[INFO] [stdout] test src/service.rs - service::EmbeddedFileService (line 15) ... ok
[INFO] [stdout] 
[INFO] [stdout] failures:
[INFO] [stdout] 
[INFO] [stdout] ---- src/lib.rs - embed_files (line 43) stdout ----
[INFO] [stdout] error: proc macro panicked
[INFO] [stdout]   --> src/lib.rs:49:5
[INFO] [stdout]    |
[INFO] [stdout] 9  | /     embed_files!("assets", [
[INFO] [stdout] 10 | |         "img/logo.svg",
[INFO] [stdout] 11 | |         "style.css",
[INFO] [stdout] 12 | |     ])
[INFO] [stdout]    | |______^
[INFO] [stdout]    |
[INFO] [stdout]    = help: message: called `Result::unwrap()` on an `Err` value: Os { code: 2, kind: NotFound, message: "No such file or directory" }
[INFO] [stdout]    = note: this error originates in the macro `embed_files` (in Nightly builds, run with -Z macro-backtrace for more info)
[INFO] [stdout] 
[INFO] [stdout] error: aborting due to 1 previous error
[INFO] [stdout] 
[INFO] [stdout] Couldn't compile the test.
[INFO] [stdout] ---- src/lib.rs - (line 15) stdout ----
[INFO] [stdout] error: proc macro panicked
[INFO] [stdout]   --> src/lib.rs:21:5
[INFO] [stdout]    |
[INFO] [stdout] 9  | /     embed_files!("assets", [
[INFO] [stdout] 10 | |         "img/logo.svg",
[INFO] [stdout] 11 | |         "style.css",
[INFO] [stdout] 12 | |     ])
[INFO] [stdout]    | |______^
[INFO] [stdout]    |
[INFO] [stdout]    = help: message: called `Result::unwrap()` on an `Err` value: Os { code: 2, kind: NotFound, message: "No such file or directory" }
[INFO] [stdout]    = note: this error originates in the macro `embed_files` (in Nightly builds, run with -Z macro-backtrace for more info)
[INFO] [stdout] 
[INFO] [stdout] error: aborting due to 1 previous error
[INFO] [stdout] 
[INFO] [stdout] Couldn't compile the test.
[INFO] [stdout] 
[INFO] [stdout] failures:
[INFO] [stdout]     src/lib.rs - (line 15)
[INFO] [stdout]     src/lib.rs - embed_files (line 43)
[INFO] [stdout] 
[INFO] [stdout] test result: FAILED. 1 passed; 2 failed; 0 ignored; 0 measured; 0 filtered out; finished in 0.16s
[INFO] [stdout] 
[INFO] [stderr] error: doctest failed, to rerun pass `--doc`
[INFO] running `Command { std: "docker" "inspect" "713675fa5172ecedec4e35b1d03bb491ec991b5d368d10de3a11925bf966eeef", kill_on_drop: false }`
[INFO] running `Command { std: "docker" "rm" "-f" "713675fa5172ecedec4e35b1d03bb491ec991b5d368d10de3a11925bf966eeef", kill_on_drop: false }`
[INFO] [stdout] 713675fa5172ecedec4e35b1d03bb491ec991b5d368d10de3a11925bf966eeef
