[INFO] fetching crate aws-types 1.3.3...
[INFO] testing aws-types-1.3.3 against nightly-2024-10-28 for randomize-layout
[INFO] extracting crate aws-types 1.3.3 into /workspace/builds/worker-3-tc1/source
[INFO] validating manifest of crates.io crate aws-types 1.3.3 on toolchain nightly-2024-10-28
[INFO] running `Command { std: CARGO_HOME="/workspace/cargo-home" RUSTUP_HOME="/workspace/rustup-home" "/workspace/cargo-home/bin/cargo" "+nightly-2024-10-28" "metadata" "--manifest-path" "Cargo.toml" "--no-deps", kill_on_drop: false }`
[INFO] started tweaking crates.io crate aws-types 1.3.3
[INFO] finished tweaking crates.io crate aws-types 1.3.3
[INFO] tweaked toml for crates.io crate aws-types 1.3.3 written to /workspace/builds/worker-3-tc1/source/Cargo.toml
[INFO] running `Command { std: CARGO_HOME="/workspace/cargo-home" RUSTUP_HOME="/workspace/rustup-home" "/workspace/cargo-home/bin/cargo" "+nightly-2024-10-28" "generate-lockfile" "--manifest-path" "Cargo.toml", kill_on_drop: false }`
[INFO] [stderr]     Updating crates.io index
[INFO] [stderr]      Locking 138 packages to latest compatible versions
[INFO] [stderr]       Adding http v0.2.12 (available: v1.1.0)
[INFO] [stderr]       Adding hyper-rustls v0.24.2 (available: v0.27.3)
[INFO] running `Command { std: CARGO_HOME="/workspace/cargo-home" RUSTUP_HOME="/workspace/rustup-home" "/workspace/cargo-home/bin/cargo" "+nightly-2024-10-28" "fetch" "--manifest-path" "Cargo.toml", kill_on_drop: false }`
[INFO] [stderr]  Downloading crates ...
[INFO] [stderr]   Downloaded tracing-test v0.2.5
[INFO] [stderr]   Downloaded tracing-test-macro v0.2.5
[INFO] running `Command { std: "docker" "create" "-v" "/var/lib/crater-agent-workspace/builds/worker-3-tc1/target:/opt/rustwide/target:rw,Z" "-v" "/var/lib/crater-agent-workspace/builds/worker-3-tc1/source:/opt/rustwide/workdir:ro,Z" "-v" "/var/lib/crater-agent-workspace/cargo-home:/opt/rustwide/cargo-home:ro,Z" "-v" "/var/lib/crater-agent-workspace/rustup-home:/opt/rustwide/rustup-home:ro,Z" "-e" "SOURCE_DIR=/opt/rustwide/workdir" "-e" "CARGO_TARGET_DIR=/opt/rustwide/target" "-e" "CARGO_HOME=/opt/rustwide/cargo-home" "-e" "RUSTUP_HOME=/opt/rustwide/rustup-home" "-w" "/opt/rustwide/workdir" "-m" "1610612736" "--user" "0:0" "--network" "none" "ghcr.io/rust-lang/crates-build-env/linux@sha256:4a844ea9eb2546a2d2c7022eacef16ef2e8229c7fbb2c7d4d55a9ceca922f72d" "/opt/rustwide/cargo-home/bin/cargo" "+nightly-2024-10-28" "metadata" "--no-deps" "--format-version=1", kill_on_drop: false }`
[INFO] [stdout] b585292e3a144efb25854ea8327044e306b47f4349d50b433122b1f340f97dad
[INFO] running `Command { std: "docker" "start" "-a" "b585292e3a144efb25854ea8327044e306b47f4349d50b433122b1f340f97dad", kill_on_drop: false }`
[INFO] running `Command { std: "docker" "inspect" "b585292e3a144efb25854ea8327044e306b47f4349d50b433122b1f340f97dad", kill_on_drop: false }`
[INFO] running `Command { std: "docker" "rm" "-f" "b585292e3a144efb25854ea8327044e306b47f4349d50b433122b1f340f97dad", kill_on_drop: false }`
[INFO] [stdout] b585292e3a144efb25854ea8327044e306b47f4349d50b433122b1f340f97dad
[INFO] running `Command { std: "docker" "create" "-v" "/var/lib/crater-agent-workspace/builds/worker-3-tc1/target:/opt/rustwide/target:rw,Z" "-v" "/var/lib/crater-agent-workspace/builds/worker-3-tc1/source:/opt/rustwide/workdir:ro,Z" "-v" "/var/lib/crater-agent-workspace/cargo-home:/opt/rustwide/cargo-home:ro,Z" "-v" "/var/lib/crater-agent-workspace/rustup-home:/opt/rustwide/rustup-home:ro,Z" "-e" "SOURCE_DIR=/opt/rustwide/workdir" "-e" "CARGO_TARGET_DIR=/opt/rustwide/target" "-e" "CARGO_INCREMENTAL=0" "-e" "RUST_BACKTRACE=full" "-e" "RUSTFLAGS=--cap-lints=forbid" "-e" "RUSTDOCFLAGS=--cap-lints=forbid" "-e" "CARGO_HOME=/opt/rustwide/cargo-home" "-e" "RUSTUP_HOME=/opt/rustwide/rustup-home" "-w" "/opt/rustwide/workdir" "-m" "1610612736" "--user" "0:0" "--network" "none" "ghcr.io/rust-lang/crates-build-env/linux@sha256:4a844ea9eb2546a2d2c7022eacef16ef2e8229c7fbb2c7d4d55a9ceca922f72d" "/opt/rustwide/cargo-home/bin/cargo" "+nightly-2024-10-28" "build" "--frozen" "--message-format=json", kill_on_drop: false }`
[INFO] [stdout] 941fde2f2446b4819cb0e63cac5e356f6c01a1dc330fe2becae0ea314d1972f2
[INFO] running `Command { std: "docker" "start" "-a" "941fde2f2446b4819cb0e63cac5e356f6c01a1dc330fe2becae0ea314d1972f2", kill_on_drop: false }`
[INFO] [stderr]    Compiling bytes v1.8.0
[INFO] [stderr]    Compiling semver v1.0.23
[INFO] [stderr]    Compiling num-traits v0.2.19
[INFO] [stderr]    Compiling futures-core v0.3.31
[INFO] [stderr]    Compiling vsimd v0.8.0
[INFO] [stderr]    Compiling outref v0.5.1
[INFO] [stderr]    Compiling futures-task v0.3.31
[INFO] [stderr]    Compiling tokio v1.41.0
[INFO] [stderr]    Compiling tracing-core v0.1.32
[INFO] [stderr]    Compiling time v0.3.36
[INFO] [stderr]    Compiling zeroize v1.8.1
[INFO] [stderr]    Compiling syn v2.0.86
[INFO] [stderr]    Compiling futures-util v0.3.31
[INFO] [stderr]    Compiling bytes-utils v0.1.4
[INFO] [stderr]    Compiling http v0.2.12
[INFO] [stderr]    Compiling http v1.1.0
[INFO] [stderr]    Compiling base64-simd v0.8.0
[INFO] [stderr]    Compiling rustc_version v0.4.1
[INFO] [stderr]    Compiling aws-types v1.3.3 (/opt/rustwide/workdir)
[INFO] [stderr]    Compiling num-integer v0.1.46
[INFO] [stderr]    Compiling aws-smithy-async v1.2.1
[INFO] [stderr]    Compiling aws-smithy-types v1.2.8
[INFO] [stderr]    Compiling tracing-attributes v0.1.27
[INFO] [stderr]    Compiling tracing v0.1.40
[INFO] [stderr]    Compiling aws-smithy-runtime-api v1.7.2
[INFO] [stderr]    Compiling aws-credential-types v1.2.1
[INFO] [stderr]     Finished `dev` profile [unoptimized + debuginfo] target(s) in 9.22s
[INFO] running `Command { std: "docker" "inspect" "941fde2f2446b4819cb0e63cac5e356f6c01a1dc330fe2becae0ea314d1972f2", kill_on_drop: false }`
[INFO] running `Command { std: "docker" "rm" "-f" "941fde2f2446b4819cb0e63cac5e356f6c01a1dc330fe2becae0ea314d1972f2", kill_on_drop: false }`
[INFO] [stdout] 941fde2f2446b4819cb0e63cac5e356f6c01a1dc330fe2becae0ea314d1972f2
[INFO] running `Command { std: "docker" "create" "-v" "/var/lib/crater-agent-workspace/builds/worker-3-tc1/target:/opt/rustwide/target:rw,Z" "-v" "/var/lib/crater-agent-workspace/builds/worker-3-tc1/source:/opt/rustwide/workdir:ro,Z" "-v" "/var/lib/crater-agent-workspace/cargo-home:/opt/rustwide/cargo-home:ro,Z" "-v" "/var/lib/crater-agent-workspace/rustup-home:/opt/rustwide/rustup-home:ro,Z" "-e" "SOURCE_DIR=/opt/rustwide/workdir" "-e" "CARGO_TARGET_DIR=/opt/rustwide/target" "-e" "CARGO_INCREMENTAL=0" "-e" "RUST_BACKTRACE=full" "-e" "RUSTFLAGS=--cap-lints=forbid" "-e" "RUSTDOCFLAGS=--cap-lints=forbid" "-e" "CARGO_HOME=/opt/rustwide/cargo-home" "-e" "RUSTUP_HOME=/opt/rustwide/rustup-home" "-w" "/opt/rustwide/workdir" "-m" "1610612736" "--user" "0:0" "--network" "none" "ghcr.io/rust-lang/crates-build-env/linux@sha256:4a844ea9eb2546a2d2c7022eacef16ef2e8229c7fbb2c7d4d55a9ceca922f72d" "/opt/rustwide/cargo-home/bin/cargo" "+nightly-2024-10-28" "test" "--frozen" "--no-run" "--message-format=json", kill_on_drop: false }`
[INFO] [stdout] 8144a70e0c15f2ede447b7c473cf950ee26fe7794f5bbd53f1c576a3182c2bb9
[INFO] running `Command { std: "docker" "start" "-a" "8144a70e0c15f2ede447b7c473cf950ee26fe7794f5bbd53f1c576a3182c2bb9", kill_on_drop: false }`
[INFO] [stderr]    Compiling tracing-core v0.1.32
[INFO] [stderr]    Compiling regex-syntax v0.6.29
[INFO] [stderr]    Compiling regex-syntax v0.8.5
[INFO] [stderr]    Compiling overload v0.1.1
[INFO] [stderr]    Compiling rustix v0.38.38
[INFO] [stderr]    Compiling thread_local v1.1.8
[INFO] [stderr]    Compiling syn v2.0.86
[INFO] [stderr]    Compiling sharded-slab v0.1.7
[INFO] [stderr]    Compiling nu-ansi-term v0.46.0
[INFO] [stderr]    Compiling tracing-log v0.2.0
[INFO] [stderr]    Compiling regex-automata v0.4.8
[INFO] [stderr]    Compiling tempfile v3.13.0
[INFO] [stderr]    Compiling regex-automata v0.1.10
[INFO] [stderr]    Compiling matchers v0.1.0
[INFO] [stderr]    Compiling regex v1.11.1
[INFO] [stderr]    Compiling tracing-attributes v0.1.27
[INFO] [stderr]    Compiling tokio-macros v2.4.0
[INFO] [stderr]    Compiling tracing-test-macro v0.2.5
[INFO] [stderr]    Compiling tokio v1.41.0
[INFO] [stderr]    Compiling tracing v0.1.40
[INFO] [stderr]    Compiling tracing-subscriber v0.3.18
[INFO] [stderr]    Compiling tracing-test v0.2.5
[INFO] [stderr]    Compiling aws-smithy-async v1.2.1
[INFO] [stderr]    Compiling aws-smithy-runtime-api v1.7.2
[INFO] [stderr]    Compiling aws-credential-types v1.2.1
[INFO] [stderr]    Compiling aws-types v1.3.3 (/opt/rustwide/workdir)
[INFO] [stderr]     Finished `test` profile [unoptimized + debuginfo] target(s) in 12.82s
[INFO] running `Command { std: "docker" "inspect" "8144a70e0c15f2ede447b7c473cf950ee26fe7794f5bbd53f1c576a3182c2bb9", kill_on_drop: false }`
[INFO] running `Command { std: "docker" "rm" "-f" "8144a70e0c15f2ede447b7c473cf950ee26fe7794f5bbd53f1c576a3182c2bb9", kill_on_drop: false }`
[INFO] [stdout] 8144a70e0c15f2ede447b7c473cf950ee26fe7794f5bbd53f1c576a3182c2bb9
[INFO] running `Command { std: "docker" "create" "-v" "/var/lib/crater-agent-workspace/builds/worker-3-tc1/target:/opt/rustwide/target:rw,Z" "-v" "/var/lib/crater-agent-workspace/builds/worker-3-tc1/source:/opt/rustwide/workdir:ro,Z" "-v" "/var/lib/crater-agent-workspace/cargo-home:/opt/rustwide/cargo-home:ro,Z" "-v" "/var/lib/crater-agent-workspace/rustup-home:/opt/rustwide/rustup-home:ro,Z" "-e" "SOURCE_DIR=/opt/rustwide/workdir" "-e" "CARGO_TARGET_DIR=/opt/rustwide/target" "-e" "CARGO_INCREMENTAL=0" "-e" "RUST_BACKTRACE=full" "-e" "RUSTFLAGS=--cap-lints=forbid" "-e" "RUSTDOCFLAGS=--cap-lints=forbid" "-e" "CARGO_HOME=/opt/rustwide/cargo-home" "-e" "RUSTUP_HOME=/opt/rustwide/rustup-home" "-w" "/opt/rustwide/workdir" "-m" "1610612736" "--user" "0:0" "--network" "none" "ghcr.io/rust-lang/crates-build-env/linux@sha256:4a844ea9eb2546a2d2c7022eacef16ef2e8229c7fbb2c7d4d55a9ceca922f72d" "/opt/rustwide/cargo-home/bin/cargo" "+nightly-2024-10-28" "test" "--frozen", kill_on_drop: false }`
[INFO] [stdout] 2db6193ee7f10af5c78f76a02236d55203e85b94eb1243efc11d75b457ee2d9c
[INFO] running `Command { std: "docker" "start" "-a" "2db6193ee7f10af5c78f76a02236d55203e85b94eb1243efc11d75b457ee2d9c", kill_on_drop: false }`
[INFO] [stderr]     Finished `test` profile [unoptimized + debuginfo] target(s) in 0.09s
[INFO] [stderr]      Running unittests src/lib.rs (/opt/rustwide/target/debug/deps/aws_types-7c1a8891b96338c9)
[INFO] [stdout] 
[INFO] [stdout] running 14 tests
[INFO] [stdout] test app_name::tests::validation ... ok
[INFO] [stdout] test build_metadata::test::valid_build_metadata ... ok
[INFO] [stdout] test origin::test::test_precedence_low_to_high ... ok
[INFO] [stdout] test origin::test::test_precedence_high_to_low ... ok
[INFO] [stdout] test origin::test::test_self_equality ... ok
[INFO] [stdout] test os_shim_internal::test::env_works ... ok
[INFO] [stdout] test origin::test::test_unknown_is_not_equal ... ok
[INFO] [stdout] test os_shim_internal::test::fs_from_test_dir_works ... ok
[INFO] [stdout] test request_id::tests::test_apply_request_id ... ok
[INFO] [stdout] test request_id::tests::test_error_metadata_request_id_impl ... ok
[INFO] [stdout] test request_id::tests::test_extract_request_id ... ok
[INFO] [stdout] test request_id::tests::test_request_id_sdk_error ... ok
[INFO] [stdout] test os_shim_internal::test::fs_round_trip_file_with_real ... ok
[INFO] [stdout] test app_name::tests::log_warn_once ... ok
[INFO] [stdout] 
[INFO] [stdout] test result: ok. 14 passed; 0 failed; 0 ignored; 0 measured; 0 filtered out; finished in 0.01s
[INFO] [stdout] 
[INFO] [stderr]    Doc-tests aws_types
[INFO] [stdout] 
[INFO] [stdout] running 26 tests
[INFO] [stdout] test src/build_metadata.rs - build_metadata::get_os_family (line 44) ... ignored
[INFO] [stdout] test src/sdk_config.rs - sdk_config::Builder::http_client (line 519) - compile ... ok
[INFO] [stdout] test src/sdk_config.rs - sdk_config::Builder::set_identity_cache (line 377) ... FAILED
[INFO] [stdout] test src/sdk_config.rs - sdk_config::Builder::identity_cache (line 344) ... FAILED
[INFO] [stdout] test src/os_shim_internal.rs - os_shim_internal::Fs::from_test_dir (line 80) - compile ... ok
[INFO] [stdout] test src/sdk_config.rs - sdk_config::Builder::identity_cache (line 352) ... FAILED
[INFO] [stdout] test src/sdk_config.rs - sdk_config::Builder::set_http_client (line 556) - compile ... ok
[INFO] [stdout] test src/sdk_config.rs - sdk_config::Builder::retry_config (line 183) ... ok
[INFO] [stdout] test src/os_shim_internal.rs - os_shim_internal::Fs::from_slice (line 100) ... ok
[INFO] [stdout] test src/os_shim_internal.rs - os_shim_internal::Fs (line 30) ... ok
[INFO] [stdout] test src/sdk_config.rs - sdk_config::Builder::credentials_provider (line 400) ... ok
[INFO] [stdout] test src/sdk_config.rs - sdk_config::Builder::set_sleep_impl (line 310) ... ok
[INFO] [stdout] test src/os_shim_internal.rs - os_shim_internal::Fs (line 25) ... ok
[INFO] [stdout] test src/sdk_config.rs - sdk_config::Builder::endpoint_url (line 162) ... ok
[INFO] [stdout] test src/sdk_config.rs - sdk_config::Builder::set_credentials_provider (line 421) ... ok
[INFO] [stdout] test src/sdk_config.rs - sdk_config::Builder::region (line 129) ... ok
[INFO] [stdout] test src/sdk_config.rs - sdk_config::Builder::set_token_provider (line 473) ... ok
[INFO] [stdout] test src/sdk_config.rs - sdk_config::Builder::sleep_impl (line 282) ... ok
[INFO] [stdout] test src/sdk_config.rs - sdk_config::Builder::set_stalled_stream_protection (line 773) ... ok
[INFO] [stdout] test src/os_shim_internal.rs - os_shim_internal::Env::from_slice (line 242) ... ok
[INFO] [stdout] test src/sdk_config.rs - sdk_config::Builder::set_timeout_config (line 251) ... ok
[INFO] [stdout] test src/sdk_config.rs - sdk_config::Builder::set_region (line 142) ... ok
[INFO] [stdout] test src/sdk_config.rs - sdk_config::Builder::stalled_stream_protection (line 739) ... ok
[INFO] [stdout] test src/sdk_config.rs - sdk_config::Builder::set_retry_config (line 201) ... ok
[INFO] [stdout] test src/sdk_config.rs - sdk_config::Builder::timeout_config (line 226) ... ok
[INFO] [stdout] test src/sdk_config.rs - sdk_config::Builder::token_provider (line 452) ... ok
[INFO] [stdout] 
[INFO] [stdout] failures:
[INFO] [stdout] 
[INFO] [stdout] ---- src/sdk_config.rs - sdk_config::Builder::set_identity_cache (line 377) stdout ----
[INFO] [stdout] error[E0433]: failed to resolve: use of undeclared crate or module `aws_smithy_runtime`
[INFO] [stdout]  --> src/sdk_config.rs:380:5
[INFO] [stdout]   |
[INFO] [stdout] 6 | use aws_smithy_runtime::client::identity::IdentityCache;
[INFO] [stdout]   |     ^^^^^^^^^^^^^^^^^^ use of undeclared crate or module `aws_smithy_runtime`
[INFO] [stdout]   |
[INFO] [stdout] help: there is a crate or module with a similar name
[INFO] [stdout]   |
[INFO] [stdout] 6 | use aws_smithy_runtime_api::client::identity::IdentityCache;
[INFO] [stdout]   |     ~~~~~~~~~~~~~~~~~~~~~~
[INFO] [stdout] 
[INFO] [stdout] error: aborting due to 1 previous error
[INFO] [stdout] 
[INFO] [stdout] For more information about this error, try `rustc --explain E0433`.
[INFO] [stdout] Couldn't compile the test.
[INFO] [stdout] ---- src/sdk_config.rs - sdk_config::Builder::identity_cache (line 344) stdout ----
[INFO] [stdout] error[E0433]: failed to resolve: use of undeclared crate or module `aws_smithy_runtime`
[INFO] [stdout]  --> src/sdk_config.rs:347:5
[INFO] [stdout]   |
[INFO] [stdout] 6 | use aws_smithy_runtime::client::identity::IdentityCache;
[INFO] [stdout]   |     ^^^^^^^^^^^^^^^^^^ use of undeclared crate or module `aws_smithy_runtime`
[INFO] [stdout]   |
[INFO] [stdout] help: there is a crate or module with a similar name
[INFO] [stdout]   |
[INFO] [stdout] 6 | use aws_smithy_runtime_api::client::identity::IdentityCache;
[INFO] [stdout]   |     ~~~~~~~~~~~~~~~~~~~~~~
[INFO] [stdout] 
[INFO] [stdout] error: aborting due to 1 previous error
[INFO] [stdout] 
[INFO] [stdout] For more information about this error, try `rustc --explain E0433`.
[INFO] [stdout] Couldn't compile the test.
[INFO] [stdout] ---- src/sdk_config.rs - sdk_config::Builder::identity_cache (line 352) stdout ----
[INFO] [stdout] error[E0433]: failed to resolve: use of undeclared crate or module `aws_smithy_runtime`
[INFO] [stdout]  --> src/sdk_config.rs:355:5
[INFO] [stdout]   |
[INFO] [stdout] 6 | use aws_smithy_runtime::client::identity::IdentityCache;
[INFO] [stdout]   |     ^^^^^^^^^^^^^^^^^^ use of undeclared crate or module `aws_smithy_runtime`
[INFO] [stdout]   |
[INFO] [stdout] help: there is a crate or module with a similar name
[INFO] [stdout]   |
[INFO] [stdout] 6 | use aws_smithy_runtime_api::client::identity::IdentityCache;
[INFO] [stdout]   |     ~~~~~~~~~~~~~~~~~~~~~~
[INFO] [stdout] 
[INFO] [stdout] error: aborting due to 1 previous error
[INFO] [stdout] 
[INFO] [stdout] For more information about this error, try `rustc --explain E0433`.
[INFO] [stdout] Couldn't compile the test.
[INFO] [stdout] 
[INFO] [stdout] failures:
[INFO] [stdout]     src/sdk_config.rs - sdk_config::Builder::identity_cache (line 344)
[INFO] [stdout]     src/sdk_config.rs - sdk_config::Builder::identity_cache (line 352)
[INFO] [stdout]     src/sdk_config.rs - sdk_config::Builder::set_identity_cache (line 377)
[INFO] [stdout] 
[INFO] [stdout] test result: FAILED. 22 passed; 3 failed; 1 ignored; 0 measured; 0 filtered out; finished in 0.83s
[INFO] [stdout] 
[INFO] [stderr] error: doctest failed, to rerun pass `--doc`
[INFO] running `Command { std: "docker" "inspect" "2db6193ee7f10af5c78f76a02236d55203e85b94eb1243efc11d75b457ee2d9c", kill_on_drop: false }`
[INFO] running `Command { std: "docker" "rm" "-f" "2db6193ee7f10af5c78f76a02236d55203e85b94eb1243efc11d75b457ee2d9c", kill_on_drop: false }`
[INFO] [stdout] 2db6193ee7f10af5c78f76a02236d55203e85b94eb1243efc11d75b457ee2d9c
