[INFO] fetching crate aws-smithy-http-server-python 0.63.2...
[INFO] testing aws-smithy-http-server-python-0.63.2 against nightly-2024-10-28+rustflags=-Zrandomize-layout for randomize-layout
[INFO] extracting crate aws-smithy-http-server-python 0.63.2 into /workspace/builds/worker-4-tc2/source
[INFO] validating manifest of crates.io crate aws-smithy-http-server-python 0.63.2 on toolchain nightly-2024-10-28
[INFO] running `Command { std: CARGO_HOME="/workspace/cargo-home" RUSTUP_HOME="/workspace/rustup-home" "/workspace/cargo-home/bin/cargo" "+nightly-2024-10-28" "metadata" "--manifest-path" "Cargo.toml" "--no-deps", kill_on_drop: false }`
[INFO] started tweaking crates.io crate aws-smithy-http-server-python 0.63.2
[INFO] removed 0 missing tests
[INFO] finished tweaking crates.io crate aws-smithy-http-server-python 0.63.2
[INFO] tweaked toml for crates.io crate aws-smithy-http-server-python 0.63.2 written to /workspace/builds/worker-4-tc2/source/Cargo.toml
[INFO] running `Command { std: CARGO_HOME="/workspace/cargo-home" RUSTUP_HOME="/workspace/rustup-home" "/workspace/cargo-home/bin/cargo" "+nightly-2024-10-28" "generate-lockfile" "--manifest-path" "Cargo.toml", kill_on_drop: false }`
[INFO] [stderr]     Updating crates.io index
[INFO] [stderr]      Locking 229 packages to latest compatible versions
[INFO] [stderr]       Adding http v0.2.12 (available: v1.1.0)
[INFO] [stderr]       Adding hyper v0.14.31 (available: v1.5.0)
[INFO] [stderr]       Adding hyper-rustls v0.24.2 (available: v0.27.3)
[INFO] [stderr]       Adding lambda_http v0.8.3 (available: v0.13.0)
[INFO] [stderr]       Adding pyo3 v0.18.3 (available: v0.22.5)
[INFO] [stderr]       Adding pyo3-asyncio v0.18.0 (available: v0.20.0)
[INFO] [stderr]       Adding rcgen v0.10.0 (available: v0.13.1)
[INFO] [stderr]       Adding rustls-pemfile v1.0.4 (available: v2.2.0)
[INFO] [stderr]       Adding tls-listener v0.7.0 (available: v0.10.2)
[INFO] [stderr]       Adding tokio-rustls v0.24.1 (available: v0.26.0)
[INFO] [stderr]       Adding tower v0.4.13 (available: v0.5.1)
[INFO] running `Command { std: CARGO_HOME="/workspace/cargo-home" RUSTUP_HOME="/workspace/rustup-home" "/workspace/cargo-home/bin/cargo" "+nightly-2024-10-28" "fetch" "--manifest-path" "Cargo.toml", kill_on_drop: false }`
[INFO] running `Command { std: "docker" "create" "-v" "/var/lib/crater-agent-workspace/builds/worker-4-tc2/target:/opt/rustwide/target:rw,Z" "-v" "/var/lib/crater-agent-workspace/builds/worker-4-tc2/source:/opt/rustwide/workdir:ro,Z" "-v" "/var/lib/crater-agent-workspace/cargo-home:/opt/rustwide/cargo-home:ro,Z" "-v" "/var/lib/crater-agent-workspace/rustup-home:/opt/rustwide/rustup-home:ro,Z" "-e" "SOURCE_DIR=/opt/rustwide/workdir" "-e" "CARGO_TARGET_DIR=/opt/rustwide/target" "-e" "CARGO_HOME=/opt/rustwide/cargo-home" "-e" "RUSTUP_HOME=/opt/rustwide/rustup-home" "-w" "/opt/rustwide/workdir" "-m" "1610612736" "--user" "0:0" "--network" "none" "ghcr.io/rust-lang/crates-build-env/linux@sha256:4a844ea9eb2546a2d2c7022eacef16ef2e8229c7fbb2c7d4d55a9ceca922f72d" "/opt/rustwide/cargo-home/bin/cargo" "+nightly-2024-10-28" "metadata" "--no-deps" "--format-version=1", kill_on_drop: false }`
[INFO] [stdout] 0e1ee8524d7b13df815f9d4f011cee697926b0b12d2e92aa1470c4900afa6d62
[INFO] running `Command { std: "docker" "start" "-a" "0e1ee8524d7b13df815f9d4f011cee697926b0b12d2e92aa1470c4900afa6d62", kill_on_drop: false }`
[INFO] running `Command { std: "docker" "inspect" "0e1ee8524d7b13df815f9d4f011cee697926b0b12d2e92aa1470c4900afa6d62", kill_on_drop: false }`
[INFO] running `Command { std: "docker" "rm" "-f" "0e1ee8524d7b13df815f9d4f011cee697926b0b12d2e92aa1470c4900afa6d62", kill_on_drop: false }`
[INFO] [stdout] 0e1ee8524d7b13df815f9d4f011cee697926b0b12d2e92aa1470c4900afa6d62
[INFO] running `Command { std: "docker" "create" "-v" "/var/lib/crater-agent-workspace/builds/worker-4-tc2/target:/opt/rustwide/target:rw,Z" "-v" "/var/lib/crater-agent-workspace/builds/worker-4-tc2/source:/opt/rustwide/workdir:ro,Z" "-v" "/var/lib/crater-agent-workspace/cargo-home:/opt/rustwide/cargo-home:ro,Z" "-v" "/var/lib/crater-agent-workspace/rustup-home:/opt/rustwide/rustup-home:ro,Z" "-e" "SOURCE_DIR=/opt/rustwide/workdir" "-e" "CARGO_TARGET_DIR=/opt/rustwide/target" "-e" "CARGO_INCREMENTAL=0" "-e" "RUST_BACKTRACE=full" "-e" "RUSTFLAGS=--cap-lints=forbid -Zrandomize-layout" "-e" "RUSTDOCFLAGS=--cap-lints=forbid" "-e" "CARGO_HOME=/opt/rustwide/cargo-home" "-e" "RUSTUP_HOME=/opt/rustwide/rustup-home" "-w" "/opt/rustwide/workdir" "-m" "1610612736" "--user" "0:0" "--network" "none" "ghcr.io/rust-lang/crates-build-env/linux@sha256:4a844ea9eb2546a2d2c7022eacef16ef2e8229c7fbb2c7d4d55a9ceca922f72d" "/opt/rustwide/cargo-home/bin/cargo" "+nightly-2024-10-28" "build" "--frozen" "--message-format=json", kill_on_drop: false }`
[INFO] [stdout] 2b56e935a20df2a57ff398701793d368957083d516fbf206b552271acc449378
[INFO] running `Command { std: "docker" "start" "-a" "2b56e935a20df2a57ff398701793d368957083d516fbf206b552271acc449378", kill_on_drop: false }`
[INFO] [stderr]    Compiling serde v1.0.214
[INFO] [stderr]    Compiling smallvec v1.13.2
[INFO] [stderr]    Compiling lock_api v0.4.12
[INFO] [stderr]    Compiling parking_lot_core v0.9.10
[INFO] [stderr]    Compiling signal-hook-registry v1.4.2
[INFO] [stderr]    Compiling log v0.4.22
[INFO] [stderr]    Compiling futures-util v0.3.31
[INFO] [stderr]    Compiling tracing-core v0.1.32
[INFO] [stderr]    Compiling tracing v0.1.40
[INFO] [stderr]    Compiling hashbrown v0.15.0
[INFO] [stderr]    Compiling equivalent v1.0.1
[INFO] [stderr]    Compiling target-lexicon v0.12.16
[INFO] [stderr]    Compiling httpdate v1.0.3
[INFO] [stderr]    Compiling parking_lot v0.12.3
[INFO] [stderr]    Compiling num-traits v0.2.19
[INFO] [stderr]    Compiling powerfmt v0.2.0
[INFO] [stderr]    Compiling num-conv v0.1.0
[INFO] [stderr]    Compiling time-core v0.1.2
[INFO] [stderr]    Compiling indexmap v2.6.0
[INFO] [stderr]    Compiling deranged v0.3.11
[INFO] [stderr]    Compiling either v1.13.0
[INFO] [stderr]    Compiling outref v0.5.1
[INFO] [stderr]    Compiling vsimd v0.8.0
[INFO] [stderr]    Compiling getrandom v0.2.15
[INFO] [stderr]    Compiling num-integer v0.1.46
[INFO] [stderr]    Compiling pyo3-build-config v0.18.3
[INFO] [stderr]    Compiling syn v1.0.109
[INFO] [stderr]    Compiling ring v0.17.8
[INFO] [stderr]    Compiling pin-project-internal v1.1.7
[INFO] [stderr]    Compiling base64-simd v0.8.0
[INFO] [stderr]    Compiling time v0.3.36
[INFO] [stderr]    Compiling aho-corasick v1.1.3
[INFO] [stderr]    Compiling futures-executor v0.3.31
[INFO] [stderr]    Compiling tower-layer v0.3.3
[INFO] [stderr]    Compiling regex-syntax v0.8.5
[INFO] [stderr]    Compiling futures v0.3.31
[INFO] [stderr]    Compiling pyo3-ffi v0.18.3
[INFO] [stderr]    Compiling pin-project v1.1.7
[INFO] [stderr]    Compiling bytes v1.8.0
[INFO] [stderr]    Compiling serde_json v1.0.132
[INFO] [stderr]    Compiling memoffset v0.8.0
[INFO] [stderr]    Compiling tokio v1.41.0
[INFO] [stderr]    Compiling http v0.2.12
[INFO] [stderr]    Compiling bytes-utils v0.1.4
[INFO] [stderr]    Compiling rustls v0.21.12
[INFO] [stderr]    Compiling regex-automata v0.4.8
[INFO] [stderr]    Compiling http-body v0.4.6
[INFO] [stderr]    Compiling http-serde v1.1.3
[INFO] [stderr]    Compiling base64 v0.21.7
[INFO] [stderr]    Compiling minicbor v0.24.4
[INFO] [stderr]    Compiling crossbeam-utils v0.8.20
[INFO] [stderr]    Compiling regex-syntax v0.6.29
[INFO] [stderr]    Compiling pyo3-macros-backend v0.18.3
[INFO] [stderr]    Compiling http v1.1.0
[INFO] [stderr]    Compiling serde_path_to_error v0.1.16
[INFO] [stderr]    Compiling query_map v0.7.0
[INFO] [stderr]    Compiling regex v1.11.1
[INFO] [stderr]    Compiling pyo3 v0.18.3
[INFO] [stderr]    Compiling rustls-webpki v0.101.7
[INFO] [stderr]    Compiling sct v0.7.1
[INFO] [stderr]    Compiling half v2.4.1
[INFO] [stderr]    Compiling base64 v0.20.0
[INFO] [stderr]    Compiling overload v0.1.1
[INFO] [stderr]    Compiling lazy_static v1.5.0
[INFO] [stderr]    Compiling nu-ansi-term v0.46.0
[INFO] [stderr]    Compiling sharded-slab v0.1.7
[INFO] [stderr]    Compiling regex-automata v0.1.10
[INFO] [stderr]    Compiling aws_lambda_events v0.12.1
[INFO] [stderr]    Compiling tokio-util v0.7.12
[INFO] [stderr]    Compiling tower v0.4.13
[INFO] [stderr]    Compiling tokio-stream v0.1.16
[INFO] [stderr]    Compiling aws-smithy-async v1.2.1
[INFO] [stderr]    Compiling pyo3-macros v0.18.3
[INFO] [stderr]    Compiling matchers v0.1.0
[INFO] [stderr]    Compiling h2 v0.3.26
[INFO] [stderr]    Compiling tracing-serde v0.1.3
[INFO] [stderr]    Compiling serde_urlencoded v0.7.1
[INFO] [stderr]    Compiling signal-hook v0.3.17
[INFO] [stderr]    Compiling tracing-log v0.2.0
[INFO] [stderr]    Compiling encoding_rs v0.8.35
[INFO] [stderr]    Compiling thread_local v1.1.8
[INFO] [stderr]    Compiling unindent v0.1.11
[INFO] [stderr]    Compiling xmlparser v0.13.6
[INFO] [stderr]    Compiling indoc v1.0.9
[INFO] [stderr]    Compiling bitflags v1.3.2
[INFO] [stderr]    Compiling http-range-header v0.3.1
[INFO] [stderr]    Compiling tower-http v0.3.5
[INFO] [stderr]    Compiling aws-smithy-xml v0.60.9
[INFO] [stderr]    Compiling crossbeam-channel v0.5.13
[INFO] [stderr]    Compiling tracing-subscriber v0.3.18
[INFO] [stderr]    Compiling tokio-rustls v0.24.1
[INFO] [stderr]    Compiling rustls-pemfile v1.0.4
[INFO] [stderr]    Compiling num_cpus v1.16.0
[INFO] [stderr]    Compiling tracing-appender v0.2.3
[INFO] [stderr]    Compiling pyo3-asyncio v0.18.0
[INFO] [stderr]    Compiling hyper v0.14.31
[INFO] [stderr]    Compiling aws-smithy-types v1.2.8
[INFO] [stderr]    Compiling lambda_runtime_api_client v0.8.0
[INFO] [stderr]    Compiling tls-listener v0.7.0
[INFO] [stderr]    Compiling lambda_runtime v0.8.3
[INFO] [stderr]    Compiling aws-smithy-runtime-api v1.7.2
[INFO] [stderr]    Compiling aws-smithy-cbor v0.60.7
[INFO] [stderr]    Compiling aws-smithy-json v0.60.7
[INFO] [stderr]    Compiling lambda_http v0.8.3
[INFO] [stderr]    Compiling aws-smithy-http v0.60.11
[INFO] [stderr]    Compiling aws-smithy-http-server v0.63.3
[INFO] [stderr]    Compiling aws-smithy-http-server-python v0.63.2 (/opt/rustwide/workdir)
[INFO] [stdout] warning: non-local `impl` definition, `impl` blocks should be written at the same level as their item
[INFO] [stdout]   --> src/util/collection.rs:66:9
[INFO] [stdout]    |
[INFO] [stdout] 66 |         #[pyo3::pymethods]
[INFO] [stdout]    |         ^-----------------
[INFO] [stdout]    |         |
[INFO] [stdout]    |         move the `impl` block outside of this method `__setitem__` and up 2 bodies
[INFO] [stdout]    |
[INFO] [stdout]   ::: src/middleware/header_map.rs:93:28
[INFO] [stdout]    |
[INFO] [stdout] 93 | mutable_mapping_pymethods!(PyHeaderMap, keys_iter: PyHeaderMapKeys);
[INFO] [stdout]    | -------------------------------------------------------------------
[INFO] [stdout]    | |                          |
[INFO] [stdout]    | |                          `PyHeaderMap` is not local
[INFO] [stdout]    | in this macro invocation
[INFO] [stdout]    |
[INFO] [stdout]    = note: the attribute macro `pyo3::pymethods` defines the non-local `impl`, and may need to be changed
[INFO] [stdout]    = note: the attribute macro `pyo3::pymethods` may come from an old version of the `pyo3_macros` crate, try updating your dependency with `cargo update -p pyo3_macros`
[INFO] [stdout]    = note: an `impl` is never scoped, even when it is nested inside an item, as it may impact type checking outside of that item, which can be the case if neither the trait or the self type are at the same nesting level as the `impl`
[INFO] [stdout]    = note: `#[warn(non_local_definitions)]` on by default
[INFO] [stdout]    = note: this warning originates in the attribute macro `pyo3::pymethods` which comes from the expansion of the macro `mutable_mapping_pymethods` (in Nightly builds, run with -Z macro-backtrace for more info)
[INFO] [stdout] 
[INFO] [stdout] 
[INFO] [stdout] warning: non-local `impl` definition, `impl` blocks should be written at the same level as their item
[INFO] [stdout]   --> src/util/collection.rs:66:9
[INFO] [stdout]    |
[INFO] [stdout] 66 |         #[pyo3::pymethods]
[INFO] [stdout]    |         ^-----------------
[INFO] [stdout]    |         |
[INFO] [stdout]    |         move the `impl` block outside of this method `__delitem__` and up 2 bodies
[INFO] [stdout]    |
[INFO] [stdout]   ::: src/middleware/header_map.rs:93:28
[INFO] [stdout]    |
[INFO] [stdout] 93 | mutable_mapping_pymethods!(PyHeaderMap, keys_iter: PyHeaderMapKeys);
[INFO] [stdout]    | -------------------------------------------------------------------
[INFO] [stdout]    | |                          |
[INFO] [stdout]    | |                          `PyHeaderMap` is not local
[INFO] [stdout]    | in this macro invocation
[INFO] [stdout]    |
[INFO] [stdout]    = note: the attribute macro `pyo3::pymethods` defines the non-local `impl`, and may need to be changed
[INFO] [stdout]    = note: the attribute macro `pyo3::pymethods` may come from an old version of the `pyo3_macros` crate, try updating your dependency with `cargo update -p pyo3_macros`
[INFO] [stdout]    = note: an `impl` is never scoped, even when it is nested inside an item, as it may impact type checking outside of that item, which can be the case if neither the trait or the self type are at the same nesting level as the `impl`
[INFO] [stdout]    = note: this warning originates in the attribute macro `pyo3::pymethods` which comes from the expansion of the macro `mutable_mapping_pymethods` (in Nightly builds, run with -Z macro-backtrace for more info)
[INFO] [stdout] 
[INFO] [stdout] 
[INFO] [stderr]     Finished `dev` profile [unoptimized + debuginfo] target(s) in 1m 24s
[INFO] running `Command { std: "docker" "inspect" "2b56e935a20df2a57ff398701793d368957083d516fbf206b552271acc449378", kill_on_drop: false }`
[INFO] running `Command { std: "docker" "rm" "-f" "2b56e935a20df2a57ff398701793d368957083d516fbf206b552271acc449378", kill_on_drop: false }`
[INFO] [stdout] 2b56e935a20df2a57ff398701793d368957083d516fbf206b552271acc449378
[INFO] running `Command { std: "docker" "create" "-v" "/var/lib/crater-agent-workspace/builds/worker-4-tc2/target:/opt/rustwide/target:rw,Z" "-v" "/var/lib/crater-agent-workspace/builds/worker-4-tc2/source:/opt/rustwide/workdir:ro,Z" "-v" "/var/lib/crater-agent-workspace/cargo-home:/opt/rustwide/cargo-home:ro,Z" "-v" "/var/lib/crater-agent-workspace/rustup-home:/opt/rustwide/rustup-home:ro,Z" "-e" "SOURCE_DIR=/opt/rustwide/workdir" "-e" "CARGO_TARGET_DIR=/opt/rustwide/target" "-e" "CARGO_INCREMENTAL=0" "-e" "RUST_BACKTRACE=full" "-e" "RUSTFLAGS=--cap-lints=forbid -Zrandomize-layout" "-e" "RUSTDOCFLAGS=--cap-lints=forbid" "-e" "CARGO_HOME=/opt/rustwide/cargo-home" "-e" "RUSTUP_HOME=/opt/rustwide/rustup-home" "-w" "/opt/rustwide/workdir" "-m" "1610612736" "--user" "0:0" "--network" "none" "ghcr.io/rust-lang/crates-build-env/linux@sha256:4a844ea9eb2546a2d2c7022eacef16ef2e8229c7fbb2c7d4d55a9ceca922f72d" "/opt/rustwide/cargo-home/bin/cargo" "+nightly-2024-10-28" "test" "--frozen" "--no-run" "--message-format=json", kill_on_drop: false }`
[INFO] [stdout] e3165891a8eecfb1b4ccc03e222dce551da483fe26bbb6fbe3f8a9a16586892e
[INFO] running `Command { std: "docker" "start" "-a" "e3165891a8eecfb1b4ccc03e222dce551da483fe26bbb6fbe3f8a9a16586892e", kill_on_drop: false }`
[INFO] [stderr]    Compiling tokio v1.41.0
[INFO] [stderr]    Compiling indexmap v1.9.3
[INFO] [stderr]    Compiling os_str_bytes v6.6.1
[INFO] [stderr]    Compiling concurrent-queue v2.5.0
[INFO] [stderr]    Compiling ring v0.16.20
[INFO] [stderr]    Compiling atty v0.2.14
[INFO] [stderr]    Compiling termcolor v1.4.1
[INFO] [stderr]    Compiling event-listener v2.5.3
[INFO] [stderr]    Compiling textwrap v0.16.1
[INFO] [stderr]    Compiling clap_lex v0.2.4
[INFO] [stderr]    Compiling strsim v0.10.0
[INFO] [stderr]    Compiling async-channel v1.9.0
[INFO] [stderr]    Compiling pyo3-asyncio-macros v0.18.0
[INFO] [stderr]    Compiling clap v3.2.25
[INFO] [stderr]    Compiling inventory v0.3.15
[INFO] [stderr]    Compiling base64 v0.13.1
[INFO] [stderr]    Compiling rustls-native-certs v0.6.3
[INFO] [stderr]    Compiling yasna v0.5.2
[INFO] [stderr]    Compiling diff v0.1.13
[INFO] [stderr]    Compiling yansi v1.0.1
[INFO] [stderr]    Compiling pem v1.1.1
[INFO] [stderr]    Compiling pretty_assertions v1.4.1
[INFO] [stderr]    Compiling rcgen v0.10.0
[INFO] [stderr]    Compiling tokio-util v0.7.12
[INFO] [stderr]    Compiling tokio-stream v0.1.16
[INFO] [stderr]    Compiling tower v0.4.13
[INFO] [stderr]    Compiling aws-smithy-async v1.2.1
[INFO] [stderr]    Compiling tokio-rustls v0.24.1
[INFO] [stderr]    Compiling pyo3-asyncio v0.18.0
[INFO] [stderr]    Compiling tokio-test v0.4.4
[INFO] [stderr]    Compiling h2 v0.3.26
[INFO] [stderr]    Compiling tower-test v0.4.0
[INFO] [stderr]    Compiling hyper v0.14.31
[INFO] [stderr]    Compiling aws-smithy-types v1.2.8
[INFO] [stderr]    Compiling lambda_runtime_api_client v0.8.0
[INFO] [stderr]    Compiling tls-listener v0.7.0
[INFO] [stderr]    Compiling hyper-rustls v0.24.2
[INFO] [stderr]    Compiling lambda_runtime v0.8.3
[INFO] [stderr]    Compiling aws-smithy-runtime-api v1.7.2
[INFO] [stderr]    Compiling aws-smithy-cbor v0.60.7
[INFO] [stderr]    Compiling aws-smithy-json v0.60.7
[INFO] [stderr]    Compiling lambda_http v0.8.3
[INFO] [stderr]    Compiling aws-smithy-http v0.60.11
[INFO] [stderr]    Compiling aws-smithy-http-server v0.63.3
[INFO] [stderr]    Compiling aws-smithy-http-server-python v0.63.2 (/opt/rustwide/workdir)
[INFO] [stdout] warning: non-local `impl` definition, `impl` blocks should be written at the same level as their item
[INFO] [stdout]   --> src/util/collection.rs:66:9
[INFO] [stdout]    |
[INFO] [stdout] 66 |         #[pyo3::pymethods]
[INFO] [stdout]    |         ^-----------------
[INFO] [stdout]    |         |
[INFO] [stdout]    |         move the `impl` block outside of this method `__setitem__` and up 2 bodies
[INFO] [stdout]    |
[INFO] [stdout]   ::: src/middleware/header_map.rs:93:28
[INFO] [stdout]    |
[INFO] [stdout] 93 | mutable_mapping_pymethods!(PyHeaderMap, keys_iter: PyHeaderMapKeys);
[INFO] [stdout]    | -------------------------------------------------------------------
[INFO] [stdout]    | |                          |
[INFO] [stdout]    | |                          `PyHeaderMap` is not local
[INFO] [stdout]    | in this macro invocation
[INFO] [stdout]    |
[INFO] [stdout]    = note: the attribute macro `pyo3::pymethods` defines the non-local `impl`, and may need to be changed
[INFO] [stdout]    = note: the attribute macro `pyo3::pymethods` may come from an old version of the `pyo3_macros` crate, try updating your dependency with `cargo update -p pyo3_macros`
[INFO] [stdout]    = note: an `impl` is never scoped, even when it is nested inside an item, as it may impact type checking outside of that item, which can be the case if neither the trait or the self type are at the same nesting level as the `impl`
[INFO] [stdout]    = note: `#[warn(non_local_definitions)]` on by default
[INFO] [stdout]    = note: this warning originates in the attribute macro `pyo3::pymethods` which comes from the expansion of the macro `mutable_mapping_pymethods` (in Nightly builds, run with -Z macro-backtrace for more info)
[INFO] [stdout] 
[INFO] [stdout] 
[INFO] [stdout] warning: non-local `impl` definition, `impl` blocks should be written at the same level as their item
[INFO] [stdout]   --> src/util/collection.rs:66:9
[INFO] [stdout]    |
[INFO] [stdout] 66 |         #[pyo3::pymethods]
[INFO] [stdout]    |         ^-----------------
[INFO] [stdout]    |         |
[INFO] [stdout]    |         move the `impl` block outside of this method `__delitem__` and up 2 bodies
[INFO] [stdout]    |
[INFO] [stdout]   ::: src/middleware/header_map.rs:93:28
[INFO] [stdout]    |
[INFO] [stdout] 93 | mutable_mapping_pymethods!(PyHeaderMap, keys_iter: PyHeaderMapKeys);
[INFO] [stdout]    | -------------------------------------------------------------------
[INFO] [stdout]    | |                          |
[INFO] [stdout]    | |                          `PyHeaderMap` is not local
[INFO] [stdout]    | in this macro invocation
[INFO] [stdout]    |
[INFO] [stdout]    = note: the attribute macro `pyo3::pymethods` defines the non-local `impl`, and may need to be changed
[INFO] [stdout]    = note: the attribute macro `pyo3::pymethods` may come from an old version of the `pyo3_macros` crate, try updating your dependency with `cargo update -p pyo3_macros`
[INFO] [stdout]    = note: an `impl` is never scoped, even when it is nested inside an item, as it may impact type checking outside of that item, which can be the case if neither the trait or the self type are at the same nesting level as the `impl`
[INFO] [stdout]    = note: this warning originates in the attribute macro `pyo3::pymethods` which comes from the expansion of the macro `mutable_mapping_pymethods` (in Nightly builds, run with -Z macro-backtrace for more info)
[INFO] [stdout] 
[INFO] [stdout] 
[INFO] [stdout] warning: non-local `impl` definition, `impl` blocks should be written at the same level as their item
[INFO] [stdout]   --> src/util/collection.rs:66:9
[INFO] [stdout]    |
[INFO] [stdout] 66 |         #[pyo3::pymethods]
[INFO] [stdout]    |         ^-----------------
[INFO] [stdout]    |         |
[INFO] [stdout]    |         move the `impl` block outside of this method `__setitem__` and up 2 bodies
[INFO] [stdout]    |
[INFO] [stdout]   ::: src/middleware/header_map.rs:93:28
[INFO] [stdout]    |
[INFO] [stdout] 93 | mutable_mapping_pymethods!(PyHeaderMap, keys_iter: PyHeaderMapKeys);
[INFO] [stdout]    | -------------------------------------------------------------------
[INFO] [stdout]    | |                          |
[INFO] [stdout]    | |                          `PyHeaderMap` is not local
[INFO] [stdout]    | in this macro invocation
[INFO] [stdout]    |
[INFO] [stdout]    = note: the attribute macro `pyo3::pymethods` defines the non-local `impl`, and may need to be changed
[INFO] [stdout]    = note: the attribute macro `pyo3::pymethods` may come from an old version of the `pyo3_macros` crate, try updating your dependency with `cargo update -p pyo3_macros`
[INFO] [stdout]    = note: an `impl` is never scoped, even when it is nested inside an item, as it may impact type checking outside of that item, which can be the case if neither the trait or the self type are at the same nesting level as the `impl`
[INFO] [stdout]    = note: `#[warn(non_local_definitions)]` on by default
[INFO] [stdout]    = note: this warning originates in the attribute macro `pyo3::pymethods` which comes from the expansion of the macro `mutable_mapping_pymethods` (in Nightly builds, run with -Z macro-backtrace for more info)
[INFO] [stdout] 
[INFO] [stdout] 
[INFO] [stdout] warning: non-local `impl` definition, `impl` blocks should be written at the same level as their item
[INFO] [stdout]   --> src/util/collection.rs:66:9
[INFO] [stdout]    |
[INFO] [stdout] 66 |         #[pyo3::pymethods]
[INFO] [stdout]    |         ^-----------------
[INFO] [stdout]    |         |
[INFO] [stdout]    |         move the `impl` block outside of this method `__delitem__` and up 2 bodies
[INFO] [stdout]    |
[INFO] [stdout]   ::: src/middleware/header_map.rs:93:28
[INFO] [stdout]    |
[INFO] [stdout] 93 | mutable_mapping_pymethods!(PyHeaderMap, keys_iter: PyHeaderMapKeys);
[INFO] [stdout]    | -------------------------------------------------------------------
[INFO] [stdout]    | |                          |
[INFO] [stdout]    | |                          `PyHeaderMap` is not local
[INFO] [stdout]    | in this macro invocation
[INFO] [stdout]    |
[INFO] [stdout]    = note: the attribute macro `pyo3::pymethods` defines the non-local `impl`, and may need to be changed
[INFO] [stdout]    = note: the attribute macro `pyo3::pymethods` may come from an old version of the `pyo3_macros` crate, try updating your dependency with `cargo update -p pyo3_macros`
[INFO] [stdout]    = note: an `impl` is never scoped, even when it is nested inside an item, as it may impact type checking outside of that item, which can be the case if neither the trait or the self type are at the same nesting level as the `impl`
[INFO] [stdout]    = note: this warning originates in the attribute macro `pyo3::pymethods` which comes from the expansion of the macro `mutable_mapping_pymethods` (in Nightly builds, run with -Z macro-backtrace for more info)
[INFO] [stdout] 
[INFO] [stdout] 
[INFO] [stdout] warning: non-local `impl` definition, `impl` blocks should be written at the same level as their item
[INFO] [stdout]    --> src/util/collection.rs:66:9
[INFO] [stdout]     |
[INFO] [stdout] 66  |         #[pyo3::pymethods]
[INFO] [stdout]     |         ^-----------------
[INFO] [stdout]     |         |
[INFO] [stdout]     |         move the `impl` block outside of this method `__setitem__` and up 2 bodies
[INFO] [stdout] ...
[INFO] [stdout] 258 |     mutable_mapping_pymethods!(Map, keys_iter: MapKeys);
[INFO] [stdout]     |     ---------------------------------------------------
[INFO] [stdout]     |     |                          |
[INFO] [stdout]     |     |                          `Map` is not local
[INFO] [stdout]     |     in this macro invocation
[INFO] [stdout]     |
[INFO] [stdout]     = note: the attribute macro `pyo3::pymethods` defines the non-local `impl`, and may need to be changed
[INFO] [stdout]     = note: the attribute macro `pyo3::pymethods` may come from an old version of the `pyo3_macros` crate, try updating your dependency with `cargo update -p pyo3_macros`
[INFO] [stdout]     = note: an `impl` is never scoped, even when it is nested inside an item, as it may impact type checking outside of that item, which can be the case if neither the trait or the self type are at the same nesting level as the `impl`
[INFO] [stdout]     = note: this warning originates in the attribute macro `pyo3::pymethods` which comes from the expansion of the macro `mutable_mapping_pymethods` (in Nightly builds, run with -Z macro-backtrace for more info)
[INFO] [stdout] 
[INFO] [stdout] 
[INFO] [stdout] warning: non-local `impl` definition, `impl` blocks should be written at the same level as their item
[INFO] [stdout]    --> src/util/collection.rs:66:9
[INFO] [stdout]     |
[INFO] [stdout] 66  |         #[pyo3::pymethods]
[INFO] [stdout]     |         ^-----------------
[INFO] [stdout]     |         |
[INFO] [stdout]     |         move the `impl` block outside of this method `__delitem__` and up 2 bodies
[INFO] [stdout] ...
[INFO] [stdout] 258 |     mutable_mapping_pymethods!(Map, keys_iter: MapKeys);
[INFO] [stdout]     |     ---------------------------------------------------
[INFO] [stdout]     |     |                          |
[INFO] [stdout]     |     |                          `Map` is not local
[INFO] [stdout]     |     in this macro invocation
[INFO] [stdout]     |
[INFO] [stdout]     = note: the attribute macro `pyo3::pymethods` defines the non-local `impl`, and may need to be changed
[INFO] [stdout]     = note: the attribute macro `pyo3::pymethods` may come from an old version of the `pyo3_macros` crate, try updating your dependency with `cargo update -p pyo3_macros`
[INFO] [stdout]     = note: an `impl` is never scoped, even when it is nested inside an item, as it may impact type checking outside of that item, which can be the case if neither the trait or the self type are at the same nesting level as the `impl`
[INFO] [stdout]     = note: this warning originates in the attribute macro `pyo3::pymethods` which comes from the expansion of the macro `mutable_mapping_pymethods` (in Nightly builds, run with -Z macro-backtrace for more info)
[INFO] [stdout] 
[INFO] [stdout] 
[INFO] [stderr]     Finished `test` profile [unoptimized + debuginfo] target(s) in 1m 02s
[INFO] running `Command { std: "docker" "inspect" "e3165891a8eecfb1b4ccc03e222dce551da483fe26bbb6fbe3f8a9a16586892e", kill_on_drop: false }`
[INFO] running `Command { std: "docker" "rm" "-f" "e3165891a8eecfb1b4ccc03e222dce551da483fe26bbb6fbe3f8a9a16586892e", kill_on_drop: false }`
[INFO] [stdout] e3165891a8eecfb1b4ccc03e222dce551da483fe26bbb6fbe3f8a9a16586892e
[INFO] running `Command { std: "docker" "create" "-v" "/var/lib/crater-agent-workspace/builds/worker-4-tc2/target:/opt/rustwide/target:rw,Z" "-v" "/var/lib/crater-agent-workspace/builds/worker-4-tc2/source:/opt/rustwide/workdir:ro,Z" "-v" "/var/lib/crater-agent-workspace/cargo-home:/opt/rustwide/cargo-home:ro,Z" "-v" "/var/lib/crater-agent-workspace/rustup-home:/opt/rustwide/rustup-home:ro,Z" "-e" "SOURCE_DIR=/opt/rustwide/workdir" "-e" "CARGO_TARGET_DIR=/opt/rustwide/target" "-e" "CARGO_INCREMENTAL=0" "-e" "RUST_BACKTRACE=full" "-e" "RUSTFLAGS=--cap-lints=forbid -Zrandomize-layout" "-e" "RUSTDOCFLAGS=--cap-lints=forbid" "-e" "CARGO_HOME=/opt/rustwide/cargo-home" "-e" "RUSTUP_HOME=/opt/rustwide/rustup-home" "-w" "/opt/rustwide/workdir" "-m" "1610612736" "--user" "0:0" "--network" "none" "ghcr.io/rust-lang/crates-build-env/linux@sha256:4a844ea9eb2546a2d2c7022eacef16ef2e8229c7fbb2c7d4d55a9ceca922f72d" "/opt/rustwide/cargo-home/bin/cargo" "+nightly-2024-10-28" "test" "--frozen", kill_on_drop: false }`
[INFO] [stdout] 2e07512c777f802672bd764b1226288165c4cbcb768e9b7d176e3b7697ff8867
[INFO] running `Command { std: "docker" "start" "-a" "2e07512c777f802672bd764b1226288165c4cbcb768e9b7d176e3b7697ff8867", kill_on_drop: false }`
[INFO] [stderr] warning: non-local `impl` definition, `impl` blocks should be written at the same level as their item
[INFO] [stderr]   --> src/util/collection.rs:66:9
[INFO] [stderr]    |
[INFO] [stderr] 66 |         #[pyo3::pymethods]
[INFO] [stderr]    |         ^-----------------
[INFO] [stderr]    |         |
[INFO] [stderr]    |         move the `impl` block outside of this method `__setitem__` and up 2 bodies
[INFO] [stderr]    |
[INFO] [stderr]   ::: src/middleware/header_map.rs:93:28
[INFO] [stderr]    |
[INFO] [stderr] 93 | mutable_mapping_pymethods!(PyHeaderMap, keys_iter: PyHeaderMapKeys);
[INFO] [stderr]    | -------------------------------------------------------------------
[INFO] [stderr]    | |                          |
[INFO] [stderr]    | |                          `PyHeaderMap` is not local
[INFO] [stderr]    | in this macro invocation
[INFO] [stderr]    |
[INFO] [stderr]    = note: the attribute macro `pyo3::pymethods` defines the non-local `impl`, and may need to be changed
[INFO] [stderr]    = note: the attribute macro `pyo3::pymethods` may come from an old version of the `pyo3_macros` crate, try updating your dependency with `cargo update -p pyo3_macros`
[INFO] [stderr]    = note: an `impl` is never scoped, even when it is nested inside an item, as it may impact type checking outside of that item, which can be the case if neither the trait or the self type are at the same nesting level as the `impl`
[INFO] [stderr]    = note: `#[warn(non_local_definitions)]` on by default
[INFO] [stderr]    = note: this warning originates in the attribute macro `pyo3::pymethods` which comes from the expansion of the macro `mutable_mapping_pymethods` (in Nightly builds, run with -Z macro-backtrace for more info)
[INFO] [stderr] 
[INFO] [stderr] warning: non-local `impl` definition, `impl` blocks should be written at the same level as their item
[INFO] [stderr]   --> src/util/collection.rs:66:9
[INFO] [stderr]    |
[INFO] [stderr] 66 |         #[pyo3::pymethods]
[INFO] [stderr]    |         ^-----------------
[INFO] [stderr]    |         |
[INFO] [stderr]    |         move the `impl` block outside of this method `__delitem__` and up 2 bodies
[INFO] [stderr]    |
[INFO] [stderr]   ::: src/middleware/header_map.rs:93:28
[INFO] [stderr]    |
[INFO] [stderr] 93 | mutable_mapping_pymethods!(PyHeaderMap, keys_iter: PyHeaderMapKeys);
[INFO] [stderr]    | -------------------------------------------------------------------
[INFO] [stderr]    | |                          |
[INFO] [stderr]    | |                          `PyHeaderMap` is not local
[INFO] [stderr]    | in this macro invocation
[INFO] [stderr]    |
[INFO] [stderr]    = note: the attribute macro `pyo3::pymethods` defines the non-local `impl`, and may need to be changed
[INFO] [stderr]    = note: the attribute macro `pyo3::pymethods` may come from an old version of the `pyo3_macros` crate, try updating your dependency with `cargo update -p pyo3_macros`
[INFO] [stderr]    = note: an `impl` is never scoped, even when it is nested inside an item, as it may impact type checking outside of that item, which can be the case if neither the trait or the self type are at the same nesting level as the `impl`
[INFO] [stderr]    = note: this warning originates in the attribute macro `pyo3::pymethods` which comes from the expansion of the macro `mutable_mapping_pymethods` (in Nightly builds, run with -Z macro-backtrace for more info)
[INFO] [stderr] 
[INFO] [stderr] warning: `aws-smithy-http-server-python` (lib) generated 2 warnings
[INFO] [stderr] warning: non-local `impl` definition, `impl` blocks should be written at the same level as their item
[INFO] [stderr]    --> src/util/collection.rs:66:9
[INFO] [stderr]     |
[INFO] [stderr] 66  |         #[pyo3::pymethods]
[INFO] [stderr]     |         ^-----------------
[INFO] [stderr]     |         |
[INFO] [stderr]     |         move the `impl` block outside of this method `__setitem__` and up 2 bodies
[INFO] [stderr] ...
[INFO] [stderr] 258 |     mutable_mapping_pymethods!(Map, keys_iter: MapKeys);
[INFO] [stderr]     |     ---------------------------------------------------
[INFO] [stderr]     |     |                          |
[INFO] [stderr]     |     |                          `Map` is not local
[INFO] [stderr]     |     in this macro invocation
[INFO] [stderr]     |
[INFO] [stderr]     = note: the attribute macro `pyo3::pymethods` defines the non-local `impl`, and may need to be changed
[INFO] [stderr]     = note: the attribute macro `pyo3::pymethods` may come from an old version of the `pyo3_macros` crate, try updating your dependency with `cargo update -p pyo3_macros`
[INFO] [stderr]     = note: an `impl` is never scoped, even when it is nested inside an item, as it may impact type checking outside of that item, which can be the case if neither the trait or the self type are at the same nesting level as the `impl`
[INFO] [stderr]     = note: this warning originates in the attribute macro `pyo3::pymethods` which comes from the expansion of the macro `mutable_mapping_pymethods` (in Nightly builds, run with -Z macro-backtrace for more info)
[INFO] [stderr] 
[INFO] [stderr] warning: non-local `impl` definition, `impl` blocks should be written at the same level as their item
[INFO] [stderr]    --> src/util/collection.rs:66:9
[INFO] [stderr]     |
[INFO] [stderr] 66  |         #[pyo3::pymethods]
[INFO] [stderr]     |         ^-----------------
[INFO] [stderr]     |         |
[INFO] [stderr]     |         move the `impl` block outside of this method `__delitem__` and up 2 bodies
[INFO] [stderr] ...
[INFO] [stderr] 258 |     mutable_mapping_pymethods!(Map, keys_iter: MapKeys);
[INFO] [stderr]     |     ---------------------------------------------------
[INFO] [stderr]     |     |                          |
[INFO] [stderr]     |     |                          `Map` is not local
[INFO] [stderr]     |     in this macro invocation
[INFO] [stderr]     |
[INFO] [stderr]     = note: the attribute macro `pyo3::pymethods` defines the non-local `impl`, and may need to be changed
[INFO] [stderr]     = note: the attribute macro `pyo3::pymethods` may come from an old version of the `pyo3_macros` crate, try updating your dependency with `cargo update -p pyo3_macros`
[INFO] [stderr]     = note: an `impl` is never scoped, even when it is nested inside an item, as it may impact type checking outside of that item, which can be the case if neither the trait or the self type are at the same nesting level as the `impl`
[INFO] [stderr]     = note: this warning originates in the attribute macro `pyo3::pymethods` which comes from the expansion of the macro `mutable_mapping_pymethods` (in Nightly builds, run with -Z macro-backtrace for more info)
[INFO] [stderr] 
[INFO] [stderr] warning: `aws-smithy-http-server-python` (lib test) generated 4 warnings (2 duplicates)
[INFO] [stderr]     Finished `test` profile [unoptimized + debuginfo] target(s) in 0.23s
[INFO] [stderr]      Running unittests src/lib.rs (/opt/rustwide/target/debug/deps/aws_smithy_http_server_python-01afc959abb152c3)
[INFO] [stdout] 
[INFO] [stdout] running 24 tests
[INFO] [stdout] test middleware::header_map::tests::py_header_map ... ok
[INFO] [stdout] test socket::tests::socket_can_be_cloned ... ok
[INFO] [stdout] test socket::tests::socket_can_bind_on_random_port ... ok
[INFO] [stdout] test lambda::tests::py_lambda_context ... ok
[INFO] [stdout] test tls::listener::tests::server_changes_tls_config ... ok
[INFO] [stdout] test context::layer::tests::populates_lambda_context ... ok
[INFO] [stdout] test tls::listener::tests::server_doesnt_shutdown_after_bad_handshake ... ok
[INFO] [stdout] test context::tests::works_with_none ... ok
[INFO] [stdout] test context::lambda::tests::works_with_none ... ok
[INFO] [stdout] test context::lambda::tests::py_context_with_lambda_context ... ok
[INFO] [stdout] test context::tests::py_context ... ok
[INFO] [stdout] test logging::tests::tracing_handler_is_injected_in_python ... ok
[INFO] [stdout] test types::tests::document_type ... ok
[INFO] [stdout] test types::tests::blob_can_be_initialized_in_python ... ok
[INFO] [stdout] test util::collection::tests::mutable_mapping ... ok
[INFO] [stdout] test types::tests::bytestream_can_be_used_in_sync_python_when_initialized_in_rust ... ok
[INFO] [stdout] test util::tests::check_if_is_optional_of ... ok
[INFO] [stdout] test types::tests::datetime_can_by_initialized_in_python ... ok
[INFO] [stdout] test util::tests::function_metadata ... ok
[INFO] [stdout] test util::error::tests::rich_python_errors ... ok
[INFO] [stdout] test types::tests::datetime_can_be_used_in_python_when_initialized_in_rust ... ok
[INFO] [stdout] test types::tests::blob_can_be_used_in_python_when_initialized_in_rust ... ok
[INFO] [stdout] test tls::tests::creating_tls_config_in_python ... FAILED
[INFO] [stdout] test tls::listener::tests::server_shutdown_after_listener_error - should panic ... ok
[INFO] [stdout] 
[INFO] [stdout] failures:
[INFO] [stdout] 
[INFO] [stdout] ---- tls::tests::creating_tls_config_in_python stdout ----
[INFO] [stdout] thread 'tls::tests::creating_tls_config_in_python' panicked at src/tls.rs:183:24:
[INFO] [stdout] called `Result::unwrap()` on an `Err` value: CertParse(Os { code: 2, kind: NotFound, message: "No such file or directory" })
[INFO] [stdout] stack backtrace:
[INFO] [stdout]    0:     0x5b6b53f4809a - std::backtrace_rs::backtrace::libunwind::trace::h207520d6e9873551
[INFO] [stdout]                                at /rustc/df4ca44d3fbc9301ee17f30f4d474e6ae4b05252/library/std/src/../../backtrace/src/backtrace/libunwind.rs:116:5
[INFO] [stdout]    1:     0x5b6b53f4809a - std::backtrace_rs::backtrace::trace_unsynchronized::h2ed7433f370e3eca
[INFO] [stdout]                                at /rustc/df4ca44d3fbc9301ee17f30f4d474e6ae4b05252/library/std/src/../../backtrace/src/backtrace/mod.rs:66:5
[INFO] [stdout]    2:     0x5b6b53f4809a - std::sys::backtrace::_print_fmt::h916fac51166b18d7
[INFO] [stdout]                                at /rustc/df4ca44d3fbc9301ee17f30f4d474e6ae4b05252/library/std/src/sys/backtrace.rs:66:9
[INFO] [stdout]    3:     0x5b6b53f4809a - <std::sys::backtrace::BacktraceLock::print::DisplayBacktrace as core::fmt::Display>::fmt::ha0a4c9b8ce3802e6
[INFO] [stdout]                                at /rustc/df4ca44d3fbc9301ee17f30f4d474e6ae4b05252/library/std/src/sys/backtrace.rs:39:26
[INFO] [stdout]    4:     0x5b6b53f73ee3 - core::fmt::rt::Argument::fmt::h4cfc8587d52b3eb5
[INFO] [stdout]                                at /rustc/df4ca44d3fbc9301ee17f30f4d474e6ae4b05252/library/core/src/fmt/rt.rs:177:76
[INFO] [stdout]    5:     0x5b6b53f73ee3 - core::fmt::write::h522cc39e5b36ae9f
[INFO] [stdout]                                at /rustc/df4ca44d3fbc9301ee17f30f4d474e6ae4b05252/library/core/src/fmt/mod.rs:1190:21
[INFO] [stdout]    6:     0x5b6b53f43d63 - std::io::Write::write_fmt::h7d3c26752da97734
[INFO] [stdout]                                at /rustc/df4ca44d3fbc9301ee17f30f4d474e6ae4b05252/library/std/src/io/mod.rs:1839:15
[INFO] [stdout]    7:     0x5b6b53f47ee2 - std::sys::backtrace::BacktraceLock::print::h4b9e00b29e9c0942
[INFO] [stdout]                                at /rustc/df4ca44d3fbc9301ee17f30f4d474e6ae4b05252/library/std/src/sys/backtrace.rs:42:9
[INFO] [stdout]    8:     0x5b6b53f4952a - std::panicking::default_hook::{{closure}}::hb59b88280d0324d9
[INFO] [stdout]                                at /rustc/df4ca44d3fbc9301ee17f30f4d474e6ae4b05252/library/std/src/panicking.rs:268:22
[INFO] [stdout]    9:     0x5b6b53f49334 - std::panicking::default_hook::he1dd496665be4a29
[INFO] [stdout]                                at /rustc/df4ca44d3fbc9301ee17f30f4d474e6ae4b05252/library/std/src/panicking.rs:292:9
[INFO] [stdout]   10:     0x5b6b53933f09 - <alloc::boxed::Box<F,A> as core::ops::function::Fn<Args>>::call::h4ff71de18744e1dc
[INFO] [stdout]                                at /rustc/df4ca44d3fbc9301ee17f30f4d474e6ae4b05252/library/alloc/src/boxed.rs:2468:9
[INFO] [stdout]   11:     0x5b6b53933f09 - test::test_main::{{closure}}::hcf7c055ce117aa81
[INFO] [stdout]                                at /rustc/df4ca44d3fbc9301ee17f30f4d474e6ae4b05252/library/test/src/lib.rs:133:21
[INFO] [stdout]   12:     0x5b6b53f49c28 - <alloc::boxed::Box<F,A> as core::ops::function::Fn<Args>>::call::h1d66c6bbd60c9692
[INFO] [stdout]                                at /rustc/df4ca44d3fbc9301ee17f30f4d474e6ae4b05252/library/alloc/src/boxed.rs:2468:9
[INFO] [stdout]   13:     0x5b6b53f49c28 - std::panicking::rust_panic_with_hook::h2ff17fe8f26dfcf8
[INFO] [stdout]                                at /rustc/df4ca44d3fbc9301ee17f30f4d474e6ae4b05252/library/std/src/panicking.rs:809:13
[INFO] [stdout]   14:     0x5b6b53f499ea - std::panicking::begin_panic_handler::{{closure}}::h4fad77951c07e101
[INFO] [stdout]                                at /rustc/df4ca44d3fbc9301ee17f30f4d474e6ae4b05252/library/std/src/panicking.rs:674:13
[INFO] [stdout]   15:     0x5b6b53f48579 - std::sys::backtrace::__rust_end_short_backtrace::hb1a25b3da5d0ea08
[INFO] [stdout]                                at /rustc/df4ca44d3fbc9301ee17f30f4d474e6ae4b05252/library/std/src/sys/backtrace.rs:170:18
[INFO] [stdout]   16:     0x5b6b53f4967c - rust_begin_unwind
[INFO] [stdout]                                at /rustc/df4ca44d3fbc9301ee17f30f4d474e6ae4b05252/library/std/src/panicking.rs:665:5
[INFO] [stdout]   17:     0x5b6b53f71820 - core::panicking::panic_fmt::ha9db07b529f9b256
[INFO] [stdout]                                at /rustc/df4ca44d3fbc9301ee17f30f4d474e6ae4b05252/library/core/src/panicking.rs:75:14
[INFO] [stdout]   18:     0x5b6b53f71d06 - core::result::unwrap_failed::h5e8218e4d4338b8a
[INFO] [stdout]                                at /rustc/df4ca44d3fbc9301ee17f30f4d474e6ae4b05252/library/core/src/result.rs:1698:5
[INFO] [stdout]   19:     0x5b6b537c7a84 - core::result::Result<T,E>::unwrap::h20b6965a3d2c61ab
[INFO] [stdout]                                at /rustc/df4ca44d3fbc9301ee17f30f4d474e6ae4b05252/library/core/src/result.rs:1103:23
[INFO] [stdout]   20:     0x5b6b537c7a84 - aws_smithy_http_server_python::tls::tests::creating_tls_config_in_python::h0d70cd15939b0558
[INFO] [stdout]                                at /opt/rustwide/workdir/src/tls.rs:183:9
[INFO] [stdout]   21:     0x5b6b537c75fd - aws_smithy_http_server_python::tls::tests::creating_tls_config_in_python::{{closure}}::he423c8ffe75e00df
[INFO] [stdout]                                at /opt/rustwide/workdir/src/tls.rs:157:43
[INFO] [stdout]   22:     0x5b6b536bd306 - core::ops::function::FnOnce::call_once::hb38013842be84110
[INFO] [stdout]                                at /rustc/df4ca44d3fbc9301ee17f30f4d474e6ae4b05252/library/core/src/ops/function.rs:250:5
[INFO] [stdout]   23:     0x5b6b539387db - core::ops::function::FnOnce::call_once::h22c3ba5715e93f05
[INFO] [stdout]                                at /rustc/df4ca44d3fbc9301ee17f30f4d474e6ae4b05252/library/core/src/ops/function.rs:250:5
[INFO] [stdout]   24:     0x5b6b539387db - test::__rust_begin_short_backtrace::h8e82d8113d0da17f
[INFO] [stdout]                                at /rustc/df4ca44d3fbc9301ee17f30f4d474e6ae4b05252/library/test/src/lib.rs:621:18
[INFO] [stdout]   25:     0x5b6b53938157 - test::run_test_in_process::{{closure}}::h33235f4f20b7b7c7
[INFO] [stdout]                                at /rustc/df4ca44d3fbc9301ee17f30f4d474e6ae4b05252/library/test/src/lib.rs:644:60
[INFO] [stdout]   26:     0x5b6b53938157 - <core::panic::unwind_safe::AssertUnwindSafe<F> as core::ops::function::FnOnce<()>>::call_once::hb5043206310c586f
[INFO] [stdout]                                at /rustc/df4ca44d3fbc9301ee17f30f4d474e6ae4b05252/library/core/src/panic/unwind_safe.rs:272:9
[INFO] [stdout]   27:     0x5b6b53938157 - std::panicking::try::do_call::h9ad4731a60ab23e2
[INFO] [stdout]                                at /rustc/df4ca44d3fbc9301ee17f30f4d474e6ae4b05252/library/std/src/panicking.rs:557:40
[INFO] [stdout]   28:     0x5b6b53938157 - std::panicking::try::h3824d23db772a716
[INFO] [stdout]                                at /rustc/df4ca44d3fbc9301ee17f30f4d474e6ae4b05252/library/std/src/panicking.rs:520:19
[INFO] [stdout]   29:     0x5b6b53938157 - std::panic::catch_unwind::h5afd514605fde46b
[INFO] [stdout]                                at /rustc/df4ca44d3fbc9301ee17f30f4d474e6ae4b05252/library/std/src/panic.rs:358:14
[INFO] [stdout]   30:     0x5b6b53938157 - test::run_test_in_process::h0d5cbfa7067d1720
[INFO] [stdout]                                at /rustc/df4ca44d3fbc9301ee17f30f4d474e6ae4b05252/library/test/src/lib.rs:644:27
[INFO] [stdout]   31:     0x5b6b53938157 - test::run_test::{{closure}}::h708eb8872708115d
[INFO] [stdout]                                at /rustc/df4ca44d3fbc9301ee17f30f4d474e6ae4b05252/library/test/src/lib.rs:565:43
[INFO] [stdout]   32:     0x5b6b538fb874 - test::run_test::{{closure}}::h392c51cee94713ab
[INFO] [stdout]                                at /rustc/df4ca44d3fbc9301ee17f30f4d474e6ae4b05252/library/test/src/lib.rs:595:41
[INFO] [stdout]   33:     0x5b6b538fb874 - std::sys::backtrace::__rust_begin_short_backtrace::h2f40290710935a8b
[INFO] [stdout]                                at /rustc/df4ca44d3fbc9301ee17f30f4d474e6ae4b05252/library/std/src/sys/backtrace.rs:154:18
[INFO] [stdout]   34:     0x5b6b538ff01e - std::thread::Builder::spawn_unchecked_::{{closure}}::{{closure}}::h3fd968d89053a903
[INFO] [stdout]                                at /rustc/df4ca44d3fbc9301ee17f30f4d474e6ae4b05252/library/std/src/thread/mod.rs:541:17
[INFO] [stdout]   35:     0x5b6b538ff01e - <core::panic::unwind_safe::AssertUnwindSafe<F> as core::ops::function::FnOnce<()>>::call_once::h743f637ba4229880
[INFO] [stdout]                                at /rustc/df4ca44d3fbc9301ee17f30f4d474e6ae4b05252/library/core/src/panic/unwind_safe.rs:272:9
[INFO] [stdout]   36:     0x5b6b538ff01e - std::panicking::try::do_call::h07440897322525a6
[INFO] [stdout]                                at /rustc/df4ca44d3fbc9301ee17f30f4d474e6ae4b05252/library/std/src/panicking.rs:557:40
[INFO] [stdout]   37:     0x5b6b538ff01e - std::panicking::try::he5a2e00188156637
[INFO] [stdout]                                at /rustc/df4ca44d3fbc9301ee17f30f4d474e6ae4b05252/library/std/src/panicking.rs:520:19
[INFO] [stdout]   38:     0x5b6b538ff01e - std::panic::catch_unwind::hbaf3cae49b3c6433
[INFO] [stdout]                                at /rustc/df4ca44d3fbc9301ee17f30f4d474e6ae4b05252/library/std/src/panic.rs:358:14
[INFO] [stdout]   39:     0x5b6b538ff01e - std::thread::Builder::spawn_unchecked_::{{closure}}::h8e141ea224820bce
[INFO] [stdout]                                at /rustc/df4ca44d3fbc9301ee17f30f4d474e6ae4b05252/library/std/src/thread/mod.rs:540:30
[INFO] [stdout]   40:     0x5b6b538ff01e - core::ops::function::FnOnce::call_once{{vtable.shim}}::h90d312fedd7b8ea8
[INFO] [stdout]                                at /rustc/df4ca44d3fbc9301ee17f30f4d474e6ae4b05252/library/core/src/ops/function.rs:250:5
[INFO] [stdout]   41:     0x5b6b53f4e3ab - <alloc::boxed::Box<F,A> as core::ops::function::FnOnce<Args>>::call_once::h69aa08ddb6adb8b6
[INFO] [stdout]                                at /rustc/df4ca44d3fbc9301ee17f30f4d474e6ae4b05252/library/alloc/src/boxed.rs:2454:9
[INFO] [stdout]   42:     0x5b6b53f4e3ab - <alloc::boxed::Box<F,A> as core::ops::function::FnOnce<Args>>::call_once::h5aa36efdb79c806f
[INFO] [stdout]                                at /rustc/df4ca44d3fbc9301ee17f30f4d474e6ae4b05252/library/alloc/src/boxed.rs:2454:9
[INFO] [stdout]   43:     0x5b6b53f4e3ab - std::sys::pal::unix::thread::Thread::new::thread_start::h6cd80a1b4be5158d
[INFO] [stdout]                                at /rustc/df4ca44d3fbc9301ee17f30f4d474e6ae4b05252/library/std/src/sys/pal/unix/thread.rs:105:17
[INFO] [stdout]   44:     0x7bf5a494aac3 - <unknown>
[INFO] [stdout]   45:     0x7bf5a49dba04 - clone
[INFO] [stdout]   46:                0x0 - <unknown>
[INFO] [stdout] 
[INFO] [stdout] 
[INFO] [stdout] failures:
[INFO] [stdout]     tls::tests::creating_tls_config_in_python
[INFO] [stdout] 
[INFO] [stdout] test result: FAILED. 23 passed; 1 failed; 0 ignored; 0 measured; 0 filtered out; finished in 0.36s
[INFO] [stdout] 
[INFO] [stderr] error: test failed, to rerun pass `--lib`
[INFO] running `Command { std: "docker" "inspect" "2e07512c777f802672bd764b1226288165c4cbcb768e9b7d176e3b7697ff8867", kill_on_drop: false }`
[INFO] running `Command { std: "docker" "rm" "-f" "2e07512c777f802672bd764b1226288165c4cbcb768e9b7d176e3b7697ff8867", kill_on_drop: false }`
[INFO] [stdout] 2e07512c777f802672bd764b1226288165c4cbcb768e9b7d176e3b7697ff8867
