[INFO] fetching crate avra-rs 0.3.0...
[INFO] testing avra-rs-0.3.0 against nightly-2024-10-28 for randomize-layout
[INFO] extracting crate avra-rs 0.3.0 into /workspace/builds/worker-6-tc1/source
[INFO] validating manifest of crates.io crate avra-rs 0.3.0 on toolchain nightly-2024-10-28
[INFO] running `Command { std: CARGO_HOME="/workspace/cargo-home" RUSTUP_HOME="/workspace/rustup-home" "/workspace/cargo-home/bin/cargo" "+nightly-2024-10-28" "metadata" "--manifest-path" "Cargo.toml" "--no-deps", kill_on_drop: false }`
[INFO] started tweaking crates.io crate avra-rs 0.3.0
[INFO] finished tweaking crates.io crate avra-rs 0.3.0
[INFO] tweaked toml for crates.io crate avra-rs 0.3.0 written to /workspace/builds/worker-6-tc1/source/Cargo.toml
[INFO] crate crates.io crate avra-rs 0.3.0 already has a lockfile, it will not be regenerated
[INFO] running `Command { std: CARGO_HOME="/workspace/cargo-home" RUSTUP_HOME="/workspace/rustup-home" "/workspace/cargo-home/bin/cargo" "+nightly-2024-10-28" "fetch" "--manifest-path" "Cargo.toml", kill_on_drop: false }`
[INFO] [stderr]     Updating crates.io index
[INFO] [stderr]  Downloading crates ...
[INFO] [stderr]   Downloaded proc-macro2 v1.0.9
[INFO] [stderr]   Downloaded strum_macros v0.17.1
[INFO] [stderr]   Downloaded unicode-xid v0.2.0
[INFO] [stderr]   Downloaded failure_derive v0.1.7
[INFO] [stderr]   Downloaded quote v1.0.3
[INFO] [stderr]   Downloaded peg-runtime v0.6.2
[INFO] [stderr]   Downloaded winapi-util v0.1.3
[INFO] [stderr]   Downloaded dirs-sys v0.3.4
[INFO] [stderr]   Downloaded autocfg v1.0.0
[INFO] [stderr]   Downloaded synstructure v0.12.3
[INFO] [stderr]   Downloaded getrandom v0.1.14
[INFO] [stderr]   Downloaded base64 v0.11.0
[INFO] [stderr]   Downloaded cc v1.0.50
[INFO] [stderr]   Downloaded backtrace v0.3.45
[INFO] [stderr]   Downloaded blake2b_simd v0.5.10
[INFO] [stderr]   Downloaded failure v0.1.7
[INFO] [stderr]   Downloaded structopt v0.3.11
[INFO] [stderr]   Downloaded clap v2.33.0
[INFO] [stderr]   Downloaded syn v1.0.16
[INFO] [stderr]   Downloaded strum v0.17.1
[INFO] [stderr]   Downloaded redox_syscall v0.1.56
[INFO] [stderr]   Downloaded arrayvec v0.5.1
[INFO] [stderr]   Downloaded rust-argon2 v0.7.0
[INFO] [stderr]   Downloaded redox_users v0.3.4
[INFO] [stderr]   Downloaded ihex v1.1.2
[INFO] [stderr]   Downloaded libc v0.2.67
[INFO] [stderr]   Downloaded unicode-width v0.1.7
[INFO] [stderr]   Downloaded backtrace-sys v0.1.34
[INFO] [stderr]   Downloaded vec_map v0.8.1
[INFO] [stderr]   Downloaded structopt-derive v0.4.4
[INFO] [stderr]   Downloaded peg-macros v0.6.2
[INFO] [stderr]   Downloaded syn-mid v0.5.0
[INFO] [stderr]   Downloaded version_check v0.9.1
[INFO] [stderr]   Downloaded rustc-demangle v0.1.16
[INFO] [stderr]   Downloaded peg v0.6.2
[INFO] [stderr]   Downloaded proc-macro-error v0.4.11
[INFO] [stderr]   Downloaded hermit-abi v0.1.8
[INFO] [stderr]   Downloaded winapi v0.3.8
[INFO] [stderr]   Downloaded proc-macro-error-attr v0.4.11
[INFO] [stderr]   Downloaded heck v0.3.1
[INFO] [stderr]   Downloaded unicode-segmentation v1.6.0
[INFO] running `Command { std: "docker" "create" "-v" "/var/lib/crater-agent-workspace/builds/worker-6-tc1/target:/opt/rustwide/target:rw,Z" "-v" "/var/lib/crater-agent-workspace/builds/worker-6-tc1/source:/opt/rustwide/workdir:ro,Z" "-v" "/var/lib/crater-agent-workspace/cargo-home:/opt/rustwide/cargo-home:ro,Z" "-v" "/var/lib/crater-agent-workspace/rustup-home:/opt/rustwide/rustup-home:ro,Z" "-e" "SOURCE_DIR=/opt/rustwide/workdir" "-e" "CARGO_TARGET_DIR=/opt/rustwide/target" "-e" "CARGO_HOME=/opt/rustwide/cargo-home" "-e" "RUSTUP_HOME=/opt/rustwide/rustup-home" "-w" "/opt/rustwide/workdir" "-m" "1610612736" "--user" "0:0" "--network" "none" "ghcr.io/rust-lang/crates-build-env/linux@sha256:4a844ea9eb2546a2d2c7022eacef16ef2e8229c7fbb2c7d4d55a9ceca922f72d" "/opt/rustwide/cargo-home/bin/cargo" "+nightly-2024-10-28" "metadata" "--no-deps" "--format-version=1", kill_on_drop: false }`
[INFO] [stdout] dc017bfb2a2a5c7cbcacb1a8bda2b60074ec5cfa3be6a84faace1624c47d2153
[INFO] running `Command { std: "docker" "start" "-a" "dc017bfb2a2a5c7cbcacb1a8bda2b60074ec5cfa3be6a84faace1624c47d2153", kill_on_drop: false }`
[INFO] running `Command { std: "docker" "inspect" "dc017bfb2a2a5c7cbcacb1a8bda2b60074ec5cfa3be6a84faace1624c47d2153", kill_on_drop: false }`
[INFO] running `Command { std: "docker" "rm" "-f" "dc017bfb2a2a5c7cbcacb1a8bda2b60074ec5cfa3be6a84faace1624c47d2153", kill_on_drop: false }`
[INFO] [stdout] dc017bfb2a2a5c7cbcacb1a8bda2b60074ec5cfa3be6a84faace1624c47d2153
[INFO] running `Command { std: "docker" "create" "-v" "/var/lib/crater-agent-workspace/builds/worker-6-tc1/target:/opt/rustwide/target:rw,Z" "-v" "/var/lib/crater-agent-workspace/builds/worker-6-tc1/source:/opt/rustwide/workdir:ro,Z" "-v" "/var/lib/crater-agent-workspace/cargo-home:/opt/rustwide/cargo-home:ro,Z" "-v" "/var/lib/crater-agent-workspace/rustup-home:/opt/rustwide/rustup-home:ro,Z" "-e" "SOURCE_DIR=/opt/rustwide/workdir" "-e" "CARGO_TARGET_DIR=/opt/rustwide/target" "-e" "CARGO_INCREMENTAL=0" "-e" "RUST_BACKTRACE=full" "-e" "RUSTFLAGS=--cap-lints=forbid" "-e" "RUSTDOCFLAGS=--cap-lints=forbid" "-e" "CARGO_HOME=/opt/rustwide/cargo-home" "-e" "RUSTUP_HOME=/opt/rustwide/rustup-home" "-w" "/opt/rustwide/workdir" "-m" "1610612736" "--user" "0:0" "--network" "none" "ghcr.io/rust-lang/crates-build-env/linux@sha256:4a844ea9eb2546a2d2c7022eacef16ef2e8229c7fbb2c7d4d55a9ceca922f72d" "/opt/rustwide/cargo-home/bin/cargo" "+nightly-2024-10-28" "build" "--frozen" "--message-format=json", kill_on_drop: false }`
[INFO] [stdout] 1fa4acb05b50fd7d607d376abb5be74de5ac03226ab5a5d7718fe8e07c70de33
[INFO] running `Command { std: "docker" "start" "-a" "1fa4acb05b50fd7d607d376abb5be74de5ac03226ab5a5d7718fe8e07c70de33", kill_on_drop: false }`
[INFO] [stderr]    Compiling proc-macro2 v1.0.9
[INFO] [stderr]    Compiling unicode-xid v0.2.0
[INFO] [stderr]    Compiling libc v0.2.67
[INFO] [stderr]    Compiling syn v1.0.16
[INFO] [stderr]    Compiling version_check v0.9.1
[INFO] [stderr]    Compiling cc v1.0.50
[INFO] [stderr]    Compiling unicode-segmentation v1.6.0
[INFO] [stderr]    Compiling failure_derive v0.1.7
[INFO] [stderr]    Compiling unicode-width v0.1.7
[INFO] [stderr]    Compiling textwrap v0.11.0
[INFO] [stderr]    Compiling walkdir v2.3.1
[INFO] [stderr]    Compiling ansi_term v0.11.0
[INFO] [stderr]    Compiling proc-macro-error-attr v0.4.11
[INFO] [stderr]    Compiling proc-macro-error v0.4.11
[INFO] [stderr]    Compiling peg-runtime v0.6.2
[INFO] [stderr]    Compiling heck v0.3.1
[INFO] [stderr]    Compiling byteorder v1.3.4
[INFO] [stderr]    Compiling vec_map v0.8.1
[INFO] [stderr]    Compiling rustc-demangle v0.1.16
[INFO] [stderr]    Compiling dirs-sys v0.3.4
[INFO] [stderr]    Compiling quote v1.0.3
[INFO] [stderr]    Compiling atty v0.2.14
[INFO] [stderr]    Compiling strsim v0.8.0
[INFO] [stderr]    Compiling dirs v2.0.2
[INFO] [stderr]    Compiling clap v2.33.0
[INFO] [stderr]    Compiling backtrace-sys v0.1.34
[INFO] [stderr]    Compiling avra-rs v0.3.0 (/opt/rustwide/workdir)
[INFO] [stderr]    Compiling peg-macros v0.6.2
[INFO] [stderr]    Compiling strum v0.17.1
[INFO] [stderr]    Compiling ihex v1.1.2
[INFO] [stderr]    Compiling maplit v1.0.2
[INFO] [stderr]    Compiling backtrace v0.3.45
[INFO] [stderr]    Compiling peg v0.6.2
[INFO] [stderr]    Compiling syn-mid v0.5.0
[INFO] [stderr]    Compiling synstructure v0.12.3
[INFO] [stderr]    Compiling strum_macros v0.17.1
[INFO] [stderr]    Compiling structopt-derive v0.4.4
[INFO] [stderr]    Compiling failure v0.1.7
[INFO] [stderr]    Compiling structopt v0.3.11
[INFO] [stdout] warning: non-local `impl` definition, `impl` blocks should be written at the same level as their item
[INFO] [stdout]    --> src/expr.rs:249:17
[INFO] [stdout]     |
[INFO] [stdout] 249 | #[derive(Debug, Fail)]
[INFO] [stdout]     |                 ^---
[INFO] [stdout]     |                 |
[INFO] [stdout]     |                 `Fail` is not local
[INFO] [stdout]     |                 move the `impl` block outside of this constant `_DERIVE_failure_Fail_FOR_ExprRunError`
[INFO] [stdout] 250 | pub enum ExprRunError {
[INFO] [stdout]     |          ------------ `ExprRunError` is not local
[INFO] [stdout]     |
[INFO] [stdout]     = note: the derive macro `Fail` defines the non-local `impl`, and may need to be changed
[INFO] [stdout]     = note: the derive macro `Fail` may come from an old version of the `failure_derive` crate, try updating your dependency with `cargo update -p failure_derive`
[INFO] [stdout]     = note: an `impl` is never scoped, even when it is nested inside an item, as it may impact type checking outside of that item, which can be the case if neither the trait or the self type are at the same nesting level as the `impl`
[INFO] [stdout]     = note: items in an anonymous const item (`const _: () = { ... }`) are treated as in the same scope as the anonymous const's declaration for the purpose of this lint
[INFO] [stdout]     = note: `#[warn(non_local_definitions)]` on by default
[INFO] [stdout]     = note: this warning originates in the derive macro `Fail` (in Nightly builds, run with -Z macro-backtrace for more info)
[INFO] [stdout] 
[INFO] [stdout] 
[INFO] [stdout] warning: non-local `impl` definition, `impl` blocks should be written at the same level as their item
[INFO] [stdout]    --> src/expr.rs:249:17
[INFO] [stdout]     |
[INFO] [stdout] 249 | #[derive(Debug, Fail)]
[INFO] [stdout]     |                 ^---
[INFO] [stdout]     |                 |
[INFO] [stdout]     |                 `Display` is not local
[INFO] [stdout]     |                 move the `impl` block outside of this constant `_DERIVE_failure_core_fmt_Display_FOR_ExprRunError`
[INFO] [stdout] 250 | pub enum ExprRunError {
[INFO] [stdout]     |          ------------ `ExprRunError` is not local
[INFO] [stdout]     |
[INFO] [stdout]     = note: the derive macro `Fail` defines the non-local `impl`, and may need to be changed
[INFO] [stdout]     = note: the derive macro `Fail` may come from an old version of the `failure_derive` crate, try updating your dependency with `cargo update -p failure_derive`
[INFO] [stdout]     = note: an `impl` is never scoped, even when it is nested inside an item, as it may impact type checking outside of that item, which can be the case if neither the trait or the self type are at the same nesting level as the `impl`
[INFO] [stdout]     = note: items in an anonymous const item (`const _: () = { ... }`) are treated as in the same scope as the anonymous const's declaration for the purpose of this lint
[INFO] [stdout]     = note: this warning originates in the derive macro `Fail` (in Nightly builds, run with -Z macro-backtrace for more info)
[INFO] [stdout] 
[INFO] [stdout] 
[INFO] [stderr]     Finished `dev` profile [unoptimized + debuginfo] target(s) in 16.03s
[INFO] running `Command { std: "docker" "inspect" "1fa4acb05b50fd7d607d376abb5be74de5ac03226ab5a5d7718fe8e07c70de33", kill_on_drop: false }`
[INFO] running `Command { std: "docker" "rm" "-f" "1fa4acb05b50fd7d607d376abb5be74de5ac03226ab5a5d7718fe8e07c70de33", kill_on_drop: false }`
[INFO] [stdout] 1fa4acb05b50fd7d607d376abb5be74de5ac03226ab5a5d7718fe8e07c70de33
[INFO] running `Command { std: "docker" "create" "-v" "/var/lib/crater-agent-workspace/builds/worker-6-tc1/target:/opt/rustwide/target:rw,Z" "-v" "/var/lib/crater-agent-workspace/builds/worker-6-tc1/source:/opt/rustwide/workdir:ro,Z" "-v" "/var/lib/crater-agent-workspace/cargo-home:/opt/rustwide/cargo-home:ro,Z" "-v" "/var/lib/crater-agent-workspace/rustup-home:/opt/rustwide/rustup-home:ro,Z" "-e" "SOURCE_DIR=/opt/rustwide/workdir" "-e" "CARGO_TARGET_DIR=/opt/rustwide/target" "-e" "CARGO_INCREMENTAL=0" "-e" "RUST_BACKTRACE=full" "-e" "RUSTFLAGS=--cap-lints=forbid" "-e" "RUSTDOCFLAGS=--cap-lints=forbid" "-e" "CARGO_HOME=/opt/rustwide/cargo-home" "-e" "RUSTUP_HOME=/opt/rustwide/rustup-home" "-w" "/opt/rustwide/workdir" "-m" "1610612736" "--user" "0:0" "--network" "none" "ghcr.io/rust-lang/crates-build-env/linux@sha256:4a844ea9eb2546a2d2c7022eacef16ef2e8229c7fbb2c7d4d55a9ceca922f72d" "/opt/rustwide/cargo-home/bin/cargo" "+nightly-2024-10-28" "test" "--frozen" "--no-run" "--message-format=json", kill_on_drop: false }`
[INFO] [stdout] 5866497e9be24526f6bad1a10d5353f91de0600e86f5b84133c0fa6cf21ecb32
[INFO] running `Command { std: "docker" "start" "-a" "5866497e9be24526f6bad1a10d5353f91de0600e86f5b84133c0fa6cf21ecb32", kill_on_drop: false }`
[INFO] [stdout] warning: non-local `impl` definition, `impl` blocks should be written at the same level as their item
[INFO] [stdout]    --> src/expr.rs:249:17
[INFO] [stdout]     |
[INFO] [stdout] 249 | #[derive(Debug, Fail)]
[INFO] [stdout]     |                 ^---
[INFO] [stdout]     |                 |
[INFO] [stdout]     |                 `Fail` is not local
[INFO] [stdout]     |                 move the `impl` block outside of this constant `_DERIVE_failure_Fail_FOR_ExprRunError`
[INFO] [stdout] 250 | pub enum ExprRunError {
[INFO] [stdout]     |          ------------ `ExprRunError` is not local
[INFO] [stdout]     |
[INFO] [stdout]     = note: the derive macro `Fail` defines the non-local `impl`, and may need to be changed
[INFO] [stdout]     = note: the derive macro `Fail` may come from an old version of the `failure_derive` crate, try updating your dependency with `cargo update -p failure_derive`
[INFO] [stdout]     = note: an `impl` is never scoped, even when it is nested inside an item, as it may impact type checking outside of that item, which can be the case if neither the trait or the self type are at the same nesting level as the `impl`
[INFO] [stdout]     = note: items in an anonymous const item (`const _: () = { ... }`) are treated as in the same scope as the anonymous const's declaration for the purpose of this lint
[INFO] [stdout]     = note: `#[warn(non_local_definitions)]` on by default
[INFO] [stdout]     = note: this warning originates in the derive macro `Fail` (in Nightly builds, run with -Z macro-backtrace for more info)
[INFO] [stdout] 
[INFO] [stdout] 
[INFO] [stdout] warning: non-local `impl` definition, `impl` blocks should be written at the same level as their item
[INFO] [stdout]    --> src/expr.rs:249:17
[INFO] [stdout]     |
[INFO] [stdout] 249 | #[derive(Debug, Fail)]
[INFO] [stdout]     |                 ^---
[INFO] [stdout]     |                 |
[INFO] [stdout]     |                 `Display` is not local
[INFO] [stdout]     |                 move the `impl` block outside of this constant `_DERIVE_failure_core_fmt_Display_FOR_ExprRunError`
[INFO] [stdout] 250 | pub enum ExprRunError {
[INFO] [stdout]     |          ------------ `ExprRunError` is not local
[INFO] [stdout]     |
[INFO] [stdout]     = note: the derive macro `Fail` defines the non-local `impl`, and may need to be changed
[INFO] [stdout]     = note: the derive macro `Fail` may come from an old version of the `failure_derive` crate, try updating your dependency with `cargo update -p failure_derive`
[INFO] [stdout]     = note: an `impl` is never scoped, even when it is nested inside an item, as it may impact type checking outside of that item, which can be the case if neither the trait or the self type are at the same nesting level as the `impl`
[INFO] [stdout]     = note: items in an anonymous const item (`const _: () = { ... }`) are treated as in the same scope as the anonymous const's declaration for the purpose of this lint
[INFO] [stdout]     = note: this warning originates in the derive macro `Fail` (in Nightly builds, run with -Z macro-backtrace for more info)
[INFO] [stdout] 
[INFO] [stdout] 
[INFO] [stderr]    Compiling avra-rs v0.3.0 (/opt/rustwide/workdir)
[INFO] [stdout] warning: non-local `impl` definition, `impl` blocks should be written at the same level as their item
[INFO] [stdout]    --> src/expr.rs:249:17
[INFO] [stdout]     |
[INFO] [stdout] 249 | #[derive(Debug, Fail)]
[INFO] [stdout]     |                 ^---
[INFO] [stdout]     |                 |
[INFO] [stdout]     |                 `Fail` is not local
[INFO] [stdout]     |                 move the `impl` block outside of this constant `_DERIVE_failure_Fail_FOR_ExprRunError`
[INFO] [stdout] 250 | pub enum ExprRunError {
[INFO] [stdout]     |          ------------ `ExprRunError` is not local
[INFO] [stdout]     |
[INFO] [stdout]     = note: the derive macro `Fail` defines the non-local `impl`, and may need to be changed
[INFO] [stdout]     = note: the derive macro `Fail` may come from an old version of the `failure_derive` crate, try updating your dependency with `cargo update -p failure_derive`
[INFO] [stdout]     = note: an `impl` is never scoped, even when it is nested inside an item, as it may impact type checking outside of that item, which can be the case if neither the trait or the self type are at the same nesting level as the `impl`
[INFO] [stdout]     = note: items in an anonymous const item (`const _: () = { ... }`) are treated as in the same scope as the anonymous const's declaration for the purpose of this lint
[INFO] [stdout]     = note: `#[warn(non_local_definitions)]` on by default
[INFO] [stdout]     = note: this warning originates in the derive macro `Fail` (in Nightly builds, run with -Z macro-backtrace for more info)
[INFO] [stdout] 
[INFO] [stdout] 
[INFO] [stdout] warning: non-local `impl` definition, `impl` blocks should be written at the same level as their item
[INFO] [stdout]    --> src/expr.rs:249:17
[INFO] [stdout]     |
[INFO] [stdout] 249 | #[derive(Debug, Fail)]
[INFO] [stdout]     |                 ^---
[INFO] [stdout]     |                 |
[INFO] [stdout]     |                 `Display` is not local
[INFO] [stdout]     |                 move the `impl` block outside of this constant `_DERIVE_failure_core_fmt_Display_FOR_ExprRunError`
[INFO] [stdout] 250 | pub enum ExprRunError {
[INFO] [stdout]     |          ------------ `ExprRunError` is not local
[INFO] [stdout]     |
[INFO] [stdout]     = note: the derive macro `Fail` defines the non-local `impl`, and may need to be changed
[INFO] [stdout]     = note: the derive macro `Fail` may come from an old version of the `failure_derive` crate, try updating your dependency with `cargo update -p failure_derive`
[INFO] [stdout]     = note: an `impl` is never scoped, even when it is nested inside an item, as it may impact type checking outside of that item, which can be the case if neither the trait or the self type are at the same nesting level as the `impl`
[INFO] [stdout]     = note: items in an anonymous const item (`const _: () = { ... }`) are treated as in the same scope as the anonymous const's declaration for the purpose of this lint
[INFO] [stdout]     = note: this warning originates in the derive macro `Fail` (in Nightly builds, run with -Z macro-backtrace for more info)
[INFO] [stdout] 
[INFO] [stdout] 
[INFO] [stderr]     Finished `test` profile [unoptimized + debuginfo] target(s) in 2.65s
[INFO] running `Command { std: "docker" "inspect" "5866497e9be24526f6bad1a10d5353f91de0600e86f5b84133c0fa6cf21ecb32", kill_on_drop: false }`
[INFO] running `Command { std: "docker" "rm" "-f" "5866497e9be24526f6bad1a10d5353f91de0600e86f5b84133c0fa6cf21ecb32", kill_on_drop: false }`
[INFO] [stdout] 5866497e9be24526f6bad1a10d5353f91de0600e86f5b84133c0fa6cf21ecb32
[INFO] running `Command { std: "docker" "create" "-v" "/var/lib/crater-agent-workspace/builds/worker-6-tc1/target:/opt/rustwide/target:rw,Z" "-v" "/var/lib/crater-agent-workspace/builds/worker-6-tc1/source:/opt/rustwide/workdir:ro,Z" "-v" "/var/lib/crater-agent-workspace/cargo-home:/opt/rustwide/cargo-home:ro,Z" "-v" "/var/lib/crater-agent-workspace/rustup-home:/opt/rustwide/rustup-home:ro,Z" "-e" "SOURCE_DIR=/opt/rustwide/workdir" "-e" "CARGO_TARGET_DIR=/opt/rustwide/target" "-e" "CARGO_INCREMENTAL=0" "-e" "RUST_BACKTRACE=full" "-e" "RUSTFLAGS=--cap-lints=forbid" "-e" "RUSTDOCFLAGS=--cap-lints=forbid" "-e" "CARGO_HOME=/opt/rustwide/cargo-home" "-e" "RUSTUP_HOME=/opt/rustwide/rustup-home" "-w" "/opt/rustwide/workdir" "-m" "1610612736" "--user" "0:0" "--network" "none" "ghcr.io/rust-lang/crates-build-env/linux@sha256:4a844ea9eb2546a2d2c7022eacef16ef2e8229c7fbb2c7d4d55a9ceca922f72d" "/opt/rustwide/cargo-home/bin/cargo" "+nightly-2024-10-28" "test" "--frozen", kill_on_drop: false }`
[INFO] [stdout] 41ce740b1f69d3eb94738cb345c40430992264f3551e750abfd950a58dfddf8b
[INFO] running `Command { std: "docker" "start" "-a" "41ce740b1f69d3eb94738cb345c40430992264f3551e750abfd950a58dfddf8b", kill_on_drop: false }`
[INFO] [stderr] warning: non-local `impl` definition, `impl` blocks should be written at the same level as their item
[INFO] [stderr]    --> src/expr.rs:249:17
[INFO] [stderr]     |
[INFO] [stderr] 249 | #[derive(Debug, Fail)]
[INFO] [stderr]     |                 ^---
[INFO] [stderr]     |                 |
[INFO] [stderr]     |                 `Fail` is not local
[INFO] [stderr]     |                 move the `impl` block outside of this constant `_DERIVE_failure_Fail_FOR_ExprRunError`
[INFO] [stderr] 250 | pub enum ExprRunError {
[INFO] [stderr]     |          ------------ `ExprRunError` is not local
[INFO] [stderr]     |
[INFO] [stderr]     = note: the derive macro `Fail` defines the non-local `impl`, and may need to be changed
[INFO] [stderr]     = note: the derive macro `Fail` may come from an old version of the `failure_derive` crate, try updating your dependency with `cargo update -p failure_derive`
[INFO] [stderr]     = note: an `impl` is never scoped, even when it is nested inside an item, as it may impact type checking outside of that item, which can be the case if neither the trait or the self type are at the same nesting level as the `impl`
[INFO] [stderr]     = note: items in an anonymous const item (`const _: () = { ... }`) are treated as in the same scope as the anonymous const's declaration for the purpose of this lint
[INFO] [stderr]     = note: `#[warn(non_local_definitions)]` on by default
[INFO] [stderr]     = note: this warning originates in the derive macro `Fail` (in Nightly builds, run with -Z macro-backtrace for more info)
[INFO] [stderr] 
[INFO] [stderr] warning: non-local `impl` definition, `impl` blocks should be written at the same level as their item
[INFO] [stderr]    --> src/expr.rs:249:17
[INFO] [stderr]     |
[INFO] [stderr] 249 | #[derive(Debug, Fail)]
[INFO] [stderr]     |                 ^---
[INFO] [stderr]     |                 |
[INFO] [stderr]     |                 `Display` is not local
[INFO] [stderr]     |                 move the `impl` block outside of this constant `_DERIVE_failure_core_fmt_Display_FOR_ExprRunError`
[INFO] [stderr] 250 | pub enum ExprRunError {
[INFO] [stderr]     |          ------------ `ExprRunError` is not local
[INFO] [stderr]     |
[INFO] [stderr]     = note: the derive macro `Fail` defines the non-local `impl`, and may need to be changed
[INFO] [stderr]     = note: the derive macro `Fail` may come from an old version of the `failure_derive` crate, try updating your dependency with `cargo update -p failure_derive`
[INFO] [stderr]     = note: an `impl` is never scoped, even when it is nested inside an item, as it may impact type checking outside of that item, which can be the case if neither the trait or the self type are at the same nesting level as the `impl`
[INFO] [stderr]     = note: items in an anonymous const item (`const _: () = { ... }`) are treated as in the same scope as the anonymous const's declaration for the purpose of this lint
[INFO] [stderr]     = note: this warning originates in the derive macro `Fail` (in Nightly builds, run with -Z macro-backtrace for more info)
[INFO] [stderr] 
[INFO] [stderr] warning: `avra-rs` (lib) generated 2 warnings
[INFO] [stderr] warning: `avra-rs` (lib test) generated 2 warnings (2 duplicates)
[INFO] [stderr]     Finished `test` profile [unoptimized + debuginfo] target(s) in 0.05s
[INFO] [stderr]      Running unittests src/lib.rs (/opt/rustwide/target/debug/deps/avra_lib-c11777fdbb06c746)
[INFO] [stdout] 
[INFO] [stdout] running 66 tests
[INFO] [stdout] test builder::pass0::builder_tests::check_non_argument_macro ... ok
[INFO] [stdout] test builder::pass1::builder_tests::check_segments ... ok
[INFO] [stdout] test builder::pass0::builder_tests::check_for_argument_macro ... ok
[INFO] [stdout] test builder::pass0::builder_tests::check_for_nested_macro ... ok
[INFO] [stdout] test builder::pass1::builder_tests::check_labels ... ok
[INFO] [stdout] test builder::pass1::builder_tests::check_empty ... ok
[INFO] [stdout] test builder::pass2::builder_tests::check_dseg ... ok
[INFO] [stdout] test builder::builder_tests::check_empty ... ok
[INFO] [stdout] test builder::pass2::builder_tests::avr8l_lds_sts ... ok
[INFO] [stdout] test builder::pass2::builder_tests::check_cseg_org ... ok
[INFO] [stdout] test builder::pass2::builder_tests::check_eseg ... ok
[INFO] [stdout] test builder::pass2::builder_tests::check_one_arg ... ok
[INFO] [stdout] test builder::pass2::builder_tests::check_db_dw_dd_dq ... ok
[INFO] [stdout] test builder::pass2::builder_tests::check_two_args ... ok
[INFO] [stdout] test builder::pass2::builder_tests::check_no_args ... ok
[INFO] [stdout] test builder::pass2::builder_tests::relatives_branch ... ok
[INFO] [stdout] test builder::pass2::builder_tests::check_empty ... ok
[INFO] [stdout] test directive::parser_tests::check_directive_device ... ok
[INFO] [stdout] test directive::parser_tests::check_db_dw_dd_dq ... ok
[INFO] [stdout] test directive::parser_tests::check_directive_byte ... ok
[INFO] [stdout] test directive::parser_tests::check_directive_equ ... ok
[INFO] [stdout] test directive::parser_tests::check_directive_exit ... ok
[INFO] [stdout] test builder::pass1::builder_tests::check_data_placement ... ok
[INFO] [stdout] test directive::parser_tests::check_directive_if_ifdef_ifndef_elif_else_define ... ok
[INFO] [stdout] test directive::parser_tests::check_directive_cseg_size ... ok
[INFO] [stdout] test directive::parser_tests::check_directive_include ... ok
[INFO] [stdout] test directive::parser_tests::check_directive_pragma ... ok
[INFO] [stdout] test directive::parser_tests::check_directive_macro ... ok
[INFO] [stdout] test directive::parser_tests::check_directive_message_warning_error ... ok
[INFO] [stdout] test directive::parser_tests::check_directive_set ... ok
[INFO] [stdout] test directive::parser_tests::directive_test ... ok
[INFO] [stdout] test directive::parser_tests::directive_op_test ... ok
[INFO] [stdout] test directive::parser_tests::directive_ops_test ... ok
[INFO] [stdout] test document::parser_tests::ch_test ... ok
[INFO] [stdout] test directive::parser_tests::check_org ... ok
[INFO] [stdout] test document::parser_tests::comment_test ... ok
[INFO] [stdout] test document::parser_tests::ident_test ... ok
[INFO] [stdout] test document::parser_tests::string_test ... ok
[INFO] [stdout] test expr::parser_tests::e_const_test ... ok
[INFO] [stdout] test directive::parser_tests::check_segments ... ok
[INFO] [stdout] test directive::parser_tests::directive_line_test ... ok
[INFO] [stdout] test document::parser_tests::label_test ... ok
[INFO] [stdout] test expr::parser_tests::e_ident_test ... ok
[INFO] [stdout] test document::parser_tests::line_test ... ok
[INFO] [stdout] test expr::parser_tests::expr_test ... ok
[INFO] [stdout] test instruction::parser_tests::index_ops_rev_convert_test ... ok
[INFO] [stdout] test directive::parser_tests::check_directive_include_path ... ok
[INFO] [stdout] test instruction::parser_tests::index_ops_test ... ok
[INFO] [stdout] test instruction::parser_tests::instruction_line_test ... ok
[INFO] [stdout] test instruction::parser_tests::instruction_ops_test ... ok
[INFO] [stdout] test instruction::parser_tests::op_list_test ... ok
[INFO] [stdout] test instruction::parser_tests::operation_test ... ok
[INFO] [stdout] test instruction::parser_tests::reg16_rev_convert_test ... ok
[INFO] [stdout] test instruction::parser_tests::reg8_test ... ok
[INFO] [stdout] test parser::parser_tests::check_comment ... ok
[INFO] [stdout] test parser::parser_tests::check_empty ... ok
[INFO] [stdout] test parser::parser_tests::check_one_argument_commands ... ok
[INFO] [stdout] test parser::parser_tests::check_non_argument_commands ... ok
[INFO] [stdout] test writer::writer_tests::check_code ... ok
[INFO] [stdout] test parser::parser_tests::check_two_argument_commands ... ok
[INFO] [stdout] test writer::writer_tests::check_empty ... ok
[INFO] [stdout] test instruction::parser_tests::reg16_test ... ok
[INFO] [stdout] test instruction::parser_tests::reg8_rev_convert_test ... ok
[INFO] [stdout] test parser::parser_tests::check_wrong ... ok
[INFO] [stdout] test parser::parser_tests::check_label ... ok
[INFO] [stdout] test builder::builder_tests::check_main_options ... FAILED
[INFO] [stdout] 
[INFO] [stdout] failures:
[INFO] [stdout] 
[INFO] [stdout] ---- builder::builder_tests::check_main_options stdout ----
[INFO] [stdout] thread 'builder::builder_tests::check_main_options' panicked at src/builder/mod.rs:184:10:
[INFO] [stdout] called `Result::unwrap()` on an `Err` value: ErrorMessage { msg: "Cannot read file m48def.inc because: No such file or directory (os error 2)" }
[INFO] [stdout] 
[INFO] [stdout]    0: failure::backtrace::internal::InternalBacktrace::new
[INFO] [stdout]              at src/backtrace/internal.rs:46
[INFO] [stdout]    1: failure::backtrace::Backtrace::new
[INFO] [stdout]              at src/backtrace/mod.rs:121
[INFO] [stdout]    2: <failure::error::error_impl::ErrorImpl as core::convert::From<F>>::from
[INFO] [stdout]              at /opt/rustwide/cargo-home/registry/src/index.crates.io-6f17d22bba15001f/failure-0.1.7/src/error/error_impl.rs:19
[INFO] [stdout]    3: <failure::error::Error as core::convert::From<F>>::from
[INFO] [stdout]              at /opt/rustwide/cargo-home/registry/src/index.crates.io-6f17d22bba15001f/failure-0.1.7/src/error/mod.rs:36
[INFO] [stdout]    4: failure::error_message::err_msg
[INFO] [stdout]              at /opt/rustwide/cargo-home/registry/src/index.crates.io-6f17d22bba15001f/failure-0.1.7/src/error_message.rs:12
[INFO] [stdout]    5: avra_lib::parser::parse_file_internal
[INFO] [stdout]              at src/parser.rs:251
[INFO] [stdout]    6: avra_lib::directive::Directive::parse
[INFO] [stdout]              at src/directive.rs:253
[INFO] [stdout]    7: avra_lib::parser::parse_iter
[INFO] [stdout]              at src/parser.rs:402
[INFO] [stdout]    8: avra_lib::parser::parse
[INFO] [stdout]              at src/parser.rs:360
[INFO] [stdout]    9: avra_lib::parser::parse_file_internal
[INFO] [stdout]              at src/parser.rs:279
[INFO] [stdout]   10: avra_lib::parser::parse_file
[INFO] [stdout]              at src/parser.rs:213
[INFO] [stdout]   11: avra_lib::builder::build_file
[INFO] [stdout]              at src/builder/mod.rs:84
[INFO] [stdout]   12: avra_lib::builder::builder_tests::check_main_options
[INFO] [stdout]              at src/builder/mod.rs:180
[INFO] [stdout]   13: avra_lib::builder::builder_tests::check_main_options::{{closure}}
[INFO] [stdout]              at src/builder/mod.rs:115
[INFO] [stdout]   14: core::ops::function::FnOnce::call_once
[INFO] [stdout]              at /rustc/df4ca44d3fbc9301ee17f30f4d474e6ae4b05252/library/core/src/ops/function.rs:250
[INFO] [stdout]   15: core::ops::function::FnOnce::call_once
[INFO] [stdout]              at core/src/ops/function.rs:250
[INFO] [stdout]       test::__rust_begin_short_backtrace
[INFO] [stdout]              at test/src/lib.rs:621
[INFO] [stdout]   16: test::run_test_in_process::{{closure}}
[INFO] [stdout]              at test/src/lib.rs:644
[INFO] [stdout]       <core::panic::unwind_safe::AssertUnwindSafe<F> as core::ops::function::FnOnce<()>>::call_once
[INFO] [stdout]              at core/src/panic/unwind_safe.rs:272
[INFO] [stdout]       std::panicking::try::do_call
[INFO] [stdout]              at std/src/panicking.rs:557
[INFO] [stdout]       std::panicking::try
[INFO] [stdout]              at std/src/panicking.rs:520
[INFO] [stdout]       std::panic::catch_unwind
[INFO] [stdout]              at std/src/panic.rs:358
[INFO] [stdout]       test::run_test_in_process
[INFO] [stdout]              at test/src/lib.rs:644
[INFO] [stdout]       test::run_test::{{closure}}
[INFO] [stdout]              at test/src/lib.rs:565
[INFO] [stdout]   17: test::run_test::{{closure}}
[INFO] [stdout]              at test/src/lib.rs:595
[INFO] [stdout]       std::sys::backtrace::__rust_begin_short_backtrace
[INFO] [stdout]              at std/src/sys/backtrace.rs:154
[INFO] [stdout]   18: std::thread::Builder::spawn_unchecked_::{{closure}}::{{closure}}
[INFO] [stdout]              at std/src/thread/mod.rs:541
[INFO] [stdout]       <core::panic::unwind_safe::AssertUnwindSafe<F> as core::ops::function::FnOnce<()>>::call_once
[INFO] [stdout]              at core/src/panic/unwind_safe.rs:272
[INFO] [stdout]       std::panicking::try::do_call
[INFO] [stdout]              at std/src/panicking.rs:557
[INFO] [stdout]       std::panicking::try
[INFO] [stdout]              at std/src/panicking.rs:520
[INFO] [stdout]       std::panic::catch_unwind
[INFO] [stdout]              at std/src/panic.rs:358
[INFO] [stdout]       std::thread::Builder::spawn_unchecked_::{{closure}}
[INFO] [stdout]              at std/src/thread/mod.rs:540
[INFO] [stdout]       core::ops::function::FnOnce::call_once{{vtable.shim}}
[INFO] [stdout]              at core/src/ops/function.rs:250
[INFO] [stdout]   19: <alloc::boxed::Box<F,A> as core::ops::function::FnOnce<Args>>::call_once
[INFO] [stdout]              at alloc/src/boxed.rs:2454
[INFO] [stdout]       <alloc::boxed::Box<F,A> as core::ops::function::FnOnce<Args>>::call_once
[INFO] [stdout]              at alloc/src/boxed.rs:2454
[INFO] [stdout]       std::sys::pal::unix::thread::Thread::new::thread_start
[INFO] [stdout]              at std/src/sys/pal/unix/thread.rs:105
[INFO] [stdout]   20: <unknown>
[INFO] [stdout]   21: __clone
[INFO] [stdout] 
[INFO] [stdout] stack backtrace:
[INFO] [stdout]    0:     0x574b7331d86a - std::backtrace_rs::backtrace::libunwind::trace::h207520d6e9873551
[INFO] [stdout]                                at /rustc/df4ca44d3fbc9301ee17f30f4d474e6ae4b05252/library/std/src/../../backtrace/src/backtrace/libunwind.rs:116:5
[INFO] [stdout]    1:     0x574b7331d86a - std::backtrace_rs::backtrace::trace_unsynchronized::h2ed7433f370e3eca
[INFO] [stdout]                                at /rustc/df4ca44d3fbc9301ee17f30f4d474e6ae4b05252/library/std/src/../../backtrace/src/backtrace/mod.rs:66:5
[INFO] [stdout]    2:     0x574b7331d86a - std::sys::backtrace::_print_fmt::h916fac51166b18d7
[INFO] [stdout]                                at /rustc/df4ca44d3fbc9301ee17f30f4d474e6ae4b05252/library/std/src/sys/backtrace.rs:66:9
[INFO] [stdout]    3:     0x574b7331d86a - <std::sys::backtrace::BacktraceLock::print::DisplayBacktrace as core::fmt::Display>::fmt::ha0a4c9b8ce3802e6
[INFO] [stdout]                                at /rustc/df4ca44d3fbc9301ee17f30f4d474e6ae4b05252/library/std/src/sys/backtrace.rs:39:26
[INFO] [stdout]    4:     0x574b73345023 - core::fmt::rt::Argument::fmt::h4cfc8587d52b3eb5
[INFO] [stdout]                                at /rustc/df4ca44d3fbc9301ee17f30f4d474e6ae4b05252/library/core/src/fmt/rt.rs:177:76
[INFO] [stdout]    5:     0x574b73345023 - core::fmt::write::h522cc39e5b36ae9f
[INFO] [stdout]                                at /rustc/df4ca44d3fbc9301ee17f30f4d474e6ae4b05252/library/core/src/fmt/mod.rs:1190:21
[INFO] [stdout]    6:     0x574b73319e83 - std::io::Write::write_fmt::h7d3c26752da97734
[INFO] [stdout]                                at /rustc/df4ca44d3fbc9301ee17f30f4d474e6ae4b05252/library/std/src/io/mod.rs:1839:15
[INFO] [stdout]    7:     0x574b7331d6b2 - std::sys::backtrace::BacktraceLock::print::h4b9e00b29e9c0942
[INFO] [stdout]                                at /rustc/df4ca44d3fbc9301ee17f30f4d474e6ae4b05252/library/std/src/sys/backtrace.rs:42:9
[INFO] [stdout]    8:     0x574b7331ecfa - std::panicking::default_hook::{{closure}}::hb59b88280d0324d9
[INFO] [stdout]                                at /rustc/df4ca44d3fbc9301ee17f30f4d474e6ae4b05252/library/std/src/panicking.rs:268:22
[INFO] [stdout]    9:     0x574b7331eb04 - std::panicking::default_hook::he1dd496665be4a29
[INFO] [stdout]                                at /rustc/df4ca44d3fbc9301ee17f30f4d474e6ae4b05252/library/std/src/panicking.rs:292:9
[INFO] [stdout]   10:     0x574b732a9709 - <alloc::boxed::Box<F,A> as core::ops::function::Fn<Args>>::call::h4ff71de18744e1dc
[INFO] [stdout]                                at /rustc/df4ca44d3fbc9301ee17f30f4d474e6ae4b05252/library/alloc/src/boxed.rs:2468:9
[INFO] [stdout]   11:     0x574b732a9709 - test::test_main::{{closure}}::hcf7c055ce117aa81
[INFO] [stdout]                                at /rustc/df4ca44d3fbc9301ee17f30f4d474e6ae4b05252/library/test/src/lib.rs:133:21
[INFO] [stdout]   12:     0x574b7331f3f8 - <alloc::boxed::Box<F,A> as core::ops::function::Fn<Args>>::call::h1d66c6bbd60c9692
[INFO] [stdout]                                at /rustc/df4ca44d3fbc9301ee17f30f4d474e6ae4b05252/library/alloc/src/boxed.rs:2468:9
[INFO] [stdout]   13:     0x574b7331f3f8 - std::panicking::rust_panic_with_hook::h2ff17fe8f26dfcf8
[INFO] [stdout]                                at /rustc/df4ca44d3fbc9301ee17f30f4d474e6ae4b05252/library/std/src/panicking.rs:809:13
[INFO] [stdout]   14:     0x574b7331f1ba - std::panicking::begin_panic_handler::{{closure}}::h4fad77951c07e101
[INFO] [stdout]                                at /rustc/df4ca44d3fbc9301ee17f30f4d474e6ae4b05252/library/std/src/panicking.rs:674:13
[INFO] [stdout]   15:     0x574b7331dd49 - std::sys::backtrace::__rust_end_short_backtrace::hb1a25b3da5d0ea08
[INFO] [stdout]                                at /rustc/df4ca44d3fbc9301ee17f30f4d474e6ae4b05252/library/std/src/sys/backtrace.rs:170:18
[INFO] [stdout]   16:     0x574b7331ee4c - rust_begin_unwind
[INFO] [stdout]                                at /rustc/df4ca44d3fbc9301ee17f30f4d474e6ae4b05252/library/std/src/panicking.rs:665:5
[INFO] [stdout]   17:     0x574b73343650 - core::panicking::panic_fmt::ha9db07b529f9b256
[INFO] [stdout]                                at /rustc/df4ca44d3fbc9301ee17f30f4d474e6ae4b05252/library/core/src/panicking.rs:75:14
[INFO] [stdout]   18:     0x574b73343ad6 - core::result::unwrap_failed::h5e8218e4d4338b8a
[INFO] [stdout]                                at /rustc/df4ca44d3fbc9301ee17f30f4d474e6ae4b05252/library/core/src/result.rs:1698:5
[INFO] [stdout]   19:     0x574b7321bc1b - core::result::Result<T,E>::unwrap::h560f1778c94c9046
[INFO] [stdout]                                at /rustc/df4ca44d3fbc9301ee17f30f4d474e6ae4b05252/library/core/src/result.rs:1103:23
[INFO] [stdout]   20:     0x574b7321bc1b - avra_lib::builder::builder_tests::check_main_options::h4a0c473754b73888
[INFO] [stdout]                                at /opt/rustwide/workdir/src/builder/mod.rs:180:21
[INFO] [stdout]   21:     0x574b7321b197 - avra_lib::builder::builder_tests::check_main_options::{{closure}}::h292c120784ccbdac
[INFO] [stdout]                                at /opt/rustwide/workdir/src/builder/mod.rs:115:28
[INFO] [stdout]   22:     0x574b732141c6 - core::ops::function::FnOnce::call_once::h154a4bced25789fd
[INFO] [stdout]                                at /rustc/df4ca44d3fbc9301ee17f30f4d474e6ae4b05252/library/core/src/ops/function.rs:250:5
[INFO] [stdout]   23:     0x574b732adfdb - core::ops::function::FnOnce::call_once::h22c3ba5715e93f05
[INFO] [stdout]                                at /rustc/df4ca44d3fbc9301ee17f30f4d474e6ae4b05252/library/core/src/ops/function.rs:250:5
[INFO] [stdout]   24:     0x574b732adfdb - test::__rust_begin_short_backtrace::h8e82d8113d0da17f
[INFO] [stdout]                                at /rustc/df4ca44d3fbc9301ee17f30f4d474e6ae4b05252/library/test/src/lib.rs:621:18
[INFO] [stdout]   25:     0x574b732ad957 - test::run_test_in_process::{{closure}}::h33235f4f20b7b7c7
[INFO] [stdout]                                at /rustc/df4ca44d3fbc9301ee17f30f4d474e6ae4b05252/library/test/src/lib.rs:644:60
[INFO] [stdout]   26:     0x574b732ad957 - <core::panic::unwind_safe::AssertUnwindSafe<F> as core::ops::function::FnOnce<()>>::call_once::hb5043206310c586f
[INFO] [stdout]                                at /rustc/df4ca44d3fbc9301ee17f30f4d474e6ae4b05252/library/core/src/panic/unwind_safe.rs:272:9
[INFO] [stdout]   27:     0x574b732ad957 - std::panicking::try::do_call::h9ad4731a60ab23e2
[INFO] [stdout]                                at /rustc/df4ca44d3fbc9301ee17f30f4d474e6ae4b05252/library/std/src/panicking.rs:557:40
[INFO] [stdout]   28:     0x574b732ad957 - std::panicking::try::h3824d23db772a716
[INFO] [stdout]                                at /rustc/df4ca44d3fbc9301ee17f30f4d474e6ae4b05252/library/std/src/panicking.rs:520:19
[INFO] [stdout]   29:     0x574b732ad957 - std::panic::catch_unwind::h5afd514605fde46b
[INFO] [stdout]                                at /rustc/df4ca44d3fbc9301ee17f30f4d474e6ae4b05252/library/std/src/panic.rs:358:14
[INFO] [stdout]   30:     0x574b732ad957 - test::run_test_in_process::h0d5cbfa7067d1720
[INFO] [stdout]                                at /rustc/df4ca44d3fbc9301ee17f30f4d474e6ae4b05252/library/test/src/lib.rs:644:27
[INFO] [stdout]   31:     0x574b732ad957 - test::run_test::{{closure}}::h708eb8872708115d
[INFO] [stdout]                                at /rustc/df4ca44d3fbc9301ee17f30f4d474e6ae4b05252/library/test/src/lib.rs:565:43
[INFO] [stdout]   32:     0x574b73271074 - test::run_test::{{closure}}::h392c51cee94713ab
[INFO] [stdout]                                at /rustc/df4ca44d3fbc9301ee17f30f4d474e6ae4b05252/library/test/src/lib.rs:595:41
[INFO] [stdout]   33:     0x574b73271074 - std::sys::backtrace::__rust_begin_short_backtrace::h2f40290710935a8b
[INFO] [stdout]                                at /rustc/df4ca44d3fbc9301ee17f30f4d474e6ae4b05252/library/std/src/sys/backtrace.rs:154:18
[INFO] [stdout]   34:     0x574b7327481e - std::thread::Builder::spawn_unchecked_::{{closure}}::{{closure}}::h3fd968d89053a903
[INFO] [stdout]                                at /rustc/df4ca44d3fbc9301ee17f30f4d474e6ae4b05252/library/std/src/thread/mod.rs:541:17
[INFO] [stdout]   35:     0x574b7327481e - <core::panic::unwind_safe::AssertUnwindSafe<F> as core::ops::function::FnOnce<()>>::call_once::h743f637ba4229880
[INFO] [stdout]                                at /rustc/df4ca44d3fbc9301ee17f30f4d474e6ae4b05252/library/core/src/panic/unwind_safe.rs:272:9
[INFO] [stdout]   36:     0x574b7327481e - std::panicking::try::do_call::h07440897322525a6
[INFO] [stdout]                                at /rustc/df4ca44d3fbc9301ee17f30f4d474e6ae4b05252/library/std/src/panicking.rs:557:40
[INFO] [stdout]   37:     0x574b7327481e - std::panicking::try::he5a2e00188156637
[INFO] [stdout]                                at /rustc/df4ca44d3fbc9301ee17f30f4d474e6ae4b05252/library/std/src/panicking.rs:520:19
[INFO] [stdout]   38:     0x574b7327481e - std::panic::catch_unwind::hbaf3cae49b3c6433
[INFO] [stdout]                                at /rustc/df4ca44d3fbc9301ee17f30f4d474e6ae4b05252/library/std/src/panic.rs:358:14
[INFO] [stdout]   39:     0x574b7327481e - std::thread::Builder::spawn_unchecked_::{{closure}}::h8e141ea224820bce
[INFO] [stdout]                                at /rustc/df4ca44d3fbc9301ee17f30f4d474e6ae4b05252/library/std/src/thread/mod.rs:540:30
[INFO] [stdout]   40:     0x574b7327481e - core::ops::function::FnOnce::call_once{{vtable.shim}}::h90d312fedd7b8ea8
[INFO] [stdout]                                at /rustc/df4ca44d3fbc9301ee17f30f4d474e6ae4b05252/library/core/src/ops/function.rs:250:5
[INFO] [stdout]   41:     0x574b7332328b - <alloc::boxed::Box<F,A> as core::ops::function::FnOnce<Args>>::call_once::h69aa08ddb6adb8b6
[INFO] [stdout]                                at /rustc/df4ca44d3fbc9301ee17f30f4d474e6ae4b05252/library/alloc/src/boxed.rs:2454:9
[INFO] [stdout]   42:     0x574b7332328b - <alloc::boxed::Box<F,A> as core::ops::function::FnOnce<Args>>::call_once::h5aa36efdb79c806f
[INFO] [stdout]                                at /rustc/df4ca44d3fbc9301ee17f30f4d474e6ae4b05252/library/alloc/src/boxed.rs:2454:9
[INFO] [stdout]   43:     0x574b7332328b - std::sys::pal::unix::thread::Thread::new::thread_start::h6cd80a1b4be5158d
[INFO] [stdout]                                at /rustc/df4ca44d3fbc9301ee17f30f4d474e6ae4b05252/library/std/src/sys/pal/unix/thread.rs:105:17
[INFO] [stdout]   44:     0x79bc46470ac3 - <unknown>
[INFO] [stdout]   45:     0x79bc46501a04 - clone
[INFO] [stdout]   46:                0x0 - <unknown>
[INFO] [stdout] 
[INFO] [stdout] 
[INFO] [stdout] failures:
[INFO] [stdout]     builder::builder_tests::check_main_options
[INFO] [stdout] 
[INFO] [stdout] test result: FAILED. 65 passed; 1 failed; 0 ignored; 0 measured; 0 filtered out; finished in 0.26s
[INFO] [stdout] 
[INFO] [stderr] error: test failed, to rerun pass `--lib`
[INFO] running `Command { std: "docker" "inspect" "41ce740b1f69d3eb94738cb345c40430992264f3551e750abfd950a58dfddf8b", kill_on_drop: false }`
[INFO] running `Command { std: "docker" "rm" "-f" "41ce740b1f69d3eb94738cb345c40430992264f3551e750abfd950a58dfddf8b", kill_on_drop: false }`
[INFO] [stdout] 41ce740b1f69d3eb94738cb345c40430992264f3551e750abfd950a58dfddf8b
