[INFO] fetching crate auto_impl 1.2.0...
[INFO] testing auto_impl-1.2.0 against nightly-2024-10-28 for randomize-layout
[INFO] extracting crate auto_impl 1.2.0 into /workspace/builds/worker-0-tc1/source
[INFO] validating manifest of crates.io crate auto_impl 1.2.0 on toolchain nightly-2024-10-28
[INFO] running `Command { std: CARGO_HOME="/workspace/cargo-home" RUSTUP_HOME="/workspace/rustup-home" "/workspace/cargo-home/bin/cargo" "+nightly-2024-10-28" "metadata" "--manifest-path" "Cargo.toml" "--no-deps", kill_on_drop: false }`
[INFO] started tweaking crates.io crate auto_impl 1.2.0
[INFO] finished tweaking crates.io crate auto_impl 1.2.0
[INFO] tweaked toml for crates.io crate auto_impl 1.2.0 written to /workspace/builds/worker-0-tc1/source/Cargo.toml
[INFO] crate crates.io crate auto_impl 1.2.0 already has a lockfile, it will not be regenerated
[INFO] running `Command { std: CARGO_HOME="/workspace/cargo-home" RUSTUP_HOME="/workspace/rustup-home" "/workspace/cargo-home/bin/cargo" "+nightly-2024-10-28" "fetch" "--manifest-path" "Cargo.toml", kill_on_drop: false }`
[INFO] [stderr]  Downloading crates ...
[INFO] [stderr]   Downloaded trybuild v1.0.89
[INFO] [stderr]   Downloaded syn v2.0.51
[INFO] running `Command { std: "docker" "create" "-v" "/var/lib/crater-agent-workspace/builds/worker-0-tc1/target:/opt/rustwide/target:rw,Z" "-v" "/var/lib/crater-agent-workspace/builds/worker-0-tc1/source:/opt/rustwide/workdir:ro,Z" "-v" "/var/lib/crater-agent-workspace/cargo-home:/opt/rustwide/cargo-home:ro,Z" "-v" "/var/lib/crater-agent-workspace/rustup-home:/opt/rustwide/rustup-home:ro,Z" "-e" "SOURCE_DIR=/opt/rustwide/workdir" "-e" "CARGO_TARGET_DIR=/opt/rustwide/target" "-e" "CARGO_HOME=/opt/rustwide/cargo-home" "-e" "RUSTUP_HOME=/opt/rustwide/rustup-home" "-w" "/opt/rustwide/workdir" "-m" "1610612736" "--user" "0:0" "--network" "none" "ghcr.io/rust-lang/crates-build-env/linux@sha256:4a844ea9eb2546a2d2c7022eacef16ef2e8229c7fbb2c7d4d55a9ceca922f72d" "/opt/rustwide/cargo-home/bin/cargo" "+nightly-2024-10-28" "metadata" "--no-deps" "--format-version=1", kill_on_drop: false }`
[INFO] [stdout] 6ce6bee62d4f5d8aef59cd4ed1003530eace14438048466e33e95c6a10b1bcb4
[INFO] running `Command { std: "docker" "start" "-a" "6ce6bee62d4f5d8aef59cd4ed1003530eace14438048466e33e95c6a10b1bcb4", kill_on_drop: false }`
[INFO] running `Command { std: "docker" "inspect" "6ce6bee62d4f5d8aef59cd4ed1003530eace14438048466e33e95c6a10b1bcb4", kill_on_drop: false }`
[INFO] running `Command { std: "docker" "rm" "-f" "6ce6bee62d4f5d8aef59cd4ed1003530eace14438048466e33e95c6a10b1bcb4", kill_on_drop: false }`
[INFO] [stdout] 6ce6bee62d4f5d8aef59cd4ed1003530eace14438048466e33e95c6a10b1bcb4
[INFO] running `Command { std: "docker" "create" "-v" "/var/lib/crater-agent-workspace/builds/worker-0-tc1/target:/opt/rustwide/target:rw,Z" "-v" "/var/lib/crater-agent-workspace/builds/worker-0-tc1/source:/opt/rustwide/workdir:ro,Z" "-v" "/var/lib/crater-agent-workspace/cargo-home:/opt/rustwide/cargo-home:ro,Z" "-v" "/var/lib/crater-agent-workspace/rustup-home:/opt/rustwide/rustup-home:ro,Z" "-e" "SOURCE_DIR=/opt/rustwide/workdir" "-e" "CARGO_TARGET_DIR=/opt/rustwide/target" "-e" "CARGO_INCREMENTAL=0" "-e" "RUST_BACKTRACE=full" "-e" "RUSTFLAGS=--cap-lints=forbid" "-e" "RUSTDOCFLAGS=--cap-lints=forbid" "-e" "CARGO_HOME=/opt/rustwide/cargo-home" "-e" "RUSTUP_HOME=/opt/rustwide/rustup-home" "-w" "/opt/rustwide/workdir" "-m" "1610612736" "--user" "0:0" "--network" "none" "ghcr.io/rust-lang/crates-build-env/linux@sha256:4a844ea9eb2546a2d2c7022eacef16ef2e8229c7fbb2c7d4d55a9ceca922f72d" "/opt/rustwide/cargo-home/bin/cargo" "+nightly-2024-10-28" "build" "--frozen" "--message-format=json", kill_on_drop: false }`
[INFO] [stdout] b9c7154f3f48eafdfc7d6aa8ea730eb9577234321b0146122f952388e6de2b03
[INFO] running `Command { std: "docker" "start" "-a" "b9c7154f3f48eafdfc7d6aa8ea730eb9577234321b0146122f952388e6de2b03", kill_on_drop: false }`
[INFO] [stderr]    Compiling proc-macro2 v1.0.78
[INFO] [stderr]    Compiling quote v1.0.35
[INFO] [stderr]    Compiling syn v2.0.51
[INFO] [stderr]    Compiling auto_impl v1.2.0 (/opt/rustwide/workdir)
[INFO] [stderr]     Finished `dev` profile [unoptimized + debuginfo] target(s) in 5.42s
[INFO] running `Command { std: "docker" "inspect" "b9c7154f3f48eafdfc7d6aa8ea730eb9577234321b0146122f952388e6de2b03", kill_on_drop: false }`
[INFO] running `Command { std: "docker" "rm" "-f" "b9c7154f3f48eafdfc7d6aa8ea730eb9577234321b0146122f952388e6de2b03", kill_on_drop: false }`
[INFO] [stdout] b9c7154f3f48eafdfc7d6aa8ea730eb9577234321b0146122f952388e6de2b03
[INFO] running `Command { std: "docker" "create" "-v" "/var/lib/crater-agent-workspace/builds/worker-0-tc1/target:/opt/rustwide/target:rw,Z" "-v" "/var/lib/crater-agent-workspace/builds/worker-0-tc1/source:/opt/rustwide/workdir:ro,Z" "-v" "/var/lib/crater-agent-workspace/cargo-home:/opt/rustwide/cargo-home:ro,Z" "-v" "/var/lib/crater-agent-workspace/rustup-home:/opt/rustwide/rustup-home:ro,Z" "-e" "SOURCE_DIR=/opt/rustwide/workdir" "-e" "CARGO_TARGET_DIR=/opt/rustwide/target" "-e" "CARGO_INCREMENTAL=0" "-e" "RUST_BACKTRACE=full" "-e" "RUSTFLAGS=--cap-lints=forbid" "-e" "RUSTDOCFLAGS=--cap-lints=forbid" "-e" "CARGO_HOME=/opt/rustwide/cargo-home" "-e" "RUSTUP_HOME=/opt/rustwide/rustup-home" "-w" "/opt/rustwide/workdir" "-m" "1610612736" "--user" "0:0" "--network" "none" "ghcr.io/rust-lang/crates-build-env/linux@sha256:4a844ea9eb2546a2d2c7022eacef16ef2e8229c7fbb2c7d4d55a9ceca922f72d" "/opt/rustwide/cargo-home/bin/cargo" "+nightly-2024-10-28" "test" "--frozen" "--no-run" "--message-format=json", kill_on_drop: false }`
[INFO] [stdout] 0b89f2932c6ad9181680ba240c7e27becceaa2144306ad649df427c700dfc52d
[INFO] running `Command { std: "docker" "start" "-a" "0b89f2932c6ad9181680ba240c7e27becceaa2144306ad649df427c700dfc52d", kill_on_drop: false }`
[INFO] [stderr]    Compiling proc-macro2 v1.0.78
[INFO] [stderr]    Compiling unicode-ident v1.0.12
[INFO] [stderr]    Compiling serde v1.0.197
[INFO] [stderr]    Compiling serde_json v1.0.114
[INFO] [stderr]    Compiling itoa v1.0.10
[INFO] [stderr]    Compiling trybuild v1.0.89
[INFO] [stderr]    Compiling rustversion v1.0.14
[INFO] [stderr]    Compiling ryu v1.0.17
[INFO] [stderr]    Compiling once_cell v1.19.0
[INFO] [stderr]    Compiling glob v0.3.1
[INFO] [stderr]    Compiling quote v1.0.35
[INFO] [stderr]    Compiling syn v2.0.51
[INFO] [stderr]    Compiling basic-toml v0.1.8
[INFO] [stderr]    Compiling serde_derive v1.0.197
[INFO] [stderr]    Compiling auto_impl v1.2.0 (/opt/rustwide/workdir)
[INFO] [stderr]     Finished `test` profile [unoptimized + debuginfo] target(s) in 8.69s
[INFO] running `Command { std: "docker" "inspect" "0b89f2932c6ad9181680ba240c7e27becceaa2144306ad649df427c700dfc52d", kill_on_drop: false }`
[INFO] running `Command { std: "docker" "rm" "-f" "0b89f2932c6ad9181680ba240c7e27becceaa2144306ad649df427c700dfc52d", kill_on_drop: false }`
[INFO] [stdout] 0b89f2932c6ad9181680ba240c7e27becceaa2144306ad649df427c700dfc52d
[INFO] running `Command { std: "docker" "create" "-v" "/var/lib/crater-agent-workspace/builds/worker-0-tc1/target:/opt/rustwide/target:rw,Z" "-v" "/var/lib/crater-agent-workspace/builds/worker-0-tc1/source:/opt/rustwide/workdir:ro,Z" "-v" "/var/lib/crater-agent-workspace/cargo-home:/opt/rustwide/cargo-home:ro,Z" "-v" "/var/lib/crater-agent-workspace/rustup-home:/opt/rustwide/rustup-home:ro,Z" "-e" "SOURCE_DIR=/opt/rustwide/workdir" "-e" "CARGO_TARGET_DIR=/opt/rustwide/target" "-e" "CARGO_INCREMENTAL=0" "-e" "RUST_BACKTRACE=full" "-e" "RUSTFLAGS=--cap-lints=forbid" "-e" "RUSTDOCFLAGS=--cap-lints=forbid" "-e" "CARGO_HOME=/opt/rustwide/cargo-home" "-e" "RUSTUP_HOME=/opt/rustwide/rustup-home" "-w" "/opt/rustwide/workdir" "-m" "1610612736" "--user" "0:0" "--network" "none" "ghcr.io/rust-lang/crates-build-env/linux@sha256:4a844ea9eb2546a2d2c7022eacef16ef2e8229c7fbb2c7d4d55a9ceca922f72d" "/opt/rustwide/cargo-home/bin/cargo" "+nightly-2024-10-28" "test" "--frozen", kill_on_drop: false }`
[INFO] [stdout] 18a6df0da8c4ff5f252cee0b9189b2f726a2512a78fe23705d7e3ec3f082f12a
[INFO] running `Command { std: "docker" "start" "-a" "18a6df0da8c4ff5f252cee0b9189b2f726a2512a78fe23705d7e3ec3f082f12a", kill_on_drop: false }`
[INFO] [stderr]     Finished `test` profile [unoptimized + debuginfo] target(s) in 0.02s
[INFO] [stderr]      Running unittests src/lib.rs (/opt/rustwide/target/debug/deps/auto_impl-035af6cf710d4e95)
[INFO] [stdout] 
[INFO] [stdout] running 0 tests
[INFO] [stdout] 
[INFO] [stdout] test result: ok. 0 passed; 0 failed; 0 ignored; 0 measured; 0 filtered out; finished in 0.00s
[INFO] [stdout] 
[INFO] [stderr]      Running tests/no_std.rs (/opt/rustwide/target/debug/deps/no_std-acdbaab7cedb9980)
[INFO] [stdout] 
[INFO] [stdout] running 0 tests
[INFO] [stdout] 
[INFO] [stdout] test result: ok. 0 passed; 0 failed; 0 ignored; 0 measured; 0 filtered out; finished in 0.00s
[INFO] [stdout] 
[INFO] [stderr]      Running tests/ui.rs (/opt/rustwide/target/debug/deps/ui-0b7c9f449abe0f99)
[INFO] [stdout] 
[INFO] [stdout] running 4 tests
[INFO] [stderr]    Compiling proc-macro2 v1.0.78
[INFO] [stderr]    Compiling unicode-ident v1.0.12
[INFO] [stderr]    Compiling rustversion v1.0.14
[INFO] [stderr]    Compiling quote v1.0.35
[INFO] [stderr]    Compiling syn v2.0.51
[INFO] [stderr]    Compiling auto_impl v1.2.0 (/opt/rustwide/workdir)
[INFO] [stderr]    Compiling auto_impl-tests v0.0.0 (/opt/rustwide/target/tests/trybuild/auto_impl)
[INFO] [stderr]     Finished `dev` profile [unoptimized + debuginfo] target(s) in 4.36s
[INFO] [stderr] 
[INFO] [stderr] 
[INFO] [stderr] test tests/since_1.51/compile-pass/associated_lifetime.rs ... ok
[INFO] [stderr] test tests/since_1.51/compile-pass/generic_const_method.rs ... ok
[INFO] [stdout] test ui_since_1_51_compile_pass ... ok
[INFO] [stderr] test tests/since_1.51/compile-pass/generic_mix.rs ... ok
[INFO] [stderr] 
[INFO] [stderr] 
[INFO] [stderr]    Compiling auto_impl-tests v0.0.0 (/opt/rustwide/target/tests/trybuild/auto_impl)
[INFO] [stderr]     Finished `dev` profile [unoptimized + debuginfo] target(s) in 0.08s
[INFO] [stderr] 
[INFO] [stderr] 
[INFO] [stdout] test ui_since_1_75_compile_pass ... ok
[INFO] [stderr] test tests/since_1.75/compile-pass/async_trait.rs ... ok
[INFO] [stderr] 
[INFO] [stderr] 
[INFO] [stderr]    Compiling auto_impl-tests v0.0.0 (/opt/rustwide/target/tests/trybuild/auto_impl)
[INFO] [stderr]     Finished `dev` profile [unoptimized + debuginfo] target(s) in 0.09s
[INFO] [stderr] 
[INFO] [stderr] 
[INFO] [stderr] test tests/compile-pass/big_trait_for_all_refs.rs ... ok
[INFO] [stderr] test tests/compile-pass/big_trait_for_box.rs ... ok
[INFO] [stderr] test tests/compile-pass/big_trait_where_bound_for_all_refs.rs ... ok
[INFO] [stderr] test tests/compile-pass/fn_method_lifetimes.rs ... ok
[INFO] [stderr] test tests/compile-pass/generic_fn_method_for_refs.rs ... ok
[INFO] [stderr] test tests/compile-pass/generic_types_and_lifetimes_for_fn.rs ... ok
[INFO] [stderr] test tests/compile-pass/generic_types_and_lifetimes_for_refs.rs ... ok
[INFO] [stderr] test tests/compile-pass/keep_default_for_simple.rs ... ok
[INFO] [stderr] test tests/compile-pass/keep_default_for_with_where_bounds.rs ... ok
[INFO] [stderr] test tests/compile-pass/method_name_shadowing.rs ... ok
[INFO] [stderr] test tests/compile-pass/mut_self_for_fn.rs ... ok
[INFO] [stderr] test tests/compile-pass/mut_self_for_fn_mut.rs ... ok
[INFO] [stderr] test tests/compile-pass/non_inferred_generic_types_for_all_refs.rs ... ok
[INFO] [stderr] test tests/compile-pass/non_inferred_generic_types_for_box.rs ... ok
[INFO] [stderr] test tests/compile-pass/non_inferred_generic_types_with_lifetimes_for_all_refs.rs ... ok
[INFO] [stderr] test tests/compile-pass/ref_self_for_fn.rs ... ok
[INFO] [stderr] test tests/compile-pass/self_bound.rs ... ok
[INFO] [stderr] test tests/compile-pass/self_bound_default_method.rs ... ok
[INFO] [stderr] test tests/compile-pass/self_bound_multiple.rs ... ok
[INFO] [stderr] test tests/compile-pass/self_by_value_mut.rs ... ok
[INFO] [stderr] test tests/compile-pass/super_trait_complex_for_refs.rs ... ok
[INFO] [stderr] test tests/compile-pass/super_trait_simple_for_fn_types.rs ... ok
[INFO] [stderr] test tests/compile-pass/super_trait_simple_for_refs.rs ... ok
[INFO] [stderr] test tests/compile-pass/trait_in_fn.rs ... ok
[INFO] [stderr] test tests/compile-pass/trait_in_mods.rs ... ok
[INFO] [stderr] test tests/compile-pass/trait_obj_default_method.rs ... ok
[INFO] [stderr] test tests/compile-pass/trait_obj_immutable_self.rs ... ok
[INFO] [stderr] test tests/compile-pass/trait_obj_self_sized.rs ... ok
[INFO] [stderr] test tests/compile-pass/trait_obj_value_self.rs ... ok
[INFO] [stderr] test tests/compile-pass/value_self_for_fn.rs ... ok
[INFO] [stderr] test tests/compile-pass/value_self_for_fn_mut.rs ... ok
[INFO] [stdout] test ui_compile_pass ... ok
[INFO] [stderr] test tests/compile-pass/value_self_for_fn_once.rs ... ok
[INFO] [stderr] 
[INFO] [stderr] 
[INFO] [stderr]     Checking unicode-ident v1.0.12
[INFO] [stderr]     Checking proc-macro2 v1.0.78
[INFO] [stderr]     Checking quote v1.0.35
[INFO] [stderr]     Checking syn v2.0.51
[INFO] [stderr]     Checking auto_impl-tests v0.0.0 (/opt/rustwide/target/tests/trybuild/auto_impl)
[INFO] [stderr]     Finished `dev` profile [unoptimized + debuginfo] target(s) in 2.05s
[INFO] [stderr] 
[INFO] [stderr] 
[INFO] [stderr] test tests/compile-fail/attr_on_enum.rs ... ok
[INFO] [stderr] test tests/compile-fail/attr_on_fn.rs ... ok
[INFO] [stderr] test tests/compile-fail/attr_on_impl_block.rs ... ok
[INFO] [stderr] test tests/compile-fail/attr_on_struct.rs ... ok
[INFO] [stderr] test tests/compile-fail/attr_on_type.rs ... ok
[INFO] [stderr] test tests/compile-fail/attr_on_unit_struct.rs ... ok
[INFO] [stderr] test tests/compile-fail/fn_associated_const.rs ... ok
[INFO] [stderr] test tests/compile-fail/fn_associated_type.rs ... ok
[INFO] [stderr] test tests/compile-fail/fn_const_generics.rs ... ok
[INFO] [stderr] test tests/compile-fail/fn_generics.rs ... ok
[INFO] [stderr] test tests/compile-fail/fn_multiple_methods.rs ... ok
[INFO] [stderr] test tests/compile-fail/fn_unsafe_method.rs ... ok
[INFO] [stderr] test tests/compile-fail/keep_default_for_on_assoc_type.rs ... ok
[INFO] [stderr] test tests/compile-fail/keep_default_for_on_required_method.rs ... ok
[INFO] [stderr] test tests/compile-fail/method_attr_invalid.rs ... ok
[INFO] [stderr] test tests/compile-fail/mut_self_for_arc.rs ... ok
[INFO] [stderr] test tests/compile-fail/mut_self_for_immutable_ref.rs ... ok
[INFO] [stderr] test tests/compile-fail/mut_self_for_rc.rs ... ok
[INFO] [stderr] test tests/compile-fail/super_trait_not_implemented.rs ... mismatch
[INFO] [stderr] 
[INFO] [stderr] EXPECTED:
[INFO] [stderr] ┈┈┈┈┈┈┈┈┈┈┈┈┈┈┈┈┈┈┈┈┈┈┈┈┈┈┈┈┈┈┈┈┈┈┈┈┈┈┈┈┈┈┈┈┈┈┈┈┈┈┈┈┈┈┈┈┈┈┈┈
[INFO] [stderr] error[E0277]: the trait bound `Box<Dog>: Supi` is not satisfied
[INFO] [stderr]   --> tests/compile-fail/super_trait_not_implemented.rs:18:18
[INFO] [stderr]    |
[INFO] [stderr] 18 |     requires_foo(Box::new(Dog)); // shouldn't, because `Box<Dog>: Supi` is not satisfied
[INFO] [stderr]    |     ------------ ^^^^^^^^^^^^^ the trait `Supi` is not implemented for `Box<Dog>`
[INFO] [stderr]    |     |
[INFO] [stderr]    |     required by a bound introduced by this call
[INFO] [stderr]    |
[INFO] [stderr]    = help: the trait `Supi` is implemented for `Dog`
[INFO] [stderr] note: required for `Box<Dog>` to implement `Foo`
[INFO] [stderr]   --> tests/compile-fail/super_trait_not_implemented.rs:5:1
[INFO] [stderr]    |
[INFO] [stderr] 5  | #[auto_impl(Box, &)]
[INFO] [stderr]    | ^^^^^^^^^^^^^^^^^^^^
[INFO] [stderr] 6  | trait Foo: Supi {}
[INFO] [stderr]    |       ^^^  ---- unsatisfied trait bound introduced here
[INFO] [stderr] note: required by a bound in `requires_foo`
[INFO] [stderr]   --> tests/compile-fail/super_trait_not_implemented.rs:14:20
[INFO] [stderr]    |
[INFO] [stderr] 14 | fn requires_foo<T: Foo>(_: T) {}
[INFO] [stderr]    |                    ^^^ required by this bound in `requires_foo`
[INFO] [stderr]    = note: this error originates in the attribute macro `auto_impl` (in Nightly builds, run with -Z macro-backtrace for more info)
[INFO] [stderr] ┈┈┈┈┈┈┈┈┈┈┈┈┈┈┈┈┈┈┈┈┈┈┈┈┈┈┈┈┈┈┈┈┈┈┈┈┈┈┈┈┈┈┈┈┈┈┈┈┈┈┈┈┈┈┈┈┈┈┈┈
[INFO] [stderr] 
[INFO] [stderr] ACTUAL OUTPUT:
[INFO] [stderr] ┈┈┈┈┈┈┈┈┈┈┈┈┈┈┈┈┈┈┈┈┈┈┈┈┈┈┈┈┈┈┈┈┈┈┈┈┈┈┈┈┈┈┈┈┈┈┈┈┈┈┈┈┈┈┈┈┈┈┈┈
[INFO] [stderr] error[E0277]: the trait bound `Box<Dog>: Foo` is not satisfied
[INFO] [stderr]   --> tests/compile-fail/super_trait_not_implemented.rs:18:18
[INFO] [stderr]    |
[INFO] [stderr] 18 |     requires_foo(Box::new(Dog)); // shouldn't, because `Box<Dog>: Supi` is not satisfied
[INFO] [stderr]    |     ------------ ^^^^^^^^^^^^^ the trait `Supi` is not implemented for `Box<Dog>`, which is required by `Box<Dog>: Foo`
[INFO] [stderr]    |     |
[INFO] [stderr]    |     required by a bound introduced by this call
[INFO] [stderr]    |
[INFO] [stderr]    = help: the trait `Supi` is implemented for `Dog`
[INFO] [stderr] note: required for `Box<Dog>` to implement `Foo`
[INFO] [stderr]   --> tests/compile-fail/super_trait_not_implemented.rs:5:1
[INFO] [stderr]    |
[INFO] [stderr] 5  | #[auto_impl(Box, &)]
[INFO] [stderr]    | ^^^^^^^^^^^^^^^^^^^^
[INFO] [stderr] 6  | trait Foo: Supi {}
[INFO] [stderr]    |       ^^^  ---- unsatisfied trait bound introduced here
[INFO] [stderr] note: required by a bound in `requires_foo`
[INFO] [stderr]   --> tests/compile-fail/super_trait_not_implemented.rs:14:20
[INFO] [stderr]    |
[INFO] [stderr] 14 | fn requires_foo<T: Foo>(_: T) {}
[INFO] [stderr]    |                    ^^^ required by this bound in `requires_foo`
[INFO] [stderr]    = note: this error originates in the attribute macro `auto_impl` (in Nightly builds, run with -Z macro-backtrace for more info)
[INFO] [stderr] ┈┈┈┈┈┈┈┈┈┈┈┈┈┈┈┈┈┈┈┈┈┈┈┈┈┈┈┈┈┈┈┈┈┈┈┈┈┈┈┈┈┈┈┈┈┈┈┈┈┈┈┈┈┈┈┈┈┈┈┈
[INFO] [stderr] note: If the actual output is the correct output you can bless it by rerunning
[INFO] [stderr]       your test with the environment variable TRYBUILD=overwrite
[INFO] [stderr] 
[INFO] [stderr] test tests/compile-fail/trait_obj_value_self.rs ... mismatch
[INFO] [stderr] 
[INFO] [stderr] EXPECTED:
[INFO] [stderr] ┈┈┈┈┈┈┈┈┈┈┈┈┈┈┈┈┈┈┈┈┈┈┈┈┈┈┈┈┈┈┈┈┈┈┈┈┈┈┈┈┈┈┈┈┈┈┈┈┈┈┈┈┈┈┈┈┈┈┈┈
[INFO] [stderr] error[E0277]: the size for values of type `dyn Trait` cannot be known at compilation time
[INFO] [stderr]   --> tests/compile-fail/trait_obj_value_self.rs:12:19
[INFO] [stderr]    |
[INFO] [stderr] 12 |     assert_impl::<Box<dyn Trait>>();
[INFO] [stderr]    |                   ^^^^^^^^^^^^^^ doesn't have a size known at compile-time
[INFO] [stderr]    |
[INFO] [stderr]    = help: the trait `Sized` is not implemented for `dyn Trait`
[INFO] [stderr]    = help: the trait `Trait` is implemented for `Box<T>`
[INFO] [stderr] note: required for `Box<dyn Trait>` to implement `Trait`
[INFO] [stderr]   --> tests/compile-fail/trait_obj_value_self.rs:4:1
[INFO] [stderr]    |
[INFO] [stderr] 4  | #[auto_impl(Box)]
[INFO] [stderr]    | ^^^^^^^^^^^^^^^^^
[INFO] [stderr] 5  | trait Trait {
[INFO] [stderr]    |       ^^^^^
[INFO] [stderr] note: required by a bound in `assert_impl`
[INFO] [stderr]   --> tests/compile-fail/trait_obj_value_self.rs:9:19
[INFO] [stderr]    |
[INFO] [stderr] 9  | fn assert_impl<T: Trait>() {}
[INFO] [stderr]    |                   ^^^^^ required by this bound in `assert_impl`
[INFO] [stderr]    = note: this error originates in the attribute macro `auto_impl` (in Nightly builds, run with -Z macro-backtrace for more info)
[INFO] [stderr] ┈┈┈┈┈┈┈┈┈┈┈┈┈┈┈┈┈┈┈┈┈┈┈┈┈┈┈┈┈┈┈┈┈┈┈┈┈┈┈┈┈┈┈┈┈┈┈┈┈┈┈┈┈┈┈┈┈┈┈┈
[INFO] [stderr] 
[INFO] [stderr] ACTUAL OUTPUT:
[INFO] [stderr] ┈┈┈┈┈┈┈┈┈┈┈┈┈┈┈┈┈┈┈┈┈┈┈┈┈┈┈┈┈┈┈┈┈┈┈┈┈┈┈┈┈┈┈┈┈┈┈┈┈┈┈┈┈┈┈┈┈┈┈┈
[INFO] [stderr] error[E0277]: the size for values of type `dyn Trait` cannot be known at compilation time
[INFO] [stderr]   --> tests/compile-fail/trait_obj_value_self.rs:12:19
[INFO] [stderr]    |
[INFO] [stderr] 12 |     assert_impl::<Box<dyn Trait>>();
[INFO] [stderr]    |                   ^^^^^^^^^^^^^^ doesn't have a size known at compile-time
[INFO] [stderr]    |
[INFO] [stderr]    = help: the trait `Sized` is not implemented for `dyn Trait`, which is required by `Box<dyn Trait>: Trait`
[INFO] [stderr]    = help: the trait `Trait` is implemented for `Box<T>`
[INFO] [stderr] note: required for `Box<dyn Trait>` to implement `Trait`
[INFO] [stderr]   --> tests/compile-fail/trait_obj_value_self.rs:4:1
[INFO] [stderr]    |
[INFO] [stderr] 4  | #[auto_impl(Box)]
[INFO] [stderr]    | ^^^^^^^^^^^^^^^^^
[INFO] [stderr] 5  | trait Trait {
[INFO] [stderr]    |       ^^^^^
[INFO] [stderr] note: required by a bound in `assert_impl`
[INFO] [stderr]   --> tests/compile-fail/trait_obj_value_self.rs:9:19
[INFO] [stderr]    |
[INFO] [stderr] 9  | fn assert_impl<T: Trait>() {}
[INFO] [stderr]    |                   ^^^^^ required by this bound in `assert_impl`
[INFO] [stderr]    = note: this error originates in the attribute macro `auto_impl` (in Nightly builds, run with -Z macro-backtrace for more info)
[INFO] [stderr] ┈┈┈┈┈┈┈┈┈┈┈┈┈┈┈┈┈┈┈┈┈┈┈┈┈┈┈┈┈┈┈┈┈┈┈┈┈┈┈┈┈┈┈┈┈┈┈┈┈┈┈┈┈┈┈┈┈┈┈┈
[INFO] [stderr] note: If the actual output is the correct output you can bless it by rerunning
[INFO] [stderr]       your test with the environment variable TRYBUILD=overwrite
[INFO] [stderr] 
[INFO] [stderr] test tests/compile-fail/value_self_for_immutable_ref.rs ... ok
[INFO] [stderr] test tests/compile-fail/value_self_for_mutable_ref.rs ... ok
[INFO] [stderr] 
[INFO] [stderr] 
[INFO] [stdout] test ui_compile_fail ... FAILED
[INFO] [stdout] 
[INFO] [stdout] failures:
[INFO] [stdout] 
[INFO] [stdout] ---- ui_compile_fail stdout ----
[INFO] [stdout] thread 'ui_compile_fail' panicked at /opt/rustwide/cargo-home/registry/src/index.crates.io-6f17d22bba15001f/trybuild-1.0.89/src/run.rs:101:13:
[INFO] [stdout] 2 of 22 tests failed
[INFO] [stdout] stack backtrace:
[INFO] [stdout]    0:     0x57d417e9bf0a - std::backtrace_rs::backtrace::libunwind::trace::h207520d6e9873551
[INFO] [stdout]                                at /rustc/df4ca44d3fbc9301ee17f30f4d474e6ae4b05252/library/std/src/../../backtrace/src/backtrace/libunwind.rs:116:5
[INFO] [stdout]    1:     0x57d417e9bf0a - std::backtrace_rs::backtrace::trace_unsynchronized::h2ed7433f370e3eca
[INFO] [stdout]                                at /rustc/df4ca44d3fbc9301ee17f30f4d474e6ae4b05252/library/std/src/../../backtrace/src/backtrace/mod.rs:66:5
[INFO] [stdout]    2:     0x57d417e9bf0a - std::sys::backtrace::_print_fmt::h916fac51166b18d7
[INFO] [stdout]                                at /rustc/df4ca44d3fbc9301ee17f30f4d474e6ae4b05252/library/std/src/sys/backtrace.rs:66:9
[INFO] [stdout]    3:     0x57d417e9bf0a - <std::sys::backtrace::BacktraceLock::print::DisplayBacktrace as core::fmt::Display>::fmt::ha0a4c9b8ce3802e6
[INFO] [stdout]                                at /rustc/df4ca44d3fbc9301ee17f30f4d474e6ae4b05252/library/std/src/sys/backtrace.rs:39:26
[INFO] [stdout]    4:     0x57d417ec5043 - core::fmt::rt::Argument::fmt::h4cfc8587d52b3eb5
[INFO] [stdout]                                at /rustc/df4ca44d3fbc9301ee17f30f4d474e6ae4b05252/library/core/src/fmt/rt.rs:177:76
[INFO] [stdout]    5:     0x57d417ec5043 - core::fmt::write::h522cc39e5b36ae9f
[INFO] [stdout]                                at /rustc/df4ca44d3fbc9301ee17f30f4d474e6ae4b05252/library/core/src/fmt/mod.rs:1190:21
[INFO] [stdout]    6:     0x57d417e97f43 - std::io::Write::write_fmt::h7d3c26752da97734
[INFO] [stdout]                                at /rustc/df4ca44d3fbc9301ee17f30f4d474e6ae4b05252/library/std/src/io/mod.rs:1839:15
[INFO] [stdout]    7:     0x57d417e9bd52 - std::sys::backtrace::BacktraceLock::print::h4b9e00b29e9c0942
[INFO] [stdout]                                at /rustc/df4ca44d3fbc9301ee17f30f4d474e6ae4b05252/library/std/src/sys/backtrace.rs:42:9
[INFO] [stdout]    8:     0x57d417e9d39a - std::panicking::default_hook::{{closure}}::hb59b88280d0324d9
[INFO] [stdout]                                at /rustc/df4ca44d3fbc9301ee17f30f4d474e6ae4b05252/library/std/src/panicking.rs:268:22
[INFO] [stdout]    9:     0x57d417e9d1a4 - std::panicking::default_hook::he1dd496665be4a29
[INFO] [stdout]                                at /rustc/df4ca44d3fbc9301ee17f30f4d474e6ae4b05252/library/std/src/panicking.rs:292:9
[INFO] [stdout]   10:     0x57d417c84e69 - <alloc::boxed::Box<F,A> as core::ops::function::Fn<Args>>::call::h4ff71de18744e1dc
[INFO] [stdout]                                at /rustc/df4ca44d3fbc9301ee17f30f4d474e6ae4b05252/library/alloc/src/boxed.rs:2468:9
[INFO] [stdout]   11:     0x57d417c84e69 - test::test_main::{{closure}}::hcf7c055ce117aa81
[INFO] [stdout]                                at /rustc/df4ca44d3fbc9301ee17f30f4d474e6ae4b05252/library/test/src/lib.rs:133:21
[INFO] [stdout]   12:     0x57d417e9da98 - <alloc::boxed::Box<F,A> as core::ops::function::Fn<Args>>::call::h1d66c6bbd60c9692
[INFO] [stdout]                                at /rustc/df4ca44d3fbc9301ee17f30f4d474e6ae4b05252/library/alloc/src/boxed.rs:2468:9
[INFO] [stdout]   13:     0x57d417e9da98 - std::panicking::rust_panic_with_hook::h2ff17fe8f26dfcf8
[INFO] [stdout]                                at /rustc/df4ca44d3fbc9301ee17f30f4d474e6ae4b05252/library/std/src/panicking.rs:809:13
[INFO] [stdout]   14:     0x57d417e9d85a - std::panicking::begin_panic_handler::{{closure}}::h4fad77951c07e101
[INFO] [stdout]                                at /rustc/df4ca44d3fbc9301ee17f30f4d474e6ae4b05252/library/std/src/panicking.rs:674:13
[INFO] [stdout]   15:     0x57d417e9c3e9 - std::sys::backtrace::__rust_end_short_backtrace::hb1a25b3da5d0ea08
[INFO] [stdout]                                at /rustc/df4ca44d3fbc9301ee17f30f4d474e6ae4b05252/library/std/src/sys/backtrace.rs:170:18
[INFO] [stdout]   16:     0x57d417e9d4ec - rust_begin_unwind
[INFO] [stdout]                                at /rustc/df4ca44d3fbc9301ee17f30f4d474e6ae4b05252/library/std/src/panicking.rs:665:5
[INFO] [stdout]   17:     0x57d417ec3a40 - core::panicking::panic_fmt::ha9db07b529f9b256
[INFO] [stdout]                                at /rustc/df4ca44d3fbc9301ee17f30f4d474e6ae4b05252/library/core/src/panicking.rs:75:14
[INFO] [stdout]   18:     0x57d417deb89c - trybuild::run::<impl trybuild::Runner>::run::h3036f2285a7a7cff
[INFO] [stdout]                                at /opt/rustwide/cargo-home/registry/src/index.crates.io-6f17d22bba15001f/trybuild-1.0.89/src/run.rs:101:13
[INFO] [stdout]   19:     0x57d417df0fe8 - <trybuild::TestCases as core::ops::drop::Drop>::drop::hbae60a15587d426c
[INFO] [stdout]                                at /opt/rustwide/cargo-home/registry/src/index.crates.io-6f17d22bba15001f/trybuild-1.0.89/src/lib.rs:317:13
[INFO] [stdout]   20:     0x57d417c4a487 - core::ptr::drop_in_place<trybuild::TestCases>::h982bded2a1ebe376
[INFO] [stdout]                                at /rustc/df4ca44d3fbc9301ee17f30f4d474e6ae4b05252/library/core/src/ptr/mod.rs:521:1
[INFO] [stdout]   21:     0x57d417c4adb3 - ui::ui_compile_fail::h80562cfc4e47fcee
[INFO] [stdout]                                at /opt/rustwide/workdir/tests/ui.rs:14:1
[INFO] [stdout]   22:     0x57d417c4ad47 - ui::ui_compile_fail::{{closure}}::h60c9c2d4bb4cf602
[INFO] [stdout]                                at /opt/rustwide/workdir/tests/ui.rs:11:21
[INFO] [stdout]   23:     0x57d417c4a326 - core::ops::function::FnOnce::call_once::h29ad6cd596db5d88
[INFO] [stdout]                                at /rustc/df4ca44d3fbc9301ee17f30f4d474e6ae4b05252/library/core/src/ops/function.rs:250:5
[INFO] [stdout]   24:     0x57d417c8973b - core::ops::function::FnOnce::call_once::h22c3ba5715e93f05
[INFO] [stdout]                                at /rustc/df4ca44d3fbc9301ee17f30f4d474e6ae4b05252/library/core/src/ops/function.rs:250:5
[INFO] [stdout]   25:     0x57d417c8973b - test::__rust_begin_short_backtrace::h8e82d8113d0da17f
[INFO] [stdout]                                at /rustc/df4ca44d3fbc9301ee17f30f4d474e6ae4b05252/library/test/src/lib.rs:621:18
[INFO] [stdout]   26:     0x57d417c890b7 - test::run_test_in_process::{{closure}}::h33235f4f20b7b7c7
[INFO] [stdout]                                at /rustc/df4ca44d3fbc9301ee17f30f4d474e6ae4b05252/library/test/src/lib.rs:644:60
[INFO] [stdout]   27:     0x57d417c890b7 - <core::panic::unwind_safe::AssertUnwindSafe<F> as core::ops::function::FnOnce<()>>::call_once::hb5043206310c586f
[INFO] [stdout]                                at /rustc/df4ca44d3fbc9301ee17f30f4d474e6ae4b05252/library/core/src/panic/unwind_safe.rs:272:9
[INFO] [stdout]   28:     0x57d417c890b7 - std::panicking::try::do_call::h9ad4731a60ab23e2
[INFO] [stdout]                                at /rustc/df4ca44d3fbc9301ee17f30f4d474e6ae4b05252/library/std/src/panicking.rs:557:40
[INFO] [stdout]   29:     0x57d417c890b7 - std::panicking::try::h3824d23db772a716
[INFO] [stdout]                                at /rustc/df4ca44d3fbc9301ee17f30f4d474e6ae4b05252/library/std/src/panicking.rs:520:19
[INFO] [stdout]   30:     0x57d417c890b7 - std::panic::catch_unwind::h5afd514605fde46b
[INFO] [stdout]                                at /rustc/df4ca44d3fbc9301ee17f30f4d474e6ae4b05252/library/std/src/panic.rs:358:14
[INFO] [stdout]   31:     0x57d417c890b7 - test::run_test_in_process::h0d5cbfa7067d1720
[INFO] [stdout]                                at /rustc/df4ca44d3fbc9301ee17f30f4d474e6ae4b05252/library/test/src/lib.rs:644:27
[INFO] [stdout]   32:     0x57d417c890b7 - test::run_test::{{closure}}::h708eb8872708115d
[INFO] [stdout]                                at /rustc/df4ca44d3fbc9301ee17f30f4d474e6ae4b05252/library/test/src/lib.rs:565:43
[INFO] [stdout]   33:     0x57d417c4c7d4 - test::run_test::{{closure}}::h392c51cee94713ab
[INFO] [stdout]                                at /rustc/df4ca44d3fbc9301ee17f30f4d474e6ae4b05252/library/test/src/lib.rs:595:41
[INFO] [stdout]   34:     0x57d417c4c7d4 - std::sys::backtrace::__rust_begin_short_backtrace::h2f40290710935a8b
[INFO] [stdout]                                at /rustc/df4ca44d3fbc9301ee17f30f4d474e6ae4b05252/library/std/src/sys/backtrace.rs:154:18
[INFO] [stdout]   35:     0x57d417c4ff7e - std::thread::Builder::spawn_unchecked_::{{closure}}::{{closure}}::h3fd968d89053a903
[INFO] [stdout]                                at /rustc/df4ca44d3fbc9301ee17f30f4d474e6ae4b05252/library/std/src/thread/mod.rs:541:17
[INFO] [stdout]   36:     0x57d417c4ff7e - <core::panic::unwind_safe::AssertUnwindSafe<F> as core::ops::function::FnOnce<()>>::call_once::h743f637ba4229880
[INFO] [stdout]                                at /rustc/df4ca44d3fbc9301ee17f30f4d474e6ae4b05252/library/core/src/panic/unwind_safe.rs:272:9
[INFO] [stdout]   37:     0x57d417c4ff7e - std::panicking::try::do_call::h07440897322525a6
[INFO] [stdout]                                at /rustc/df4ca44d3fbc9301ee17f30f4d474e6ae4b05252/library/std/src/panicking.rs:557:40
[INFO] [stdout]   38:     0x57d417c4ff7e - std::panicking::try::he5a2e00188156637
[INFO] [stdout]                                at /rustc/df4ca44d3fbc9301ee17f30f4d474e6ae4b05252/library/std/src/panicking.rs:520:19
[INFO] [stdout]   39:     0x57d417c4ff7e - std::panic::catch_unwind::hbaf3cae49b3c6433
[INFO] [stdout]                                at /rustc/df4ca44d3fbc9301ee17f30f4d474e6ae4b05252/library/std/src/panic.rs:358:14
[INFO] [stdout]   40:     0x57d417c4ff7e - std::thread::Builder::spawn_unchecked_::{{closure}}::h8e141ea224820bce
[INFO] [stdout]                                at /rustc/df4ca44d3fbc9301ee17f30f4d474e6ae4b05252/library/std/src/thread/mod.rs:540:30
[INFO] [stdout]   41:     0x57d417c4ff7e - core::ops::function::FnOnce::call_once{{vtable.shim}}::h90d312fedd7b8ea8
[INFO] [stdout]                                at /rustc/df4ca44d3fbc9301ee17f30f4d474e6ae4b05252/library/core/src/ops/function.rs:250:5
[INFO] [stdout]   42:     0x57d417ea285b - <alloc::boxed::Box<F,A> as core::ops::function::FnOnce<Args>>::call_once::h69aa08ddb6adb8b6
[INFO] [stdout]                                at /rustc/df4ca44d3fbc9301ee17f30f4d474e6ae4b05252/library/alloc/src/boxed.rs:2454:9
[INFO] [stdout]   43:     0x57d417ea285b - <alloc::boxed::Box<F,A> as core::ops::function::FnOnce<Args>>::call_once::h5aa36efdb79c806f
[INFO] [stdout]                                at /rustc/df4ca44d3fbc9301ee17f30f4d474e6ae4b05252/library/alloc/src/boxed.rs:2454:9
[INFO] [stdout]   44:     0x57d417ea285b - std::sys::pal::unix::thread::Thread::new::thread_start::h6cd80a1b4be5158d
[INFO] [stdout]                                at /rustc/df4ca44d3fbc9301ee17f30f4d474e6ae4b05252/library/std/src/sys/pal/unix/thread.rs:105:17
[INFO] [stdout]   45:     0x7d34477faac3 - <unknown>
[INFO] [stdout]   46:     0x7d344788ba04 - clone
[INFO] [stdout]   47:                0x0 - <unknown>
[INFO] [stdout] 
[INFO] [stdout] 
[INFO] [stdout] failures:
[INFO] [stdout]     ui_compile_fail
[INFO] [stdout] 
[INFO] [stdout] test result: FAILED. 3 passed; 1 failed; 0 ignored; 0 measured; 0 filtered out; finished in 12.49s
[INFO] [stdout] 
[INFO] [stderr] error: test failed, to rerun pass `--test ui`
[INFO] running `Command { std: "docker" "inspect" "18a6df0da8c4ff5f252cee0b9189b2f726a2512a78fe23705d7e3ec3f082f12a", kill_on_drop: false }`
[INFO] running `Command { std: "docker" "rm" "-f" "18a6df0da8c4ff5f252cee0b9189b2f726a2512a78fe23705d7e3ec3f082f12a", kill_on_drop: false }`
[INFO] [stdout] 18a6df0da8c4ff5f252cee0b9189b2f726a2512a78fe23705d7e3ec3f082f12a
