[INFO] fetching crate aur-rs 0.1.1...
[INFO] testing aur-rs-0.1.1 against nightly-2024-10-28 for randomize-layout
[INFO] extracting crate aur-rs 0.1.1 into /workspace/builds/worker-4-tc1/source
[INFO] validating manifest of crates.io crate aur-rs 0.1.1 on toolchain nightly-2024-10-28
[INFO] running `Command { std: CARGO_HOME="/workspace/cargo-home" RUSTUP_HOME="/workspace/rustup-home" "/workspace/cargo-home/bin/cargo" "+nightly-2024-10-28" "metadata" "--manifest-path" "Cargo.toml" "--no-deps", kill_on_drop: false }`
[INFO] started tweaking crates.io crate aur-rs 0.1.1
[INFO] finished tweaking crates.io crate aur-rs 0.1.1
[INFO] tweaked toml for crates.io crate aur-rs 0.1.1 written to /workspace/builds/worker-4-tc1/source/Cargo.toml
[INFO] crate crates.io crate aur-rs 0.1.1 already has a lockfile, it will not be regenerated
[INFO] running `Command { std: CARGO_HOME="/workspace/cargo-home" RUSTUP_HOME="/workspace/rustup-home" "/workspace/cargo-home/bin/cargo" "+nightly-2024-10-28" "fetch" "--manifest-path" "Cargo.toml", kill_on_drop: false }`
[INFO] [stderr]     Updating crates.io index
[INFO] [stderr]  Downloading crates ...
[INFO] [stderr]   Downloaded windows-targets v0.48.1
[INFO] [stderr]   Downloaded basic-cookies v0.1.4
[INFO] [stderr]   Downloaded tokio-test v0.4.2
[INFO] [stderr]   Downloaded rustversion v1.0.13
[INFO] [stderr]   Downloaded async-object-pool v0.1.4
[INFO] [stderr]   Downloaded thiserror v1.0.43
[INFO] [stderr]   Downloaded async-process v1.7.0
[INFO] [stderr]   Downloaded signal-hook v0.3.15
[INFO] [stderr]   Downloaded tracing-attributes v0.1.26
[INFO] [stderr]   Downloaded tokio-util v0.7.8
[INFO] [stderr]   Downloaded curl v0.4.44
[INFO] [stderr]   Downloaded serde v1.0.169
[INFO] [stderr]   Downloaded base64 v0.21.2
[INFO] [stderr]   Downloaded aho-corasick v1.0.2
[INFO] [stderr]   Downloaded h2 v0.3.20
[INFO] [stderr]   Downloaded petgraph v0.6.3
[INFO] [stderr]   Downloaded reqwest v0.11.18
[INFO] [stderr]   Downloaded syn v2.0.24
[INFO] [stderr]   Downloaded regex v1.9.1
[INFO] [stderr]   Downloaded openssl v0.10.55
[INFO] [stderr]   Downloaded gimli v0.27.3
[INFO] [stderr]   Downloaded object v0.31.1
[INFO] [stderr]   Downloaded rustix v0.38.3
[INFO] [stderr]   Downloaded serde_json v1.0.100
[INFO] [stderr]   Downloaded rustix v0.37.23
[INFO] [stderr]   Downloaded regex-syntax v0.7.3
[INFO] [stderr]   Downloaded security-framework v2.9.1
[INFO] [stderr]   Downloaded backtrace v0.3.68
[INFO] [stderr]   Downloaded addr2line v0.20.0
[INFO] [stderr]   Downloaded url v2.4.0
[INFO] [stderr]   Downloaded tracing-core v0.1.31
[INFO] [stderr]   Downloaded openssl-sys v0.9.90
[INFO] [stderr]   Downloaded ryu v1.0.14
[INFO] [stderr]   Downloaded pin-project v1.1.2
[INFO] [stderr]   Downloaded tokio v1.29.1
[INFO] [stderr]   Downloaded similar v2.2.1
[INFO] [stderr]   Downloaded httpmock v0.6.8
[INFO] [stderr]   Downloaded futures-macro v0.3.28
[INFO] [stderr]   Downloaded ipnet v2.8.0
[INFO] [stderr]   Downloaded regex-automata v0.3.2
[INFO] [stderr]   Downloaded tempfile v3.6.0
[INFO] [stderr]   Downloaded log v0.4.19
[INFO] [stderr]   Downloaded serde_derive v1.0.169
[INFO] [stderr]   Downloaded pin-project-lite v0.2.10
[INFO] [stderr]   Downloaded async-trait v0.1.71
[INFO] [stderr]   Downloaded ena v0.14.2
[INFO] [stderr]   Downloaded bitflags v2.3.3
[INFO] [stderr]   Downloaded thiserror-impl v1.0.43
[INFO] [stderr]   Downloaded itoa v1.0.8
[INFO] [stderr]   Downloaded hermit-abi v0.3.2
[INFO] [stderr]   Downloaded pin-project-internal v1.1.2
[INFO] [stderr]   Downloaded security-framework-sys v2.9.0
[INFO] [stderr]   Downloaded value-bag v1.4.1
[INFO] [stderr]   Downloaded proc-macro2 v1.0.64
[INFO] [stderr]   Downloaded quote v1.0.29
[INFO] [stderr]   Downloaded either v1.8.1
[INFO] [stderr]   Downloaded new_debug_unreachable v1.0.4
[INFO] [stderr]   Downloaded siphasher v0.3.10
[INFO] [stderr]   Downloaded unicode-ident v1.0.10
[INFO] [stderr]   Downloaded levenshtein v1.0.5
[INFO] [stderr]   Downloaded linux-raw-sys v0.4.3
[INFO] [stderr]   Downloaded libz-sys v1.1.9
[INFO] [stderr]   Downloaded curl-sys v0.4.63+curl-8.1.2
[INFO] [stderr]   Downloaded libnghttp2-sys v0.1.7+1.45.0
[INFO] running `Command { std: "docker" "create" "-v" "/var/lib/crater-agent-workspace/builds/worker-4-tc1/target:/opt/rustwide/target:rw,Z" "-v" "/var/lib/crater-agent-workspace/builds/worker-4-tc1/source:/opt/rustwide/workdir:ro,Z" "-v" "/var/lib/crater-agent-workspace/cargo-home:/opt/rustwide/cargo-home:ro,Z" "-v" "/var/lib/crater-agent-workspace/rustup-home:/opt/rustwide/rustup-home:ro,Z" "-e" "SOURCE_DIR=/opt/rustwide/workdir" "-e" "CARGO_TARGET_DIR=/opt/rustwide/target" "-e" "CARGO_HOME=/opt/rustwide/cargo-home" "-e" "RUSTUP_HOME=/opt/rustwide/rustup-home" "-w" "/opt/rustwide/workdir" "-m" "1610612736" "--user" "0:0" "--network" "none" "ghcr.io/rust-lang/crates-build-env/linux@sha256:4a844ea9eb2546a2d2c7022eacef16ef2e8229c7fbb2c7d4d55a9ceca922f72d" "/opt/rustwide/cargo-home/bin/cargo" "+nightly-2024-10-28" "metadata" "--no-deps" "--format-version=1", kill_on_drop: false }`
[INFO] [stdout] 0476cbfca3ce64be7d94d435294300cbf29139c977a8302eb5bb1c42f81c9116
[INFO] running `Command { std: "docker" "start" "-a" "0476cbfca3ce64be7d94d435294300cbf29139c977a8302eb5bb1c42f81c9116", kill_on_drop: false }`
[INFO] running `Command { std: "docker" "inspect" "0476cbfca3ce64be7d94d435294300cbf29139c977a8302eb5bb1c42f81c9116", kill_on_drop: false }`
[INFO] running `Command { std: "docker" "rm" "-f" "0476cbfca3ce64be7d94d435294300cbf29139c977a8302eb5bb1c42f81c9116", kill_on_drop: false }`
[INFO] [stdout] 0476cbfca3ce64be7d94d435294300cbf29139c977a8302eb5bb1c42f81c9116
[INFO] running `Command { std: "docker" "create" "-v" "/var/lib/crater-agent-workspace/builds/worker-4-tc1/target:/opt/rustwide/target:rw,Z" "-v" "/var/lib/crater-agent-workspace/builds/worker-4-tc1/source:/opt/rustwide/workdir:ro,Z" "-v" "/var/lib/crater-agent-workspace/cargo-home:/opt/rustwide/cargo-home:ro,Z" "-v" "/var/lib/crater-agent-workspace/rustup-home:/opt/rustwide/rustup-home:ro,Z" "-e" "SOURCE_DIR=/opt/rustwide/workdir" "-e" "CARGO_TARGET_DIR=/opt/rustwide/target" "-e" "CARGO_INCREMENTAL=0" "-e" "RUST_BACKTRACE=full" "-e" "RUSTFLAGS=--cap-lints=forbid" "-e" "RUSTDOCFLAGS=--cap-lints=forbid" "-e" "CARGO_HOME=/opt/rustwide/cargo-home" "-e" "RUSTUP_HOME=/opt/rustwide/rustup-home" "-w" "/opt/rustwide/workdir" "-m" "1610612736" "--user" "0:0" "--network" "none" "ghcr.io/rust-lang/crates-build-env/linux@sha256:4a844ea9eb2546a2d2c7022eacef16ef2e8229c7fbb2c7d4d55a9ceca922f72d" "/opt/rustwide/cargo-home/bin/cargo" "+nightly-2024-10-28" "build" "--frozen" "--message-format=json", kill_on_drop: false }`
[INFO] [stdout] 3d99a7a9037baf7854f4fab70b362f6a9137021b5e91409de55b3c2d5347e1be
[INFO] running `Command { std: "docker" "start" "-a" "3d99a7a9037baf7854f4fab70b362f6a9137021b5e91409de55b3c2d5347e1be", kill_on_drop: false }`
[INFO] [stderr]    Compiling autocfg v1.1.0
[INFO] [stderr]    Compiling proc-macro2 v1.0.64
[INFO] [stderr]    Compiling quote v1.0.29
[INFO] [stderr]    Compiling unicode-ident v1.0.10
[INFO] [stderr]    Compiling libc v0.2.147
[INFO] [stderr]    Compiling parking_lot_core v0.9.8
[INFO] [stderr]    Compiling pin-project-lite v0.2.10
[INFO] [stderr]    Compiling pkg-config v0.3.27
[INFO] [stderr]    Compiling once_cell v1.18.0
[INFO] [stderr]    Compiling cc v1.0.79
[INFO] [stderr]    Compiling futures-core v0.3.28
[INFO] [stderr]    Compiling bytes v1.4.0
[INFO] [stderr]    Compiling scopeguard v1.1.0
[INFO] [stderr]    Compiling smallvec v1.11.0
[INFO] [stderr]    Compiling itoa v1.0.8
[INFO] [stderr]    Compiling futures-task v0.3.28
[INFO] [stderr]    Compiling fnv v1.0.7
[INFO] [stderr]    Compiling foreign-types-shared v0.1.1
[INFO] [stderr]    Compiling openssl v0.10.55
[INFO] [stderr]    Compiling futures-util v0.3.28
[INFO] [stderr]    Compiling foreign-types v0.3.2
[INFO] [stderr]    Compiling futures-sink v0.3.28
[INFO] [stderr]    Compiling futures-channel v0.3.28
[INFO] [stderr]    Compiling tracing-core v0.1.31
[INFO] [stderr]    Compiling httparse v1.8.0
[INFO] [stderr]    Compiling native-tls v0.2.11
[INFO] [stderr]    Compiling serde v1.0.169
[INFO] [stderr]    Compiling bitflags v1.3.2
[INFO] [stderr]    Compiling tinyvec_macros v0.1.1
[INFO] [stderr]    Compiling pin-utils v0.1.0
[INFO] [stderr]    Compiling hashbrown v0.12.3
[INFO] [stderr]    Compiling tinyvec v1.6.0
[INFO] [stderr]    Compiling openssl-probe v0.1.5
[INFO] [stderr]    Compiling percent-encoding v2.3.0
[INFO] [stderr]    Compiling log v0.4.19
[INFO] [stderr]    Compiling lock_api v0.4.10
[INFO] [stderr]    Compiling tokio v1.29.1
[INFO] [stderr]    Compiling indexmap v1.9.3
[INFO] [stderr]    Compiling slab v0.4.8
[INFO] [stderr]    Compiling http v0.2.9
[INFO] [stderr]    Compiling try-lock v0.2.4
[INFO] [stderr]    Compiling form_urlencoded v1.2.0
[INFO] [stderr]    Compiling want v0.3.1
[INFO] [stderr]    Compiling tracing v0.1.37
[INFO] [stderr]    Compiling unicode-bidi v0.3.13
[INFO] [stderr]    Compiling ryu v1.0.14
[INFO] [stderr]    Compiling serde_json v1.0.100
[INFO] [stderr]    Compiling tower-service v0.3.2
[INFO] [stderr]    Compiling httpdate v1.0.2
[INFO] [stderr]    Compiling encoding_rs v0.8.32
[INFO] [stderr]    Compiling base64 v0.21.2
[INFO] [stderr]    Compiling mime v0.3.17
[INFO] [stderr]    Compiling ipnet v2.8.0
[INFO] [stderr]    Compiling signal-hook-registry v1.4.1
[INFO] [stderr]    Compiling mio v0.8.8
[INFO] [stderr]    Compiling syn v2.0.24
[INFO] [stderr]    Compiling num_cpus v1.16.0
[INFO] [stderr]    Compiling socket2 v0.4.9
[INFO] [stderr]    Compiling parking_lot v0.12.1
[INFO] [stderr]    Compiling http-body v0.4.5
[INFO] [stderr]    Compiling unicode-normalization v0.1.22
[INFO] [stderr]    Compiling openssl-sys v0.9.90
[INFO] [stderr]    Compiling idna v0.4.0
[INFO] [stderr]    Compiling url v2.4.0
[INFO] [stderr]    Compiling tokio-macros v2.1.0
[INFO] [stderr]    Compiling openssl-macros v0.1.1
[INFO] [stderr]    Compiling serde_derive v1.0.169
[INFO] [stderr]    Compiling tokio-util v0.7.8
[INFO] [stderr]    Compiling tokio-native-tls v0.3.1
[INFO] [stderr]    Compiling h2 v0.3.20
[INFO] [stderr]    Compiling serde_urlencoded v0.7.1
[INFO] [stderr]    Compiling hyper v0.14.27
[INFO] [stderr]    Compiling hyper-tls v0.5.0
[INFO] [stderr]    Compiling reqwest v0.11.18
[INFO] [stderr]    Compiling aur-rs v0.1.1 (/opt/rustwide/workdir)
[INFO] [stderr]     Finished `dev` profile [unoptimized + debuginfo] target(s) in 19.59s
[INFO] running `Command { std: "docker" "inspect" "3d99a7a9037baf7854f4fab70b362f6a9137021b5e91409de55b3c2d5347e1be", kill_on_drop: false }`
[INFO] running `Command { std: "docker" "rm" "-f" "3d99a7a9037baf7854f4fab70b362f6a9137021b5e91409de55b3c2d5347e1be", kill_on_drop: false }`
[INFO] [stdout] 3d99a7a9037baf7854f4fab70b362f6a9137021b5e91409de55b3c2d5347e1be
[INFO] running `Command { std: "docker" "create" "-v" "/var/lib/crater-agent-workspace/builds/worker-4-tc1/target:/opt/rustwide/target:rw,Z" "-v" "/var/lib/crater-agent-workspace/builds/worker-4-tc1/source:/opt/rustwide/workdir:ro,Z" "-v" "/var/lib/crater-agent-workspace/cargo-home:/opt/rustwide/cargo-home:ro,Z" "-v" "/var/lib/crater-agent-workspace/rustup-home:/opt/rustwide/rustup-home:ro,Z" "-e" "SOURCE_DIR=/opt/rustwide/workdir" "-e" "CARGO_TARGET_DIR=/opt/rustwide/target" "-e" "CARGO_INCREMENTAL=0" "-e" "RUST_BACKTRACE=full" "-e" "RUSTFLAGS=--cap-lints=forbid" "-e" "RUSTDOCFLAGS=--cap-lints=forbid" "-e" "CARGO_HOME=/opt/rustwide/cargo-home" "-e" "RUSTUP_HOME=/opt/rustwide/rustup-home" "-w" "/opt/rustwide/workdir" "-m" "1610612736" "--user" "0:0" "--network" "none" "ghcr.io/rust-lang/crates-build-env/linux@sha256:4a844ea9eb2546a2d2c7022eacef16ef2e8229c7fbb2c7d4d55a9ceca922f72d" "/opt/rustwide/cargo-home/bin/cargo" "+nightly-2024-10-28" "test" "--frozen" "--no-run" "--message-format=json", kill_on_drop: false }`
[INFO] [stdout] cc00420b601fe351017dbd3a45e3833b6718be6b5eda134c104bd784738ad85a
[INFO] running `Command { std: "docker" "start" "-a" "cc00420b601fe351017dbd3a45e3833b6718be6b5eda134c104bd784738ad85a", kill_on_drop: false }`
[INFO] [stderr]    Compiling memchr v2.5.0
[INFO] [stderr]    Compiling value-bag v1.4.1
[INFO] [stderr]    Compiling crossbeam-utils v0.8.16
[INFO] [stderr]    Compiling tokio v1.29.1
[INFO] [stderr]    Compiling event-listener v2.5.3
[INFO] [stderr]    Compiling futures-io v0.3.28
[INFO] [stderr]    Compiling parking v2.1.0
[INFO] [stderr]    Compiling waker-fn v1.1.0
[INFO] [stderr]    Compiling syn v2.0.24
[INFO] [stderr]    Compiling fastrand v1.9.0
[INFO] [stderr]    Compiling libz-sys v1.1.9
[INFO] [stderr]    Compiling libnghttp2-sys v0.1.7+1.45.0
[INFO] [stderr]    Compiling polling v2.8.0
[INFO] [stderr]    Compiling regex-syntax v0.7.3
[INFO] [stderr]    Compiling futures-task v0.3.28
[INFO] [stderr]    Compiling io-lifetimes v1.0.11
[INFO] [stderr]    Compiling dirs-sys-next v0.1.2
[INFO] [stderr]    Compiling rustix v0.37.23
[INFO] [stderr]    Compiling rustix v0.38.3
[INFO] [stderr]    Compiling log v0.4.19
[INFO] [stderr]    Compiling futures-util v0.3.28
[INFO] [stderr]    Compiling async-lock v2.7.0
[INFO] [stderr]    Compiling crunchy v0.2.2
[INFO] [stderr]    Compiling dirs-next v2.0.0
[INFO] [stderr]    Compiling async-io v1.13.0
[INFO] [stderr]    Compiling curl-sys v0.4.63+curl-8.1.2
[INFO] [stderr]    Compiling linux-raw-sys v0.3.8
[INFO] [stderr]    Compiling bitflags v2.3.3
[INFO] [stderr]    Compiling siphasher v0.3.10
[INFO] [stderr]    Compiling linux-raw-sys v0.4.3
[INFO] [stderr]    Compiling tiny-keccak v2.0.2
[INFO] [stderr]    Compiling phf_shared v0.10.0
[INFO] [stderr]    Compiling aho-corasick v1.0.2
[INFO] [stderr]    Compiling futures-lite v1.13.0
[INFO] [stderr]    Compiling concurrent-queue v2.2.0
[INFO] [stderr]    Compiling term v0.7.0
[INFO] [stderr]    Compiling new_debug_unreachable v1.0.4
[INFO] [stderr]    Compiling fixedbitset v0.4.2
[INFO] [stderr]    Compiling signal-hook v0.3.15
[INFO] [stderr]    Compiling either v1.8.1
[INFO] [stderr]    Compiling bit-vec v0.6.3
[INFO] [stderr]    Compiling async-task v4.4.0
[INFO] [stderr]    Compiling precomputed-hash v0.1.1
[INFO] [stderr]    Compiling itertools v0.10.5
[INFO] [stderr]    Compiling string_cache v0.8.7
[INFO] [stderr]    Compiling async-channel v1.9.0
[INFO] [stderr]    Compiling bit-set v0.5.3
[INFO] [stderr]    Compiling petgraph v0.6.3
[INFO] [stderr]    Compiling ena v0.14.2
[INFO] [stderr]    Compiling async-process v1.7.0
[INFO] [stderr]    Compiling regex-syntax v0.6.29
[INFO] [stderr]    Compiling unicode-xid v0.2.4
[INFO] [stderr]    Compiling ascii-canvas v3.0.0
[INFO] [stderr]    Compiling diff v0.1.13
[INFO] [stderr]    Compiling atomic-waker v1.1.1
[INFO] [stderr]    Compiling curl v0.4.44
[INFO] [stderr]    Compiling kv-log-macro v1.0.7
[INFO] [stderr]    Compiling async-trait v0.1.71
[INFO] [stderr]    Compiling isahc v1.7.2
[INFO] [stderr]    Compiling sluice v0.5.5
[INFO] [stderr]    Compiling lalrpop-util v0.19.12
[INFO] [stderr]    Compiling blocking v1.3.1
[INFO] [stderr]    Compiling async-executor v1.5.1
[INFO] [stderr]    Compiling castaway v0.1.2
[INFO] [stderr]    Compiling lazy_static v1.4.0
[INFO] [stderr]    Compiling levenshtein v1.0.5
[INFO] [stderr]    Compiling is-terminal v0.4.9
[INFO] [stderr]    Compiling similar v2.2.1
[INFO] [stderr]    Compiling regex-automata v0.3.2
[INFO] [stderr]    Compiling async-global-executor v2.3.1
[INFO] [stderr]    Compiling async-std v1.12.0
[INFO] [stderr]    Compiling regex v1.9.1
[INFO] [stderr]    Compiling tokio-macros v2.1.0
[INFO] [stderr]    Compiling tracing-attributes v0.1.26
[INFO] [stderr]    Compiling serde_derive v1.0.169
[INFO] [stderr]    Compiling futures-macro v0.3.28
[INFO] [stderr]    Compiling openssl-macros v0.1.1
[INFO] [stderr]    Compiling pin-project-internal v1.1.2
[INFO] [stderr]    Compiling async-stream-impl v0.3.5
[INFO] [stderr]    Compiling lalrpop v0.19.12
[INFO] [stderr]    Compiling openssl v0.10.55
[INFO] [stderr]    Compiling async-stream v0.3.5
[INFO] [stderr]    Compiling pin-project v1.1.2
[INFO] [stderr]    Compiling tracing v0.1.37
[INFO] [stderr]    Compiling tracing-futures v0.2.5
[INFO] [stderr]    Compiling async-object-pool v0.1.4
[INFO] [stderr]    Compiling native-tls v0.2.11
[INFO] [stderr]    Compiling serde v1.0.169
[INFO] [stderr]    Compiling tokio-util v0.7.8
[INFO] [stderr]    Compiling tokio-native-tls v0.3.1
[INFO] [stderr]    Compiling tokio-stream v0.1.14
[INFO] [stderr]    Compiling tokio-test v0.4.2
[INFO] [stderr]    Compiling h2 v0.3.20
[INFO] [stderr]    Compiling serde_json v1.0.100
[INFO] [stderr]    Compiling serde_urlencoded v0.7.1
[INFO] [stderr]    Compiling serde_regex v1.1.0
[INFO] [stderr]    Compiling basic-cookies v0.1.4
[INFO] [stderr]    Compiling assert-json-diff v2.0.2
[INFO] [stderr]    Compiling hyper v0.14.27
[INFO] [stderr]    Compiling hyper-tls v0.5.0
[INFO] [stderr]    Compiling httpmock v0.6.8
[INFO] [stderr]    Compiling reqwest v0.11.18
[INFO] [stderr]    Compiling aur-rs v0.1.1 (/opt/rustwide/workdir)
[INFO] [stdout] warning: fields `valid_info_json`, `valid_suggest_json`, `valid_multi_info_json`, `valid_provides_json`, and `valid_maintainer_json` are never read
[INFO] [stdout]   --> tests/common/mod.rs:12:9
[INFO] [stdout]    |
[INFO] [stdout] 9  | pub struct TestKit {
[INFO] [stdout]    |            ------- fields in this struct
[INFO] [stdout] ...
[INFO] [stdout] 12 |     pub valid_info_json: String,
[INFO] [stdout]    |         ^^^^^^^^^^^^^^^
[INFO] [stdout] 13 |     pub valid_suggest_json: String,
[INFO] [stdout]    |         ^^^^^^^^^^^^^^^^^^
[INFO] [stdout] 14 |     pub valid_multi_info_json: String,
[INFO] [stdout]    |         ^^^^^^^^^^^^^^^^^^^^^
[INFO] [stdout] 15 |     pub valid_provides_json: String,
[INFO] [stdout]    |         ^^^^^^^^^^^^^^^^^^^
[INFO] [stdout] 16 |     pub valid_maintainer_json: String,
[INFO] [stdout]    |         ^^^^^^^^^^^^^^^^^^^^^
[INFO] [stdout]    |
[INFO] [stdout]    = note: `#[warn(dead_code)]` on by default
[INFO] [stdout] 
[INFO] [stdout] 
[INFO] [stdout] warning: fields `valid_search_json`, `valid_info_json`, `valid_suggest_json`, `valid_provides_json`, and `valid_maintainer_json` are never read
[INFO] [stdout]   --> tests/common/mod.rs:11:9
[INFO] [stdout]    |
[INFO] [stdout] 9  | pub struct TestKit {
[INFO] [stdout]    |            ------- fields in this struct
[INFO] [stdout] 10 |     pub mock_server: MockServer,
[INFO] [stdout] 11 |     pub valid_search_json: String,
[INFO] [stdout]    |         ^^^^^^^^^^^^^^^^^
[INFO] [stdout] 12 |     pub valid_info_json: String,
[INFO] [stdout]    |         ^^^^^^^^^^^^^^^
[INFO] [stdout] 13 |     pub valid_suggest_json: String,
[INFO] [stdout]    |         ^^^^^^^^^^^^^^^^^^
[INFO] [stdout] 14 |     pub valid_multi_info_json: String,
[INFO] [stdout] 15 |     pub valid_provides_json: String,
[INFO] [stdout]    |         ^^^^^^^^^^^^^^^^^^^
[INFO] [stdout] 16 |     pub valid_maintainer_json: String,
[INFO] [stdout]    |         ^^^^^^^^^^^^^^^^^^^^^
[INFO] [stdout]    |
[INFO] [stdout]    = note: `#[warn(dead_code)]` on by default
[INFO] [stdout] 
[INFO] [stdout] 
[INFO] [stdout] warning: fields `valid_search_json`, `valid_info_json`, `valid_suggest_json`, `valid_multi_info_json`, and `valid_provides_json` are never read
[INFO] [stdout]   --> tests/common/mod.rs:11:9
[INFO] [stdout]    |
[INFO] [stdout] 9  | pub struct TestKit {
[INFO] [stdout]    |            ------- fields in this struct
[INFO] [stdout] 10 |     pub mock_server: MockServer,
[INFO] [stdout] 11 |     pub valid_search_json: String,
[INFO] [stdout]    |         ^^^^^^^^^^^^^^^^^
[INFO] [stdout] 12 |     pub valid_info_json: String,
[INFO] [stdout]    |         ^^^^^^^^^^^^^^^
[INFO] [stdout] 13 |     pub valid_suggest_json: String,
[INFO] [stdout]    |         ^^^^^^^^^^^^^^^^^^
[INFO] [stdout] 14 |     pub valid_multi_info_json: String,
[INFO] [stdout]    |         ^^^^^^^^^^^^^^^^^^^^^
[INFO] [stdout] 15 |     pub valid_provides_json: String,
[INFO] [stdout]    |         ^^^^^^^^^^^^^^^^^^^
[INFO] [stdout]    |
[INFO] [stdout]    = note: `#[warn(dead_code)]` on by default
[INFO] [stdout] 
[INFO] [stdout] 
[INFO] [stdout] warning: fields `valid_info_json`, `valid_suggest_json`, `valid_multi_info_json`, `valid_provides_json`, and `valid_maintainer_json` are never read
[INFO] [stdout]   --> tests/common/mod.rs:12:9
[INFO] [stdout]    |
[INFO] [stdout] 9  | pub struct TestKit {
[INFO] [stdout]    |            ------- fields in this struct
[INFO] [stdout] ...
[INFO] [stdout] 12 |     pub valid_info_json: String,
[INFO] [stdout]    |         ^^^^^^^^^^^^^^^
[INFO] [stdout] 13 |     pub valid_suggest_json: String,
[INFO] [stdout]    |         ^^^^^^^^^^^^^^^^^^
[INFO] [stdout] 14 |     pub valid_multi_info_json: String,
[INFO] [stdout]    |         ^^^^^^^^^^^^^^^^^^^^^
[INFO] [stdout] 15 |     pub valid_provides_json: String,
[INFO] [stdout]    |         ^^^^^^^^^^^^^^^^^^^
[INFO] [stdout] 16 |     pub valid_maintainer_json: String,
[INFO] [stdout]    |         ^^^^^^^^^^^^^^^^^^^^^
[INFO] [stdout]    |
[INFO] [stdout]    = note: `#[warn(dead_code)]` on by default
[INFO] [stdout] 
[INFO] [stdout] 
[INFO] [stdout] warning: fields `valid_search_json`, `valid_info_json`, `valid_multi_info_json`, `valid_provides_json`, and `valid_maintainer_json` are never read
[INFO] [stdout]   --> tests/common/mod.rs:11:9
[INFO] [stdout]    |
[INFO] [stdout] 9  | pub struct TestKit {
[INFO] [stdout]    |            ------- fields in this struct
[INFO] [stdout] 10 |     pub mock_server: MockServer,
[INFO] [stdout] 11 |     pub valid_search_json: String,
[INFO] [stdout]    |         ^^^^^^^^^^^^^^^^^
[INFO] [stdout] 12 |     pub valid_info_json: String,
[INFO] [stdout]    |         ^^^^^^^^^^^^^^^
[INFO] [stdout] 13 |     pub valid_suggest_json: String,
[INFO] [stdout] 14 |     pub valid_multi_info_json: String,
[INFO] [stdout]    |         ^^^^^^^^^^^^^^^^^^^^^
[INFO] [stdout] 15 |     pub valid_provides_json: String,
[INFO] [stdout]    |         ^^^^^^^^^^^^^^^^^^^
[INFO] [stdout] 16 |     pub valid_maintainer_json: String,
[INFO] [stdout]    |         ^^^^^^^^^^^^^^^^^^^^^
[INFO] [stdout]    |
[INFO] [stdout]    = note: `#[warn(dead_code)]` on by default
[INFO] [stdout] 
[INFO] [stdout] 
[INFO] [stdout] warning: fields `valid_search_json`, `valid_info_json`, `valid_suggest_json`, `valid_multi_info_json`, and `valid_maintainer_json` are never read
[INFO] [stdout]   --> tests/common/mod.rs:11:9
[INFO] [stdout]    |
[INFO] [stdout] 9  | pub struct TestKit {
[INFO] [stdout]    |            ------- fields in this struct
[INFO] [stdout] 10 |     pub mock_server: MockServer,
[INFO] [stdout] 11 |     pub valid_search_json: String,
[INFO] [stdout]    |         ^^^^^^^^^^^^^^^^^
[INFO] [stdout] 12 |     pub valid_info_json: String,
[INFO] [stdout]    |         ^^^^^^^^^^^^^^^
[INFO] [stdout] 13 |     pub valid_suggest_json: String,
[INFO] [stdout]    |         ^^^^^^^^^^^^^^^^^^
[INFO] [stdout] 14 |     pub valid_multi_info_json: String,
[INFO] [stdout]    |         ^^^^^^^^^^^^^^^^^^^^^
[INFO] [stdout] 15 |     pub valid_provides_json: String,
[INFO] [stdout] 16 |     pub valid_maintainer_json: String,
[INFO] [stdout]    |         ^^^^^^^^^^^^^^^^^^^^^
[INFO] [stdout]    |
[INFO] [stdout]    = note: `#[warn(dead_code)]` on by default
[INFO] [stdout] 
[INFO] [stdout] 
[INFO] [stderr]     Finished `test` profile [unoptimized + debuginfo] target(s) in 37.03s
[INFO] running `Command { std: "docker" "inspect" "cc00420b601fe351017dbd3a45e3833b6718be6b5eda134c104bd784738ad85a", kill_on_drop: false }`
[INFO] running `Command { std: "docker" "rm" "-f" "cc00420b601fe351017dbd3a45e3833b6718be6b5eda134c104bd784738ad85a", kill_on_drop: false }`
[INFO] [stdout] cc00420b601fe351017dbd3a45e3833b6718be6b5eda134c104bd784738ad85a
[INFO] running `Command { std: "docker" "create" "-v" "/var/lib/crater-agent-workspace/builds/worker-4-tc1/target:/opt/rustwide/target:rw,Z" "-v" "/var/lib/crater-agent-workspace/builds/worker-4-tc1/source:/opt/rustwide/workdir:ro,Z" "-v" "/var/lib/crater-agent-workspace/cargo-home:/opt/rustwide/cargo-home:ro,Z" "-v" "/var/lib/crater-agent-workspace/rustup-home:/opt/rustwide/rustup-home:ro,Z" "-e" "SOURCE_DIR=/opt/rustwide/workdir" "-e" "CARGO_TARGET_DIR=/opt/rustwide/target" "-e" "CARGO_INCREMENTAL=0" "-e" "RUST_BACKTRACE=full" "-e" "RUSTFLAGS=--cap-lints=forbid" "-e" "RUSTDOCFLAGS=--cap-lints=forbid" "-e" "CARGO_HOME=/opt/rustwide/cargo-home" "-e" "RUSTUP_HOME=/opt/rustwide/rustup-home" "-w" "/opt/rustwide/workdir" "-m" "1610612736" "--user" "0:0" "--network" "none" "ghcr.io/rust-lang/crates-build-env/linux@sha256:4a844ea9eb2546a2d2c7022eacef16ef2e8229c7fbb2c7d4d55a9ceca922f72d" "/opt/rustwide/cargo-home/bin/cargo" "+nightly-2024-10-28" "test" "--frozen", kill_on_drop: false }`
[INFO] [stdout] 0ec4406d94428de2b5563b20f2b6c59e7ffb419fc923f03498ca46294e6bf4aa
[INFO] running `Command { std: "docker" "start" "-a" "0ec4406d94428de2b5563b20f2b6c59e7ffb419fc923f03498ca46294e6bf4aa", kill_on_drop: false }`
[INFO] [stderr] warning: fields `valid_search_json`, `valid_info_json`, `valid_suggest_json`, `valid_multi_info_json`, and `valid_maintainer_json` are never read
[INFO] [stderr]   --> tests/common/mod.rs:11:9
[INFO] [stderr]    |
[INFO] [stderr] 9  | pub struct TestKit {
[INFO] [stderr]    |            ------- fields in this struct
[INFO] [stderr] 10 |     pub mock_server: MockServer,
[INFO] [stderr] 11 |     pub valid_search_json: String,
[INFO] [stderr]    |         ^^^^^^^^^^^^^^^^^
[INFO] [stderr] 12 |     pub valid_info_json: String,
[INFO] [stderr]    |         ^^^^^^^^^^^^^^^
[INFO] [stderr] 13 |     pub valid_suggest_json: String,
[INFO] [stderr]    |         ^^^^^^^^^^^^^^^^^^
[INFO] [stderr] 14 |     pub valid_multi_info_json: String,
[INFO] [stderr]    |         ^^^^^^^^^^^^^^^^^^^^^
[INFO] [stderr] 15 |     pub valid_provides_json: String,
[INFO] [stderr] 16 |     pub valid_maintainer_json: String,
[INFO] [stderr]    |         ^^^^^^^^^^^^^^^^^^^^^
[INFO] [stderr]    |
[INFO] [stderr]    = note: `#[warn(dead_code)]` on by default
[INFO] [stderr] 
[INFO] [stderr] warning: fields `valid_search_json`, `valid_info_json`, `valid_suggest_json`, `valid_provides_json`, and `valid_maintainer_json` are never read
[INFO] [stderr]   --> tests/common/mod.rs:11:9
[INFO] [stderr]    |
[INFO] [stderr] 9  | pub struct TestKit {
[INFO] [stderr]    |            ------- fields in this struct
[INFO] [stderr] 10 |     pub mock_server: MockServer,
[INFO] [stderr] 11 |     pub valid_search_json: String,
[INFO] [stderr]    |         ^^^^^^^^^^^^^^^^^
[INFO] [stderr] 12 |     pub valid_info_json: String,
[INFO] [stderr]    |         ^^^^^^^^^^^^^^^
[INFO] [stderr] 13 |     pub valid_suggest_json: String,
[INFO] [stderr]    |         ^^^^^^^^^^^^^^^^^^
[INFO] [stderr] 14 |     pub valid_multi_info_json: String,
[INFO] [stderr] 15 |     pub valid_provides_json: String,
[INFO] [stderr]    |         ^^^^^^^^^^^^^^^^^^^
[INFO] [stderr] 16 |     pub valid_maintainer_json: String,
[INFO] [stderr]    |         ^^^^^^^^^^^^^^^^^^^^^
[INFO] [stderr]    |
[INFO] [stderr]    = note: `#[warn(dead_code)]` on by default
[INFO] [stderr] 
[INFO] [stderr] warning: fields `valid_info_json`, `valid_suggest_json`, `valid_multi_info_json`, `valid_provides_json`, and `valid_maintainer_json` are never read
[INFO] [stderr]   --> tests/common/mod.rs:12:9
[INFO] [stderr]    |
[INFO] [stderr] 9  | pub struct TestKit {
[INFO] [stderr]    |            ------- fields in this struct
[INFO] [stderr] ...
[INFO] [stderr] 12 |     pub valid_info_json: String,
[INFO] [stderr]    |         ^^^^^^^^^^^^^^^
[INFO] [stderr] 13 |     pub valid_suggest_json: String,
[INFO] [stderr]    |         ^^^^^^^^^^^^^^^^^^
[INFO] [stderr] 14 |     pub valid_multi_info_json: String,
[INFO] [stderr]    |         ^^^^^^^^^^^^^^^^^^^^^
[INFO] [stderr] 15 |     pub valid_provides_json: String,
[INFO] [stderr]    |         ^^^^^^^^^^^^^^^^^^^
[INFO] [stderr] 16 |     pub valid_maintainer_json: String,
[INFO] [stderr]    |         ^^^^^^^^^^^^^^^^^^^^^
[INFO] [stderr]    |
[INFO] [stderr]    = note: `#[warn(dead_code)]` on by default
[INFO] [stderr] 
[INFO] [stderr] warning: fields `valid_search_json`, `valid_info_json`, `valid_multi_info_json`, `valid_provides_json`, and `valid_maintainer_json` are never read
[INFO] [stderr]   --> tests/common/mod.rs:11:9
[INFO] [stderr]    |
[INFO] [stderr] 9  | pub struct TestKit {
[INFO] [stderr]    |            ------- fields in this struct
[INFO] [stderr] 10 |     pub mock_server: MockServer,
[INFO] [stderr] 11 |     pub valid_search_json: String,
[INFO] [stderr]    |         ^^^^^^^^^^^^^^^^^
[INFO] [stderr] 12 |     pub valid_info_json: String,
[INFO] [stderr]    |         ^^^^^^^^^^^^^^^
[INFO] [stderr] 13 |     pub valid_suggest_json: String,
[INFO] [stderr] 14 |     pub valid_multi_info_json: String,
[INFO] [stderr]    |         ^^^^^^^^^^^^^^^^^^^^^
[INFO] [stderr] 15 |     pub valid_provides_json: String,
[INFO] [stderr]    |         ^^^^^^^^^^^^^^^^^^^
[INFO] [stderr] 16 |     pub valid_maintainer_json: String,
[INFO] [stderr]    |         ^^^^^^^^^^^^^^^^^^^^^
[INFO] [stderr]    |
[INFO] [stderr]    = note: `#[warn(dead_code)]` on by default
[INFO] [stderr] 
[INFO] [stderr] warning: fields `valid_search_json`, `valid_info_json`, `valid_suggest_json`, `valid_multi_info_json`, and `valid_provides_json` are never read
[INFO] [stderr]   --> tests/common/mod.rs:11:9
[INFO] [stderr]    |
[INFO] [stderr] 9  | pub struct TestKit {
[INFO] [stderr]    |            ------- fields in this struct
[INFO] [stderr] 10 |     pub mock_server: MockServer,
[INFO] [stderr] 11 |     pub valid_search_json: String,
[INFO] [stderr]    |         ^^^^^^^^^^^^^^^^^
[INFO] [stderr] 12 |     pub valid_info_json: String,
[INFO] [stderr]    |         ^^^^^^^^^^^^^^^
[INFO] [stderr] 13 |     pub valid_suggest_json: String,
[INFO] [stderr]    |         ^^^^^^^^^^^^^^^^^^
[INFO] [stderr] 14 |     pub valid_multi_info_json: String,
[INFO] [stderr]    |         ^^^^^^^^^^^^^^^^^^^^^
[INFO] [stderr] 15 |     pub valid_provides_json: String,
[INFO] [stderr]    |         ^^^^^^^^^^^^^^^^^^^
[INFO] [stderr]    |
[INFO] [stderr]    = note: `#[warn(dead_code)]` on by default
[INFO] [stderr] 
[INFO] [stderr] warning: `aur-rs` (test "basic_provides") generated 1 warning
[INFO] [stderr] warning: `aur-rs` (test "multi_info") generated 1 warning
[INFO] [stderr] warning: `aur-rs` (test "basic_search") generated 1 warning
[INFO] [stderr] warning: `aur-rs` (test "basic_suggest") generated 1 warning
[INFO] [stderr] warning: `aur-rs` (test "basic_maintainer") generated 1 warning
[INFO] [stderr] warning: `aur-rs` (test "basic_info") generated 1 warning (1 duplicate)
[INFO] [stderr]     Finished `test` profile [unoptimized + debuginfo] target(s) in 0.34s
[INFO] [stderr]      Running unittests src/lib.rs (/opt/rustwide/target/debug/deps/aur_rs-1b9adf22ada10e1a)
[INFO] [stdout] 
[INFO] [stdout] running 0 tests
[INFO] [stdout] 
[INFO] [stdout] test result: ok. 0 passed; 0 failed; 0 ignored; 0 measured; 0 filtered out; finished in 0.00s
[INFO] [stdout] 
[INFO] [stderr]      Running tests/basic_info.rs (/opt/rustwide/target/debug/deps/basic_info-94bd8ab1959f96b7)
[INFO] [stdout] 
[INFO] [stdout] running 1 test
[INFO] [stdout] test search_info ... ok
[INFO] [stdout] 
[INFO] [stdout] test result: ok. 1 passed; 0 failed; 0 ignored; 0 measured; 0 filtered out; finished in 0.04s
[INFO] [stdout] 
[INFO] [stderr]      Running tests/basic_maintainer.rs (/opt/rustwide/target/debug/deps/basic_maintainer-5457638dc04859b4)
[INFO] [stdout] 
[INFO] [stdout] running 1 test
[INFO] [stdout] test search_package_by_maintainer ... ok
[INFO] [stdout] 
[INFO] [stdout] test result: ok. 1 passed; 0 failed; 0 ignored; 0 measured; 0 filtered out; finished in 0.04s
[INFO] [stdout] 
[INFO] [stderr]      Running tests/basic_provides.rs (/opt/rustwide/target/debug/deps/basic_provides-1dd9a88f9f5d1e26)
[INFO] [stdout] 
[INFO] [stdout] running 1 test
[INFO] [stdout] test search_package_by_provides ... ok
[INFO] [stdout] 
[INFO] [stdout] test result: ok. 1 passed; 0 failed; 0 ignored; 0 measured; 0 filtered out; finished in 0.05s
[INFO] [stdout] 
[INFO] [stderr]      Running tests/basic_search.rs (/opt/rustwide/target/debug/deps/basic_search-ca80df58ecedd518)
[INFO] [stdout] 
[INFO] [stdout] running 1 test
[INFO] [stdout] test search_package ... ok
[INFO] [stdout] 
[INFO] [stdout] test result: ok. 1 passed; 0 failed; 0 ignored; 0 measured; 0 filtered out; finished in 0.04s
[INFO] [stdout] 
[INFO] [stderr]      Running tests/basic_suggest.rs (/opt/rustwide/target/debug/deps/basic_suggest-7623ed02c48467d7)
[INFO] [stdout] 
[INFO] [stdout] running 1 test
[INFO] [stdout] test starts_with_test ... ok
[INFO] [stdout] 
[INFO] [stdout] test result: ok. 1 passed; 0 failed; 0 ignored; 0 measured; 0 filtered out; finished in 0.04s
[INFO] [stdout] 
[INFO] [stderr]      Running tests/multi_info.rs (/opt/rustwide/target/debug/deps/multi_info-48b7a80aba0de604)
[INFO] [stdout] 
[INFO] [stdout] running 1 test
[INFO] [stdout] test multi_search ... ok
[INFO] [stdout] 
[INFO] [stdout] test result: ok. 1 passed; 0 failed; 0 ignored; 0 measured; 0 filtered out; finished in 0.04s
[INFO] [stdout] 
[INFO] [stderr]    Doc-tests aur_rs
[INFO] [stdout] 
[INFO] [stdout] running 2 tests
[INFO] [stdout] test src/lib.rs - (line 11) ... FAILED
[INFO] [stdout] test src/lib.rs - (line 24) ... FAILED
[INFO] [stdout] 
[INFO] [stdout] failures:
[INFO] [stdout] 
[INFO] [stdout] ---- src/lib.rs - (line 11) stdout ----
[INFO] [stdout] Test executable failed (exit status: 101).
[INFO] [stdout] 
[INFO] [stdout] stderr:
[INFO] [stdout] thread 'main' panicked at src/lib.rs:7:68:
[INFO] [stdout] called `Result::unwrap()` on an `Err` value: reqwest::Error { kind: Request, url: Url { scheme: "https", cannot_be_a_base: false, username: "", password: None, host: Some(Domain("aur.archlinux.org")), port: None, path: "/rpc/v5/search/yay-bin", query: Some("by=name"), fragment: None }, source: hyper::Error(Connect, ConnectError("dns error", Custom { kind: Uncategorized, error: "failed to lookup address information: Temporary failure in name resolution" })) }
[INFO] [stdout] stack backtrace:
[INFO] [stdout]    0:     0x5959ef4e005a - std::backtrace_rs::backtrace::libunwind::trace::h207520d6e9873551
[INFO] [stdout]                                at /rustc/df4ca44d3fbc9301ee17f30f4d474e6ae4b05252/library/std/src/../../backtrace/src/backtrace/libunwind.rs:116:5
[INFO] [stdout]    1:     0x5959ef4e005a - std::backtrace_rs::backtrace::trace_unsynchronized::h2ed7433f370e3eca
[INFO] [stdout]                                at /rustc/df4ca44d3fbc9301ee17f30f4d474e6ae4b05252/library/std/src/../../backtrace/src/backtrace/mod.rs:66:5
[INFO] [stdout]    2:     0x5959ef4e005a - std::sys::backtrace::_print_fmt::h916fac51166b18d7
[INFO] [stdout]                                at /rustc/df4ca44d3fbc9301ee17f30f4d474e6ae4b05252/library/std/src/sys/backtrace.rs:66:9
[INFO] [stdout]    3:     0x5959ef4e005a - <std::sys::backtrace::BacktraceLock::print::DisplayBacktrace as core::fmt::Display>::fmt::ha0a4c9b8ce3802e6
[INFO] [stdout]                                at /rustc/df4ca44d3fbc9301ee17f30f4d474e6ae4b05252/library/std/src/sys/backtrace.rs:39:26
[INFO] [stdout]    4:     0x5959ef505de3 - core::fmt::rt::Argument::fmt::h4cfc8587d52b3eb5
[INFO] [stdout]                                at /rustc/df4ca44d3fbc9301ee17f30f4d474e6ae4b05252/library/core/src/fmt/rt.rs:177:76
[INFO] [stdout]    5:     0x5959ef505de3 - core::fmt::write::h522cc39e5b36ae9f
[INFO] [stdout]                                at /rustc/df4ca44d3fbc9301ee17f30f4d474e6ae4b05252/library/core/src/fmt/mod.rs:1190:21
[INFO] [stdout]    6:     0x5959ef4dc8b3 - std::io::Write::write_fmt::hf1c1dcc8cc1287f0
[INFO] [stdout]                                at /rustc/df4ca44d3fbc9301ee17f30f4d474e6ae4b05252/library/std/src/io/mod.rs:1839:15
[INFO] [stdout]    7:     0x5959ef4dfea2 - std::sys::backtrace::BacktraceLock::print::h4b9e00b29e9c0942
[INFO] [stdout]                                at /rustc/df4ca44d3fbc9301ee17f30f4d474e6ae4b05252/library/std/src/sys/backtrace.rs:42:9
[INFO] [stdout]    8:     0x5959ef4e0e6c - std::panicking::default_hook::{{closure}}::hb59b88280d0324d9
[INFO] [stdout]                                at /rustc/df4ca44d3fbc9301ee17f30f4d474e6ae4b05252/library/std/src/panicking.rs:268:22
[INFO] [stdout]    9:     0x5959ef4e0cb2 - std::panicking::default_hook::he1dd496665be4a29
[INFO] [stdout]                                at /rustc/df4ca44d3fbc9301ee17f30f4d474e6ae4b05252/library/std/src/panicking.rs:295:9
[INFO] [stdout]   10:     0x5959ef4e14a7 - std::panicking::rust_panic_with_hook::h2ff17fe8f26dfcf8
[INFO] [stdout]                                at /rustc/df4ca44d3fbc9301ee17f30f4d474e6ae4b05252/library/std/src/panicking.rs:801:13
[INFO] [stdout]   11:     0x5959ef4e133a - std::panicking::begin_panic_handler::{{closure}}::h4fad77951c07e101
[INFO] [stdout]                                at /rustc/df4ca44d3fbc9301ee17f30f4d474e6ae4b05252/library/std/src/panicking.rs:674:13
[INFO] [stdout]   12:     0x5959ef4e0539 - std::sys::backtrace::__rust_end_short_backtrace::hb1a25b3da5d0ea08
[INFO] [stdout]                                at /rustc/df4ca44d3fbc9301ee17f30f4d474e6ae4b05252/library/std/src/sys/backtrace.rs:170:18
[INFO] [stdout]   13:     0x5959ef4e0fcc - rust_begin_unwind
[INFO] [stdout]                                at /rustc/df4ca44d3fbc9301ee17f30f4d474e6ae4b05252/library/std/src/panicking.rs:665:5
[INFO] [stdout]   14:     0x5959ef503140 - core::panicking::panic_fmt::ha9db07b529f9b256
[INFO] [stdout]                                at /rustc/df4ca44d3fbc9301ee17f30f4d474e6ae4b05252/library/core/src/panicking.rs:75:14
[INFO] [stdout]   15:     0x5959ef503626 - core::result::unwrap_failed::h5e8218e4d4338b8a
[INFO] [stdout]                                at /rustc/df4ca44d3fbc9301ee17f30f4d474e6ae4b05252/library/core/src/result.rs:1698:5
[INFO] [stdout]   16:     0x5959eefd5322 - rust_out::main::{{closure}}::h6aa186353edbc990
[INFO] [stdout]   17:     0x5959eefc9b15 - tokio::runtime::park::CachedParkThread::block_on::{{closure}}::ha0c86e1fb6d0fbcc
[INFO] [stdout]   18:     0x5959eefc9984 - tokio::runtime::park::CachedParkThread::block_on::h296bd5987ea35413
[INFO] [stdout]   19:     0x5959eefca63b - tokio::runtime::context::blocking::BlockingRegionGuard::block_on::ha7eb3661b9769a0c
[INFO] [stdout]   20:     0x5959eefca88e - tokio::runtime::scheduler::multi_thread::MultiThread::block_on::{{closure}}::hc6283dc9a3ef2579
[INFO] [stdout]   21:     0x5959eefca133 - tokio::runtime::context::runtime::enter_runtime::hee2fccef902accd6
[INFO] [stdout]   22:     0x5959eefca853 - tokio::runtime::scheduler::multi_thread::MultiThread::block_on::h4696f44504298db9
[INFO] [stdout]   23:     0x5959eefca79e - tokio::runtime::runtime::Runtime::block_on::h1f852a85ce826f0d
[INFO] [stdout]   24:     0x5959eefd4fcf - rust_out::main::ha213a30daa5df4da
[INFO] [stdout]   25:     0x5959eefc4343 - core::ops::function::FnOnce::call_once::hf7edf7132571051c
[INFO] [stdout]   26:     0x5959eefc3776 - std::sys::backtrace::__rust_begin_short_backtrace::h32fd822fd2ba4079
[INFO] [stdout]   27:     0x5959eefc3759 - std::rt::lang_start::{{closure}}::h4039a1c394ed4f7c
[INFO] [stdout]   28:     0x5959ef4d9077 - core::ops::function::impls::<impl core::ops::function::FnOnce<A> for &F>::call_once::hd87d66b906e0ccaf
[INFO] [stdout]                                at /rustc/df4ca44d3fbc9301ee17f30f4d474e6ae4b05252/library/core/src/ops/function.rs:284:13
[INFO] [stdout]   29:     0x5959ef4d9077 - std::panicking::try::do_call::hae3703de71fc9e3a
[INFO] [stdout]                                at /rustc/df4ca44d3fbc9301ee17f30f4d474e6ae4b05252/library/std/src/panicking.rs:557:40
[INFO] [stdout]   30:     0x5959ef4d9077 - std::panicking::try::h1178330e9a2b2645
[INFO] [stdout]                                at /rustc/df4ca44d3fbc9301ee17f30f4d474e6ae4b05252/library/std/src/panicking.rs:520:19
[INFO] [stdout]   31:     0x5959ef4d9077 - std::panic::catch_unwind::h0acf49d2305d32ad
[INFO] [stdout]                                at /rustc/df4ca44d3fbc9301ee17f30f4d474e6ae4b05252/library/std/src/panic.rs:358:14
[INFO] [stdout]   32:     0x5959ef4d9077 - std::rt::lang_start_internal::{{closure}}::h2d95182d798177be
[INFO] [stdout]                                at /rustc/df4ca44d3fbc9301ee17f30f4d474e6ae4b05252/library/std/src/rt.rs:174:48
[INFO] [stdout]   33:     0x5959ef4d9077 - std::panicking::try::do_call::hb506f5bfe11fd30c
[INFO] [stdout]                                at /rustc/df4ca44d3fbc9301ee17f30f4d474e6ae4b05252/library/std/src/panicking.rs:557:40
[INFO] [stdout]   34:     0x5959ef4d9077 - std::panicking::try::h54d825c46bd0fa95
[INFO] [stdout]                                at /rustc/df4ca44d3fbc9301ee17f30f4d474e6ae4b05252/library/std/src/panicking.rs:520:19
[INFO] [stdout]   35:     0x5959ef4d9077 - std::panic::catch_unwind::hffbb0ad20c4e9fac
[INFO] [stdout]                                at /rustc/df4ca44d3fbc9301ee17f30f4d474e6ae4b05252/library/std/src/panic.rs:358:14
[INFO] [stdout]   36:     0x5959ef4d9077 - std::rt::lang_start_internal::h52c291ef1962c925
[INFO] [stdout]                                at /rustc/df4ca44d3fbc9301ee17f30f4d474e6ae4b05252/library/std/src/rt.rs:174:20
[INFO] [stdout]   37:     0x5959eefc3737 - std::rt::lang_start::h8c6075cd6f225ba1
[INFO] [stdout]   38:     0x5959eefd5565 - main
[INFO] [stdout]   39:     0x7b7947dbbd90 - <unknown>
[INFO] [stdout]   40:     0x7b7947dbbe40 - __libc_start_main
[INFO] [stdout]   41:     0x5959eefb71e5 - _start
[INFO] [stdout]   42:                0x0 - <unknown>
[INFO] [stdout] 
[INFO] [stdout] 
[INFO] [stdout] ---- src/lib.rs - (line 24) stdout ----
[INFO] [stdout] Test executable failed (exit status: 101).
[INFO] [stdout] 
[INFO] [stdout] stderr:
[INFO] [stdout] thread 'main' panicked at src/lib.rs:7:65:
[INFO] [stdout] called `Result::unwrap()` on an `Err` value: reqwest::Error { kind: Request, url: Url { scheme: "https", cannot_be_a_base: false, username: "", password: None, host: Some(Domain("aur.archlinux.org")), port: None, path: "/rpc/v5/info/yay-bin", query: None, fragment: None }, source: hyper::Error(Connect, ConnectError("dns error", Custom { kind: Uncategorized, error: "failed to lookup address information: Temporary failure in name resolution" })) }
[INFO] [stdout] stack backtrace:
[INFO] [stdout]    0:     0x5c2621530eda - std::backtrace_rs::backtrace::libunwind::trace::h207520d6e9873551
[INFO] [stdout]                                at /rustc/df4ca44d3fbc9301ee17f30f4d474e6ae4b05252/library/std/src/../../backtrace/src/backtrace/libunwind.rs:116:5
[INFO] [stdout]    1:     0x5c2621530eda - std::backtrace_rs::backtrace::trace_unsynchronized::h2ed7433f370e3eca
[INFO] [stdout]                                at /rustc/df4ca44d3fbc9301ee17f30f4d474e6ae4b05252/library/std/src/../../backtrace/src/backtrace/mod.rs:66:5
[INFO] [stdout]    2:     0x5c2621530eda - std::sys::backtrace::_print_fmt::h916fac51166b18d7
[INFO] [stdout]                                at /rustc/df4ca44d3fbc9301ee17f30f4d474e6ae4b05252/library/std/src/sys/backtrace.rs:66:9
[INFO] [stdout]    3:     0x5c2621530eda - <std::sys::backtrace::BacktraceLock::print::DisplayBacktrace as core::fmt::Display>::fmt::ha0a4c9b8ce3802e6
[INFO] [stdout]                                at /rustc/df4ca44d3fbc9301ee17f30f4d474e6ae4b05252/library/std/src/sys/backtrace.rs:39:26
[INFO] [stdout]    4:     0x5c26215562f3 - core::fmt::rt::Argument::fmt::h4cfc8587d52b3eb5
[INFO] [stdout]                                at /rustc/df4ca44d3fbc9301ee17f30f4d474e6ae4b05252/library/core/src/fmt/rt.rs:177:76
[INFO] [stdout]    5:     0x5c26215562f3 - core::fmt::write::h522cc39e5b36ae9f
[INFO] [stdout]                                at /rustc/df4ca44d3fbc9301ee17f30f4d474e6ae4b05252/library/core/src/fmt/mod.rs:1190:21
[INFO] [stdout]    6:     0x5c262152d733 - std::io::Write::write_fmt::hf1c1dcc8cc1287f0
[INFO] [stdout]                                at /rustc/df4ca44d3fbc9301ee17f30f4d474e6ae4b05252/library/std/src/io/mod.rs:1839:15
[INFO] [stdout]    7:     0x5c2621530d22 - std::sys::backtrace::BacktraceLock::print::h4b9e00b29e9c0942
[INFO] [stdout]                                at /rustc/df4ca44d3fbc9301ee17f30f4d474e6ae4b05252/library/std/src/sys/backtrace.rs:42:9
[INFO] [stdout]    8:     0x5c2621531cec - std::panicking::default_hook::{{closure}}::hb59b88280d0324d9
[INFO] [stdout]                                at /rustc/df4ca44d3fbc9301ee17f30f4d474e6ae4b05252/library/std/src/panicking.rs:268:22
[INFO] [stdout]    9:     0x5c2621531b32 - std::panicking::default_hook::he1dd496665be4a29
[INFO] [stdout]                                at /rustc/df4ca44d3fbc9301ee17f30f4d474e6ae4b05252/library/std/src/panicking.rs:295:9
[INFO] [stdout]   10:     0x5c2621532327 - std::panicking::rust_panic_with_hook::h2ff17fe8f26dfcf8
[INFO] [stdout]                                at /rustc/df4ca44d3fbc9301ee17f30f4d474e6ae4b05252/library/std/src/panicking.rs:801:13
[INFO] [stdout]   11:     0x5c26215321ba - std::panicking::begin_panic_handler::{{closure}}::h4fad77951c07e101
[INFO] [stdout]                                at /rustc/df4ca44d3fbc9301ee17f30f4d474e6ae4b05252/library/std/src/panicking.rs:674:13
[INFO] [stdout]   12:     0x5c26215313b9 - std::sys::backtrace::__rust_end_short_backtrace::hb1a25b3da5d0ea08
[INFO] [stdout]                                at /rustc/df4ca44d3fbc9301ee17f30f4d474e6ae4b05252/library/std/src/sys/backtrace.rs:170:18
[INFO] [stdout]   13:     0x5c2621531e4c - rust_begin_unwind
[INFO] [stdout]                                at /rustc/df4ca44d3fbc9301ee17f30f4d474e6ae4b05252/library/std/src/panicking.rs:665:5
[INFO] [stdout]   14:     0x5c2621553fc0 - core::panicking::panic_fmt::ha9db07b529f9b256
[INFO] [stdout]                                at /rustc/df4ca44d3fbc9301ee17f30f4d474e6ae4b05252/library/core/src/panicking.rs:75:14
[INFO] [stdout]   15:     0x5c26215544a6 - core::result::unwrap_failed::h5e8218e4d4338b8a
[INFO] [stdout]                                at /rustc/df4ca44d3fbc9301ee17f30f4d474e6ae4b05252/library/core/src/result.rs:1698:5
[INFO] [stdout]   16:     0x5c2621026332 - rust_out::main::{{closure}}::h6aa186353edbc990
[INFO] [stdout]   17:     0x5c262101abd5 - tokio::runtime::park::CachedParkThread::block_on::{{closure}}::ha0c86e1fb6d0fbcc
[INFO] [stdout]   18:     0x5c262101aa44 - tokio::runtime::park::CachedParkThread::block_on::h296bd5987ea35413
[INFO] [stdout]   19:     0x5c262101b6fb - tokio::runtime::context::blocking::BlockingRegionGuard::block_on::ha7eb3661b9769a0c
[INFO] [stdout]   20:     0x5c262101b94e - tokio::runtime::scheduler::multi_thread::MultiThread::block_on::{{closure}}::hc6283dc9a3ef2579
[INFO] [stdout]   21:     0x5c262101b1f3 - tokio::runtime::context::runtime::enter_runtime::hee2fccef902accd6
[INFO] [stdout]   22:     0x5c262101b913 - tokio::runtime::scheduler::multi_thread::MultiThread::block_on::h4696f44504298db9
[INFO] [stdout]   23:     0x5c262101b85e - tokio::runtime::runtime::Runtime::block_on::h1f852a85ce826f0d
[INFO] [stdout]   24:     0x5c2621025fdf - rust_out::main::ha213a30daa5df4da
[INFO] [stdout]   25:     0x5c2621015973 - core::ops::function::FnOnce::call_once::hf7edf7132571051c
[INFO] [stdout]   26:     0x5c2621014fc6 - std::sys::backtrace::__rust_begin_short_backtrace::h32fd822fd2ba4079
[INFO] [stdout]   27:     0x5c2621014fa9 - std::rt::lang_start::{{closure}}::h4039a1c394ed4f7c
[INFO] [stdout]   28:     0x5c2621529ef7 - core::ops::function::impls::<impl core::ops::function::FnOnce<A> for &F>::call_once::hd87d66b906e0ccaf
[INFO] [stdout]                                at /rustc/df4ca44d3fbc9301ee17f30f4d474e6ae4b05252/library/core/src/ops/function.rs:284:13
[INFO] [stdout]   29:     0x5c2621529ef7 - std::panicking::try::do_call::hae3703de71fc9e3a
[INFO] [stdout]                                at /rustc/df4ca44d3fbc9301ee17f30f4d474e6ae4b05252/library/std/src/panicking.rs:557:40
[INFO] [stdout]   30:     0x5c2621529ef7 - std::panicking::try::h1178330e9a2b2645
[INFO] [stdout]                                at /rustc/df4ca44d3fbc9301ee17f30f4d474e6ae4b05252/library/std/src/panicking.rs:520:19
[INFO] [stdout]   31:     0x5c2621529ef7 - std::panic::catch_unwind::h0acf49d2305d32ad
[INFO] [stdout]                                at /rustc/df4ca44d3fbc9301ee17f30f4d474e6ae4b05252/library/std/src/panic.rs:358:14
[INFO] [stdout]   32:     0x5c2621529ef7 - std::rt::lang_start_internal::{{closure}}::h2d95182d798177be
[INFO] [stdout]                                at /rustc/df4ca44d3fbc9301ee17f30f4d474e6ae4b05252/library/std/src/rt.rs:174:48
[INFO] [stdout]   33:     0x5c2621529ef7 - std::panicking::try::do_call::hb506f5bfe11fd30c
[INFO] [stdout]                                at /rustc/df4ca44d3fbc9301ee17f30f4d474e6ae4b05252/library/std/src/panicking.rs:557:40
[INFO] [stdout]   34:     0x5c2621529ef7 - std::panicking::try::h54d825c46bd0fa95
[INFO] [stdout]                                at /rustc/df4ca44d3fbc9301ee17f30f4d474e6ae4b05252/library/std/src/panicking.rs:520:19
[INFO] [stdout]   35:     0x5c2621529ef7 - std::panic::catch_unwind::hffbb0ad20c4e9fac
[INFO] [stdout]                                at /rustc/df4ca44d3fbc9301ee17f30f4d474e6ae4b05252/library/std/src/panic.rs:358:14
[INFO] [stdout]   36:     0x5c2621529ef7 - std::rt::lang_start_internal::h52c291ef1962c925
[INFO] [stdout]                                at /rustc/df4ca44d3fbc9301ee17f30f4d474e6ae4b05252/library/std/src/rt.rs:174:20
[INFO] [stdout]   37:     0x5c2621014f87 - std::rt::lang_start::h8c6075cd6f225ba1
[INFO] [stdout]   38:     0x5c2621026525 - main
[INFO] [stdout]   39:     0x72611c628d90 - <unknown>
[INFO] [stdout]   40:     0x72611c628e40 - __libc_start_main
[INFO] [stdout]   41:     0x5c2621008a35 - _start
[INFO] [stdout]   42:                0x0 - <unknown>
[INFO] [stdout] 
[INFO] [stdout] 
[INFO] [stdout] 
[INFO] [stdout] failures:
[INFO] [stdout]     src/lib.rs - (line 11)
[INFO] [stdout]     src/lib.rs - (line 24)
[INFO] [stdout] 
[INFO] [stdout] test result: FAILED. 0 passed; 2 failed; 0 ignored; 0 measured; 0 filtered out; finished in 0.96s
[INFO] [stdout] 
[INFO] [stderr] error: doctest failed, to rerun pass `--doc`
[INFO] running `Command { std: "docker" "inspect" "0ec4406d94428de2b5563b20f2b6c59e7ffb419fc923f03498ca46294e6bf4aa", kill_on_drop: false }`
[INFO] running `Command { std: "docker" "rm" "-f" "0ec4406d94428de2b5563b20f2b6c59e7ffb419fc923f03498ca46294e6bf4aa", kill_on_drop: false }`
[INFO] [stdout] 0ec4406d94428de2b5563b20f2b6c59e7ffb419fc923f03498ca46294e6bf4aa
