[INFO] fetching crate augurs 0.5.3...
[INFO] testing augurs-0.5.3 against nightly-2024-10-28 for randomize-layout
[INFO] extracting crate augurs 0.5.3 into /workspace/builds/worker-2-tc1/source
[INFO] validating manifest of crates.io crate augurs 0.5.3 on toolchain nightly-2024-10-28
[INFO] running `Command { std: CARGO_HOME="/workspace/cargo-home" RUSTUP_HOME="/workspace/rustup-home" "/workspace/cargo-home/bin/cargo" "+nightly-2024-10-28" "metadata" "--manifest-path" "Cargo.toml" "--no-deps", kill_on_drop: false }`
[INFO] started tweaking crates.io crate augurs 0.5.3
[INFO] removed 0 missing tests
[INFO] finished tweaking crates.io crate augurs 0.5.3
[INFO] tweaked toml for crates.io crate augurs 0.5.3 written to /workspace/builds/worker-2-tc1/source/Cargo.toml
[INFO] running `Command { std: CARGO_HOME="/workspace/cargo-home" RUSTUP_HOME="/workspace/rustup-home" "/workspace/cargo-home/bin/cargo" "+nightly-2024-10-28" "generate-lockfile" "--manifest-path" "Cargo.toml", kill_on_drop: false }`
[INFO] [stderr]     Updating crates.io index
[INFO] [stderr]      Locking 157 packages to latest compatible versions
[INFO] running `Command { std: CARGO_HOME="/workspace/cargo-home" RUSTUP_HOME="/workspace/rustup-home" "/workspace/cargo-home/bin/cargo" "+nightly-2024-10-28" "fetch" "--manifest-path" "Cargo.toml", kill_on_drop: false }`
[INFO] [stderr]  Downloading crates ...
[INFO] [stderr]   Downloaded transpose v0.2.3
[INFO] [stderr]   Downloaded welch-sde v0.1.0
[INFO] [stderr]   Downloaded primal-check v0.3.4
[INFO] [stderr]   Downloaded dirs-next v2.0.0
[INFO] [stderr]   Downloaded take_mut v0.2.2
[INFO] [stderr]   Downloaded order-stat v0.1.3
[INFO] [stderr]   Downloaded augurs-forecaster v0.5.4
[INFO] [stderr]   Downloaded lru v0.12.5
[INFO] [stderr]   Downloaded approx v0.4.0
[INFO] [stderr]   Downloaded slog-json v2.6.1
[INFO] [stderr]   Downloaded roots v0.0.8
[INFO] [stderr]   Downloaded slog v2.7.0
[INFO] [stderr]   Downloaded simba v0.8.1
[INFO] [stderr]   Downloaded argmin v0.8.1
[INFO] [stderr]   Downloaded peroxide v0.32.1
[INFO] [stderr]   Downloaded rv v0.17.0
[INFO] [stderr]   Downloaded ndarray v0.15.6
[INFO] [stderr]   Downloaded rv v0.16.5
[INFO] [stderr]   Downloaded nalgebra v0.32.6
[INFO] [stderr]   Downloaded rustfft v6.2.0
[INFO] [stderr]   Downloaded statrs v0.17.1
[INFO] [stderr]   Downloaded rand_distr v0.4.3
[INFO] [stderr]   Downloaded changepoint v0.14.2
[INFO] [stderr]   Downloaded augurs-changepoint v0.5.4
[INFO] [stderr]   Downloaded augurs-prophet v0.5.4
[INFO] [stderr]   Downloaded augurs-dtw v0.5.4
[INFO] [stderr]   Downloaded augurs-core v0.5.4
[INFO] [stderr]   Downloaded augurs-seasons v0.5.4
[INFO] [stderr]   Downloaded augurs-mstl v0.5.4
[INFO] [stderr]   Downloaded augurs-ets v0.5.4
[INFO] [stderr]   Downloaded term v0.7.0
[INFO] [stderr]   Downloaded slog-term v2.9.1
[INFO] [stderr]   Downloaded argmin-math v0.3.0
[INFO] [stderr]   Downloaded puruspe v0.2.5
[INFO] [stderr]   Downloaded augurs-outlier v0.5.4
[INFO] [stderr]   Downloaded nalgebra-macros v0.2.2
[INFO] [stderr]   Downloaded slog-async v2.8.0
[INFO] [stderr]   Downloaded lru v0.9.0
[INFO] [stderr]   Downloaded lstsq v0.6.0
[INFO] [stderr]   Downloaded special v0.10.3
[INFO] [stderr]   Downloaded thread-tree v0.3.3
[INFO] [stderr]   Downloaded strength_reduce v0.2.4
[INFO] [stderr]   Downloaded peroxide-ad v0.3.0
[INFO] [stderr]   Downloaded distrs v0.2.2
[INFO] [stderr]   Downloaded stlrs v0.3.1
[INFO] [stderr]   Downloaded augurs-clustering v0.5.4
[INFO] running `Command { std: "docker" "create" "-v" "/var/lib/crater-agent-workspace/builds/worker-2-tc1/target:/opt/rustwide/target:rw,Z" "-v" "/var/lib/crater-agent-workspace/builds/worker-2-tc1/source:/opt/rustwide/workdir:ro,Z" "-v" "/var/lib/crater-agent-workspace/cargo-home:/opt/rustwide/cargo-home:ro,Z" "-v" "/var/lib/crater-agent-workspace/rustup-home:/opt/rustwide/rustup-home:ro,Z" "-e" "SOURCE_DIR=/opt/rustwide/workdir" "-e" "CARGO_TARGET_DIR=/opt/rustwide/target" "-e" "CARGO_HOME=/opt/rustwide/cargo-home" "-e" "RUSTUP_HOME=/opt/rustwide/rustup-home" "-w" "/opt/rustwide/workdir" "-m" "1610612736" "--user" "0:0" "--network" "none" "ghcr.io/rust-lang/crates-build-env/linux@sha256:4a844ea9eb2546a2d2c7022eacef16ef2e8229c7fbb2c7d4d55a9ceca922f72d" "/opt/rustwide/cargo-home/bin/cargo" "+nightly-2024-10-28" "metadata" "--no-deps" "--format-version=1", kill_on_drop: false }`
[INFO] [stdout] 18ebc6459c6fea464fe147981a094b2bbbfd688695c8a36a690962db9ca526ba
[INFO] running `Command { std: "docker" "start" "-a" "18ebc6459c6fea464fe147981a094b2bbbfd688695c8a36a690962db9ca526ba", kill_on_drop: false }`
[INFO] running `Command { std: "docker" "inspect" "18ebc6459c6fea464fe147981a094b2bbbfd688695c8a36a690962db9ca526ba", kill_on_drop: false }`
[INFO] running `Command { std: "docker" "rm" "-f" "18ebc6459c6fea464fe147981a094b2bbbfd688695c8a36a690962db9ca526ba", kill_on_drop: false }`
[INFO] [stdout] 18ebc6459c6fea464fe147981a094b2bbbfd688695c8a36a690962db9ca526ba
[INFO] running `Command { std: "docker" "create" "-v" "/var/lib/crater-agent-workspace/builds/worker-2-tc1/target:/opt/rustwide/target:rw,Z" "-v" "/var/lib/crater-agent-workspace/builds/worker-2-tc1/source:/opt/rustwide/workdir:ro,Z" "-v" "/var/lib/crater-agent-workspace/cargo-home:/opt/rustwide/cargo-home:ro,Z" "-v" "/var/lib/crater-agent-workspace/rustup-home:/opt/rustwide/rustup-home:ro,Z" "-e" "SOURCE_DIR=/opt/rustwide/workdir" "-e" "CARGO_TARGET_DIR=/opt/rustwide/target" "-e" "CARGO_INCREMENTAL=0" "-e" "RUST_BACKTRACE=full" "-e" "RUSTFLAGS=--cap-lints=forbid" "-e" "RUSTDOCFLAGS=--cap-lints=forbid" "-e" "CARGO_HOME=/opt/rustwide/cargo-home" "-e" "RUSTUP_HOME=/opt/rustwide/rustup-home" "-w" "/opt/rustwide/workdir" "-m" "1610612736" "--user" "0:0" "--network" "none" "ghcr.io/rust-lang/crates-build-env/linux@sha256:4a844ea9eb2546a2d2c7022eacef16ef2e8229c7fbb2c7d4d55a9ceca922f72d" "/opt/rustwide/cargo-home/bin/cargo" "+nightly-2024-10-28" "build" "--frozen" "--message-format=json", kill_on_drop: false }`
[INFO] [stdout] 3d875e422c0561bfab9c65baf755f50bc1a564c20624d0f7619b1732ab56fe67
[INFO] running `Command { std: "docker" "start" "-a" "3d875e422c0561bfab9c65baf755f50bc1a564c20624d0f7619b1732ab56fe67", kill_on_drop: false }`
[INFO] [stderr]    Compiling augurs-core v0.5.4
[INFO] [stderr]    Compiling augurs v0.5.3 (/opt/rustwide/workdir)
[INFO] [stderr]     Finished `dev` profile [unoptimized + debuginfo] target(s) in 0.36s
[INFO] running `Command { std: "docker" "inspect" "3d875e422c0561bfab9c65baf755f50bc1a564c20624d0f7619b1732ab56fe67", kill_on_drop: false }`
[INFO] running `Command { std: "docker" "rm" "-f" "3d875e422c0561bfab9c65baf755f50bc1a564c20624d0f7619b1732ab56fe67", kill_on_drop: false }`
[INFO] [stdout] 3d875e422c0561bfab9c65baf755f50bc1a564c20624d0f7619b1732ab56fe67
[INFO] running `Command { std: "docker" "create" "-v" "/var/lib/crater-agent-workspace/builds/worker-2-tc1/target:/opt/rustwide/target:rw,Z" "-v" "/var/lib/crater-agent-workspace/builds/worker-2-tc1/source:/opt/rustwide/workdir:ro,Z" "-v" "/var/lib/crater-agent-workspace/cargo-home:/opt/rustwide/cargo-home:ro,Z" "-v" "/var/lib/crater-agent-workspace/rustup-home:/opt/rustwide/rustup-home:ro,Z" "-e" "SOURCE_DIR=/opt/rustwide/workdir" "-e" "CARGO_TARGET_DIR=/opt/rustwide/target" "-e" "CARGO_INCREMENTAL=0" "-e" "RUST_BACKTRACE=full" "-e" "RUSTFLAGS=--cap-lints=forbid" "-e" "RUSTDOCFLAGS=--cap-lints=forbid" "-e" "CARGO_HOME=/opt/rustwide/cargo-home" "-e" "RUSTUP_HOME=/opt/rustwide/rustup-home" "-w" "/opt/rustwide/workdir" "-m" "1610612736" "--user" "0:0" "--network" "none" "ghcr.io/rust-lang/crates-build-env/linux@sha256:4a844ea9eb2546a2d2c7022eacef16ef2e8229c7fbb2c7d4d55a9ceca922f72d" "/opt/rustwide/cargo-home/bin/cargo" "+nightly-2024-10-28" "test" "--frozen" "--no-run" "--message-format=json", kill_on_drop: false }`
[INFO] [stdout] e9d766f23f959967cefd4f8a8b3f4c8ac7045972a37897748fb3fed04ffd7197
[INFO] running `Command { std: "docker" "start" "-a" "e9d766f23f959967cefd4f8a8b3f4c8ac7045972a37897748fb3fed04ffd7197", kill_on_drop: false }`
[INFO] [stderr]    Compiling itertools v0.13.0
[INFO] [stderr]    Compiling augurs v0.5.3 (/opt/rustwide/workdir)
[INFO] [stderr]     Finished `test` profile [unoptimized + debuginfo] target(s) in 2.08s
[INFO] running `Command { std: "docker" "inspect" "e9d766f23f959967cefd4f8a8b3f4c8ac7045972a37897748fb3fed04ffd7197", kill_on_drop: false }`
[INFO] running `Command { std: "docker" "rm" "-f" "e9d766f23f959967cefd4f8a8b3f4c8ac7045972a37897748fb3fed04ffd7197", kill_on_drop: false }`
[INFO] [stdout] e9d766f23f959967cefd4f8a8b3f4c8ac7045972a37897748fb3fed04ffd7197
[INFO] running `Command { std: "docker" "create" "-v" "/var/lib/crater-agent-workspace/builds/worker-2-tc1/target:/opt/rustwide/target:rw,Z" "-v" "/var/lib/crater-agent-workspace/builds/worker-2-tc1/source:/opt/rustwide/workdir:ro,Z" "-v" "/var/lib/crater-agent-workspace/cargo-home:/opt/rustwide/cargo-home:ro,Z" "-v" "/var/lib/crater-agent-workspace/rustup-home:/opt/rustwide/rustup-home:ro,Z" "-e" "SOURCE_DIR=/opt/rustwide/workdir" "-e" "CARGO_TARGET_DIR=/opt/rustwide/target" "-e" "CARGO_INCREMENTAL=0" "-e" "RUST_BACKTRACE=full" "-e" "RUSTFLAGS=--cap-lints=forbid" "-e" "RUSTDOCFLAGS=--cap-lints=forbid" "-e" "CARGO_HOME=/opt/rustwide/cargo-home" "-e" "RUSTUP_HOME=/opt/rustwide/rustup-home" "-w" "/opt/rustwide/workdir" "-m" "1610612736" "--user" "0:0" "--network" "none" "ghcr.io/rust-lang/crates-build-env/linux@sha256:4a844ea9eb2546a2d2c7022eacef16ef2e8229c7fbb2c7d4d55a9ceca922f72d" "/opt/rustwide/cargo-home/bin/cargo" "+nightly-2024-10-28" "test" "--frozen", kill_on_drop: false }`
[INFO] [stdout] 66b6b351d5a9d69e5001e76c5b9345952f4e24a5c6e9971b28b054e27a13964f
[INFO] running `Command { std: "docker" "start" "-a" "66b6b351d5a9d69e5001e76c5b9345952f4e24a5c6e9971b28b054e27a13964f", kill_on_drop: false }`
[INFO] [stderr]     Finished `test` profile [unoptimized + debuginfo] target(s) in 0.06s
[INFO] [stderr]      Running unittests src/lib.rs (/opt/rustwide/target/debug/deps/augurs-121c0ec66e3d181a)
[INFO] [stdout] 
[INFO] [stdout] running 0 tests
[INFO] [stdout] 
[INFO] [stdout] test result: ok. 0 passed; 0 failed; 0 ignored; 0 measured; 0 filtered out; finished in 0.00s
[INFO] [stdout] 
[INFO] [stderr]      Running tests/integration.rs (/opt/rustwide/target/debug/deps/integration-02998f4e67999966)
[INFO] [stdout] 
[INFO] [stdout] running 0 tests
[INFO] [stdout] 
[INFO] [stdout] test result: ok. 0 passed; 0 failed; 0 ignored; 0 measured; 0 filtered out; finished in 0.00s
[INFO] [stdout] 
[INFO] [stderr]    Doc-tests augurs
[INFO] [stdout] 
[INFO] [stdout] running 1 test
[INFO] [stdout] test src/../README.md - (line 44) ... FAILED
[INFO] [stdout] 
[INFO] [stdout] failures:
[INFO] [stdout] 
[INFO] [stdout] ---- src/../README.md - (line 44) stdout ----
[INFO] [stdout] error[E0432]: unresolved imports `augurs::ets`, `augurs::mstl`
[INFO] [stdout]   --> src/../README.md:47:5
[INFO] [stdout]    |
[INFO] [stdout] 6  |     ets::AutoETS,
[INFO] [stdout]    |     ^^^ could not find `ets` in `augurs`
[INFO] [stdout] 7  |     mstl::MSTLModel,
[INFO] [stdout]    |     ^^^^ could not find `mstl` in `augurs`
[INFO] [stdout]    |
[INFO] [stdout] note: found an item that was configured out
[INFO] [stdout]   --> /opt/rustwide/workdir/src/lib.rs:14:23
[INFO] [stdout]    |
[INFO] [stdout] 14 | pub use augurs_ets as ets;
[INFO] [stdout]    |                       ^^^
[INFO] [stdout] note: the item is gated behind the `ets` feature
[INFO] [stdout]   --> /opt/rustwide/workdir/src/lib.rs:13:7
[INFO] [stdout]    |
[INFO] [stdout] 13 | #[cfg(feature = "ets")]
[INFO] [stdout]    |       ^^^^^^^^^^^^^^^
[INFO] [stdout] note: found an item that was configured out
[INFO] [stdout]   --> /opt/rustwide/workdir/src/lib.rs:20:24
[INFO] [stdout]    |
[INFO] [stdout] 20 | pub use augurs_mstl as mstl;
[INFO] [stdout]    |                        ^^^^
[INFO] [stdout] note: the item is gated behind the `mstl` feature
[INFO] [stdout]   --> /opt/rustwide/workdir/src/lib.rs:19:7
[INFO] [stdout]    |
[INFO] [stdout] 19 | #[cfg(feature = "mstl")]
[INFO] [stdout]    |       ^^^^^^^^^^^^^^^^
[INFO] [stdout] 
[INFO] [stdout] error: aborting due to 1 previous error
[INFO] [stdout] 
[INFO] [stdout] For more information about this error, try `rustc --explain E0432`.
[INFO] [stdout] Couldn't compile the test.
[INFO] [stdout] 
[INFO] [stdout] failures:
[INFO] [stdout]     src/../README.md - (line 44)
[INFO] [stdout] 
[INFO] [stdout] test result: FAILED. 0 passed; 1 failed; 0 ignored; 0 measured; 0 filtered out; finished in 0.08s
[INFO] [stdout] 
[INFO] [stderr] error: doctest failed, to rerun pass `--doc`
[INFO] running `Command { std: "docker" "inspect" "66b6b351d5a9d69e5001e76c5b9345952f4e24a5c6e9971b28b054e27a13964f", kill_on_drop: false }`
[INFO] running `Command { std: "docker" "rm" "-f" "66b6b351d5a9d69e5001e76c5b9345952f4e24a5c6e9971b28b054e27a13964f", kill_on_drop: false }`
[INFO] [stdout] 66b6b351d5a9d69e5001e76c5b9345952f4e24a5c6e9971b28b054e27a13964f
