[INFO] fetching crate atlassian-jira-rest-types 0.3.0...
[INFO] testing atlassian-jira-rest-types-0.3.0 against nightly-2024-10-28+rustflags=-Zrandomize-layout for randomize-layout
[INFO] extracting crate atlassian-jira-rest-types 0.3.0 into /workspace/builds/worker-3-tc2/source
[INFO] validating manifest of crates.io crate atlassian-jira-rest-types 0.3.0 on toolchain nightly-2024-10-28
[INFO] running `Command { std: CARGO_HOME="/workspace/cargo-home" RUSTUP_HOME="/workspace/rustup-home" "/workspace/cargo-home/bin/cargo" "+nightly-2024-10-28" "metadata" "--manifest-path" "Cargo.toml" "--no-deps", kill_on_drop: false }`
[INFO] started tweaking crates.io crate atlassian-jira-rest-types 0.3.0
[INFO] finished tweaking crates.io crate atlassian-jira-rest-types 0.3.0
[INFO] tweaked toml for crates.io crate atlassian-jira-rest-types 0.3.0 written to /workspace/builds/worker-3-tc2/source/Cargo.toml
[INFO] running `Command { std: CARGO_HOME="/workspace/cargo-home" RUSTUP_HOME="/workspace/rustup-home" "/workspace/cargo-home/bin/cargo" "+nightly-2024-10-28" "generate-lockfile" "--manifest-path" "Cargo.toml", kill_on_drop: false }`
[INFO] [stderr]     Updating crates.io index
[INFO] [stderr]      Locking 23 packages to latest compatible versions
[INFO] running `Command { std: CARGO_HOME="/workspace/cargo-home" RUSTUP_HOME="/workspace/rustup-home" "/workspace/cargo-home/bin/cargo" "+nightly-2024-10-28" "fetch" "--manifest-path" "Cargo.toml", kill_on_drop: false }`
[INFO] running `Command { std: "docker" "create" "-v" "/var/lib/crater-agent-workspace/builds/worker-3-tc2/target:/opt/rustwide/target:rw,Z" "-v" "/var/lib/crater-agent-workspace/builds/worker-3-tc2/source:/opt/rustwide/workdir:ro,Z" "-v" "/var/lib/crater-agent-workspace/cargo-home:/opt/rustwide/cargo-home:ro,Z" "-v" "/var/lib/crater-agent-workspace/rustup-home:/opt/rustwide/rustup-home:ro,Z" "-e" "SOURCE_DIR=/opt/rustwide/workdir" "-e" "CARGO_TARGET_DIR=/opt/rustwide/target" "-e" "CARGO_HOME=/opt/rustwide/cargo-home" "-e" "RUSTUP_HOME=/opt/rustwide/rustup-home" "-w" "/opt/rustwide/workdir" "-m" "1610612736" "--user" "0:0" "--network" "none" "ghcr.io/rust-lang/crates-build-env/linux@sha256:4a844ea9eb2546a2d2c7022eacef16ef2e8229c7fbb2c7d4d55a9ceca922f72d" "/opt/rustwide/cargo-home/bin/cargo" "+nightly-2024-10-28" "metadata" "--no-deps" "--format-version=1", kill_on_drop: false }`
[INFO] [stdout] 431d46310daced6c8e6139bd70bec6ff683a3f439e83d30a98053bb9c4f7ac47
[INFO] running `Command { std: "docker" "start" "-a" "431d46310daced6c8e6139bd70bec6ff683a3f439e83d30a98053bb9c4f7ac47", kill_on_drop: false }`
[INFO] running `Command { std: "docker" "inspect" "431d46310daced6c8e6139bd70bec6ff683a3f439e83d30a98053bb9c4f7ac47", kill_on_drop: false }`
[INFO] running `Command { std: "docker" "rm" "-f" "431d46310daced6c8e6139bd70bec6ff683a3f439e83d30a98053bb9c4f7ac47", kill_on_drop: false }`
[INFO] [stdout] 431d46310daced6c8e6139bd70bec6ff683a3f439e83d30a98053bb9c4f7ac47
[INFO] running `Command { std: "docker" "create" "-v" "/var/lib/crater-agent-workspace/builds/worker-3-tc2/target:/opt/rustwide/target:rw,Z" "-v" "/var/lib/crater-agent-workspace/builds/worker-3-tc2/source:/opt/rustwide/workdir:ro,Z" "-v" "/var/lib/crater-agent-workspace/cargo-home:/opt/rustwide/cargo-home:ro,Z" "-v" "/var/lib/crater-agent-workspace/rustup-home:/opt/rustwide/rustup-home:ro,Z" "-e" "SOURCE_DIR=/opt/rustwide/workdir" "-e" "CARGO_TARGET_DIR=/opt/rustwide/target" "-e" "CARGO_INCREMENTAL=0" "-e" "RUST_BACKTRACE=full" "-e" "RUSTFLAGS=--cap-lints=forbid -Zrandomize-layout" "-e" "RUSTDOCFLAGS=--cap-lints=forbid" "-e" "CARGO_HOME=/opt/rustwide/cargo-home" "-e" "RUSTUP_HOME=/opt/rustwide/rustup-home" "-w" "/opt/rustwide/workdir" "-m" "1610612736" "--user" "0:0" "--network" "none" "ghcr.io/rust-lang/crates-build-env/linux@sha256:4a844ea9eb2546a2d2c7022eacef16ef2e8229c7fbb2c7d4d55a9ceca922f72d" "/opt/rustwide/cargo-home/bin/cargo" "+nightly-2024-10-28" "build" "--frozen" "--message-format=json", kill_on_drop: false }`
[INFO] [stdout] 6f764257a1ee32a8eae4e168d4e50b947a94f43f2f9cf19d4fefeb1b680f4cf2
[INFO] running `Command { std: "docker" "start" "-a" "6f764257a1ee32a8eae4e168d4e50b947a94f43f2f9cf19d4fefeb1b680f4cf2", kill_on_drop: false }`
[INFO] [stderr]    Compiling serde v1.0.214
[INFO] [stderr]    Compiling regex-syntax v0.8.5
[INFO] [stderr]    Compiling lazy_static v1.5.0
[INFO] [stderr]    Compiling syn v1.0.109
[INFO] [stderr]    Compiling fnv v1.0.7
[INFO] [stderr]    Compiling aho-corasick v1.1.3
[INFO] [stderr]    Compiling syn v2.0.86
[INFO] [stderr]    Compiling uriparse v0.6.4
[INFO] [stderr]    Compiling regex-automata v0.4.8
[INFO] [stderr]    Compiling serde_derive v1.0.214
[INFO] [stderr]    Compiling serde_repr v0.1.19
[INFO] [stderr]    Compiling regex v1.11.1
[INFO] [stderr]    Compiling Inflector v0.11.4
[INFO] [stderr]    Compiling serde_json v1.0.132
[INFO] [stderr]    Compiling schemafy_core v0.6.0
[INFO] [stderr]    Compiling schemafy_lib v0.6.0
[INFO] [stderr]    Compiling schemafy v0.6.0
[INFO] [stderr]    Compiling atlassian-jira-rest-types v0.3.0 (/opt/rustwide/workdir)
[INFO] [stderr]     Finished `dev` profile [unoptimized + debuginfo] target(s) in 18.26s
[INFO] running `Command { std: "docker" "inspect" "6f764257a1ee32a8eae4e168d4e50b947a94f43f2f9cf19d4fefeb1b680f4cf2", kill_on_drop: false }`
[INFO] running `Command { std: "docker" "rm" "-f" "6f764257a1ee32a8eae4e168d4e50b947a94f43f2f9cf19d4fefeb1b680f4cf2", kill_on_drop: false }`
[INFO] [stdout] 6f764257a1ee32a8eae4e168d4e50b947a94f43f2f9cf19d4fefeb1b680f4cf2
[INFO] running `Command { std: "docker" "create" "-v" "/var/lib/crater-agent-workspace/builds/worker-3-tc2/target:/opt/rustwide/target:rw,Z" "-v" "/var/lib/crater-agent-workspace/builds/worker-3-tc2/source:/opt/rustwide/workdir:ro,Z" "-v" "/var/lib/crater-agent-workspace/cargo-home:/opt/rustwide/cargo-home:ro,Z" "-v" "/var/lib/crater-agent-workspace/rustup-home:/opt/rustwide/rustup-home:ro,Z" "-e" "SOURCE_DIR=/opt/rustwide/workdir" "-e" "CARGO_TARGET_DIR=/opt/rustwide/target" "-e" "CARGO_INCREMENTAL=0" "-e" "RUST_BACKTRACE=full" "-e" "RUSTFLAGS=--cap-lints=forbid -Zrandomize-layout" "-e" "RUSTDOCFLAGS=--cap-lints=forbid" "-e" "CARGO_HOME=/opt/rustwide/cargo-home" "-e" "RUSTUP_HOME=/opt/rustwide/rustup-home" "-w" "/opt/rustwide/workdir" "-m" "1610612736" "--user" "0:0" "--network" "none" "ghcr.io/rust-lang/crates-build-env/linux@sha256:4a844ea9eb2546a2d2c7022eacef16ef2e8229c7fbb2c7d4d55a9ceca922f72d" "/opt/rustwide/cargo-home/bin/cargo" "+nightly-2024-10-28" "test" "--frozen" "--no-run" "--message-format=json", kill_on_drop: false }`
[INFO] [stdout] bda2d0cf8fb283c93ce7ead0b89320fe88d1985dce68269029278c1a5054cec2
[INFO] running `Command { std: "docker" "start" "-a" "bda2d0cf8fb283c93ce7ead0b89320fe88d1985dce68269029278c1a5054cec2", kill_on_drop: false }`
[INFO] [stderr]    Compiling atlassian-jira-rest-types v0.3.0 (/opt/rustwide/workdir)
[INFO] [stderr]     Finished `test` profile [unoptimized + debuginfo] target(s) in 10.65s
[INFO] running `Command { std: "docker" "inspect" "bda2d0cf8fb283c93ce7ead0b89320fe88d1985dce68269029278c1a5054cec2", kill_on_drop: false }`
[INFO] running `Command { std: "docker" "rm" "-f" "bda2d0cf8fb283c93ce7ead0b89320fe88d1985dce68269029278c1a5054cec2", kill_on_drop: false }`
[INFO] [stdout] bda2d0cf8fb283c93ce7ead0b89320fe88d1985dce68269029278c1a5054cec2
[INFO] running `Command { std: "docker" "create" "-v" "/var/lib/crater-agent-workspace/builds/worker-3-tc2/target:/opt/rustwide/target:rw,Z" "-v" "/var/lib/crater-agent-workspace/builds/worker-3-tc2/source:/opt/rustwide/workdir:ro,Z" "-v" "/var/lib/crater-agent-workspace/cargo-home:/opt/rustwide/cargo-home:ro,Z" "-v" "/var/lib/crater-agent-workspace/rustup-home:/opt/rustwide/rustup-home:ro,Z" "-e" "SOURCE_DIR=/opt/rustwide/workdir" "-e" "CARGO_TARGET_DIR=/opt/rustwide/target" "-e" "CARGO_INCREMENTAL=0" "-e" "RUST_BACKTRACE=full" "-e" "RUSTFLAGS=--cap-lints=forbid -Zrandomize-layout" "-e" "RUSTDOCFLAGS=--cap-lints=forbid" "-e" "CARGO_HOME=/opt/rustwide/cargo-home" "-e" "RUSTUP_HOME=/opt/rustwide/rustup-home" "-w" "/opt/rustwide/workdir" "-m" "1610612736" "--user" "0:0" "--network" "none" "ghcr.io/rust-lang/crates-build-env/linux@sha256:4a844ea9eb2546a2d2c7022eacef16ef2e8229c7fbb2c7d4d55a9ceca922f72d" "/opt/rustwide/cargo-home/bin/cargo" "+nightly-2024-10-28" "test" "--frozen", kill_on_drop: false }`
[INFO] [stdout] 62bd24e79f3b9c9b864af017f5ea760fde0b6190ed6dffeb3adf022a929f371b
[INFO] running `Command { std: "docker" "start" "-a" "62bd24e79f3b9c9b864af017f5ea760fde0b6190ed6dffeb3adf022a929f371b", kill_on_drop: false }`
[INFO] [stderr]     Finished `test` profile [unoptimized + debuginfo] target(s) in 0.02s
[INFO] [stderr]      Running unittests src/lib.rs (/opt/rustwide/target/debug/deps/atlassian_jira_rest_types-c8a89b5dd9ad5a23)
[INFO] [stdout] 
[INFO] [stdout] running 0 tests
[INFO] [stdout] 
[INFO] [stdout] test result: ok. 0 passed; 0 failed; 0 ignored; 0 measured; 0 filtered out; finished in 0.00s
[INFO] [stdout] 
[INFO] [stderr]    Doc-tests atlassian_jira_rest_types
[INFO] [stdout] 
[INFO] [stdout] running 3 tests
[INFO] [stdout] test src/lib.rs - v2::CreateWorkflowTransitionRulesDetails::validators (line 13) ... FAILED
[INFO] [stdout] test src/lib.rs - v2::CreateWorkflowTransitionRulesDetails::post_functions (line 12) ... FAILED
[INFO] [stdout] test src/lib.rs - v2::CreateWorkflowTransitionRulesDetails::post_functions (line 33) ... FAILED
[INFO] [stdout] 
[INFO] [stdout] failures:
[INFO] [stdout] 
[INFO] [stdout] ---- src/lib.rs - v2::CreateWorkflowTransitionRulesDetails::validators (line 13) stdout ----
[INFO] [stdout] error: expected one of `.`, `;`, `?`, `}`, or an operator, found `:`
[INFO] [stdout]  --> src/lib.rs:14:13
[INFO] [stdout]   |
[INFO] [stdout] 3 | "validators": [
[INFO] [stdout]   |             ^ expected one of `.`, `;`, `?`, `}`, or an operator
[INFO] [stdout] 
[INFO] [stdout] error: aborting due to 1 previous error
[INFO] [stdout] 
[INFO] [stdout] Couldn't compile the test.
[INFO] [stdout] ---- src/lib.rs - v2::CreateWorkflowTransitionRulesDetails::post_functions (line 12) stdout ----
[INFO] [stdout] error: expected one of `.`, `;`, `?`, `}`, or an operator, found `:`
[INFO] [stdout]  --> src/lib.rs:13:16
[INFO] [stdout]   |
[INFO] [stdout] 3 | "postFunctions": [
[INFO] [stdout]   |                ^ expected one of `.`, `;`, `?`, `}`, or an operator
[INFO] [stdout] 
[INFO] [stdout] error: aborting due to 1 previous error
[INFO] [stdout] 
[INFO] [stdout] Couldn't compile the test.
[INFO] [stdout] ---- src/lib.rs - v2::CreateWorkflowTransitionRulesDetails::post_functions (line 33) stdout ----
[INFO] [stdout] error: expected one of `.`, `;`, `?`, `}`, or an operator, found `:`
[INFO] [stdout]  --> src/lib.rs:34:16
[INFO] [stdout]   |
[INFO] [stdout] 3 | "postFunctions": [
[INFO] [stdout]   |                ^ expected one of `.`, `;`, `?`, `}`, or an operator
[INFO] [stdout] 
[INFO] [stdout] error: aborting due to 1 previous error
[INFO] [stdout] 
[INFO] [stdout] Couldn't compile the test.
[INFO] [stdout] 
[INFO] [stdout] failures:
[INFO] [stdout]     src/lib.rs - v2::CreateWorkflowTransitionRulesDetails::post_functions (line 12)
[INFO] [stdout]     src/lib.rs - v2::CreateWorkflowTransitionRulesDetails::post_functions (line 33)
[INFO] [stdout]     src/lib.rs - v2::CreateWorkflowTransitionRulesDetails::validators (line 13)
[INFO] [stdout] 
[INFO] [stdout] test result: FAILED. 0 passed; 3 failed; 0 ignored; 0 measured; 0 filtered out; finished in 0.03s
[INFO] [stdout] 
[INFO] [stderr] error: doctest failed, to rerun pass `--doc`
[INFO] running `Command { std: "docker" "inspect" "62bd24e79f3b9c9b864af017f5ea760fde0b6190ed6dffeb3adf022a929f371b", kill_on_drop: false }`
[INFO] running `Command { std: "docker" "rm" "-f" "62bd24e79f3b9c9b864af017f5ea760fde0b6190ed6dffeb3adf022a929f371b", kill_on_drop: false }`
[INFO] [stdout] 62bd24e79f3b9c9b864af017f5ea760fde0b6190ed6dffeb3adf022a929f371b
