[INFO] fetching crate asyncex 0.0.1...
[INFO] testing asyncex-0.0.1 against nightly-2024-10-28 for randomize-layout
[INFO] extracting crate asyncex 0.0.1 into /workspace/builds/worker-4-tc1/source
[INFO] validating manifest of crates.io crate asyncex 0.0.1 on toolchain nightly-2024-10-28
[INFO] running `Command { std: CARGO_HOME="/workspace/cargo-home" RUSTUP_HOME="/workspace/rustup-home" "/workspace/cargo-home/bin/cargo" "+nightly-2024-10-28" "metadata" "--manifest-path" "Cargo.toml" "--no-deps", kill_on_drop: false }`
[INFO] started tweaking crates.io crate asyncex 0.0.1
[INFO] finished tweaking crates.io crate asyncex 0.0.1
[INFO] tweaked toml for crates.io crate asyncex 0.0.1 written to /workspace/builds/worker-4-tc1/source/Cargo.toml
[INFO] running `Command { std: CARGO_HOME="/workspace/cargo-home" RUSTUP_HOME="/workspace/rustup-home" "/workspace/cargo-home/bin/cargo" "+nightly-2024-10-28" "generate-lockfile" "--manifest-path" "Cargo.toml", kill_on_drop: false }`
[INFO] [stderr]     Updating crates.io index
[INFO] [stderr]      Locking 97 packages to latest compatible versions
[INFO] running `Command { std: CARGO_HOME="/workspace/cargo-home" RUSTUP_HOME="/workspace/rustup-home" "/workspace/cargo-home/bin/cargo" "+nightly-2024-10-28" "fetch" "--manifest-path" "Cargo.toml", kill_on_drop: false }`
[INFO] [stderr]  Downloading crates ...
[INFO] [stderr]   Downloaded abs_sync v0.1.0
[INFO] [stderr]   Downloaded pincol v0.1.1
[INFO] [stderr]   Downloaded core_malloc v0.1.0
[INFO] [stderr]   Downloaded funty v3.0.0-rc2
[INFO] [stderr]   Downloaded abs_mm v0.1.0
[INFO] [stderr]   Downloaded mm_ptr v0.1.0
[INFO] [stderr]   Downloaded atomic_sync v0.1.0
[INFO] [stderr]   Downloaded atomex v0.1.0
[INFO] running `Command { std: "docker" "create" "-v" "/var/lib/crater-agent-workspace/builds/worker-4-tc1/target:/opt/rustwide/target:rw,Z" "-v" "/var/lib/crater-agent-workspace/builds/worker-4-tc1/source:/opt/rustwide/workdir:ro,Z" "-v" "/var/lib/crater-agent-workspace/cargo-home:/opt/rustwide/cargo-home:ro,Z" "-v" "/var/lib/crater-agent-workspace/rustup-home:/opt/rustwide/rustup-home:ro,Z" "-e" "SOURCE_DIR=/opt/rustwide/workdir" "-e" "CARGO_TARGET_DIR=/opt/rustwide/target" "-e" "CARGO_HOME=/opt/rustwide/cargo-home" "-e" "RUSTUP_HOME=/opt/rustwide/rustup-home" "-w" "/opt/rustwide/workdir" "-m" "1610612736" "--user" "0:0" "--network" "none" "ghcr.io/rust-lang/crates-build-env/linux@sha256:4a844ea9eb2546a2d2c7022eacef16ef2e8229c7fbb2c7d4d55a9ceca922f72d" "/opt/rustwide/cargo-home/bin/cargo" "+nightly-2024-10-28" "metadata" "--no-deps" "--format-version=1", kill_on_drop: false }`
[INFO] [stdout] b2d0b088ef68f9a382bc4b8a0e9a162a1eee2f77127f9ad80c5494580b198a20
[INFO] running `Command { std: "docker" "start" "-a" "b2d0b088ef68f9a382bc4b8a0e9a162a1eee2f77127f9ad80c5494580b198a20", kill_on_drop: false }`
[INFO] running `Command { std: "docker" "inspect" "b2d0b088ef68f9a382bc4b8a0e9a162a1eee2f77127f9ad80c5494580b198a20", kill_on_drop: false }`
[INFO] running `Command { std: "docker" "rm" "-f" "b2d0b088ef68f9a382bc4b8a0e9a162a1eee2f77127f9ad80c5494580b198a20", kill_on_drop: false }`
[INFO] [stdout] b2d0b088ef68f9a382bc4b8a0e9a162a1eee2f77127f9ad80c5494580b198a20
[INFO] running `Command { std: "docker" "create" "-v" "/var/lib/crater-agent-workspace/builds/worker-4-tc1/target:/opt/rustwide/target:rw,Z" "-v" "/var/lib/crater-agent-workspace/builds/worker-4-tc1/source:/opt/rustwide/workdir:ro,Z" "-v" "/var/lib/crater-agent-workspace/cargo-home:/opt/rustwide/cargo-home:ro,Z" "-v" "/var/lib/crater-agent-workspace/rustup-home:/opt/rustwide/rustup-home:ro,Z" "-e" "SOURCE_DIR=/opt/rustwide/workdir" "-e" "CARGO_TARGET_DIR=/opt/rustwide/target" "-e" "CARGO_INCREMENTAL=0" "-e" "RUST_BACKTRACE=full" "-e" "RUSTFLAGS=--cap-lints=forbid" "-e" "RUSTDOCFLAGS=--cap-lints=forbid" "-e" "CARGO_HOME=/opt/rustwide/cargo-home" "-e" "RUSTUP_HOME=/opt/rustwide/rustup-home" "-w" "/opt/rustwide/workdir" "-m" "1610612736" "--user" "0:0" "--network" "none" "ghcr.io/rust-lang/crates-build-env/linux@sha256:4a844ea9eb2546a2d2c7022eacef16ef2e8229c7fbb2c7d4d55a9ceca922f72d" "/opt/rustwide/cargo-home/bin/cargo" "+nightly-2024-10-28" "build" "--frozen" "--message-format=json", kill_on_drop: false }`
[INFO] [stdout] 4c33a81c3b210f87faf9551ec4fd220442d2dd8b2596321e5b150e3ac1e82257
[INFO] running `Command { std: "docker" "start" "-a" "4c33a81c3b210f87faf9551ec4fd220442d2dd8b2596321e5b150e3ac1e82257", kill_on_drop: false }`
[INFO] [stderr]    Compiling funty v3.0.0-rc2
[INFO] [stderr]    Compiling abs_mm v0.1.0
[INFO] [stderr]    Compiling syn v2.0.86
[INFO] [stderr]    Compiling atomex v0.1.0
[INFO] [stderr]    Compiling pin-project-internal v1.1.7
[INFO] [stderr]    Compiling pin-project v1.1.7
[INFO] [stderr]    Compiling abs_sync v0.1.0
[INFO] [stderr]    Compiling atomic_sync v0.1.0
[INFO] [stderr]    Compiling pincol v0.1.1
[INFO] [stderr]    Compiling mm_ptr v0.1.0
[INFO] [stderr]    Compiling asyncex v0.0.1 (/opt/rustwide/workdir)
[INFO] [stdout] warning: unused import: `mem::ManuallyDrop`
[INFO] [stdout]  --> src/rwlock/writer_.rs:4:5
[INFO] [stdout]   |
[INFO] [stdout] 4 |     mem::ManuallyDrop,
[INFO] [stdout]   |     ^^^^^^^^^^^^^^^^^
[INFO] [stdout]   |
[INFO] [stdout]   = note: `#[warn(unused_imports)]` on by default
[INFO] [stdout] 
[INFO] [stdout] 
[INFO] [stdout] warning: methods `is_upgraded_writer_ctx` and `try_downgrade_exclusive_to_readonly` are never used
[INFO] [stdout]    --> src/rwlock/contexts_.rs:142:12
[INFO] [stdout]     |
[INFO] [stdout] 86  | / impl<O> WaitCtx<O>
[INFO] [stdout] 87  | | where
[INFO] [stdout] 88  | |     O: TrCmpxchOrderings,
[INFO] [stdout]     | |_________________________- methods in this implementation
[INFO] [stdout] ...
[INFO] [stdout] 142 |       pub fn is_upgraded_writer_ctx(&self) -> bool {
[INFO] [stdout]     |              ^^^^^^^^^^^^^^^^^^^^^^
[INFO] [stdout] ...
[INFO] [stdout] 169 |       pub fn try_downgrade_exclusive_to_readonly(&self) -> bool {
[INFO] [stdout]     |              ^^^^^^^^^^^^^^^^^^^^^^^^^^^^^^^^^^^
[INFO] [stdout]     |
[INFO] [stdout]     = note: `#[warn(dead_code)]` on by default
[INFO] [stdout] 
[INFO] [stdout] 
[INFO] [stdout] warning: associated function `expect_ctx_type_exclusive` is never used
[INFO] [stdout]    --> src/rwlock/contexts_.rs:233:14
[INFO] [stdout]     |
[INFO] [stdout] 202 | impl CtxStConf {
[INFO] [stdout]     | -------------- associated function in this implementation
[INFO] [stdout] ...
[INFO] [stdout] 233 |     const fn expect_ctx_type_exclusive(s: StVal) -> bool {
[INFO] [stdout]     |              ^^^^^^^^^^^^^^^^^^^^^^^^^
[INFO] [stdout] 
[INFO] [stdout] 
[INFO] [stdout] warning: method `try_downgrade_exclusive_to_readonly` is never used
[INFO] [stdout]    --> src/rwlock/contexts_.rs:389:12
[INFO] [stdout]     |
[INFO] [stdout] 314 | impl<O: TrCmpxchOrderings> CtxState<O> {
[INFO] [stdout]     | -------------------------------------- method in this implementation
[INFO] [stdout] ...
[INFO] [stdout] 389 |     pub fn try_downgrade_exclusive_to_readonly(&self) -> bool {
[INFO] [stdout]     |            ^^^^^^^^^^^^^^^^^^^^^^^^^^^^^^^^^^^
[INFO] [stdout] 
[INFO] [stdout] 
[INFO] [stdout] warning: method `downgrade_writer_to_reader_` is never used
[INFO] [stdout]    --> src/rwlock/impl_.rs:565:19
[INFO] [stdout]     |
[INFO] [stdout] 320 | / impl<'a, T, O> Acquire<'a, T, O>
[INFO] [stdout] 321 | | where
[INFO] [stdout] 322 | |     T: 'a + ?Sized,
[INFO] [stdout] 323 | |     O: TrCmpxchOrderings,
[INFO] [stdout]     | |_________________________- method in this implementation
[INFO] [stdout] ...
[INFO] [stdout] 565 |       pub(super) fn downgrade_writer_to_reader_(self: Pin<&mut Self>) {
[INFO] [stdout]     |                     ^^^^^^^^^^^^^^^^^^^^^^^^^^^
[INFO] [stdout] 
[INFO] [stdout] 
[INFO] [stdout] warning: associated function `expect_lock_released` is never used
[INFO] [stdout]    --> src/rwlock/impl_.rs:702:14
[INFO] [stdout]     |
[INFO] [stdout] 692 | impl<O: TrCmpxchOrderings> RwLockState<O> {
[INFO] [stdout]     | ----------------------------------------- associated function in this implementation
[INFO] [stdout] ...
[INFO] [stdout] 702 |     const fn expect_lock_released(s: RwStVal) -> bool {
[INFO] [stdout]     |              ^^^^^^^^^^^^^^^^^^^^
[INFO] [stdout] 
[INFO] [stdout] 
[INFO] [stdout] warning: variant `Upg` is never constructed
[INFO] [stdout]   --> src/rwlock/writer_.rs:36:5
[INFO] [stdout]    |
[INFO] [stdout] 30 | enum WGuardCtx<'a, 'g, T, O>
[INFO] [stdout]    |      --------- variant in this enum
[INFO] [stdout] ...
[INFO] [stdout] 36 |     Upg(NonNull<Upgrade<'a, 'g, T, O>>),
[INFO] [stdout]    |     ^^^
[INFO] [stdout] 
[INFO] [stdout] 
[INFO] [stdout] warning: method `upgrade_pinned_` is never used
[INFO] [stdout]   --> src/rwlock/writer_.rs:68:12
[INFO] [stdout]    |
[INFO] [stdout] 39 | / impl<'a, 'g, T, O> WGuardCtx<'a, 'g, T, O>
[INFO] [stdout] 40 | | where
[INFO] [stdout] 41 | |     T: ?Sized,
[INFO] [stdout] 42 | |     O: TrCmpxchOrderings,
[INFO] [stdout]    | |_________________________- method in this implementation
[INFO] [stdout] ...
[INFO] [stdout] 68 |       pub fn upgrade_pinned_(
[INFO] [stdout]    |              ^^^^^^^^^^^^^^^
[INFO] [stdout] 
[INFO] [stdout] 
[INFO] [stdout] warning: associated function `from_upgrade` is never used
[INFO] [stdout]    --> src/rwlock/writer_.rs:115:19
[INFO] [stdout]     |
[INFO] [stdout] 102 | / impl<'a, 'g, T, O> WriterGuard<'a, 'g, T, O>
[INFO] [stdout] 103 | | where
[INFO] [stdout] 104 | |     T: ?Sized,
[INFO] [stdout] 105 | |     O: TrCmpxchOrderings,
[INFO] [stdout]     | |_________________________- associated function in this implementation
[INFO] [stdout] ...
[INFO] [stdout] 115 |       pub(super) fn from_upgrade<'u>(
[INFO] [stdout]     |                     ^^^^^^^^^^^^
[INFO] [stdout] 
[INFO] [stdout] 
[INFO] [stderr]     Finished `dev` profile [unoptimized + debuginfo] target(s) in 6.61s
[INFO] running `Command { std: "docker" "inspect" "4c33a81c3b210f87faf9551ec4fd220442d2dd8b2596321e5b150e3ac1e82257", kill_on_drop: false }`
[INFO] running `Command { std: "docker" "rm" "-f" "4c33a81c3b210f87faf9551ec4fd220442d2dd8b2596321e5b150e3ac1e82257", kill_on_drop: false }`
[INFO] [stdout] 4c33a81c3b210f87faf9551ec4fd220442d2dd8b2596321e5b150e3ac1e82257
[INFO] running `Command { std: "docker" "create" "-v" "/var/lib/crater-agent-workspace/builds/worker-4-tc1/target:/opt/rustwide/target:rw,Z" "-v" "/var/lib/crater-agent-workspace/builds/worker-4-tc1/source:/opt/rustwide/workdir:ro,Z" "-v" "/var/lib/crater-agent-workspace/cargo-home:/opt/rustwide/cargo-home:ro,Z" "-v" "/var/lib/crater-agent-workspace/rustup-home:/opt/rustwide/rustup-home:ro,Z" "-e" "SOURCE_DIR=/opt/rustwide/workdir" "-e" "CARGO_TARGET_DIR=/opt/rustwide/target" "-e" "CARGO_INCREMENTAL=0" "-e" "RUST_BACKTRACE=full" "-e" "RUSTFLAGS=--cap-lints=forbid" "-e" "RUSTDOCFLAGS=--cap-lints=forbid" "-e" "CARGO_HOME=/opt/rustwide/cargo-home" "-e" "RUSTUP_HOME=/opt/rustwide/rustup-home" "-w" "/opt/rustwide/workdir" "-m" "1610612736" "--user" "0:0" "--network" "none" "ghcr.io/rust-lang/crates-build-env/linux@sha256:4a844ea9eb2546a2d2c7022eacef16ef2e8229c7fbb2c7d4d55a9ceca922f72d" "/opt/rustwide/cargo-home/bin/cargo" "+nightly-2024-10-28" "test" "--frozen" "--no-run" "--message-format=json", kill_on_drop: false }`
[INFO] [stdout] 507f20dd60149bfe5e1651d30a0a1b01edb41e4fb9c724f211d4c95b918ed54a
[INFO] running `Command { std: "docker" "start" "-a" "507f20dd60149bfe5e1651d30a0a1b01edb41e4fb9c724f211d4c95b918ed54a", kill_on_drop: false }`
[INFO] [stderr]    Compiling syn v2.0.86
[INFO] [stderr]    Compiling crossbeam-utils v0.8.20
[INFO] [stderr]    Compiling parking v2.2.1
[INFO] [stderr]    Compiling num-traits v0.2.19
[INFO] [stderr]    Compiling utf8parse v0.2.2
[INFO] [stderr]    Compiling aho-corasick v1.1.3
[INFO] [stderr]    Compiling log v0.4.22
[INFO] [stderr]    Compiling anstyle-query v1.1.2
[INFO] [stderr]    Compiling colorchoice v1.0.3
[INFO] [stderr]    Compiling is_terminal_polyfill v1.70.1
[INFO] [stderr]    Compiling futures-core v0.3.31
[INFO] [stderr]    Compiling humantime v2.1.0
[INFO] [stderr]    Compiling futures-io v0.3.31
[INFO] [stderr]    Compiling socket2 v0.5.7
[INFO] [stderr]    Compiling signal-hook-registry v1.4.2
[INFO] [stderr]    Compiling mio v1.0.2
[INFO] [stderr]    Compiling anstyle-parse v0.2.6
[INFO] [stderr]    Compiling fastrand v2.1.1
[INFO] [stderr]    Compiling core_malloc v0.1.0
[INFO] [stderr]    Compiling anstream v0.6.17
[INFO] [stderr]    Compiling futures-lite v2.4.0
[INFO] [stderr]    Compiling concurrent-queue v2.5.0
[INFO] [stderr]    Compiling event-listener v5.3.1
[INFO] [stderr]    Compiling event-listener-strategy v0.5.2
[INFO] [stderr]    Compiling async-channel v2.3.1
[INFO] [stderr]    Compiling chrono v0.4.38
[INFO] [stderr]    Compiling regex-automata v0.4.8
[INFO] [stderr]    Compiling pin-project-internal v1.1.7
[INFO] [stderr]    Compiling tokio-macros v2.4.0
[INFO] [stderr]    Compiling tokio v1.41.0
[INFO] [stderr]    Compiling pin-project v1.1.7
[INFO] [stderr]    Compiling abs_sync v0.1.0
[INFO] [stderr]    Compiling atomic_sync v0.1.0
[INFO] [stderr]    Compiling regex v1.11.1
[INFO] [stderr]    Compiling mm_ptr v0.1.0
[INFO] [stderr]    Compiling pincol v0.1.1
[INFO] [stderr]    Compiling asyncex v0.0.1 (/opt/rustwide/workdir)
[INFO] [stderr]    Compiling env_filter v0.1.2
[INFO] [stdout] warning: unused import: `mem::ManuallyDrop`
[INFO] [stdout]  --> src/rwlock/writer_.rs:4:5
[INFO] [stdout]   |
[INFO] [stdout] 4 |     mem::ManuallyDrop,
[INFO] [stdout]   |     ^^^^^^^^^^^^^^^^^
[INFO] [stdout]   |
[INFO] [stdout]   = note: `#[warn(unused_imports)]` on by default
[INFO] [stdout] 
[INFO] [stdout] 
[INFO] [stderr]    Compiling env_logger v0.11.5
[INFO] [stdout] warning: methods `is_upgraded_writer_ctx` and `try_downgrade_exclusive_to_readonly` are never used
[INFO] [stdout]    --> src/rwlock/contexts_.rs:142:12
[INFO] [stdout]     |
[INFO] [stdout] 86  | / impl<O> WaitCtx<O>
[INFO] [stdout] 87  | | where
[INFO] [stdout] 88  | |     O: TrCmpxchOrderings,
[INFO] [stdout]     | |_________________________- methods in this implementation
[INFO] [stdout] ...
[INFO] [stdout] 142 |       pub fn is_upgraded_writer_ctx(&self) -> bool {
[INFO] [stdout]     |              ^^^^^^^^^^^^^^^^^^^^^^
[INFO] [stdout] ...
[INFO] [stdout] 169 |       pub fn try_downgrade_exclusive_to_readonly(&self) -> bool {
[INFO] [stdout]     |              ^^^^^^^^^^^^^^^^^^^^^^^^^^^^^^^^^^^
[INFO] [stdout]     |
[INFO] [stdout]     = note: `#[warn(dead_code)]` on by default
[INFO] [stdout] 
[INFO] [stdout] 
[INFO] [stdout] warning: associated function `expect_ctx_type_exclusive` is never used
[INFO] [stdout]    --> src/rwlock/contexts_.rs:233:14
[INFO] [stdout]     |
[INFO] [stdout] 202 | impl CtxStConf {
[INFO] [stdout]     | -------------- associated function in this implementation
[INFO] [stdout] ...
[INFO] [stdout] 233 |     const fn expect_ctx_type_exclusive(s: StVal) -> bool {
[INFO] [stdout]     |              ^^^^^^^^^^^^^^^^^^^^^^^^^
[INFO] [stdout] 
[INFO] [stdout] 
[INFO] [stdout] warning: method `try_downgrade_exclusive_to_readonly` is never used
[INFO] [stdout]    --> src/rwlock/contexts_.rs:389:12
[INFO] [stdout]     |
[INFO] [stdout] 314 | impl<O: TrCmpxchOrderings> CtxState<O> {
[INFO] [stdout]     | -------------------------------------- method in this implementation
[INFO] [stdout] ...
[INFO] [stdout] 389 |     pub fn try_downgrade_exclusive_to_readonly(&self) -> bool {
[INFO] [stdout]     |            ^^^^^^^^^^^^^^^^^^^^^^^^^^^^^^^^^^^
[INFO] [stdout] 
[INFO] [stdout] 
[INFO] [stdout] warning: method `downgrade_writer_to_reader_` is never used
[INFO] [stdout]    --> src/rwlock/impl_.rs:565:19
[INFO] [stdout]     |
[INFO] [stdout] 320 | / impl<'a, T, O> Acquire<'a, T, O>
[INFO] [stdout] 321 | | where
[INFO] [stdout] 322 | |     T: 'a + ?Sized,
[INFO] [stdout] 323 | |     O: TrCmpxchOrderings,
[INFO] [stdout]     | |_________________________- method in this implementation
[INFO] [stdout] ...
[INFO] [stdout] 565 |       pub(super) fn downgrade_writer_to_reader_(self: Pin<&mut Self>) {
[INFO] [stdout]     |                     ^^^^^^^^^^^^^^^^^^^^^^^^^^^
[INFO] [stdout] 
[INFO] [stdout] 
[INFO] [stdout] warning: associated function `expect_lock_released` is never used
[INFO] [stdout]    --> src/rwlock/impl_.rs:702:14
[INFO] [stdout]     |
[INFO] [stdout] 692 | impl<O: TrCmpxchOrderings> RwLockState<O> {
[INFO] [stdout]     | ----------------------------------------- associated function in this implementation
[INFO] [stdout] ...
[INFO] [stdout] 702 |     const fn expect_lock_released(s: RwStVal) -> bool {
[INFO] [stdout]     |              ^^^^^^^^^^^^^^^^^^^^
[INFO] [stdout] 
[INFO] [stdout] 
[INFO] [stdout] warning: variant `Upg` is never constructed
[INFO] [stdout]   --> src/rwlock/writer_.rs:36:5
[INFO] [stdout]    |
[INFO] [stdout] 30 | enum WGuardCtx<'a, 'g, T, O>
[INFO] [stdout]    |      --------- variant in this enum
[INFO] [stdout] ...
[INFO] [stdout] 36 |     Upg(NonNull<Upgrade<'a, 'g, T, O>>),
[INFO] [stdout]    |     ^^^
[INFO] [stdout] 
[INFO] [stdout] 
[INFO] [stdout] warning: method `upgrade_pinned_` is never used
[INFO] [stdout]   --> src/rwlock/writer_.rs:68:12
[INFO] [stdout]    |
[INFO] [stdout] 39 | / impl<'a, 'g, T, O> WGuardCtx<'a, 'g, T, O>
[INFO] [stdout] 40 | | where
[INFO] [stdout] 41 | |     T: ?Sized,
[INFO] [stdout] 42 | |     O: TrCmpxchOrderings,
[INFO] [stdout]    | |_________________________- method in this implementation
[INFO] [stdout] ...
[INFO] [stdout] 68 |       pub fn upgrade_pinned_(
[INFO] [stdout]    |              ^^^^^^^^^^^^^^^
[INFO] [stdout] 
[INFO] [stdout] 
[INFO] [stdout] warning: associated function `from_upgrade` is never used
[INFO] [stdout]    --> src/rwlock/writer_.rs:115:19
[INFO] [stdout]     |
[INFO] [stdout] 102 | / impl<'a, 'g, T, O> WriterGuard<'a, 'g, T, O>
[INFO] [stdout] 103 | | where
[INFO] [stdout] 104 | |     T: ?Sized,
[INFO] [stdout] 105 | |     O: TrCmpxchOrderings,
[INFO] [stdout]     | |_________________________- associated function in this implementation
[INFO] [stdout] ...
[INFO] [stdout] 115 |       pub(super) fn from_upgrade<'u>(
[INFO] [stdout]     |                     ^^^^^^^^^^^^
[INFO] [stdout] 
[INFO] [stdout] 
[INFO] [stdout] warning: unused import: `mem::ManuallyDrop`
[INFO] [stdout]  --> src/rwlock/writer_.rs:4:5
[INFO] [stdout]   |
[INFO] [stdout] 4 |     mem::ManuallyDrop,
[INFO] [stdout]   |     ^^^^^^^^^^^^^^^^^
[INFO] [stdout]   |
[INFO] [stdout]   = note: `#[warn(unused_imports)]` on by default
[INFO] [stdout] 
[INFO] [stdout] 
[INFO] [stdout] warning: methods `is_upgraded_writer_ctx` and `try_downgrade_exclusive_to_readonly` are never used
[INFO] [stdout]    --> src/rwlock/contexts_.rs:142:12
[INFO] [stdout]     |
[INFO] [stdout] 86  | / impl<O> WaitCtx<O>
[INFO] [stdout] 87  | | where
[INFO] [stdout] 88  | |     O: TrCmpxchOrderings,
[INFO] [stdout]     | |_________________________- methods in this implementation
[INFO] [stdout] ...
[INFO] [stdout] 142 |       pub fn is_upgraded_writer_ctx(&self) -> bool {
[INFO] [stdout]     |              ^^^^^^^^^^^^^^^^^^^^^^
[INFO] [stdout] ...
[INFO] [stdout] 169 |       pub fn try_downgrade_exclusive_to_readonly(&self) -> bool {
[INFO] [stdout]     |              ^^^^^^^^^^^^^^^^^^^^^^^^^^^^^^^^^^^
[INFO] [stdout]     |
[INFO] [stdout]     = note: `#[warn(dead_code)]` on by default
[INFO] [stdout] 
[INFO] [stdout] 
[INFO] [stdout] warning: associated function `expect_ctx_type_exclusive` is never used
[INFO] [stdout]    --> src/rwlock/contexts_.rs:233:14
[INFO] [stdout]     |
[INFO] [stdout] 202 | impl CtxStConf {
[INFO] [stdout]     | -------------- associated function in this implementation
[INFO] [stdout] ...
[INFO] [stdout] 233 |     const fn expect_ctx_type_exclusive(s: StVal) -> bool {
[INFO] [stdout]     |              ^^^^^^^^^^^^^^^^^^^^^^^^^
[INFO] [stdout] 
[INFO] [stdout] 
[INFO] [stdout] warning: method `try_downgrade_exclusive_to_readonly` is never used
[INFO] [stdout]    --> src/rwlock/contexts_.rs:389:12
[INFO] [stdout]     |
[INFO] [stdout] 314 | impl<O: TrCmpxchOrderings> CtxState<O> {
[INFO] [stdout]     | -------------------------------------- method in this implementation
[INFO] [stdout] ...
[INFO] [stdout] 389 |     pub fn try_downgrade_exclusive_to_readonly(&self) -> bool {
[INFO] [stdout]     |            ^^^^^^^^^^^^^^^^^^^^^^^^^^^^^^^^^^^
[INFO] [stdout] 
[INFO] [stdout] 
[INFO] [stdout] warning: method `downgrade_writer_to_reader_` is never used
[INFO] [stdout]    --> src/rwlock/impl_.rs:565:19
[INFO] [stdout]     |
[INFO] [stdout] 320 | / impl<'a, T, O> Acquire<'a, T, O>
[INFO] [stdout] 321 | | where
[INFO] [stdout] 322 | |     T: 'a + ?Sized,
[INFO] [stdout] 323 | |     O: TrCmpxchOrderings,
[INFO] [stdout]     | |_________________________- method in this implementation
[INFO] [stdout] ...
[INFO] [stdout] 565 |       pub(super) fn downgrade_writer_to_reader_(self: Pin<&mut Self>) {
[INFO] [stdout]     |                     ^^^^^^^^^^^^^^^^^^^^^^^^^^^
[INFO] [stdout] 
[INFO] [stdout] 
[INFO] [stdout] warning: associated function `expect_lock_released` is never used
[INFO] [stdout]    --> src/rwlock/impl_.rs:702:14
[INFO] [stdout]     |
[INFO] [stdout] 692 | impl<O: TrCmpxchOrderings> RwLockState<O> {
[INFO] [stdout]     | ----------------------------------------- associated function in this implementation
[INFO] [stdout] ...
[INFO] [stdout] 702 |     const fn expect_lock_released(s: RwStVal) -> bool {
[INFO] [stdout]     |              ^^^^^^^^^^^^^^^^^^^^
[INFO] [stdout] 
[INFO] [stdout] 
[INFO] [stdout] warning: variant `Upg` is never constructed
[INFO] [stdout]   --> src/rwlock/writer_.rs:36:5
[INFO] [stdout]    |
[INFO] [stdout] 30 | enum WGuardCtx<'a, 'g, T, O>
[INFO] [stdout]    |      --------- variant in this enum
[INFO] [stdout] ...
[INFO] [stdout] 36 |     Upg(NonNull<Upgrade<'a, 'g, T, O>>),
[INFO] [stdout]    |     ^^^
[INFO] [stdout] 
[INFO] [stdout] 
[INFO] [stdout] warning: method `upgrade_pinned_` is never used
[INFO] [stdout]   --> src/rwlock/writer_.rs:68:12
[INFO] [stdout]    |
[INFO] [stdout] 39 | / impl<'a, 'g, T, O> WGuardCtx<'a, 'g, T, O>
[INFO] [stdout] 40 | | where
[INFO] [stdout] 41 | |     T: ?Sized,
[INFO] [stdout] 42 | |     O: TrCmpxchOrderings,
[INFO] [stdout]    | |_________________________- method in this implementation
[INFO] [stdout] ...
[INFO] [stdout] 68 |       pub fn upgrade_pinned_(
[INFO] [stdout]    |              ^^^^^^^^^^^^^^^
[INFO] [stdout] 
[INFO] [stdout] 
[INFO] [stdout] warning: associated function `from_upgrade` is never used
[INFO] [stdout]    --> src/rwlock/writer_.rs:115:19
[INFO] [stdout]     |
[INFO] [stdout] 102 | / impl<'a, 'g, T, O> WriterGuard<'a, 'g, T, O>
[INFO] [stdout] 103 | | where
[INFO] [stdout] 104 | |     T: ?Sized,
[INFO] [stdout] 105 | |     O: TrCmpxchOrderings,
[INFO] [stdout]     | |_________________________- associated function in this implementation
[INFO] [stdout] ...
[INFO] [stdout] 115 |       pub(super) fn from_upgrade<'u>(
[INFO] [stdout]     |                     ^^^^^^^^^^^^
[INFO] [stdout] 
[INFO] [stdout] 
[INFO] [stderr]     Finished `test` profile [unoptimized + debuginfo] target(s) in 17.10s
[INFO] running `Command { std: "docker" "inspect" "507f20dd60149bfe5e1651d30a0a1b01edb41e4fb9c724f211d4c95b918ed54a", kill_on_drop: false }`
[INFO] running `Command { std: "docker" "rm" "-f" "507f20dd60149bfe5e1651d30a0a1b01edb41e4fb9c724f211d4c95b918ed54a", kill_on_drop: false }`
[INFO] [stdout] 507f20dd60149bfe5e1651d30a0a1b01edb41e4fb9c724f211d4c95b918ed54a
[INFO] running `Command { std: "docker" "create" "-v" "/var/lib/crater-agent-workspace/builds/worker-4-tc1/target:/opt/rustwide/target:rw,Z" "-v" "/var/lib/crater-agent-workspace/builds/worker-4-tc1/source:/opt/rustwide/workdir:ro,Z" "-v" "/var/lib/crater-agent-workspace/cargo-home:/opt/rustwide/cargo-home:ro,Z" "-v" "/var/lib/crater-agent-workspace/rustup-home:/opt/rustwide/rustup-home:ro,Z" "-e" "SOURCE_DIR=/opt/rustwide/workdir" "-e" "CARGO_TARGET_DIR=/opt/rustwide/target" "-e" "CARGO_INCREMENTAL=0" "-e" "RUST_BACKTRACE=full" "-e" "RUSTFLAGS=--cap-lints=forbid" "-e" "RUSTDOCFLAGS=--cap-lints=forbid" "-e" "CARGO_HOME=/opt/rustwide/cargo-home" "-e" "RUSTUP_HOME=/opt/rustwide/rustup-home" "-w" "/opt/rustwide/workdir" "-m" "1610612736" "--user" "0:0" "--network" "none" "ghcr.io/rust-lang/crates-build-env/linux@sha256:4a844ea9eb2546a2d2c7022eacef16ef2e8229c7fbb2c7d4d55a9ceca922f72d" "/opt/rustwide/cargo-home/bin/cargo" "+nightly-2024-10-28" "test" "--frozen", kill_on_drop: false }`
[INFO] [stdout] 7bdf4905be263c2b20a3a33139ee007916f5ad8c7d02b29d339e3c257ce81a90
[INFO] running `Command { std: "docker" "start" "-a" "7bdf4905be263c2b20a3a33139ee007916f5ad8c7d02b29d339e3c257ce81a90", kill_on_drop: false }`
[INFO] [stderr] warning: unused import: `mem::ManuallyDrop`
[INFO] [stderr]  --> src/rwlock/writer_.rs:4:5
[INFO] [stderr]   |
[INFO] [stderr] 4 |     mem::ManuallyDrop,
[INFO] [stderr]   |     ^^^^^^^^^^^^^^^^^
[INFO] [stderr]   |
[INFO] [stderr]   = note: `#[warn(unused_imports)]` on by default
[INFO] [stderr] 
[INFO] [stderr] warning: methods `is_upgraded_writer_ctx` and `try_downgrade_exclusive_to_readonly` are never used
[INFO] [stderr]    --> src/rwlock/contexts_.rs:142:12
[INFO] [stderr]     |
[INFO] [stderr] 86  | / impl<O> WaitCtx<O>
[INFO] [stderr] 87  | | where
[INFO] [stderr] 88  | |     O: TrCmpxchOrderings,
[INFO] [stderr]     | |_________________________- methods in this implementation
[INFO] [stderr] ...
[INFO] [stderr] 142 |       pub fn is_upgraded_writer_ctx(&self) -> bool {
[INFO] [stderr]     |              ^^^^^^^^^^^^^^^^^^^^^^
[INFO] [stderr] ...
[INFO] [stderr] 169 |       pub fn try_downgrade_exclusive_to_readonly(&self) -> bool {
[INFO] [stderr]     |              ^^^^^^^^^^^^^^^^^^^^^^^^^^^^^^^^^^^
[INFO] [stderr]     |
[INFO] [stderr]     = note: `#[warn(dead_code)]` on by default
[INFO] [stderr] 
[INFO] [stderr] warning: associated function `expect_ctx_type_exclusive` is never used
[INFO] [stderr]    --> src/rwlock/contexts_.rs:233:14
[INFO] [stderr]     |
[INFO] [stderr] 202 | impl CtxStConf {
[INFO] [stderr]     | -------------- associated function in this implementation
[INFO] [stderr] ...
[INFO] [stderr] 233 |     const fn expect_ctx_type_exclusive(s: StVal) -> bool {
[INFO] [stderr]     |              ^^^^^^^^^^^^^^^^^^^^^^^^^
[INFO] [stderr] 
[INFO] [stderr] warning: method `try_downgrade_exclusive_to_readonly` is never used
[INFO] [stderr]    --> src/rwlock/contexts_.rs:389:12
[INFO] [stderr]     |
[INFO] [stderr] 314 | impl<O: TrCmpxchOrderings> CtxState<O> {
[INFO] [stderr]     | -------------------------------------- method in this implementation
[INFO] [stderr] ...
[INFO] [stderr] 389 |     pub fn try_downgrade_exclusive_to_readonly(&self) -> bool {
[INFO] [stderr]     |            ^^^^^^^^^^^^^^^^^^^^^^^^^^^^^^^^^^^
[INFO] [stderr] 
[INFO] [stderr] warning: method `downgrade_writer_to_reader_` is never used
[INFO] [stderr]    --> src/rwlock/impl_.rs:565:19
[INFO] [stderr]     |
[INFO] [stderr] 320 | / impl<'a, T, O> Acquire<'a, T, O>
[INFO] [stderr] 321 | | where
[INFO] [stderr] 322 | |     T: 'a + ?Sized,
[INFO] [stderr] 323 | |     O: TrCmpxchOrderings,
[INFO] [stderr]     | |_________________________- method in this implementation
[INFO] [stderr] ...
[INFO] [stderr] 565 |       pub(super) fn downgrade_writer_to_reader_(self: Pin<&mut Self>) {
[INFO] [stderr]     |                     ^^^^^^^^^^^^^^^^^^^^^^^^^^^
[INFO] [stderr] 
[INFO] [stderr] warning: associated function `expect_lock_released` is never used
[INFO] [stderr]    --> src/rwlock/impl_.rs:702:14
[INFO] [stderr]     |
[INFO] [stderr] 692 | impl<O: TrCmpxchOrderings> RwLockState<O> {
[INFO] [stderr]     | ----------------------------------------- associated function in this implementation
[INFO] [stderr] ...
[INFO] [stderr] 702 |     const fn expect_lock_released(s: RwStVal) -> bool {
[INFO] [stderr]     |              ^^^^^^^^^^^^^^^^^^^^
[INFO] [stderr] 
[INFO] [stderr] warning: variant `Upg` is never constructed
[INFO] [stderr]   --> src/rwlock/writer_.rs:36:5
[INFO] [stderr]    |
[INFO] [stderr] 30 | enum WGuardCtx<'a, 'g, T, O>
[INFO] [stderr]    |      --------- variant in this enum
[INFO] [stderr] ...
[INFO] [stderr] 36 |     Upg(NonNull<Upgrade<'a, 'g, T, O>>),
[INFO] [stderr]    |     ^^^
[INFO] [stderr] 
[INFO] [stderr] warning: method `upgrade_pinned_` is never used
[INFO] [stderr]   --> src/rwlock/writer_.rs:68:12
[INFO] [stderr]    |
[INFO] [stderr] 39 | / impl<'a, 'g, T, O> WGuardCtx<'a, 'g, T, O>
[INFO] [stderr] 40 | | where
[INFO] [stderr] 41 | |     T: ?Sized,
[INFO] [stderr] 42 | |     O: TrCmpxchOrderings,
[INFO] [stderr]    | |_________________________- method in this implementation
[INFO] [stderr] ...
[INFO] [stderr] 68 |       pub fn upgrade_pinned_(
[INFO] [stderr]    |              ^^^^^^^^^^^^^^^
[INFO] [stderr] 
[INFO] [stderr] warning: associated function `from_upgrade` is never used
[INFO] [stderr]    --> src/rwlock/writer_.rs:115:19
[INFO] [stderr]     |
[INFO] [stderr] 102 | / impl<'a, 'g, T, O> WriterGuard<'a, 'g, T, O>
[INFO] [stderr] 103 | | where
[INFO] [stderr] 104 | |     T: ?Sized,
[INFO] [stderr] 105 | |     O: TrCmpxchOrderings,
[INFO] [stderr]     | |_________________________- associated function in this implementation
[INFO] [stderr] ...
[INFO] [stderr] 115 |       pub(super) fn from_upgrade<'u>(
[INFO] [stderr]     |                     ^^^^^^^^^^^^
[INFO] [stderr] 
[INFO] [stderr] warning: `asyncex` (lib) generated 9 warnings (run `cargo fix --lib -p asyncex` to apply 1 suggestion)
[INFO] [stderr] warning: `asyncex` (lib test) generated 9 warnings (9 duplicates)
[INFO] [stderr]     Finished `test` profile [unoptimized + debuginfo] target(s) in 0.10s
[INFO] [stderr]      Running unittests src/lib.rs (/opt/rustwide/target/debug/deps/asyncex-6861e630dfb81dc9)
[INFO] [stdout] 
[INFO] [stdout] running 27 tests
[INFO] [stdout] test cancellation::tests_::default_cancellation_token_source_child_token_should_be_cancellable ... ok
[INFO] [stdout] test cancellation::tests_::cancellation_token_source_should_signal_all_child_tokens ... ok
[INFO] [stdout] test cancellation::tests_::cancellation_await_should_work ... ok
[INFO] [stdout] test cancellation::tests_::cts_drop_should_signal_cancel_token ... ok
[INFO] [stdout] test cancellation::tests_::default_cancellation_token_source_should_be_cancellable ... ok
[INFO] [stdout] test cancellation::tests_::ok_or_cancelled_smoke ... ok
[INFO] [stdout] test cancellation::tests_::orphaned_cancellation_token_source_should_be_cancellable ... ok
[INFO] [stdout] test cancellation::tests_::ok_or_should_work_for_ready_future ... ok
[INFO] [stdout] test channel::oneshot::oneshot_::tests_::peeker_smoke ... ok
[INFO] [stdout] test cancellation::tests_::ok_or_future_should_work_for_pending_future ... ok
[INFO] [stdout] test channel::oneshot::tests_::receive_async_cancel ... ok
[INFO] [stdout] test channel::oneshot::oneshot_::tests_::tx_rx_smoke ... ok
[INFO] [stdout] test channel::oneshot::oneshot_::tests_::flag_default_test ... ok
[INFO] [stdout] test rwlock::tests_::upgradable_guard_downgrade_should_work ... ok
[INFO] [stdout] test cancellation::tests_::ok_or_unsignaled_orphaned_smoke ... ok
[INFO] [stdout] test channel::oneshot::oneshot_::tests_::set_flag_test ... ok
[INFO] [stdout] test rwlock::contexts_::tests_::ctx_conf_flag_smoke ... ok
[INFO] [stdout] test rwlock::contexts_::tests_::ctx_type_smoke ... ok
[INFO] [stdout] test rwlock::impl_::tests_::state_ref_from_pin_wake_list_smoke ... ok
[INFO] [stdout] test rwlock::tests_::rwlock_light_weight_read_upg_smoke ... ok
[INFO] [stdout] test rwlock::tests_::rwlock_state_default_smoke ... ok
[INFO] [stdout] test rwlock::tests_::rwlock_read_write_upgrade_smoke ... ok
[INFO] [stdout] test rwlock::tests_::writer_guard_downgrade_to_reader_guard_should_work ... FAILED
[INFO] [stdout] test rwlock::contexts_::tests_::ctx_smoke ... FAILED
[INFO] [stdout] test rwlock::tests_::writer_guard_downgrade_to_upgradable_should_work ... FAILED
[INFO] [stdout] test rwlock::tests_::cancelling_enqueued_reader_should_wake_following_queued_writer ... FAILED
[INFO] [stdout] test cancellation::tests_::ok_or_cancelled_orphaned_smoke ... ok
[INFO] [stdout] 
[INFO] [stdout] failures:
[INFO] [stdout] 
[INFO] [stdout] ---- rwlock::tests_::writer_guard_downgrade_to_reader_guard_should_work stdout ----
[INFO] [stdout] thread 'rwlock::tests_::writer_guard_downgrade_to_reader_guard_should_work' panicked at src/rwlock/writer_.rs:144:9:
[INFO] [stdout] not yet implemented
[INFO] [stdout] stack backtrace:
[INFO] [stdout]    0:     0x62d836b711da - std::backtrace_rs::backtrace::libunwind::trace::h207520d6e9873551
[INFO] [stdout]                                at /rustc/df4ca44d3fbc9301ee17f30f4d474e6ae4b05252/library/std/src/../../backtrace/src/backtrace/libunwind.rs:116:5
[INFO] [stdout]    1:     0x62d836b711da - std::backtrace_rs::backtrace::trace_unsynchronized::h2ed7433f370e3eca
[INFO] [stdout]                                at /rustc/df4ca44d3fbc9301ee17f30f4d474e6ae4b05252/library/std/src/../../backtrace/src/backtrace/mod.rs:66:5
[INFO] [stdout]    2:     0x62d836b711da - std::sys::backtrace::_print_fmt::h916fac51166b18d7
[INFO] [stdout]                                at /rustc/df4ca44d3fbc9301ee17f30f4d474e6ae4b05252/library/std/src/sys/backtrace.rs:66:9
[INFO] [stdout]    3:     0x62d836b711da - <std::sys::backtrace::BacktraceLock::print::DisplayBacktrace as core::fmt::Display>::fmt::ha0a4c9b8ce3802e6
[INFO] [stdout]                                at /rustc/df4ca44d3fbc9301ee17f30f4d474e6ae4b05252/library/std/src/sys/backtrace.rs:39:26
[INFO] [stdout]    4:     0x62d836b98733 - core::fmt::rt::Argument::fmt::h4cfc8587d52b3eb5
[INFO] [stdout]                                at /rustc/df4ca44d3fbc9301ee17f30f4d474e6ae4b05252/library/core/src/fmt/rt.rs:177:76
[INFO] [stdout]    5:     0x62d836b98733 - core::fmt::write::h522cc39e5b36ae9f
[INFO] [stdout]                                at /rustc/df4ca44d3fbc9301ee17f30f4d474e6ae4b05252/library/core/src/fmt/mod.rs:1190:21
[INFO] [stdout]    6:     0x62d836b6dc33 - std::io::Write::write_fmt::h7d3c26752da97734
[INFO] [stdout]                                at /rustc/df4ca44d3fbc9301ee17f30f4d474e6ae4b05252/library/std/src/io/mod.rs:1839:15
[INFO] [stdout]    7:     0x62d836b71022 - std::sys::backtrace::BacktraceLock::print::h4b9e00b29e9c0942
[INFO] [stdout]                                at /rustc/df4ca44d3fbc9301ee17f30f4d474e6ae4b05252/library/std/src/sys/backtrace.rs:42:9
[INFO] [stdout]    8:     0x62d836b7266a - std::panicking::default_hook::{{closure}}::hb59b88280d0324d9
[INFO] [stdout]                                at /rustc/df4ca44d3fbc9301ee17f30f4d474e6ae4b05252/library/std/src/panicking.rs:268:22
[INFO] [stdout]    9:     0x62d836b72474 - std::panicking::default_hook::he1dd496665be4a29
[INFO] [stdout]                                at /rustc/df4ca44d3fbc9301ee17f30f4d474e6ae4b05252/library/std/src/panicking.rs:292:9
[INFO] [stdout]   10:     0x62d836b356a9 - <alloc::boxed::Box<F,A> as core::ops::function::Fn<Args>>::call::h4ff71de18744e1dc
[INFO] [stdout]                                at /rustc/df4ca44d3fbc9301ee17f30f4d474e6ae4b05252/library/alloc/src/boxed.rs:2468:9
[INFO] [stdout]   11:     0x62d836b356a9 - test::test_main::{{closure}}::hcf7c055ce117aa81
[INFO] [stdout]                                at /rustc/df4ca44d3fbc9301ee17f30f4d474e6ae4b05252/library/test/src/lib.rs:133:21
[INFO] [stdout]   12:     0x62d836b72d68 - <alloc::boxed::Box<F,A> as core::ops::function::Fn<Args>>::call::h1d66c6bbd60c9692
[INFO] [stdout]                                at /rustc/df4ca44d3fbc9301ee17f30f4d474e6ae4b05252/library/alloc/src/boxed.rs:2468:9
[INFO] [stdout]   13:     0x62d836b72d68 - std::panicking::rust_panic_with_hook::h2ff17fe8f26dfcf8
[INFO] [stdout]                                at /rustc/df4ca44d3fbc9301ee17f30f4d474e6ae4b05252/library/std/src/panicking.rs:809:13
[INFO] [stdout]   14:     0x62d836b72af6 - std::panicking::begin_panic_handler::{{closure}}::h4fad77951c07e101
[INFO] [stdout]                                at /rustc/df4ca44d3fbc9301ee17f30f4d474e6ae4b05252/library/std/src/panicking.rs:667:13
[INFO] [stdout]   15:     0x62d836b716b9 - std::sys::backtrace::__rust_end_short_backtrace::hb1a25b3da5d0ea08
[INFO] [stdout]                                at /rustc/df4ca44d3fbc9301ee17f30f4d474e6ae4b05252/library/std/src/sys/backtrace.rs:170:18
[INFO] [stdout]   16:     0x62d836b727bc - rust_begin_unwind
[INFO] [stdout]                                at /rustc/df4ca44d3fbc9301ee17f30f4d474e6ae4b05252/library/std/src/panicking.rs:665:5
[INFO] [stdout]   17:     0x62d836b96d00 - core::panicking::panic_fmt::ha9db07b529f9b256
[INFO] [stdout]                                at /rustc/df4ca44d3fbc9301ee17f30f4d474e6ae4b05252/library/core/src/panicking.rs:75:14
[INFO] [stdout]   18:     0x62d836b96d8c - core::panicking::panic::h993086813d94accc
[INFO] [stdout]                                at /rustc/df4ca44d3fbc9301ee17f30f4d474e6ae4b05252/library/core/src/panicking.rs:152:5
[INFO] [stdout]   19:     0x62d836782e1a - asyncex::rwlock::writer_::WriterGuard<T,O>::downgrade::h79079e5b89085b66
[INFO] [stdout]                                at /opt/rustwide/workdir/src/rwlock/writer_.rs:144:9
[INFO] [stdout]   20:     0x62d836736def - asyncex::rwlock::tests_::writer_guard_downgrade_to_reader_guard_should_work::{{closure}}::h4e6d183f30a691a5
[INFO] [stdout]                                at /opt/rustwide/workdir/src/rwlock/tests_.rs:295:18
[INFO] [stdout]   21:     0x62d836750b52 - <core::pin::Pin<P> as core::future::future::Future>::poll::h746a11d376dfecd0
[INFO] [stdout]                                at /rustc/df4ca44d3fbc9301ee17f30f4d474e6ae4b05252/library/core/src/future/future.rs:123:9
[INFO] [stdout]   22:     0x62d836750d4d - <core::pin::Pin<P> as core::future::future::Future>::poll::hef5a47bde01b39b1
[INFO] [stdout]                                at /rustc/df4ca44d3fbc9301ee17f30f4d474e6ae4b05252/library/core/src/future/future.rs:123:9
[INFO] [stdout]   23:     0x62d836762b5f - tokio::runtime::scheduler::current_thread::CoreGuard::block_on::{{closure}}::{{closure}}::{{closure}}::h664bcbe355c1fb42
[INFO] [stdout]                                at /opt/rustwide/cargo-home/registry/src/index.crates.io-6f17d22bba15001f/tokio-1.41.0/src/runtime/scheduler/current_thread/mod.rs:729:57
[INFO] [stdout]   24:     0x62d836762aa5 - tokio::runtime::coop::with_budget::hfc529a607e336e8e
[INFO] [stdout]                                at /opt/rustwide/cargo-home/registry/src/index.crates.io-6f17d22bba15001f/tokio-1.41.0/src/runtime/coop.rs:107:5
[INFO] [stdout]   25:     0x62d836762aa5 - tokio::runtime::coop::budget::hd7dc1aefb9527677
[INFO] [stdout]                                at /opt/rustwide/cargo-home/registry/src/index.crates.io-6f17d22bba15001f/tokio-1.41.0/src/runtime/coop.rs:73:5
[INFO] [stdout]   26:     0x62d836762aa5 - tokio::runtime::scheduler::current_thread::CoreGuard::block_on::{{closure}}::{{closure}}::heda4dd81444a80b7
[INFO] [stdout]                                at /opt/rustwide/cargo-home/registry/src/index.crates.io-6f17d22bba15001f/tokio-1.41.0/src/runtime/scheduler/current_thread/mod.rs:729:25
[INFO] [stdout]   27:     0x62d8367603f0 - tokio::runtime::scheduler::current_thread::Context::enter::hefd8a691c7fe6b52
[INFO] [stdout]                                at /opt/rustwide/cargo-home/registry/src/index.crates.io-6f17d22bba15001f/tokio-1.41.0/src/runtime/scheduler/current_thread/mod.rs:428:19
[INFO] [stdout]   28:     0x62d8367618ae - tokio::runtime::scheduler::current_thread::CoreGuard::block_on::{{closure}}::h3e929264db22d57a
[INFO] [stdout]                                at /opt/rustwide/cargo-home/registry/src/index.crates.io-6f17d22bba15001f/tokio-1.41.0/src/runtime/scheduler/current_thread/mod.rs:728:36
[INFO] [stdout]   29:     0x62d8367615c4 - tokio::runtime::scheduler::current_thread::CoreGuard::enter::{{closure}}::hd86e9c15a0fe25d7
[INFO] [stdout]                                at /opt/rustwide/cargo-home/registry/src/index.crates.io-6f17d22bba15001f/tokio-1.41.0/src/runtime/scheduler/current_thread/mod.rs:807:68
[INFO] [stdout]   30:     0x62d8367b2ddb - tokio::runtime::context::scoped::Scoped<T>::set::ha86fbbdf1148634a
[INFO] [stdout]                                at /opt/rustwide/cargo-home/registry/src/index.crates.io-6f17d22bba15001f/tokio-1.41.0/src/runtime/context/scoped.rs:40:9
[INFO] [stdout]   31:     0x62d8367abe19 - tokio::runtime::context::set_scheduler::{{closure}}::hd769d88785c58766
[INFO] [stdout]                                at /opt/rustwide/cargo-home/registry/src/index.crates.io-6f17d22bba15001f/tokio-1.41.0/src/runtime/context.rs:180:26
[INFO] [stdout]   32:     0x62d8367428fd - std::thread::local::LocalKey<T>::try_with::hff693c22277bdcae
[INFO] [stdout]                                at /rustc/df4ca44d3fbc9301ee17f30f4d474e6ae4b05252/library/std/src/thread/local.rs:283:12
[INFO] [stdout]   33:     0x62d83673feaa - std::thread::local::LocalKey<T>::with::h8846d660d64ea7de
[INFO] [stdout]                                at /rustc/df4ca44d3fbc9301ee17f30f4d474e6ae4b05252/library/std/src/thread/local.rs:260:9
[INFO] [stdout]   34:     0x62d8367abdcd - tokio::runtime::context::set_scheduler::hcfa9c14440d82d0b
[INFO] [stdout]                                at /opt/rustwide/cargo-home/registry/src/index.crates.io-6f17d22bba15001f/tokio-1.41.0/src/runtime/context.rs:180:9
[INFO] [stdout]   35:     0x62d836761350 - tokio::runtime::scheduler::current_thread::CoreGuard::enter::hf825de7c0d669168
[INFO] [stdout]                                at /opt/rustwide/cargo-home/registry/src/index.crates.io-6f17d22bba15001f/tokio-1.41.0/src/runtime/scheduler/current_thread/mod.rs:807:27
[INFO] [stdout]   36:     0x62d836761643 - tokio::runtime::scheduler::current_thread::CoreGuard::block_on::h8f2f94009b6a01aa
[INFO] [stdout]                                at /opt/rustwide/cargo-home/registry/src/index.crates.io-6f17d22bba15001f/tokio-1.41.0/src/runtime/scheduler/current_thread/mod.rs:716:19
[INFO] [stdout]   37:     0x62d83675be2f - tokio::runtime::scheduler::current_thread::CurrentThread::block_on::{{closure}}::h5679f4f5a425370d
[INFO] [stdout]                                at /opt/rustwide/cargo-home/registry/src/index.crates.io-6f17d22bba15001f/tokio-1.41.0/src/runtime/scheduler/current_thread/mod.rs:196:28
[INFO] [stdout]   38:     0x62d8367307e6 - tokio::runtime::context::runtime::enter_runtime::h5ff61b3ae6771608
[INFO] [stdout]                                at /opt/rustwide/cargo-home/registry/src/index.crates.io-6f17d22bba15001f/tokio-1.41.0/src/runtime/context/runtime.rs:65:16
[INFO] [stdout]   39:     0x62d83675b721 - tokio::runtime::scheduler::current_thread::CurrentThread::block_on::h7be435202bca77f6
[INFO] [stdout]                                at /opt/rustwide/cargo-home/registry/src/index.crates.io-6f17d22bba15001f/tokio-1.41.0/src/runtime/scheduler/current_thread/mod.rs:184:9
[INFO] [stdout]   40:     0x62d8367315d3 - tokio::runtime::runtime::Runtime::block_on_inner::h069b365d4b36b84f
[INFO] [stdout]                                at /opt/rustwide/cargo-home/registry/src/index.crates.io-6f17d22bba15001f/tokio-1.41.0/src/runtime/runtime.rs:368:47
[INFO] [stdout]   41:     0x62d8367318d7 - tokio::runtime::runtime::Runtime::block_on::h1f7502965db77e42
[INFO] [stdout]                                at /opt/rustwide/cargo-home/registry/src/index.crates.io-6f17d22bba15001f/tokio-1.41.0/src/runtime/runtime.rs:342:13
[INFO] [stdout]   42:     0x62d8367367c1 - asyncex::rwlock::tests_::writer_guard_downgrade_to_reader_guard_should_work::ha77f520797310166
[INFO] [stdout]                                at /opt/rustwide/workdir/src/rwlock/tests_.rs:299:5
[INFO] [stdout]   43:     0x62d836736667 - asyncex::rwlock::tests_::writer_guard_downgrade_to_reader_guard_should_work::{{closure}}::hddc0ef551680f8fc
[INFO] [stdout]                                at /opt/rustwide/workdir/src/rwlock/tests_.rs:282:62
[INFO] [stdout]   44:     0x62d836718c76 - core::ops::function::FnOnce::call_once::h92da3533195ec3c7
[INFO] [stdout]                                at /rustc/df4ca44d3fbc9301ee17f30f4d474e6ae4b05252/library/core/src/ops/function.rs:250:5
[INFO] [stdout]   45:     0x62d836b39f7b - core::ops::function::FnOnce::call_once::h22c3ba5715e93f05
[INFO] [stdout]                                at /rustc/df4ca44d3fbc9301ee17f30f4d474e6ae4b05252/library/core/src/ops/function.rs:250:5
[INFO] [stdout]   46:     0x62d836b39f7b - test::__rust_begin_short_backtrace::h8e82d8113d0da17f
[INFO] [stdout]                                at /rustc/df4ca44d3fbc9301ee17f30f4d474e6ae4b05252/library/test/src/lib.rs:621:18
[INFO] [stdout]   47:     0x62d836b398f7 - test::run_test_in_process::{{closure}}::h33235f4f20b7b7c7
[INFO] [stdout]                                at /rustc/df4ca44d3fbc9301ee17f30f4d474e6ae4b05252/library/test/src/lib.rs:644:60
[INFO] [stdout]   48:     0x62d836b398f7 - <core::panic::unwind_safe::AssertUnwindSafe<F> as core::ops::function::FnOnce<()>>::call_once::hb5043206310c586f
[INFO] [stdout]                                at /rustc/df4ca44d3fbc9301ee17f30f4d474e6ae4b05252/library/core/src/panic/unwind_safe.rs:272:9
[INFO] [stdout]   49:     0x62d836b398f7 - std::panicking::try::do_call::h9ad4731a60ab23e2
[INFO] [stdout]                                at /rustc/df4ca44d3fbc9301ee17f30f4d474e6ae4b05252/library/std/src/panicking.rs:557:40
[INFO] [stdout]   50:     0x62d836b398f7 - std::panicking::try::h3824d23db772a716
[INFO] [stdout]                                at /rustc/df4ca44d3fbc9301ee17f30f4d474e6ae4b05252/library/std/src/panicking.rs:520:19
[INFO] [stdout]   51:     0x62d836b398f7 - std::panic::catch_unwind::h5afd514605fde46b
[INFO] [stdout]                                at /rustc/df4ca44d3fbc9301ee17f30f4d474e6ae4b05252/library/std/src/panic.rs:358:14
[INFO] [stdout]   52:     0x62d836b398f7 - test::run_test_in_process::h0d5cbfa7067d1720
[INFO] [stdout]                                at /rustc/df4ca44d3fbc9301ee17f30f4d474e6ae4b05252/library/test/src/lib.rs:644:27
[INFO] [stdout]   53:     0x62d836b398f7 - test::run_test::{{closure}}::h708eb8872708115d
[INFO] [stdout]                                at /rustc/df4ca44d3fbc9301ee17f30f4d474e6ae4b05252/library/test/src/lib.rs:565:43
[INFO] [stdout]   54:     0x62d836afd014 - test::run_test::{{closure}}::h392c51cee94713ab
[INFO] [stdout]                                at /rustc/df4ca44d3fbc9301ee17f30f4d474e6ae4b05252/library/test/src/lib.rs:595:41
[INFO] [stdout]   55:     0x62d836afd014 - std::sys::backtrace::__rust_begin_short_backtrace::h2f40290710935a8b
[INFO] [stdout]                                at /rustc/df4ca44d3fbc9301ee17f30f4d474e6ae4b05252/library/std/src/sys/backtrace.rs:154:18
[INFO] [stdout]   56:     0x62d836b007be - std::thread::Builder::spawn_unchecked_::{{closure}}::{{closure}}::h3fd968d89053a903
[INFO] [stdout]                                at /rustc/df4ca44d3fbc9301ee17f30f4d474e6ae4b05252/library/std/src/thread/mod.rs:541:17
[INFO] [stdout]   57:     0x62d836b007be - <core::panic::unwind_safe::AssertUnwindSafe<F> as core::ops::function::FnOnce<()>>::call_once::h743f637ba4229880
[INFO] [stdout]                                at /rustc/df4ca44d3fbc9301ee17f30f4d474e6ae4b05252/library/core/src/panic/unwind_safe.rs:272:9
[INFO] [stdout]   58:     0x62d836b007be - std::panicking::try::do_call::h07440897322525a6
[INFO] [stdout]                                at /rustc/df4ca44d3fbc9301ee17f30f4d474e6ae4b05252/library/std/src/panicking.rs:557:40
[INFO] [stdout]   59:     0x62d836b007be - std::panicking::try::he5a2e00188156637
[INFO] [stdout]                                at /rustc/df4ca44d3fbc9301ee17f30f4d474e6ae4b05252/library/std/src/panicking.rs:520:19
[INFO] [stdout]   60:     0x62d836b007be - std::panic::catch_unwind::hbaf3cae49b3c6433
[INFO] [stdout]                                at /rustc/df4ca44d3fbc9301ee17f30f4d474e6ae4b05252/library/std/src/panic.rs:358:14
[INFO] [stdout]   61:     0x62d836b007be - std::thread::Builder::spawn_unchecked_::{{closure}}::h8e141ea224820bce
[INFO] [stdout]                                at /rustc/df4ca44d3fbc9301ee17f30f4d474e6ae4b05252/library/std/src/thread/mod.rs:540:30
[INFO] [stdout]   62:     0x62d836b007be - core::ops::function::FnOnce::call_once{{vtable.shim}}::h90d312fedd7b8ea8
[INFO] [stdout]                                at /rustc/df4ca44d3fbc9301ee17f30f4d474e6ae4b05252/library/core/src/ops/function.rs:250:5
[INFO] [stdout]   63:     0x62d836b76deb - <alloc::boxed::Box<F,A> as core::ops::function::FnOnce<Args>>::call_once::h69aa08ddb6adb8b6
[INFO] [stdout]                                at /rustc/df4ca44d3fbc9301ee17f30f4d474e6ae4b05252/library/alloc/src/boxed.rs:2454:9
[INFO] [stdout]   64:     0x62d836b76deb - <alloc::boxed::Box<F,A> as core::ops::function::FnOnce<Args>>::call_once::h5aa36efdb79c806f
[INFO] [stdout]                                at /rustc/df4ca44d3fbc9301ee17f30f4d474e6ae4b05252/library/alloc/src/boxed.rs:2454:9
[INFO] [stdout]   65:     0x62d836b76deb - std::sys::pal::unix::thread::Thread::new::thread_start::h6cd80a1b4be5158d
[INFO] [stdout]                                at /rustc/df4ca44d3fbc9301ee17f30f4d474e6ae4b05252/library/std/src/sys/pal/unix/thread.rs:105:17
[INFO] [stdout]   66:     0x797b45063ac3 - <unknown>
[INFO] [stdout]   67:     0x797b450f4a04 - clone
[INFO] [stdout]   68:                0x0 - <unknown>
[INFO] [stdout] 
[INFO] [stdout] ---- rwlock::contexts_::tests_::ctx_smoke stdout ----
[INFO] [stdout] thread 'rwlock::contexts_::tests_::ctx_smoke' panicked at src/rwlock/contexts_.rs:480:9:
[INFO] [stdout] assertion `left == right` failed
[INFO] [stdout]   left: Uninit
[INFO] [stdout]  right: ReadOnly
[INFO] [stdout] stack backtrace:
[INFO] [stdout]    0:     0x62d836b711da - std::backtrace_rs::backtrace::libunwind::trace::h207520d6e9873551
[INFO] [stdout]                                at /rustc/df4ca44d3fbc9301ee17f30f4d474e6ae4b05252/library/std/src/../../backtrace/src/backtrace/libunwind.rs:116:5
[INFO] [stdout]    1:     0x62d836b711da - std::backtrace_rs::backtrace::trace_unsynchronized::h2ed7433f370e3eca
[INFO] [stdout]                                at /rustc/df4ca44d3fbc9301ee17f30f4d474e6ae4b05252/library/std/src/../../backtrace/src/backtrace/mod.rs:66:5
[INFO] [stdout]    2:     0x62d836b711da - std::sys::backtrace::_print_fmt::h916fac51166b18d7
[INFO] [stdout]                                at /rustc/df4ca44d3fbc9301ee17f30f4d474e6ae4b05252/library/std/src/sys/backtrace.rs:66:9
[INFO] [stdout]    3:     0x62d836b711da - <std::sys::backtrace::BacktraceLock::print::DisplayBacktrace as core::fmt::Display>::fmt::ha0a4c9b8ce3802e6
[INFO] [stdout]                                at /rustc/df4ca44d3fbc9301ee17f30f4d474e6ae4b05252/library/std/src/sys/backtrace.rs:39:26
[INFO] [stdout]    4:     0x62d836b98733 - core::fmt::rt::Argument::fmt::h4cfc8587d52b3eb5
[INFO] [stdout]                                at /rustc/df4ca44d3fbc9301ee17f30f4d474e6ae4b05252/library/core/src/fmt/rt.rs:177:76
[INFO] [stdout]    5:     0x62d836b98733 - core::fmt::write::h522cc39e5b36ae9f
[INFO] [stdout]                                at /rustc/df4ca44d3fbc9301ee17f30f4d474e6ae4b05252/library/core/src/fmt/mod.rs:1190:21
[INFO] [stdout]    6:     0x62d836b6dc33 - std::io::Write::write_fmt::h7d3c26752da97734
[INFO] [stdout]                                at /rustc/df4ca44d3fbc9301ee17f30f4d474e6ae4b05252/library/std/src/io/mod.rs:1839:15
[INFO] [stdout]    7:     0x62d836b71022 - std::sys::backtrace::BacktraceLock::print::h4b9e00b29e9c0942
[INFO] [stdout]                                at /rustc/df4ca44d3fbc9301ee17f30f4d474e6ae4b05252/library/std/src/sys/backtrace.rs:42:9
[INFO] [stdout]    8:     0x62d836b7266a - std::panicking::default_hook::{{closure}}::hb59b88280d0324d9
[INFO] [stdout]                                at /rustc/df4ca44d3fbc9301ee17f30f4d474e6ae4b05252/library/std/src/panicking.rs:268:22
[INFO] [stdout]    9:     0x62d836b72474 - std::panicking::default_hook::he1dd496665be4a29
[INFO] [stdout]                                at /rustc/df4ca44d3fbc9301ee17f30f4d474e6ae4b05252/library/std/src/panicking.rs:292:9
[INFO] [stdout]   10:     0x62d836b356a9 - <alloc::boxed::Box<F,A> as core::ops::function::Fn<Args>>::call::h4ff71de18744e1dc
[INFO] [stdout]                                at /rustc/df4ca44d3fbc9301ee17f30f4d474e6ae4b05252/library/alloc/src/boxed.rs:2468:9
[INFO] [stdout]   11:     0x62d836b356a9 - test::test_main::{{closure}}::hcf7c055ce117aa81
[INFO] [stdout]                                at /rustc/df4ca44d3fbc9301ee17f30f4d474e6ae4b05252/library/test/src/lib.rs:133:21
[INFO] [stdout]   12:     0x62d836b72d68 - <alloc::boxed::Box<F,A> as core::ops::function::Fn<Args>>::call::h1d66c6bbd60c9692
[INFO] [stdout]                                at /rustc/df4ca44d3fbc9301ee17f30f4d474e6ae4b05252/library/alloc/src/boxed.rs:2468:9
[INFO] [stdout]   13:     0x62d836b72d68 - std::panicking::rust_panic_with_hook::h2ff17fe8f26dfcf8
[INFO] [stdout]                                at /rustc/df4ca44d3fbc9301ee17f30f4d474e6ae4b05252/library/std/src/panicking.rs:809:13
[INFO] [stdout]   14:     0x62d836b72b2a - std::panicking::begin_panic_handler::{{closure}}::h4fad77951c07e101
[INFO] [stdout]                                at /rustc/df4ca44d3fbc9301ee17f30f4d474e6ae4b05252/library/std/src/panicking.rs:674:13
[INFO] [stdout]   15:     0x62d836b716b9 - std::sys::backtrace::__rust_end_short_backtrace::hb1a25b3da5d0ea08
[INFO] [stdout]                                at /rustc/df4ca44d3fbc9301ee17f30f4d474e6ae4b05252/library/std/src/sys/backtrace.rs:170:18
[INFO] [stdout]   16:     0x62d836b727bc - rust_begin_unwind
[INFO] [stdout]                                at /rustc/df4ca44d3fbc9301ee17f30f4d474e6ae4b05252/library/std/src/panicking.rs:665:5
[INFO] [stdout]   17:     0x62d836b96d00 - core::panicking::panic_fmt::ha9db07b529f9b256
[INFO] [stdout]                                at /rustc/df4ca44d3fbc9301ee17f30f4d474e6ae4b05252/library/core/src/panicking.rs:75:14
[INFO] [stdout]   18:     0x62d836b97165 - core::panicking::assert_failed_inner::h04f38944d74a80a8
[INFO] [stdout]   19:     0x62d83677543c - core::panicking::assert_failed::h02af701639447623
[INFO] [stdout]                                at /rustc/df4ca44d3fbc9301ee17f30f4d474e6ae4b05252/library/core/src/panicking.rs:377:5
[INFO] [stdout]   20:     0x62d836771bcc - asyncex::rwlock::contexts_::tests_::ctx_smoke::h2e0c350c8d5ff8b3
[INFO] [stdout]                                at /opt/rustwide/workdir/src/rwlock/contexts_.rs:480:9
[INFO] [stdout]   21:     0x62d836771ac7 - asyncex::rwlock::contexts_::tests_::ctx_smoke::{{closure}}::hd8729f40bf99ebb1
[INFO] [stdout]                                at /opt/rustwide/workdir/src/rwlock/contexts_.rs:476:19
[INFO] [stdout]   22:     0x62d836719df6 - core::ops::function::FnOnce::call_once::he4ab0b5625b679f6
[INFO] [stdout]                                at /rustc/df4ca44d3fbc9301ee17f30f4d474e6ae4b05252/library/core/src/ops/function.rs:250:5
[INFO] [stdout]   23:     0x62d836b39f7b - core::ops::function::FnOnce::call_once::h22c3ba5715e93f05
[INFO] [stdout]                                at /rustc/df4ca44d3fbc9301ee17f30f4d474e6ae4b05252/library/core/src/ops/function.rs:250:5
[INFO] [stdout]   24:     0x62d836b39f7b - test::__rust_begin_short_backtrace::h8e82d8113d0da17f
[INFO] [stdout]                                at /rustc/df4ca44d3fbc9301ee17f30f4d474e6ae4b05252/library/test/src/lib.rs:621:18
[INFO] [stdout]   25:     0x62d836b398f7 - test::run_test_in_process::{{closure}}::h33235f4f20b7b7c7
[INFO] [stdout]                                at /rustc/df4ca44d3fbc9301ee17f30f4d474e6ae4b05252/library/test/src/lib.rs:644:60
[INFO] [stdout]   26:     0x62d836b398f7 - <core::panic::unwind_safe::AssertUnwindSafe<F> as core::ops::function::FnOnce<()>>::call_once::hb5043206310c586f
[INFO] [stdout]                                at /rustc/df4ca44d3fbc9301ee17f30f4d474e6ae4b05252/library/core/src/panic/unwind_safe.rs:272:9
[INFO] [stdout]   27:     0x62d836b398f7 - std::panicking::try::do_call::h9ad4731a60ab23e2
[INFO] [stdout]                                at /rustc/df4ca44d3fbc9301ee17f30f4d474e6ae4b05252/library/std/src/panicking.rs:557:40
[INFO] [stdout]   28:     0x62d836b398f7 - std::panicking::try::h3824d23db772a716
[INFO] [stdout]                                at /rustc/df4ca44d3fbc9301ee17f30f4d474e6ae4b05252/library/std/src/panicking.rs:520:19
[INFO] [stdout]   29:     0x62d836b398f7 - std::panic::catch_unwind::h5afd514605fde46b
[INFO] [stdout]                                at /rustc/df4ca44d3fbc9301ee17f30f4d474e6ae4b05252/library/std/src/panic.rs:358:14
[INFO] [stdout]   30:     0x62d836b398f7 - test::run_test_in_process::h0d5cbfa7067d1720
[INFO] [stdout]                                at /rustc/df4ca44d3fbc9301ee17f30f4d474e6ae4b05252/library/test/src/lib.rs:644:27
[INFO] [stdout]   31:     0x62d836b398f7 - test::run_test::{{closure}}::h708eb8872708115d
[INFO] [stdout]                                at /rustc/df4ca44d3fbc9301ee17f30f4d474e6ae4b05252/library/test/src/lib.rs:565:43
[INFO] [stdout]   32:     0x62d836afd014 - test::run_test::{{closure}}::h392c51cee94713ab
[INFO] [stdout]                                at /rustc/df4ca44d3fbc9301ee17f30f4d474e6ae4b05252/library/test/src/lib.rs:595:41
[INFO] [stdout]   33:     0x62d836afd014 - std::sys::backtrace::__rust_begin_short_backtrace::h2f40290710935a8b
[INFO] [stdout]                                at /rustc/df4ca44d3fbc9301ee17f30f4d474e6ae4b05252/library/std/src/sys/backtrace.rs:154:18
[INFO] [stdout]   34:     0x62d836b007be - std::thread::Builder::spawn_unchecked_::{{closure}}::{{closure}}::h3fd968d89053a903
[INFO] [stdout]                                at /rustc/df4ca44d3fbc9301ee17f30f4d474e6ae4b05252/library/std/src/thread/mod.rs:541:17
[INFO] [stdout]   35:     0x62d836b007be - <core::panic::unwind_safe::AssertUnwindSafe<F> as core::ops::function::FnOnce<()>>::call_once::h743f637ba4229880
[INFO] [stdout]                                at /rustc/df4ca44d3fbc9301ee17f30f4d474e6ae4b05252/library/core/src/panic/unwind_safe.rs:272:9
[INFO] [stdout]   36:     0x62d836b007be - std::panicking::try::do_call::h07440897322525a6
[INFO] [stdout]                                at /rustc/df4ca44d3fbc9301ee17f30f4d474e6ae4b05252/library/std/src/panicking.rs:557:40
[INFO] [stdout]   37:     0x62d836b007be - std::panicking::try::he5a2e00188156637
[INFO] [stdout]                                at /rustc/df4ca44d3fbc9301ee17f30f4d474e6ae4b05252/library/std/src/panicking.rs:520:19
[INFO] [stdout]   38:     0x62d836b007be - std::panic::catch_unwind::hbaf3cae49b3c6433
[INFO] [stdout]                                at /rustc/df4ca44d3fbc9301ee17f30f4d474e6ae4b05252/library/std/src/panic.rs:358:14
[INFO] [stdout]   39:     0x62d836b007be - std::thread::Builder::spawn_unchecked_::{{closure}}::h8e141ea224820bce
[INFO] [stdout]                                at /rustc/df4ca44d3fbc9301ee17f30f4d474e6ae4b05252/library/std/src/thread/mod.rs:540:30
[INFO] [stdout]   40:     0x62d836b007be - core::ops::function::FnOnce::call_once{{vtable.shim}}::h90d312fedd7b8ea8
[INFO] [stdout]                                at /rustc/df4ca44d3fbc9301ee17f30f4d474e6ae4b05252/library/core/src/ops/function.rs:250:5
[INFO] [stdout]   41:     0x62d836b76deb - <alloc::boxed::Box<F,A> as core::ops::function::FnOnce<Args>>::call_once::h69aa08ddb6adb8b6
[INFO] [stdout]                                at /rustc/df4ca44d3fbc9301ee17f30f4d474e6ae4b05252/library/alloc/src/boxed.rs:2454:9
[INFO] [stdout]   42:     0x62d836b76deb - <alloc::boxed::Box<F,A> as core::ops::function::FnOnce<Args>>::call_once::h5aa36efdb79c806f
[INFO] [stdout]                                at /rustc/df4ca44d3fbc9301ee17f30f4d474e6ae4b05252/library/alloc/src/boxed.rs:2454:9
[INFO] [stdout]   43:     0x62d836b76deb - std::sys::pal::unix::thread::Thread::new::thread_start::h6cd80a1b4be5158d
[INFO] [stdout]                                at /rustc/df4ca44d3fbc9301ee17f30f4d474e6ae4b05252/library/std/src/sys/pal/unix/thread.rs:105:17
[INFO] [stdout]   44:     0x797b45063ac3 - <unknown>
[INFO] [stdout]   45:     0x797b450f4a04 - clone
[INFO] [stdout]   46:                0x0 - <unknown>
[INFO] [stdout] 
[INFO] [stdout] ---- rwlock::tests_::writer_guard_downgrade_to_upgradable_should_work stdout ----
[INFO] [stdout] thread 'rwlock::tests_::writer_guard_downgrade_to_upgradable_should_work' panicked at src/rwlock/writer_.rs:176:9:
[INFO] [stdout] not yet implemented
[INFO] [stdout] stack backtrace:
[INFO] [stdout]    0:     0x62d836b711da - std::backtrace_rs::backtrace::libunwind::trace::h207520d6e9873551
[INFO] [stdout]                                at /rustc/df4ca44d3fbc9301ee17f30f4d474e6ae4b05252/library/std/src/../../backtrace/src/backtrace/libunwind.rs:116:5
[INFO] [stdout]    1:     0x62d836b711da - std::backtrace_rs::backtrace::trace_unsynchronized::h2ed7433f370e3eca
[INFO] [stdout]                                at /rustc/df4ca44d3fbc9301ee17f30f4d474e6ae4b05252/library/std/src/../../backtrace/src/backtrace/mod.rs:66:5
[INFO] [stdout]    2:     0x62d836b711da - std::sys::backtrace::_print_fmt::h916fac51166b18d7
[INFO] [stdout]                                at /rustc/df4ca44d3fbc9301ee17f30f4d474e6ae4b05252/library/std/src/sys/backtrace.rs:66:9
[INFO] [stdout]    3:     0x62d836b711da - <std::sys::backtrace::BacktraceLock::print::DisplayBacktrace as core::fmt::Display>::fmt::ha0a4c9b8ce3802e6
[INFO] [stdout]                                at /rustc/df4ca44d3fbc9301ee17f30f4d474e6ae4b05252/library/std/src/sys/backtrace.rs:39:26
[INFO] [stdout]    4:     0x62d836b98733 - core::fmt::rt::Argument::fmt::h4cfc8587d52b3eb5
[INFO] [stdout]                                at /rustc/df4ca44d3fbc9301ee17f30f4d474e6ae4b05252/library/core/src/fmt/rt.rs:177:76
[INFO] [stdout]    5:     0x62d836b98733 - core::fmt::write::h522cc39e5b36ae9f
[INFO] [stdout]                                at /rustc/df4ca44d3fbc9301ee17f30f4d474e6ae4b05252/library/core/src/fmt/mod.rs:1190:21
[INFO] [stdout]    6:     0x62d836b6dc33 - std::io::Write::write_fmt::h7d3c26752da97734
[INFO] [stdout]                                at /rustc/df4ca44d3fbc9301ee17f30f4d474e6ae4b05252/library/std/src/io/mod.rs:1839:15
[INFO] [stdout]    7:     0x62d836b71022 - std::sys::backtrace::BacktraceLock::print::h4b9e00b29e9c0942
[INFO] [stdout]                                at /rustc/df4ca44d3fbc9301ee17f30f4d474e6ae4b05252/library/std/src/sys/backtrace.rs:42:9
[INFO] [stdout]    8:     0x62d836b7266a - std::panicking::default_hook::{{closure}}::hb59b88280d0324d9
[INFO] [stdout]                                at /rustc/df4ca44d3fbc9301ee17f30f4d474e6ae4b05252/library/std/src/panicking.rs:268:22
[INFO] [stdout]    9:     0x62d836b72474 - std::panicking::default_hook::he1dd496665be4a29
[INFO] [stdout]                                at /rustc/df4ca44d3fbc9301ee17f30f4d474e6ae4b05252/library/std/src/panicking.rs:292:9
[INFO] [stdout]   10:     0x62d836b356a9 - <alloc::boxed::Box<F,A> as core::ops::function::Fn<Args>>::call::h4ff71de18744e1dc
[INFO] [stdout]                                at /rustc/df4ca44d3fbc9301ee17f30f4d474e6ae4b05252/library/alloc/src/boxed.rs:2468:9
[INFO] [stdout]   11:     0x62d836b356a9 - test::test_main::{{closure}}::hcf7c055ce117aa81
[INFO] [stdout]                                at /rustc/df4ca44d3fbc9301ee17f30f4d474e6ae4b05252/library/test/src/lib.rs:133:21
[INFO] [stdout]   12:     0x62d836b72d68 - <alloc::boxed::Box<F,A> as core::ops::function::Fn<Args>>::call::h1d66c6bbd60c9692
[INFO] [stdout]                                at /rustc/df4ca44d3fbc9301ee17f30f4d474e6ae4b05252/library/alloc/src/boxed.rs:2468:9
[INFO] [stdout]   13:     0x62d836b72d68 - std::panicking::rust_panic_with_hook::h2ff17fe8f26dfcf8
[INFO] [stdout]                                at /rustc/df4ca44d3fbc9301ee17f30f4d474e6ae4b05252/library/std/src/panicking.rs:809:13
[INFO] [stdout]   14:     0x62d836b72af6 - std::panicking::begin_panic_handler::{{closure}}::h4fad77951c07e101
[INFO] [stdout]                                at /rustc/df4ca44d3fbc9301ee17f30f4d474e6ae4b05252/library/std/src/panicking.rs:667:13
[INFO] [stdout]   15:     0x62d836b716b9 - std::sys::backtrace::__rust_end_short_backtrace::hb1a25b3da5d0ea08
[INFO] [stdout]                                at /rustc/df4ca44d3fbc9301ee17f30f4d474e6ae4b05252/library/std/src/sys/backtrace.rs:170:18
[INFO] [stdout]   16:     0x62d836b727bc - rust_begin_unwind
[INFO] [stdout]                                at /rustc/df4ca44d3fbc9301ee17f30f4d474e6ae4b05252/library/std/src/panicking.rs:665:5
[INFO] [stdout]   17:     0x62d836b96d00 - core::panicking::panic_fmt::ha9db07b529f9b256
[INFO] [stdout]                                at /rustc/df4ca44d3fbc9301ee17f30f4d474e6ae4b05252/library/core/src/panicking.rs:75:14
[INFO] [stdout]   18:     0x62d836b96d8c - core::panicking::panic::h993086813d94accc
[INFO] [stdout]                                at /rustc/df4ca44d3fbc9301ee17f30f4d474e6ae4b05252/library/core/src/panicking.rs:152:5
[INFO] [stdout]   19:     0x62d836782e7a - asyncex::rwlock::writer_::WriterGuard<T,O>::downgrade_to_upgradable::h65d666dd4c358c6f
[INFO] [stdout]                                at /opt/rustwide/workdir/src/rwlock/writer_.rs:176:9
[INFO] [stdout]   20:     0x62d8367377e3 - asyncex::rwlock::tests_::writer_guard_downgrade_to_upgradable_should_work::{{closure}}::hfea84862b17d038d
[INFO] [stdout]                                at /opt/rustwide/workdir/src/rwlock/tests_.rs:315:18
[INFO] [stdout]   21:     0x62d836750b52 - <core::pin::Pin<P> as core::future::future::Future>::poll::h746a11d376dfecd0
[INFO] [stdout]                                at /rustc/df4ca44d3fbc9301ee17f30f4d474e6ae4b05252/library/core/src/future/future.rs:123:9
[INFO] [stdout]   22:     0x62d836750d4d - <core::pin::Pin<P> as core::future::future::Future>::poll::hef5a47bde01b39b1
[INFO] [stdout]                                at /rustc/df4ca44d3fbc9301ee17f30f4d474e6ae4b05252/library/core/src/future/future.rs:123:9
[INFO] [stdout]   23:     0x62d836762b5f - tokio::runtime::scheduler::current_thread::CoreGuard::block_on::{{closure}}::{{closure}}::{{closure}}::h664bcbe355c1fb42
[INFO] [stdout]                                at /opt/rustwide/cargo-home/registry/src/index.crates.io-6f17d22bba15001f/tokio-1.41.0/src/runtime/scheduler/current_thread/mod.rs:729:57
[INFO] [stdout]   24:     0x62d836762aa5 - tokio::runtime::coop::with_budget::hfc529a607e336e8e
[INFO] [stdout]                                at /opt/rustwide/cargo-home/registry/src/index.crates.io-6f17d22bba15001f/tokio-1.41.0/src/runtime/coop.rs:107:5
[INFO] [stdout]   25:     0x62d836762aa5 - tokio::runtime::coop::budget::hd7dc1aefb9527677
[INFO] [stdout]                                at /opt/rustwide/cargo-home/registry/src/index.crates.io-6f17d22bba15001f/tokio-1.41.0/src/runtime/coop.rs:73:5
[INFO] [stdout]   26:     0x62d836762aa5 - tokio::runtime::scheduler::current_thread::CoreGuard::block_on::{{closure}}::{{closure}}::heda4dd81444a80b7
[INFO] [stdout]                                at /opt/rustwide/cargo-home/registry/src/index.crates.io-6f17d22bba15001f/tokio-1.41.0/src/runtime/scheduler/current_thread/mod.rs:729:25
[INFO] [stdout]   27:     0x62d8367603f0 - tokio::runtime::scheduler::current_thread::Context::enter::hefd8a691c7fe6b52
[INFO] [stdout]                                at /opt/rustwide/cargo-home/registry/src/index.crates.io-6f17d22bba15001f/tokio-1.41.0/src/runtime/scheduler/current_thread/mod.rs:428:19
[INFO] [stdout]   28:     0x62d8367618ae - tokio::runtime::scheduler::current_thread::CoreGuard::block_on::{{closure}}::h3e929264db22d57a
[INFO] [stdout]                                at /opt/rustwide/cargo-home/registry/src/index.crates.io-6f17d22bba15001f/tokio-1.41.0/src/runtime/scheduler/current_thread/mod.rs:728:36
[INFO] [stdout]   29:     0x62d8367615c4 - tokio::runtime::scheduler::current_thread::CoreGuard::enter::{{closure}}::hd86e9c15a0fe25d7
[INFO] [stdout]                                at /opt/rustwide/cargo-home/registry/src/index.crates.io-6f17d22bba15001f/tokio-1.41.0/src/runtime/scheduler/current_thread/mod.rs:807:68
[INFO] [stdout]   30:     0x62d8367b2ddb - tokio::runtime::context::scoped::Scoped<T>::set::ha86fbbdf1148634a
[INFO] [stdout]                                at /opt/rustwide/cargo-home/registry/src/index.crates.io-6f17d22bba15001f/tokio-1.41.0/src/runtime/context/scoped.rs:40:9
[INFO] [stdout]   31:     0x62d8367abe19 - tokio::runtime::context::set_scheduler::{{closure}}::hd769d88785c58766
[INFO] [stdout]                                at /opt/rustwide/cargo-home/registry/src/index.crates.io-6f17d22bba15001f/tokio-1.41.0/src/runtime/context.rs:180:26
[INFO] [stdout]   32:     0x62d8367428fd - std::thread::local::LocalKey<T>::try_with::hff693c22277bdcae
[INFO] [stdout]                                at /rustc/df4ca44d3fbc9301ee17f30f4d474e6ae4b05252/library/std/src/thread/local.rs:283:12
[INFO] [stdout]   33:     0x62d83673feaa - std::thread::local::LocalKey<T>::with::h8846d660d64ea7de
[INFO] [stdout]                                at /rustc/df4ca44d3fbc9301ee17f30f4d474e6ae4b05252/library/std/src/thread/local.rs:260:9
[INFO] [stdout]   34:     0x62d8367abdcd - tokio::runtime::context::set_scheduler::hcfa9c14440d82d0b
[INFO] [stdout]                                at /opt/rustwide/cargo-home/registry/src/index.crates.io-6f17d22bba15001f/tokio-1.41.0/src/runtime/context.rs:180:9
[INFO] [stdout]   35:     0x62d836761350 - tokio::runtime::scheduler::current_thread::CoreGuard::enter::hf825de7c0d669168
[INFO] [stdout]                                at /opt/rustwide/cargo-home/registry/src/index.crates.io-6f17d22bba15001f/tokio-1.41.0/src/runtime/scheduler/current_thread/mod.rs:807:27
[INFO] [stdout]   36:     0x62d836761643 - tokio::runtime::scheduler::current_thread::CoreGuard::block_on::h8f2f94009b6a01aa
[INFO] [stdout]                                at /opt/rustwide/cargo-home/registry/src/index.crates.io-6f17d22bba15001f/tokio-1.41.0/src/runtime/scheduler/current_thread/mod.rs:716:19
[INFO] [stdout]   37:     0x62d83675be2f - tokio::runtime::scheduler::current_thread::CurrentThread::block_on::{{closure}}::h5679f4f5a425370d
[INFO] [stdout]                                at /opt/rustwide/cargo-home/registry/src/index.crates.io-6f17d22bba15001f/tokio-1.41.0/src/runtime/scheduler/current_thread/mod.rs:196:28
[INFO] [stdout]   38:     0x62d8367307e6 - tokio::runtime::context::runtime::enter_runtime::h5ff61b3ae6771608
[INFO] [stdout]                                at /opt/rustwide/cargo-home/registry/src/index.crates.io-6f17d22bba15001f/tokio-1.41.0/src/runtime/context/runtime.rs:65:16
[INFO] [stdout]   39:     0x62d83675b721 - tokio::runtime::scheduler::current_thread::CurrentThread::block_on::h7be435202bca77f6
[INFO] [stdout]                                at /opt/rustwide/cargo-home/registry/src/index.crates.io-6f17d22bba15001f/tokio-1.41.0/src/runtime/scheduler/current_thread/mod.rs:184:9
[INFO] [stdout]   40:     0x62d8367315d3 - tokio::runtime::runtime::Runtime::block_on_inner::h069b365d4b36b84f
[INFO] [stdout]                                at /opt/rustwide/cargo-home/registry/src/index.crates.io-6f17d22bba15001f/tokio-1.41.0/src/runtime/runtime.rs:368:47
[INFO] [stdout]   41:     0x62d8367318d7 - tokio::runtime::runtime::Runtime::block_on::h1f7502965db77e42
[INFO] [stdout]                                at /opt/rustwide/cargo-home/registry/src/index.crates.io-6f17d22bba15001f/tokio-1.41.0/src/runtime/runtime.rs:342:13
[INFO] [stdout]   42:     0x62d8367372a1 - asyncex::rwlock::tests_::writer_guard_downgrade_to_upgradable_should_work::h12e88cb4fa484981
[INFO] [stdout]                                at /opt/rustwide/workdir/src/rwlock/tests_.rs:322:5
[INFO] [stdout]   43:     0x62d836737147 - asyncex::rwlock::tests_::writer_guard_downgrade_to_upgradable_should_work::{{closure}}::hb983a7b0e95d340c
[INFO] [stdout]                                at /opt/rustwide/workdir/src/rwlock/tests_.rs:303:60
[INFO] [stdout]   44:     0x62d836717336 - core::ops::function::FnOnce::call_once::h07e9418c79830be3
[INFO] [stdout]                                at /rustc/df4ca44d3fbc9301ee17f30f4d474e6ae4b05252/library/core/src/ops/function.rs:250:5
[INFO] [stdout]   45:     0x62d836b39f7b - core::ops::function::FnOnce::call_once::h22c3ba5715e93f05
[INFO] [stdout]                                at /rustc/df4ca44d3fbc9301ee17f30f4d474e6ae4b05252/library/core/src/ops/function.rs:250:5
[INFO] [stdout]   46:     0x62d836b39f7b - test::__rust_begin_short_backtrace::h8e82d8113d0da17f
[INFO] [stdout]                                at /rustc/df4ca44d3fbc9301ee17f30f4d474e6ae4b05252/library/test/src/lib.rs:621:18
[INFO] [stdout]   47:     0x62d836b398f7 - test::run_test_in_process::{{closure}}::h33235f4f20b7b7c7
[INFO] [stdout]                                at /rustc/df4ca44d3fbc9301ee17f30f4d474e6ae4b05252/library/test/src/lib.rs:644:60
[INFO] [stdout]   48:     0x62d836b398f7 - <core::panic::unwind_safe::AssertUnwindSafe<F> as core::ops::function::FnOnce<()>>::call_once::hb5043206310c586f
[INFO] [stdout]                                at /rustc/df4ca44d3fbc9301ee17f30f4d474e6ae4b05252/library/core/src/panic/unwind_safe.rs:272:9
[INFO] [stdout]   49:     0x62d836b398f7 - std::panicking::try::do_call::h9ad4731a60ab23e2
[INFO] [stdout]                                at /rustc/df4ca44d3fbc9301ee17f30f4d474e6ae4b05252/library/std/src/panicking.rs:557:40
[INFO] [stdout]   50:     0x62d836b398f7 - std::panicking::try::h3824d23db772a716
[INFO] [stdout]                                at /rustc/df4ca44d3fbc9301ee17f30f4d474e6ae4b05252/library/std/src/panicking.rs:520:19
[INFO] [stdout]   51:     0x62d836b398f7 - std::panic::catch_unwind::h5afd514605fde46b
[INFO] [stdout]                                at /rustc/df4ca44d3fbc9301ee17f30f4d474e6ae4b05252/library/std/src/panic.rs:358:14
[INFO] [stdout]   52:     0x62d836b398f7 - test::run_test_in_process::h0d5cbfa7067d1720
[INFO] [stdout]                                at /rustc/df4ca44d3fbc9301ee17f30f4d474e6ae4b05252/library/test/src/lib.rs:644:27
[INFO] [stdout]   53:     0x62d836b398f7 - test::run_test::{{closure}}::h708eb8872708115d
[INFO] [stdout]                                at /rustc/df4ca44d3fbc9301ee17f30f4d474e6ae4b05252/library/test/src/lib.rs:565:43
[INFO] [stdout]   54:     0x62d836afd014 - test::run_test::{{closure}}::h392c51cee94713ab
[INFO] [stdout]                                at /rustc/df4ca44d3fbc9301ee17f30f4d474e6ae4b05252/library/test/src/lib.rs:595:41
[INFO] [stdout]   55:     0x62d836afd014 - std::sys::backtrace::__rust_begin_short_backtrace::h2f40290710935a8b
[INFO] [stdout]                                at /rustc/df4ca44d3fbc9301ee17f30f4d474e6ae4b05252/library/std/src/sys/backtrace.rs:154:18
[INFO] [stdout]   56:     0x62d836b007be - std::thread::Builder::spawn_unchecked_::{{closure}}::{{closure}}::h3fd968d89053a903
[INFO] [stdout]                                at /rustc/df4ca44d3fbc9301ee17f30f4d474e6ae4b05252/library/std/src/thread/mod.rs:541:17
[INFO] [stdout]   57:     0x62d836b007be - <core::panic::unwind_safe::AssertUnwindSafe<F> as core::ops::function::FnOnce<()>>::call_once::h743f637ba4229880
[INFO] [stdout]                                at /rustc/df4ca44d3fbc9301ee17f30f4d474e6ae4b05252/library/core/src/panic/unwind_safe.rs:272:9
[INFO] [stdout]   58:     0x62d836b007be - std::panicking::try::do_call::h07440897322525a6
[INFO] [stdout]                                at /rustc/df4ca44d3fbc9301ee17f30f4d474e6ae4b05252/library/std/src/panicking.rs:557:40
[INFO] [stdout]   59:     0x62d836b007be - std::panicking::try::he5a2e00188156637
[INFO] [stdout]                                at /rustc/df4ca44d3fbc9301ee17f30f4d474e6ae4b05252/library/std/src/panicking.rs:520:19
[INFO] [stdout]   60:     0x62d836b007be - std::panic::catch_unwind::hbaf3cae49b3c6433
[INFO] [stdout]                                at /rustc/df4ca44d3fbc9301ee17f30f4d474e6ae4b05252/library/std/src/panic.rs:358:14
[INFO] [stdout]   61:     0x62d836b007be - std::thread::Builder::spawn_unchecked_::{{closure}}::h8e141ea224820bce
[INFO] [stdout]                                at /rustc/df4ca44d3fbc9301ee17f30f4d474e6ae4b05252/library/std/src/thread/mod.rs:540:30
[INFO] [stdout]   62:     0x62d836b007be - core::ops::function::FnOnce::call_once{{vtable.shim}}::h90d312fedd7b8ea8
[INFO] [stdout]                                at /rustc/df4ca44d3fbc9301ee17f30f4d474e6ae4b05252/library/core/src/ops/function.rs:250:5
[INFO] [stdout]   63:     0x62d836b76deb - <alloc::boxed::Box<F,A> as core::ops::function::FnOnce<Args>>::call_once::h69aa08ddb6adb8b6
[INFO] [stdout]                                at /rustc/df4ca44d3fbc9301ee17f30f4d474e6ae4b05252/library/alloc/src/boxed.rs:2454:9
[INFO] [stdout]   64:     0x62d836b76deb - <alloc::boxed::Box<F,A> as core::ops::function::FnOnce<Args>>::call_once::h5aa36efdb79c806f
[INFO] [stdout]                                at /rustc/df4ca44d3fbc9301ee17f30f4d474e6ae4b05252/library/alloc/src/boxed.rs:2454:9
[INFO] [stdout]   65:     0x62d836b76deb - std::sys::pal::unix::thread::Thread::new::thread_start::h6cd80a1b4be5158d
[INFO] [stdout]                                at /rustc/df4ca44d3fbc9301ee17f30f4d474e6ae4b05252/library/std/src/sys/pal/unix/thread.rs:105:17
[INFO] [stdout]   66:     0x797b45063ac3 - <unknown>
[INFO] [stdout]   67:     0x797b450f4a04 - clone
[INFO] [stdout]   68:                0x0 - <unknown>
[INFO] [stdout] 
[INFO] [stdout] ---- rwlock::tests_::cancelling_enqueued_reader_should_wake_following_queued_writer stdout ----
[INFO] [stdout] thread 'rwlock::tests_::cancelling_enqueued_reader_should_wake_following_queued_writer' panicked at src/rwlock/reader_.rs:240:13:
[INFO] [stdout] internal error: entered unreachable code: [rwlock::ReadFuture::read_async_]
[INFO] [stdout] stack backtrace:
[INFO] [stdout]    0:     0x62d836b711da - std::backtrace_rs::backtrace::libunwind::trace::h207520d6e9873551
[INFO] [stdout]                                at /rustc/df4ca44d3fbc9301ee17f30f4d474e6ae4b05252/library/std/src/../../backtrace/src/backtrace/libunwind.rs:116:5
[INFO] [stdout]    1:     0x62d836b711da - std::backtrace_rs::backtrace::trace_unsynchronized::h2ed7433f370e3eca
[INFO] [stdout]                                at /rustc/df4ca44d3fbc9301ee17f30f4d474e6ae4b05252/library/std/src/../../backtrace/src/backtrace/mod.rs:66:5
[INFO] [stdout]    2:     0x62d836b711da - std::sys::backtrace::_print_fmt::h916fac51166b18d7
[INFO] [stdout]                                at /rustc/df4ca44d3fbc9301ee17f30f4d474e6ae4b05252/library/std/src/sys/backtrace.rs:66:9
[INFO] [stdout]    3:     0x62d836b711da - <std::sys::backtrace::BacktraceLock::print::DisplayBacktrace as core::fmt::Display>::fmt::ha0a4c9b8ce3802e6
[INFO] [stdout]                                at /rustc/df4ca44d3fbc9301ee17f30f4d474e6ae4b05252/library/std/src/sys/backtrace.rs:39:26
[INFO] [stdout]    4:     0x62d836b98733 - core::fmt::rt::Argument::fmt::h4cfc8587d52b3eb5
[INFO] [stdout]                                at /rustc/df4ca44d3fbc9301ee17f30f4d474e6ae4b05252/library/core/src/fmt/rt.rs:177:76
[INFO] [stdout]    5:     0x62d836b98733 - core::fmt::write::h522cc39e5b36ae9f
[INFO] [stdout]                                at /rustc/df4ca44d3fbc9301ee17f30f4d474e6ae4b05252/library/core/src/fmt/mod.rs:1190:21
[INFO] [stdout]    6:     0x62d836b6dc33 - std::io::Write::write_fmt::h7d3c26752da97734
[INFO] [stdout]                                at /rustc/df4ca44d3fbc9301ee17f30f4d474e6ae4b05252/library/std/src/io/mod.rs:1839:15
[INFO] [stdout]    7:     0x62d836b71022 - std::sys::backtrace::BacktraceLock::print::h4b9e00b29e9c0942
[INFO] [stdout]                                at /rustc/df4ca44d3fbc9301ee17f30f4d474e6ae4b05252/library/std/src/sys/backtrace.rs:42:9
[INFO] [stdout]    8:     0x62d836b7266a - std::panicking::default_hook::{{closure}}::hb59b88280d0324d9
[INFO] [stdout]                                at /rustc/df4ca44d3fbc9301ee17f30f4d474e6ae4b05252/library/std/src/panicking.rs:268:22
[INFO] [stdout]    9:     0x62d836b72474 - std::panicking::default_hook::he1dd496665be4a29
[INFO] [stdout]                                at /rustc/df4ca44d3fbc9301ee17f30f4d474e6ae4b05252/library/std/src/panicking.rs:292:9
[INFO] [stdout]   10:     0x62d836b356a9 - <alloc::boxed::Box<F,A> as core::ops::function::Fn<Args>>::call::h4ff71de18744e1dc
[INFO] [stdout]                                at /rustc/df4ca44d3fbc9301ee17f30f4d474e6ae4b05252/library/alloc/src/boxed.rs:2468:9
[INFO] [stdout]   11:     0x62d836b356a9 - test::test_main::{{closure}}::hcf7c055ce117aa81
[INFO] [stdout]                                at /rustc/df4ca44d3fbc9301ee17f30f4d474e6ae4b05252/library/test/src/lib.rs:133:21
[INFO] [stdout]   12:     0x62d836b72d68 - <alloc::boxed::Box<F,A> as core::ops::function::Fn<Args>>::call::h1d66c6bbd60c9692
[INFO] [stdout]                                at /rustc/df4ca44d3fbc9301ee17f30f4d474e6ae4b05252/library/alloc/src/boxed.rs:2468:9
[INFO] [stdout]   13:     0x62d836b72d68 - std::panicking::rust_panic_with_hook::h2ff17fe8f26dfcf8
[INFO] [stdout]                                at /rustc/df4ca44d3fbc9301ee17f30f4d474e6ae4b05252/library/std/src/panicking.rs:809:13
[INFO] [stdout]   14:     0x62d836b72af6 - std::panicking::begin_panic_handler::{{closure}}::h4fad77951c07e101
[INFO] [stdout]                                at /rustc/df4ca44d3fbc9301ee17f30f4d474e6ae4b05252/library/std/src/panicking.rs:667:13
[INFO] [stdout]   15:     0x62d836b716b9 - std::sys::backtrace::__rust_end_short_backtrace::hb1a25b3da5d0ea08
[INFO] [stdout]                                at /rustc/df4ca44d3fbc9301ee17f30f4d474e6ae4b05252/library/std/src/sys/backtrace.rs:170:18
[INFO] [stdout]   16:     0x62d836b727bc - rust_begin_unwind
[INFO] [stdout]                                at /rustc/df4ca44d3fbc9301ee17f30f4d474e6ae4b05252/library/std/src/panicking.rs:665:5
[INFO] [stdout]   17:     0x62d836b96d00 - core::panicking::panic_fmt::ha9db07b529f9b256
[INFO] [stdout]                                at /rustc/df4ca44d3fbc9301ee17f30f4d474e6ae4b05252/library/core/src/panicking.rs:75:14
[INFO] [stdout]   18:     0x62d8367825c8 - asyncex::rwlock::reader_::ReadFuture<C,T,O>::read_async_::{{closure}}::h60ade8ae4877890c
[INFO] [stdout]                                at /opt/rustwide/workdir/src/rwlock/reader_.rs:240:13
[INFO] [stdout]   19:     0x62d836782884 - <asyncex::rwlock::reader_::ReadFuture<C,T,O> as core::future::future::Future>::poll::h4dc0a3c479e992ce
[INFO] [stdout]                                at /opt/rustwide/workdir/src/rwlock/reader_.rs:287:9
[INFO] [stdout]   20:     0x62d83673ccfc - asyncex::rwlock::tests_::cancelling_enqueued_reader_should_wake_following_queued_writer::{{closure}}::reader2_cancel_::{{closure}}::h89f1961a87407e4d
[INFO] [stdout]                                at /opt/rustwide/workdir/src/rwlock/tests_.rs:387:14
[INFO] [stdout]   21:     0x62d83670cfcf - tokio::runtime::task::core::Core<T,S>::poll::{{closure}}::h0d826754b3bff80b
[INFO] [stdout]                                at /opt/rustwide/cargo-home/registry/src/index.crates.io-6f17d22bba15001f/tokio-1.41.0/src/runtime/task/core.rs:331:17
[INFO] [stdout]   22:     0x62d83670c54d - tokio::loom::std::unsafe_cell::UnsafeCell<T>::with_mut::h26e552ff3d92761e
[INFO] [stdout]                                at /opt/rustwide/cargo-home/registry/src/index.crates.io-6f17d22bba15001f/tokio-1.41.0/src/loom/std/unsafe_cell.rs:16:9
[INFO] [stdout]   23:     0x62d83670c54d - tokio::runtime::task::core::Core<T,S>::poll::ha8c561205ad8fd95
[INFO] [stdout]                                at /opt/rustwide/cargo-home/registry/src/index.crates.io-6f17d22bba15001f/tokio-1.41.0/src/runtime/task/core.rs:320:13
[INFO] [stdout]   24:     0x62d8366ddfaa - tokio::runtime::task::harness::poll_future::{{closure}}::h4241a576798cdb78
[INFO] [stdout]                                at /opt/rustwide/cargo-home/registry/src/index.crates.io-6f17d22bba15001f/tokio-1.41.0/src/runtime/task/harness.rs:499:19
[INFO] [stdout]   25:     0x62d8367733e0 - <core::panic::unwind_safe::AssertUnwindSafe<F> as core::ops::function::FnOnce<()>>::call_once::h9c4d58db74f195b4
[INFO] [stdout]                                at /rustc/df4ca44d3fbc9301ee17f30f4d474e6ae4b05252/library/core/src/panic/unwind_safe.rs:272:9
[INFO] [stdout]   26:     0x62d836725bc8 - std::panicking::try::do_call::h9668f6782186af64
[INFO] [stdout]                                at /rustc/df4ca44d3fbc9301ee17f30f4d474e6ae4b05252/library/std/src/panicking.rs:557:40
[INFO] [stdout]   27:     0x62d8366fbceb - __rust_try
[INFO] [stdout]   28:     0x62d8366f50e6 - std::panicking::try::h13ec51b20384fadc
[INFO] [stdout]                                at /rustc/df4ca44d3fbc9301ee17f30f4d474e6ae4b05252/library/std/src/panicking.rs:520:19
[INFO] [stdout]   29:     0x62d8366f50e6 - std::panic::catch_unwind::h3b55c3cf7f6d504f
[INFO] [stdout]                                at /rustc/df4ca44d3fbc9301ee17f30f4d474e6ae4b05252/library/std/src/panic.rs:358:14
[INFO] [stdout]   30:     0x62d8366d8b2f - tokio::runtime::task::harness::poll_future::h36448c5dda504522
[INFO] [stdout]                                at /opt/rustwide/cargo-home/registry/src/index.crates.io-6f17d22bba15001f/tokio-1.41.0/src/runtime/task/harness.rs:487:18
[INFO] [stdout]   31:     0x62d8366e1325 - tokio::runtime::task::harness::Harness<T,S>::poll_inner::h5ed2ebddab771415
[INFO] [stdout]                                at /opt/rustwide/cargo-home/registry/src/index.crates.io-6f17d22bba15001f/tokio-1.41.0/src/runtime/task/harness.rs:209:27
[INFO] [stdout]   32:     0x62d8366e8cf3 - tokio::runtime::task::harness::Harness<T,S>::poll::had37e0bd190d32c9
[INFO] [stdout]                                at /opt/rustwide/cargo-home/registry/src/index.crates.io-6f17d22bba15001f/tokio-1.41.0/src/runtime/task/harness.rs:154:15
[INFO] [stdout]   33:     0x62d83679ed4b - tokio::runtime::task::raw::poll::he755f75d3aa8972a
[INFO] [stdout]                                at /opt/rustwide/cargo-home/registry/src/index.crates.io-6f17d22bba15001f/tokio-1.41.0/src/runtime/task/raw.rs:271:5
[INFO] [stdout]   34:     0x62d836aab417 - tokio::runtime::task::raw::RawTask::poll::h9064d99b7d5d0c49
[INFO] [stdout]                                at /opt/rustwide/cargo-home/registry/src/index.crates.io-6f17d22bba15001f/tokio-1.41.0/src/runtime/task/raw.rs:201:18
[INFO] [stdout]   35:     0x62d8367a9a51 - tokio::runtime::task::LocalNotified<S>::run::had599c7de45d1295
[INFO] [stdout]                                at /opt/rustwide/cargo-home/registry/src/index.crates.io-6f17d22bba15001f/tokio-1.41.0/src/runtime/task/mod.rs:435:9
[INFO] [stdout]   36:     0x62d8367627da - tokio::runtime::scheduler::current_thread::CoreGuard::block_on::{{closure}}::{{closure}}::h07770c834f6e716d
[INFO] [stdout]                                at /opt/rustwide/cargo-home/registry/src/index.crates.io-6f17d22bba15001f/tokio-1.41.0/src/runtime/scheduler/current_thread/mod.rs:770:25
[INFO] [stdout]   37:     0x62d836760cc9 - tokio::runtime::coop::with_budget::ha84dd7797ab416cb
[INFO] [stdout]                                at /opt/rustwide/cargo-home/registry/src/index.crates.io-6f17d22bba15001f/tokio-1.41.0/src/runtime/coop.rs:107:5
[INFO] [stdout]   38:     0x62d836760cc9 - tokio::runtime::coop::budget::h00f3cdaa88235dbc
[INFO] [stdout]                                at /opt/rustwide/cargo-home/registry/src/index.crates.io-6f17d22bba15001f/tokio-1.41.0/src/runtime/coop.rs:73:5
[INFO] [stdout]   39:     0x62d836760cc9 - tokio::runtime::scheduler::current_thread::Context::run_task::{{closure}}::hc66fd3fa2471c795
[INFO] [stdout]                                at /opt/rustwide/cargo-home/registry/src/index.crates.io-6f17d22bba15001f/tokio-1.41.0/src/runtime/scheduler/current_thread/mod.rs:364:43
[INFO] [stdout]   40:     0x62d836760706 - tokio::runtime::scheduler::current_thread::Context::enter::hfec4fad954d66650
[INFO] [stdout]                                at /opt/rustwide/cargo-home/registry/src/index.crates.io-6f17d22bba15001f/tokio-1.41.0/src/runtime/scheduler/current_thread/mod.rs:428:19
[INFO] [stdout]   41:     0x62d836760a01 - tokio::runtime::scheduler::current_thread::Context::run_task::h782338c6a488db9b
[INFO] [stdout]                                at /opt/rustwide/cargo-home/registry/src/index.crates.io-6f17d22bba15001f/tokio-1.41.0/src/runtime/scheduler/current_thread/mod.rs:364:23
[INFO] [stdout]   42:     0x62d836761e95 - tokio::runtime::scheduler::current_thread::CoreGuard::block_on::{{closure}}::h3e929264db22d57a
[INFO] [stdout]                                at /opt/rustwide/cargo-home/registry/src/index.crates.io-6f17d22bba15001f/tokio-1.41.0/src/runtime/scheduler/current_thread/mod.rs:769:35
[INFO] [stdout]   43:     0x62d8367615c4 - tokio::runtime::scheduler::current_thread::CoreGuard::enter::{{closure}}::hd86e9c15a0fe25d7
[INFO] [stdout]                                at /opt/rustwide/cargo-home/registry/src/index.crates.io-6f17d22bba15001f/tokio-1.41.0/src/runtime/scheduler/current_thread/mod.rs:807:68
[INFO] [stdout]   44:     0x62d8367b2ddb - tokio::runtime::context::scoped::Scoped<T>::set::ha86fbbdf1148634a
[INFO] [stdout]                                at /opt/rustwide/cargo-home/registry/src/index.crates.io-6f17d22bba15001f/tokio-1.41.0/src/runtime/context/scoped.rs:40:9
[INFO] [stdout]   45:     0x62d8367abe19 - tokio::runtime::context::set_scheduler::{{closure}}::hd769d88785c58766
[INFO] [stdout]                                at /opt/rustwide/cargo-home/registry/src/index.crates.io-6f17d22bba15001f/tokio-1.41.0/src/runtime/context.rs:180:26
[INFO] [stdout]   46:     0x62d8367428fd - std::thread::local::LocalKey<T>::try_with::hff693c22277bdcae
[INFO] [stdout]                                at /rustc/df4ca44d3fbc9301ee17f30f4d474e6ae4b05252/library/std/src/thread/local.rs:283:12
[INFO] [stdout]   47:     0x62d83673feaa - std::thread::local::LocalKey<T>::with::h8846d660d64ea7de
[INFO] [stdout]                                at /rustc/df4ca44d3fbc9301ee17f30f4d474e6ae4b05252/library/std/src/thread/local.rs:260:9
[INFO] [stdout]   48:     0x62d8367abdcd - tokio::runtime::context::set_scheduler::hcfa9c14440d82d0b
[INFO] [stdout]                                at /opt/rustwide/cargo-home/registry/src/index.crates.io-6f17d22bba15001f/tokio-1.41.0/src/runtime/context.rs:180:9
[INFO] [stdout]   49:     0x62d836761350 - tokio::runtime::scheduler::current_thread::CoreGuard::enter::hf825de7c0d669168
[INFO] [stdout]                                at /opt/rustwide/cargo-home/registry/src/index.crates.io-6f17d22bba15001f/tokio-1.41.0/src/runtime/scheduler/current_thread/mod.rs:807:27
[INFO] [stdout]   50:     0x62d836761643 - tokio::runtime::scheduler::current_thread::CoreGuard::block_on::h8f2f94009b6a01aa
[INFO] [stdout]                                at /opt/rustwide/cargo-home/registry/src/index.crates.io-6f17d22bba15001f/tokio-1.41.0/src/runtime/scheduler/current_thread/mod.rs:716:19
[INFO] [stdout]   51:     0x62d83675be2f - tokio::runtime::scheduler::current_thread::CurrentThread::block_on::{{closure}}::h5679f4f5a425370d
[INFO] [stdout]                                at /opt/rustwide/cargo-home/registry/src/index.crates.io-6f17d22bba15001f/tokio-1.41.0/src/runtime/scheduler/current_thread/mod.rs:196:28
[INFO] [stdout]   52:     0x62d8367307e6 - tokio::runtime::context::runtime::enter_runtime::h5ff61b3ae6771608
[INFO] [stdout]                                at /opt/rustwide/cargo-home/registry/src/index.crates.io-6f17d22bba15001f/tokio-1.41.0/src/runtime/context/runtime.rs:65:16
[INFO] [stdout]   53:     0x62d83675b721 - tokio::runtime::scheduler::current_thread::CurrentThread::block_on::h7be435202bca77f6
[INFO] [stdout]                                at /opt/rustwide/cargo-home/registry/src/index.crates.io-6f17d22bba15001f/tokio-1.41.0/src/runtime/scheduler/current_thread/mod.rs:184:9
[INFO] [stdout]   54:     0x62d8367315d3 - tokio::runtime::runtime::Runtime::block_on_inner::h069b365d4b36b84f
[INFO] [stdout]                                at /opt/rustwide/cargo-home/registry/src/index.crates.io-6f17d22bba15001f/tokio-1.41.0/src/runtime/runtime.rs:368:47
[INFO] [stdout]   55:     0x62d8367318d7 - tokio::runtime::runtime::Runtime::block_on::h1f7502965db77e42
[INFO] [stdout]                                at /opt/rustwide/cargo-home/registry/src/index.crates.io-6f17d22bba15001f/tokio-1.41.0/src/runtime/runtime.rs:342:13
[INFO] [stdout]   56:     0x62d836737dc1 - asyncex::rwlock::tests_::cancelling_enqueued_reader_should_wake_following_queued_writer::hc98da582fabafd3b
[INFO] [stdout]                                at /opt/rustwide/workdir/src/rwlock/tests_.rs:507:5
[INFO] [stdout]   57:     0x62d836737c67 - asyncex::rwlock::tests_::cancelling_enqueued_reader_should_wake_following_queued_writer::{{closure}}::h39dc8b013fb76721
[INFO] [stdout]                                at /opt/rustwide/workdir/src/rwlock/tests_.rs:336:74
[INFO] [stdout]   58:     0x62d836717476 - core::ops::function::FnOnce::call_once::h115cb783d467e3f9
[INFO] [stdout]                                at /rustc/df4ca44d3fbc9301ee17f30f4d474e6ae4b05252/library/core/src/ops/function.rs:250:5
[INFO] [stdout]   59:     0x62d836b39f7b - core::ops::function::FnOnce::call_once::h22c3ba5715e93f05
[INFO] [stdout]                                at /rustc/df4ca44d3fbc9301ee17f30f4d474e6ae4b05252/library/core/src/ops/function.rs:250:5
[INFO] [stdout]   60:     0x62d836b39f7b - test::__rust_begin_short_backtrace::h8e82d8113d0da17f
[INFO] [stdout]                                at /rustc/df4ca44d3fbc9301ee17f30f4d474e6ae4b05252/library/test/src/lib.rs:621:18
[INFO] [stdout]   61:     0x62d836b398f7 - test::run_test_in_process::{{closure}}::h33235f4f20b7b7c7
[INFO] [stdout]                                at /rustc/df4ca44d3fbc9301ee17f30f4d474e6ae4b05252/library/test/src/lib.rs:644:60
[INFO] [stdout]   62:     0x62d836b398f7 - <core::panic::unwind_safe::AssertUnwindSafe<F> as core::ops::function::FnOnce<()>>::call_once::hb5043206310c586f
[INFO] [stdout]                                at /rustc/df4ca44d3fbc9301ee17f30f4d474e6ae4b05252/library/core/src/panic/unwind_safe.rs:272:9
[INFO] [stdout]   63:     0x62d836b398f7 - std::panicking::try::do_call::h9ad4731a60ab23e2
[INFO] [stdout]                                at /rustc/df4ca44d3fbc9301ee17f30f4d474e6ae4b05252/library/std/src/panicking.rs:557:40
[INFO] [stdout]   64:     0x62d836b398f7 - std::panicking::try::h3824d23db772a716
[INFO] [stdout]                                at /rustc/df4ca44d3fbc9301ee17f30f4d474e6ae4b05252/library/std/src/panicking.rs:520:19
[INFO] [stdout]   65:     0x62d836b398f7 - std::panic::catch_unwind::h5afd514605fde46b
[INFO] [stdout]                                at /rustc/df4ca44d3fbc9301ee17f30f4d474e6ae4b05252/library/std/src/panic.rs:358:14
[INFO] [stdout]   66:     0x62d836b398f7 - test::run_test_in_process::h0d5cbfa7067d1720
[INFO] [stdout]                                at /rustc/df4ca44d3fbc9301ee17f30f4d474e6ae4b05252/library/test/src/lib.rs:644:27
[INFO] [stdout]   67:     0x62d836b398f7 - test::run_test::{{closure}}::h708eb8872708115d
[INFO] [stdout]                                at /rustc/df4ca44d3fbc9301ee17f30f4d474e6ae4b05252/library/test/src/lib.rs:565:43
[INFO] [stdout]   68:     0x62d836afd014 - test::run_test::{{closure}}::h392c51cee94713ab
[INFO] [stdout]                                at /rustc/df4ca44d3fbc9301ee17f30f4d474e6ae4b05252/library/test/src/lib.rs:595:41
[INFO] [stdout]   69:     0x62d836afd014 - std::sys::backtrace::__rust_begin_short_backtrace::h2f40290710935a8b
[INFO] [stdout]                                at /rustc/df4ca44d3fbc9301ee17f30f4d474e6ae4b05252/library/std/src/sys/backtrace.rs:154:18
[INFO] [stdout]   70:     0x62d836b007be - std::thread::Builder::spawn_unchecked_::{{closure}}::{{closure}}::h3fd968d89053a903
[INFO] [stdout]                                at /rustc/df4ca44d3fbc9301ee17f30f4d474e6ae4b05252/library/std/src/thread/mod.rs:541:17
[INFO] [stdout]   71:     0x62d836b007be - <core::panic::unwind_safe::AssertUnwindSafe<F> as core::ops::function::FnOnce<()>>::call_once::h743f637ba4229880
[INFO] [stdout]                                at /rustc/df4ca44d3fbc9301ee17f30f4d474e6ae4b05252/library/core/src/panic/unwind_safe.rs:272:9
[INFO] [stdout]   72:     0x62d836b007be - std::panicking::try::do_call::h07440897322525a6
[INFO] [stdout]                                at /rustc/df4ca44d3fbc9301ee17f30f4d474e6ae4b05252/library/std/src/panicking.rs:557:40
[INFO] [stdout]   73:     0x62d836b007be - std::panicking::try::he5a2e00188156637
[INFO] [stdout]                                at /rustc/df4ca44d3fbc9301ee17f30f4d474e6ae4b05252/library/std/src/panicking.rs:520:19
[INFO] [stdout]   74:     0x62d836b007be - std::panic::catch_unwind::hbaf3cae49b3c6433
[INFO] [stdout]                                at /rustc/df4ca44d3fbc9301ee17f30f4d474e6ae4b05252/library/std/src/panic.rs:358:14
[INFO] [stdout]   75:     0x62d836b007be - std::thread::Builder::spawn_unchecked_::{{closure}}::h8e141ea224820bce
[INFO] [stdout]                                at /rustc/df4ca44d3fbc9301ee17f30f4d474e6ae4b05252/library/std/src/thread/mod.rs:540:30
[INFO] [stdout]   76:     0x62d836b007be - core::ops::function::FnOnce::call_once{{vtable.shim}}::h90d312fedd7b8ea8
[INFO] [stdout]                                at /rustc/df4ca44d3fbc9301ee17f30f4d474e6ae4b05252/library/core/src/ops/function.rs:250:5
[INFO] [stdout]   77:     0x62d836b76deb - <alloc::boxed::Box<F,A> as core::ops::function::FnOnce<Args>>::call_once::h69aa08ddb6adb8b6
[INFO] [stdout]                                at /rustc/df4ca44d3fbc9301ee17f30f4d474e6ae4b05252/library/alloc/src/boxed.rs:2454:9
[INFO] [stdout]   78:     0x62d836b76deb - <alloc::boxed::Box<F,A> as core::ops::function::FnOnce<Args>>::call_once::h5aa36efdb79c806f
[INFO] [stdout]                                at /rustc/df4ca44d3fbc9301ee17f30f4d474e6ae4b05252/library/alloc/src/boxed.rs:2454:9
[INFO] [stdout]   79:     0x62d836b76deb - std::sys::pal::unix::thread::Thread::new::thread_start::h6cd80a1b4be5158d
[INFO] [stdout]                                at /rustc/df4ca44d3fbc9301ee17f30f4d474e6ae4b05252/library/std/src/sys/pal/unix/thread.rs:105:17
[INFO] [stdout]   80:     0x797b45063ac3 - <unknown>
[INFO] [stdout]   81:     0x797b450f4a04 - clone
[INFO] [stdout]   82:                0x0 - <unknown>
[INFO] [stdout] thread 'rwlock::tests_::cancelling_enqueued_reader_should_wake_following_queued_writer' panicked at src/rwlock/tests_.rs:492:44:
[INFO] [stdout] called `Result::unwrap()` on an `Err` value: RecvError
[INFO] [stdout] stack backtrace:
[INFO] [stdout]    0:     0x62d836b711da - std::backtrace_rs::backtrace::libunwind::trace::h207520d6e9873551
[INFO] [stdout]                                at /rustc/df4ca44d3fbc9301ee17f30f4d474e6ae4b05252/library/std/src/../../backtrace/src/backtrace/libunwind.rs:116:5
[INFO] [stdout]    1:     0x62d836b711da - std::backtrace_rs::backtrace::trace_unsynchronized::h2ed7433f370e3eca
[INFO] [stdout]                                at /rustc/df4ca44d3fbc9301ee17f30f4d474e6ae4b05252/library/std/src/../../backtrace/src/backtrace/mod.rs:66:5
[INFO] [stdout]    2:     0x62d836b711da - std::sys::backtrace::_print_fmt::h916fac51166b18d7
[INFO] [stdout]                                at /rustc/df4ca44d3fbc9301ee17f30f4d474e6ae4b05252/library/std/src/sys/backtrace.rs:66:9
[INFO] [stdout]    3:     0x62d836b711da - <std::sys::backtrace::BacktraceLock::print::DisplayBacktrace as core::fmt::Display>::fmt::ha0a4c9b8ce3802e6
[INFO] [stdout]                                at /rustc/df4ca44d3fbc9301ee17f30f4d474e6ae4b05252/library/std/src/sys/backtrace.rs:39:26
[INFO] [stdout]    4:     0x62d836b98733 - core::fmt::rt::Argument::fmt::h4cfc8587d52b3eb5
[INFO] [stdout]                                at /rustc/df4ca44d3fbc9301ee17f30f4d474e6ae4b05252/library/core/src/fmt/rt.rs:177:76
[INFO] [stdout]    5:     0x62d836b98733 - core::fmt::write::h522cc39e5b36ae9f
[INFO] [stdout]                                at /rustc/df4ca44d3fbc9301ee17f30f4d474e6ae4b05252/library/core/src/fmt/mod.rs:1190:21
[INFO] [stdout]    6:     0x62d836b6dc33 - std::io::Write::write_fmt::h7d3c26752da97734
[INFO] [stdout]                                at /rustc/df4ca44d3fbc9301ee17f30f4d474e6ae4b05252/library/std/src/io/mod.rs:1839:15
[INFO] [stdout]    7:     0x62d836b71022 - std::sys::backtrace::BacktraceLock::print::h4b9e00b29e9c0942
[INFO] [stdout]                                at /rustc/df4ca44d3fbc9301ee17f30f4d474e6ae4b05252/library/std/src/sys/backtrace.rs:42:9
[INFO] [stdout]    8:     0x62d836b7266a - std::panicking::default_hook::{{closure}}::hb59b88280d0324d9
[INFO] [stdout]                                at /rustc/df4ca44d3fbc9301ee17f30f4d474e6ae4b05252/library/std/src/panicking.rs:268:22
[INFO] [stdout]    9:     0x62d836b72474 - std::panicking::default_hook::he1dd496665be4a29
[INFO] [stdout]                                at /rustc/df4ca44d3fbc9301ee17f30f4d474e6ae4b05252/library/std/src/panicking.rs:292:9
[INFO] [stdout]   10:     0x62d836b356a9 - <alloc::boxed::Box<F,A> as core::ops::function::Fn<Args>>::call::h4ff71de18744e1dc
[INFO] [stdout]                                at /rustc/df4ca44d3fbc9301ee17f30f4d474e6ae4b05252/library/alloc/src/boxed.rs:2468:9
[INFO] [stdout]   11:     0x62d836b356a9 - test::test_main::{{closure}}::hcf7c055ce117aa81
[INFO] [stdout]                                at /rustc/df4ca44d3fbc9301ee17f30f4d474e6ae4b05252/library/test/src/lib.rs:133:21
[INFO] [stdout]   12:     0x62d836b72d68 - <alloc::boxed::Box<F,A> as core::ops::function::Fn<Args>>::call::h1d66c6bbd60c9692
[INFO] [stdout]                                at /rustc/df4ca44d3fbc9301ee17f30f4d474e6ae4b05252/library/alloc/src/boxed.rs:2468:9
[INFO] [stdout]   13:     0x62d836b72d68 - std::panicking::rust_panic_with_hook::h2ff17fe8f26dfcf8
[INFO] [stdout]                                at /rustc/df4ca44d3fbc9301ee17f30f4d474e6ae4b05252/library/std/src/panicking.rs:809:13
[INFO] [stdout]   14:     0x62d836b72b2a - std::panicking::begin_panic_handler::{{closure}}::h4fad77951c07e101
[INFO] [stdout]                                at /rustc/df4ca44d3fbc9301ee17f30f4d474e6ae4b05252/library/std/src/panicking.rs:674:13
[INFO] [stdout]   15:     0x62d836b716b9 - std::sys::backtrace::__rust_end_short_backtrace::hb1a25b3da5d0ea08
[INFO] [stdout]                                at /rustc/df4ca44d3fbc9301ee17f30f4d474e6ae4b05252/library/std/src/sys/backtrace.rs:170:18
[INFO] [stdout]   16:     0x62d836b727bc - rust_begin_unwind
[INFO] [stdout]                                at /rustc/df4ca44d3fbc9301ee17f30f4d474e6ae4b05252/library/std/src/panicking.rs:665:5
[INFO] [stdout]   17:     0x62d836b96d00 - core::panicking::panic_fmt::ha9db07b529f9b256
[INFO] [stdout]                                at /rustc/df4ca44d3fbc9301ee17f30f4d474e6ae4b05252/library/core/src/panicking.rs:75:14
[INFO] [stdout]   18:     0x62d836b971e6 - core::result::unwrap_failed::h5e8218e4d4338b8a
[INFO] [stdout]                                at /rustc/df4ca44d3fbc9301ee17f30f4d474e6ae4b05252/library/core/src/result.rs:1698:5
[INFO] [stdout]   19:     0x62d83673a0dc - core::result::Result<T,E>::unwrap::h38ae1670a20c744c
[INFO] [stdout]                                at /rustc/df4ca44d3fbc9301ee17f30f4d474e6ae4b05252/library/core/src/result.rs:1103:23
[INFO] [stdout]   20:     0x62d83673a0dc - asyncex::rwlock::tests_::cancelling_enqueued_reader_should_wake_following_queued_writer::{{closure}}::hb05e405d28bbb05b
[INFO] [stdout]                                at /opt/rustwide/workdir/src/rwlock/tests_.rs:492:13
[INFO] [stdout]   21:     0x62d836750b52 - <core::pin::Pin<P> as core::future::future::Future>::poll::h746a11d376dfecd0
[INFO] [stdout]                                at /rustc/df4ca44d3fbc9301ee17f30f4d474e6ae4b05252/library/core/src/future/future.rs:123:9
[INFO] [stdout]   22:     0x62d836750d4d - <core::pin::Pin<P> as core::future::future::Future>::poll::hef5a47bde01b39b1
[INFO] [stdout]                                at /rustc/df4ca44d3fbc9301ee17f30f4d474e6ae4b05252/library/core/src/future/future.rs:123:9
[INFO] [stdout]   23:     0x62d836762b5f - tokio::runtime::scheduler::current_thread::CoreGuard::block_on::{{closure}}::{{closure}}::{{closure}}::h664bcbe355c1fb42
[INFO] [stdout]                                at /opt/rustwide/cargo-home/registry/src/index.crates.io-6f17d22bba15001f/tokio-1.41.0/src/runtime/scheduler/current_thread/mod.rs:729:57
[INFO] [stdout]   24:     0x62d836762aa5 - tokio::runtime::coop::with_budget::hfc529a607e336e8e
[INFO] [stdout]                                at /opt/rustwide/cargo-home/registry/src/index.crates.io-6f17d22bba15001f/tokio-1.41.0/src/runtime/coop.rs:107:5
[INFO] [stdout]   25:     0x62d836762aa5 - tokio::runtime::coop::budget::hd7dc1aefb9527677
[INFO] [stdout]                                at /opt/rustwide/cargo-home/registry/src/index.crates.io-6f17d22bba15001f/tokio-1.41.0/src/runtime/coop.rs:73:5
[INFO] [stdout]   26:     0x62d836762aa5 - tokio::runtime::scheduler::current_thread::CoreGuard::block_on::{{closure}}::{{closure}}::heda4dd81444a80b7
[INFO] [stdout]                                at /opt/rustwide/cargo-home/registry/src/index.crates.io-6f17d22bba15001f/tokio-1.41.0/src/runtime/scheduler/current_thread/mod.rs:729:25
[INFO] [stdout]   27:     0x62d8367603f0 - tokio::runtime::scheduler::current_thread::Context::enter::hefd8a691c7fe6b52
[INFO] [stdout]                                at /opt/rustwide/cargo-home/registry/src/index.crates.io-6f17d22bba15001f/tokio-1.41.0/src/runtime/scheduler/current_thread/mod.rs:428:19
[INFO] [stdout]   28:     0x62d8367618ae - tokio::runtime::scheduler::current_thread::CoreGuard::block_on::{{closure}}::h3e929264db22d57a
[INFO] [stdout]                                at /opt/rustwide/cargo-home/registry/src/index.crates.io-6f17d22bba15001f/tokio-1.41.0/src/runtime/scheduler/current_thread/mod.rs:728:36
[INFO] [stdout]   29:     0x62d8367615c4 - tokio::runtime::scheduler::current_thread::CoreGuard::enter::{{closure}}::hd86e9c15a0fe25d7
[INFO] [stdout]                                at /opt/rustwide/cargo-home/registry/src/index.crates.io-6f17d22bba15001f/tokio-1.41.0/src/runtime/scheduler/current_thread/mod.rs:807:68
[INFO] [stdout]   30:     0x62d8367b2ddb - tokio::runtime::context::scoped::Scoped<T>::set::ha86fbbdf1148634a
[INFO] [stdout]                                at /opt/rustwide/cargo-home/registry/src/index.crates.io-6f17d22bba15001f/tokio-1.41.0/src/runtime/context/scoped.rs:40:9
[INFO] [stdout]   31:     0x62d8367abe19 - tokio::runtime::context::set_scheduler::{{closure}}::hd769d88785c58766
[INFO] [stdout]                                at /opt/rustwide/cargo-home/registry/src/index.crates.io-6f17d22bba15001f/tokio-1.41.0/src/runtime/context.rs:180:26
[INFO] [stdout]   32:     0x62d8367428fd - std::thread::local::LocalKey<T>::try_with::hff693c22277bdcae
[INFO] [stdout]                                at /rustc/df4ca44d3fbc9301ee17f30f4d474e6ae4b05252/library/std/src/thread/local.rs:283:12
[INFO] [stdout]   33:     0x62d83673feaa - std::thread::local::LocalKey<T>::with::h8846d660d64ea7de
[INFO] [stdout]                                at /rustc/df4ca44d3fbc9301ee17f30f4d474e6ae4b05252/library/std/src/thread/local.rs:260:9
[INFO] [stderr] error: test failed, to rerun pass `--lib`
[INFO] [stdout]   34:     0x62d8367abdcd - tokio::runtime::context::set_scheduler::hcfa9c14440d82d0b
[INFO] [stdout]                                at /opt/rustwide/cargo-home/registry/src/index.crates.io-6f17d22bba15001f/tokio-1.41.0/src/runtime/context.rs:180:9
[INFO] [stdout]   35:     0x62d836761350 - tokio::runtime::scheduler::current_thread::CoreGuard::enter::hf825de7c0d669168
[INFO] [stdout]                                at /opt/rustwide/cargo-home/registry/src/index.crates.io-6f17d22bba15001f/tokio-1.41.0/src/runtime/scheduler/current_thread/mod.rs:807:27
[INFO] [stdout]   36:     0x62d836761643 - tokio::runtime::scheduler::current_thread::CoreGuard::block_on::h8f2f94009b6a01aa
[INFO] [stdout]                                at /opt/rustwide/cargo-home/registry/src/index.crates.io-6f17d22bba15001f/tokio-1.41.0/src/runtime/scheduler/current_thread/mod.rs:716:19
[INFO] [stdout]   37:     0x62d83675be2f - tokio::runtime::scheduler::current_thread::CurrentThread::block_on::{{closure}}::h5679f4f5a425370d
[INFO] [stdout]                                at /opt/rustwide/cargo-home/registry/src/index.crates.io-6f17d22bba15001f/tokio-1.41.0/src/runtime/scheduler/current_thread/mod.rs:196:28
[INFO] [stdout]   38:     0x62d8367307e6 - tokio::runtime::context::runtime::enter_runtime::h5ff61b3ae6771608
[INFO] [stdout]                                at /opt/rustwide/cargo-home/registry/src/index.crates.io-6f17d22bba15001f/tokio-1.41.0/src/runtime/context/runtime.rs:65:16
[INFO] [stdout]   39:     0x62d83675b721 - tokio::runtime::scheduler::current_thread::CurrentThread::block_on::h7be435202bca77f6
[INFO] [stdout]                                at /opt/rustwide/cargo-home/registry/src/index.crates.io-6f17d22bba15001f/tokio-1.41.0/src/runtime/scheduler/current_thread/mod.rs:184:9
[INFO] [stdout]   40:     0x62d8367315d3 - tokio::runtime::runtime::Runtime::block_on_inner::h069b365d4b36b84f
[INFO] [stdout]                                at /opt/rustwide/cargo-home/registry/src/index.crates.io-6f17d22bba15001f/tokio-1.41.0/src/runtime/runtime.rs:368:47
[INFO] [stdout]   41:     0x62d8367318d7 - tokio::runtime::runtime::Runtime::block_on::h1f7502965db77e42
[INFO] [stdout]                                at /opt/rustwide/cargo-home/registry/src/index.crates.io-6f17d22bba15001f/tokio-1.41.0/src/runtime/runtime.rs:342:13
[INFO] [stdout]   42:     0x62d836737dc1 - asyncex::rwlock::tests_::cancelling_enqueued_reader_should_wake_following_queued_writer::hc98da582fabafd3b
[INFO] [stdout]                                at /opt/rustwide/workdir/src/rwlock/tests_.rs:507:5
[INFO] [stdout]   43:     0x62d836737c67 - asyncex::rwlock::tests_::cancelling_enqueued_reader_should_wake_following_queued_writer::{{closure}}::h39dc8b013fb76721
[INFO] [stdout]                                at /opt/rustwide/workdir/src/rwlock/tests_.rs:336:74
[INFO] [stdout]   44:     0x62d836717476 - core::ops::function::FnOnce::call_once::h115cb783d467e3f9
[INFO] [stdout]                                at /rustc/df4ca44d3fbc9301ee17f30f4d474e6ae4b05252/library/core/src/ops/function.rs:250:5
[INFO] [stdout]   45:     0x62d836b39f7b - core::ops::function::FnOnce::call_once::h22c3ba5715e93f05
[INFO] [stdout]                                at /rustc/df4ca44d3fbc9301ee17f30f4d474e6ae4b05252/library/core/src/ops/function.rs:250:5
[INFO] [stdout]   46:     0x62d836b39f7b - test::__rust_begin_short_backtrace::h8e82d8113d0da17f
[INFO] [stdout]                                at /rustc/df4ca44d3fbc9301ee17f30f4d474e6ae4b05252/library/test/src/lib.rs:621:18
[INFO] [stdout]   47:     0x62d836b398f7 - test::run_test_in_process::{{closure}}::h33235f4f20b7b7c7
[INFO] [stdout]                                at /rustc/df4ca44d3fbc9301ee17f30f4d474e6ae4b05252/library/test/src/lib.rs:644:60
[INFO] [stdout]   48:     0x62d836b398f7 - <core::panic::unwind_safe::AssertUnwindSafe<F> as core::ops::function::FnOnce<()>>::call_once::hb5043206310c586f
[INFO] [stdout]                                at /rustc/df4ca44d3fbc9301ee17f30f4d474e6ae4b05252/library/core/src/panic/unwind_safe.rs:272:9
[INFO] [stdout]   49:     0x62d836b398f7 - std::panicking::try::do_call::h9ad4731a60ab23e2
[INFO] [stdout]                                at /rustc/df4ca44d3fbc9301ee17f30f4d474e6ae4b05252/library/std/src/panicking.rs:557:40
[INFO] [stdout]   50:     0x62d836b398f7 - std::panicking::try::h3824d23db772a716
[INFO] [stdout]                                at /rustc/df4ca44d3fbc9301ee17f30f4d474e6ae4b05252/library/std/src/panicking.rs:520:19
[INFO] [stdout]   51:     0x62d836b398f7 - std::panic::catch_unwind::h5afd514605fde46b
[INFO] [stdout]                                at /rustc/df4ca44d3fbc9301ee17f30f4d474e6ae4b05252/library/std/src/panic.rs:358:14
[INFO] [stdout]   52:     0x62d836b398f7 - test::run_test_in_process::h0d5cbfa7067d1720
[INFO] [stdout]                                at /rustc/df4ca44d3fbc9301ee17f30f4d474e6ae4b05252/library/test/src/lib.rs:644:27
[INFO] [stdout]   53:     0x62d836b398f7 - test::run_test::{{closure}}::h708eb8872708115d
[INFO] [stdout]                                at /rustc/df4ca44d3fbc9301ee17f30f4d474e6ae4b05252/library/test/src/lib.rs:565:43
[INFO] [stdout]   54:     0x62d836afd014 - test::run_test::{{closure}}::h392c51cee94713ab
[INFO] [stdout]                                at /rustc/df4ca44d3fbc9301ee17f30f4d474e6ae4b05252/library/test/src/lib.rs:595:41
[INFO] [stdout]   55:     0x62d836afd014 - std::sys::backtrace::__rust_begin_short_backtrace::h2f40290710935a8b
[INFO] [stdout]                                at /rustc/df4ca44d3fbc9301ee17f30f4d474e6ae4b05252/library/std/src/sys/backtrace.rs:154:18
[INFO] [stdout]   56:     0x62d836b007be - std::thread::Builder::spawn_unchecked_::{{closure}}::{{closure}}::h3fd968d89053a903
[INFO] [stdout]                                at /rustc/df4ca44d3fbc9301ee17f30f4d474e6ae4b05252/library/std/src/thread/mod.rs:541:17
[INFO] [stdout]   57:     0x62d836b007be - <core::panic::unwind_safe::AssertUnwindSafe<F> as core::ops::function::FnOnce<()>>::call_once::h743f637ba4229880
[INFO] [stdout]                                at /rustc/df4ca44d3fbc9301ee17f30f4d474e6ae4b05252/library/core/src/panic/unwind_safe.rs:272:9
[INFO] [stdout]   58:     0x62d836b007be - std::panicking::try::do_call::h07440897322525a6
[INFO] [stdout]                                at /rustc/df4ca44d3fbc9301ee17f30f4d474e6ae4b05252/library/std/src/panicking.rs:557:40
[INFO] [stdout]   59:     0x62d836b007be - std::panicking::try::he5a2e00188156637
[INFO] [stdout]                                at /rustc/df4ca44d3fbc9301ee17f30f4d474e6ae4b05252/library/std/src/panicking.rs:520:19
[INFO] [stdout]   60:     0x62d836b007be - std::panic::catch_unwind::hbaf3cae49b3c6433
[INFO] [stdout]                                at /rustc/df4ca44d3fbc9301ee17f30f4d474e6ae4b05252/library/std/src/panic.rs:358:14
[INFO] [stdout]   61:     0x62d836b007be - std::thread::Builder::spawn_unchecked_::{{closure}}::h8e141ea224820bce
[INFO] [stdout]                                at /rustc/df4ca44d3fbc9301ee17f30f4d474e6ae4b05252/library/std/src/thread/mod.rs:540:30
[INFO] [stdout]   62:     0x62d836b007be - core::ops::function::FnOnce::call_once{{vtable.shim}}::h90d312fedd7b8ea8
[INFO] [stdout]                                at /rustc/df4ca44d3fbc9301ee17f30f4d474e6ae4b05252/library/core/src/ops/function.rs:250:5
[INFO] [stdout]   63:     0x62d836b76deb - <alloc::boxed::Box<F,A> as core::ops::function::FnOnce<Args>>::call_once::h69aa08ddb6adb8b6
[INFO] [stdout]                                at /rustc/df4ca44d3fbc9301ee17f30f4d474e6ae4b05252/library/alloc/src/boxed.rs:2454:9
[INFO] [stdout]   64:     0x62d836b76deb - <alloc::boxed::Box<F,A> as core::ops::function::FnOnce<Args>>::call_once::h5aa36efdb79c806f
[INFO] [stdout]                                at /rustc/df4ca44d3fbc9301ee17f30f4d474e6ae4b05252/library/alloc/src/boxed.rs:2454:9
[INFO] [stdout]   65:     0x62d836b76deb - std::sys::pal::unix::thread::Thread::new::thread_start::h6cd80a1b4be5158d
[INFO] [stdout]                                at /rustc/df4ca44d3fbc9301ee17f30f4d474e6ae4b05252/library/std/src/sys/pal/unix/thread.rs:105:17
[INFO] [stdout]   66:     0x797b45063ac3 - <unknown>
[INFO] [stdout]   67:     0x797b450f4a04 - clone
[INFO] [stdout]   68:                0x0 - <unknown>
[INFO] [stdout] thread 'rwlock::tests_::cancelling_enqueued_reader_should_wake_following_queued_writer' panicked at src/rwlock/impl_.rs:176:17:
[INFO] [stdout] internal error: entered unreachable code
[INFO] [stdout] stack backtrace:
[INFO] [stdout]    0:     0x62d836b711da - std::backtrace_rs::backtrace::libunwind::trace::h207520d6e9873551
[INFO] [stdout]                                at /rustc/df4ca44d3fbc9301ee17f30f4d474e6ae4b05252/library/std/src/../../backtrace/src/backtrace/libunwind.rs:116:5
[INFO] [stdout]    1:     0x62d836b711da - std::backtrace_rs::backtrace::trace_unsynchronized::h2ed7433f370e3eca
[INFO] [stdout]                                at /rustc/df4ca44d3fbc9301ee17f30f4d474e6ae4b05252/library/std/src/../../backtrace/src/backtrace/mod.rs:66:5
[INFO] [stdout]    2:     0x62d836b711da - std::sys::backtrace::_print_fmt::h916fac51166b18d7
[INFO] [stdout]                                at /rustc/df4ca44d3fbc9301ee17f30f4d474e6ae4b05252/library/std/src/sys/backtrace.rs:66:9
[INFO] [stdout]    3:     0x62d836b711da - <std::sys::backtrace::BacktraceLock::print::DisplayBacktrace as core::fmt::Display>::fmt::ha0a4c9b8ce3802e6
[INFO] [stdout]                                at /rustc/df4ca44d3fbc9301ee17f30f4d474e6ae4b05252/library/std/src/sys/backtrace.rs:39:26
[INFO] [stdout]    4:     0x62d836b98733 - core::fmt::rt::Argument::fmt::h4cfc8587d52b3eb5
[INFO] [stdout]                                at /rustc/df4ca44d3fbc9301ee17f30f4d474e6ae4b05252/library/core/src/fmt/rt.rs:177:76
[INFO] [stdout]    5:     0x62d836b98733 - core::fmt::write::h522cc39e5b36ae9f
[INFO] [stdout]                                at /rustc/df4ca44d3fbc9301ee17f30f4d474e6ae4b05252/library/core/src/fmt/mod.rs:1190:21
[INFO] [stdout]    6:     0x62d836b6dc33 - std::io::Write::write_fmt::h7d3c26752da97734
[INFO] [stdout]                                at /rustc/df4ca44d3fbc9301ee17f30f4d474e6ae4b05252/library/std/src/io/mod.rs:1839:15
[INFO] [stdout]    7:     0x62d836b71022 - std::sys::backtrace::BacktraceLock::print::h4b9e00b29e9c0942
[INFO] [stdout]                                at /rustc/df4ca44d3fbc9301ee17f30f4d474e6ae4b05252/library/std/src/sys/backtrace.rs:42:9
[INFO] [stdout]    8:     0x62d836b7266a - std::panicking::default_hook::{{closure}}::hb59b88280d0324d9
[INFO] [stdout]                                at /rustc/df4ca44d3fbc9301ee17f30f4d474e6ae4b05252/library/std/src/panicking.rs:268:22
[INFO] [stdout]    9:     0x62d836b72474 - std::panicking::default_hook::he1dd496665be4a29
[INFO] [stdout]                                at /rustc/df4ca44d3fbc9301ee17f30f4d474e6ae4b05252/library/std/src/panicking.rs:292:9
[INFO] [stdout]   10:     0x62d836b356a9 - <alloc::boxed::Box<F,A> as core::ops::function::Fn<Args>>::call::h4ff71de18744e1dc
[INFO] [stdout]                                at /rustc/df4ca44d3fbc9301ee17f30f4d474e6ae4b05252/library/alloc/src/boxed.rs:2468:9
[INFO] [stdout]   11:     0x62d836b356a9 - test::test_main::{{closure}}::hcf7c055ce117aa81
[INFO] [stdout]                                at /rustc/df4ca44d3fbc9301ee17f30f4d474e6ae4b05252/library/test/src/lib.rs:133:21
[INFO] [stdout]   12:     0x62d836b72d68 - <alloc::boxed::Box<F,A> as core::ops::function::Fn<Args>>::call::h1d66c6bbd60c9692
[INFO] [stdout]                                at /rustc/df4ca44d3fbc9301ee17f30f4d474e6ae4b05252/library/alloc/src/boxed.rs:2468:9
[INFO] [stdout]   13:     0x62d836b72d68 - std::panicking::rust_panic_with_hook::h2ff17fe8f26dfcf8
[INFO] [stdout]                                at /rustc/df4ca44d3fbc9301ee17f30f4d474e6ae4b05252/library/std/src/panicking.rs:809:13
[INFO] [stdout]   14:     0x62d836b72af6 - std::panicking::begin_panic_handler::{{closure}}::h4fad77951c07e101
[INFO] [stdout]                                at /rustc/df4ca44d3fbc9301ee17f30f4d474e6ae4b05252/library/std/src/panicking.rs:667:13
[INFO] [stdout]   15:     0x62d836b716b9 - std::sys::backtrace::__rust_end_short_backtrace::hb1a25b3da5d0ea08
[INFO] [stdout]                                at /rustc/df4ca44d3fbc9301ee17f30f4d474e6ae4b05252/library/std/src/sys/backtrace.rs:170:18
[INFO] [stdout]   16:     0x62d836b727bc - rust_begin_unwind
[INFO] [stdout]                                at /rustc/df4ca44d3fbc9301ee17f30f4d474e6ae4b05252/library/std/src/panicking.rs:665:5
[INFO] [stdout]   17:     0x62d836b96d00 - core::panicking::panic_fmt::ha9db07b529f9b256
[INFO] [stdout]                                at /rustc/df4ca44d3fbc9301ee17f30f4d474e6ae4b05252/library/core/src/panicking.rs:75:14
[INFO] [stdout]   18:     0x62d836b96d8c - core::panicking::panic::h993086813d94accc
[INFO] [stdout]                                at /rustc/df4ca44d3fbc9301ee17f30f4d474e6ae4b05252/library/core/src/panicking.rs:152:5
[INFO] [stdout]   19:     0x62d83675162c - asyncex::rwlock::impl_::RwLock<T,O>::wake_next_::h06211ea98a4a1aa4
[INFO] [stdout]                                at /opt/rustwide/workdir/src/rwlock/impl_.rs:176:17
[INFO] [stdout]   20:     0x62d836754134 - asyncex::rwlock::impl_::Acquire<T,O>::on_writer_guard_drop_::h63b373998e5cf296
[INFO] [stdout]                                at /opt/rustwide/workdir/src/rwlock/impl_.rs:519:13
[INFO] [stdout]   21:     0x62d836782ec2 - <asyncex::rwlock::writer_::WriterGuard<T,O> as core::ops::drop::Drop>::drop::h464cad1da61753f0
[INFO] [stdout]                                at /opt/rustwide/workdir/src/rwlock/writer_.rs:191:9
[INFO] [stdout]   22:     0x62d83671b18a - core::ptr::drop_in_place<asyncex::rwlock::writer_::WriterGuard<(),atomex::atomic_cell_::StrictOrderings>>::h096e38657a51fa73
[INFO] [stdout]                                at /rustc/df4ca44d3fbc9301ee17f30f4d474e6ae4b05252/library/core/src/ptr/mod.rs:521:1
[INFO] [stdout]   23:     0x62d83671ca65 - core::ptr::drop_in_place<asyncex::rwlock::tests_::cancelling_enqueued_reader_should_wake_following_queued_writer::{{closure}}::writer1_blocker_::{{closure}}>::h9ba9f9563c4a44db
[INFO] [stdout]                                at /opt/rustwide/workdir/src/rwlock/tests_.rs:365:5
[INFO] [stdout]   24:     0x62d83671d91a - core::ptr::drop_in_place<tokio::runtime::task::core::Stage<asyncex::rwlock::tests_::cancelling_enqueued_reader_should_wake_following_queued_writer::{{closure}}::writer1_blocker_::{{closure}}>>::h0695dfb8c4a2be8a
[INFO] [stdout]                                at /rustc/df4ca44d3fbc9301ee17f30f4d474e6ae4b05252/library/core/src/ptr/mod.rs:521:1
[INFO] [stdout]   25:     0x62d836715057 - tokio::runtime::task::core::Core<T,S>::set_stage::{{closure}}::hc72cfc10b99b364d
[INFO] [stdout]                                at /opt/rustwide/cargo-home/registry/src/index.crates.io-6f17d22bba15001f/tokio-1.41.0/src/runtime/task/core.rs:385:41
[INFO] [stdout]   26:     0x62d836711957 - tokio::loom::std::unsafe_cell::UnsafeCell<T>::with_mut::h8238ec9bd1a1bef9
[INFO] [stdout]                                at /opt/rustwide/cargo-home/registry/src/index.crates.io-6f17d22bba15001f/tokio-1.41.0/src/loom/std/unsafe_cell.rs:16:9
[INFO] [stdout]   27:     0x62d836711957 - tokio::runtime::task::core::Core<T,S>::set_stage::ha24d0ea08f675b5a
[INFO] [stdout]                                at /opt/rustwide/cargo-home/registry/src/index.crates.io-6f17d22bba15001f/tokio-1.41.0/src/runtime/task/core.rs:385:9
[INFO] [stdout]   28:     0x62d83670a4be - tokio::runtime::task::core::Core<T,S>::drop_future_or_output::h72ee7d5ac226688c
[INFO] [stdout]                                at /opt/rustwide/cargo-home/registry/src/index.crates.io-6f17d22bba15001f/tokio-1.41.0/src/runtime/task/core.rs:350:13
[INFO] [stdout]   29:     0x62d8366d794d - tokio::runtime::task::harness::cancel_task::{{closure}}::h5e94eb1377d6c7e2
[INFO] [stdout]                                at /opt/rustwide/cargo-home/registry/src/index.crates.io-6f17d22bba15001f/tokio-1.41.0/src/runtime/task/harness.rs:467:9
[INFO] [stdout]   30:     0x62d836717833 - core::ops::function::FnOnce::call_once::h1e132718317091a3
[INFO] [stdout]                                at /rustc/df4ca44d3fbc9301ee17f30f4d474e6ae4b05252/library/core/src/ops/function.rs:250:5
[INFO] [stdout]   31:     0x62d83677288e - <core::panic::unwind_safe::AssertUnwindSafe<F> as core::ops::function::FnOnce<()>>::call_once::h549842b30fb7e4a5
[INFO] [stdout]                                at /rustc/df4ca44d3fbc9301ee17f30f4d474e6ae4b05252/library/core/src/panic/unwind_safe.rs:272:9
[INFO] [stdout]   32:     0x62d836725e35 - std::panicking::try::do_call::h9e33a53ca66dd181
[INFO] [stdout]                                at /rustc/df4ca44d3fbc9301ee17f30f4d474e6ae4b05252/library/std/src/panicking.rs:557:40
[INFO] [stdout]   33:     0x62d8366fbceb - __rust_try
[INFO] [stdout]   34:     0x62d8366f8770 - std::panicking::try::hc29f8c22ef06d187
[INFO] [stdout]                                at /rustc/df4ca44d3fbc9301ee17f30f4d474e6ae4b05252/library/std/src/panicking.rs:520:19
[INFO] [stdout]   35:     0x62d8366f8770 - std::panic::catch_unwind::h9dc38a70672734a0
[INFO] [stdout]                                at /rustc/df4ca44d3fbc9301ee17f30f4d474e6ae4b05252/library/std/src/panic.rs:358:14
[INFO] [stdout]   36:     0x62d8366d68c3 - tokio::runtime::task::harness::cancel_task::h1abafacd2cf1e845
[INFO] [stdout]                                at /opt/rustwide/cargo-home/registry/src/index.crates.io-6f17d22bba15001f/tokio-1.41.0/src/runtime/task/harness.rs:466:15
[INFO] [stdout]   37:     0x62d8366f2945 - tokio::runtime::task::harness::Harness<T,S>::shutdown::h5ed8aca055fa2135
[INFO] [stdout]                                at /opt/rustwide/cargo-home/registry/src/index.crates.io-6f17d22bba15001f/tokio-1.41.0/src/runtime/task/harness.rs:248:9
[INFO] [stdout]   38:     0x62d8367a2fcb - tokio::runtime::task::raw::shutdown::hbc9d4debbec1d4bd
[INFO] [stdout]                                at /opt/rustwide/cargo-home/registry/src/index.crates.io-6f17d22bba15001f/tokio-1.41.0/src/runtime/task/raw.rs:311:5
[INFO] [stdout]   39:     0x62d836aab528 - tokio::runtime::task::raw::RawTask::shutdown::he14016a5fb8ae4b6
[INFO] [stdout]                                at /opt/rustwide/cargo-home/registry/src/index.crates.io-6f17d22bba15001f/tokio-1.41.0/src/runtime/task/raw.rs:235:18
[INFO] [stdout]   40:     0x62d836a707a2 - tokio::runtime::task::Task<S>::shutdown::h23d077af803d9ef0
[INFO] [stdout]                                at /opt/rustwide/cargo-home/registry/src/index.crates.io-6f17d22bba15001f/tokio-1.41.0/src/runtime/task/mod.rs:426:9
[INFO] [stdout]   41:     0x62d836ab7f07 - tokio::runtime::task::list::OwnedTasks<S>::close_and_shutdown_all::h498f462a3203e255
[INFO] [stdout]                                at /opt/rustwide/cargo-home/registry/src/index.crates.io-6f17d22bba15001f/tokio-1.41.0/src/runtime/task/list.rs:176:25
[INFO] [stdout]   42:     0x62d836aa7f90 - tokio::runtime::scheduler::current_thread::shutdown2::hf0d58d4fadf3db7c
[INFO] [stdout]                                at /opt/rustwide/cargo-home/registry/src/index.crates.io-6f17d22bba15001f/tokio-1.41.0/src/runtime/scheduler/current_thread/mod.rs:272:5
[INFO] [stdout]   43:     0x62d836aa7f14 - tokio::runtime::scheduler::current_thread::CurrentThread::shutdown::{{closure}}::h528b1537f0d43ebd
[INFO] [stdout]                                at /opt/rustwide/cargo-home/registry/src/index.crates.io-6f17d22bba15001f/tokio-1.41.0/src/runtime/scheduler/current_thread/mod.rs:252:28
[INFO] [stdout]   44:     0x62d836aaa1d4 - tokio::runtime::scheduler::current_thread::CoreGuard::enter::{{closure}}::h4876482ef9497b6f
[INFO] [stdout]                                at /opt/rustwide/cargo-home/registry/src/index.crates.io-6f17d22bba15001f/tokio-1.41.0/src/runtime/scheduler/current_thread/mod.rs:807:68
[INFO] [stdout]   45:     0x62d836acc129 - tokio::runtime::context::scoped::Scoped<T>::set::hc5e72ef750a756df
[INFO] [stdout]                                at /opt/rustwide/cargo-home/registry/src/index.crates.io-6f17d22bba15001f/tokio-1.41.0/src/runtime/context/scoped.rs:40:9
[INFO] [stdout]   46:     0x62d836abfa31 - tokio::runtime::context::set_scheduler::{{closure}}::h05c68eb34f3098ef
[INFO] [stdout]                                at /opt/rustwide/cargo-home/registry/src/index.crates.io-6f17d22bba15001f/tokio-1.41.0/src/runtime/context.rs:180:26
[INFO] [stdout]   47:     0x62d836a74e43 - std::thread::local::LocalKey<T>::try_with::h65d64631a05555d6
[INFO] [stdout]                                at /rustc/df4ca44d3fbc9301ee17f30f4d474e6ae4b05252/library/std/src/thread/local.rs:283:12
[INFO] [stdout]   48:     0x62d836a745bb - std::thread::local::LocalKey<T>::with::hb67e9209a5d86cd4
[INFO] [stdout]                                at /rustc/df4ca44d3fbc9301ee17f30f4d474e6ae4b05252/library/std/src/thread/local.rs:260:9
[INFO] [stdout]   49:     0x62d836abf9a7 - tokio::runtime::context::set_scheduler::h689cddf3dd12081f
[INFO] [stdout]                                at /opt/rustwide/cargo-home/registry/src/index.crates.io-6f17d22bba15001f/tokio-1.41.0/src/runtime/context.rs:180:9
[INFO] [stdout]   50:     0x62d836aa9fa5 - tokio::runtime::scheduler::current_thread::CoreGuard::enter::h1009f8f4562ce981
[INFO] [stdout]                                at /opt/rustwide/cargo-home/registry/src/index.crates.io-6f17d22bba15001f/tokio-1.41.0/src/runtime/scheduler/current_thread/mod.rs:807:27
[INFO] [stdout]   51:     0x62d836aa7adf - tokio::runtime::scheduler::current_thread::CurrentThread::shutdown::h244a7cf263e49a38
[INFO] [stdout]                                at /opt/rustwide/cargo-home/registry/src/index.crates.io-6f17d22bba15001f/tokio-1.41.0/src/runtime/scheduler/current_thread/mod.rs:251:13
[INFO] [stdout]   52:     0x62d836acd61a - <tokio::runtime::runtime::Runtime as core::ops::drop::Drop>::drop::hee1c85f4dfb8cd6b
[INFO] [stdout]                                at /opt/rustwide/cargo-home/registry/src/index.crates.io-6f17d22bba15001f/tokio-1.41.0/src/runtime/runtime.rs:495:17
[INFO] [stdout]   53:     0x62d836a95867 - core::ptr::drop_in_place<tokio::runtime::runtime::Runtime>::hcea1b8417e189954
[INFO] [stdout]                                at /rustc/df4ca44d3fbc9301ee17f30f4d474e6ae4b05252/library/core/src/ptr/mod.rs:521:1
[INFO] [stdout]   54:     0x62d836737dd4 - asyncex::rwlock::tests_::cancelling_enqueued_reader_should_wake_following_queued_writer::hc98da582fabafd3b
[INFO] [stdout]                                at /opt/rustwide/workdir/src/rwlock/tests_.rs:507:35
[INFO] [stdout]   55:     0x62d836737c67 - asyncex::rwlock::tests_::cancelling_enqueued_reader_should_wake_following_queued_writer::{{closure}}::h39dc8b013fb76721
[INFO] [stdout]                                at /opt/rustwide/workdir/src/rwlock/tests_.rs:336:74
[INFO] [stdout]   56:     0x62d836717476 - core::ops::function::FnOnce::call_once::h115cb783d467e3f9
[INFO] [stdout]                                at /rustc/df4ca44d3fbc9301ee17f30f4d474e6ae4b05252/library/core/src/ops/function.rs:250:5
[INFO] [stdout]   57:     0x62d836b39f7b - core::ops::function::FnOnce::call_once::h22c3ba5715e93f05
[INFO] [stdout]                                at /rustc/df4ca44d3fbc9301ee17f30f4d474e6ae4b05252/library/core/src/ops/function.rs:250:5
[INFO] [stdout]   58:     0x62d836b39f7b - test::__rust_begin_short_backtrace::h8e82d8113d0da17f
[INFO] [stdout]                                at /rustc/df4ca44d3fbc9301ee17f30f4d474e6ae4b05252/library/test/src/lib.rs:621:18
[INFO] [stdout]   59:     0x62d836b398f7 - test::run_test_in_process::{{closure}}::h33235f4f20b7b7c7
[INFO] [stdout]                                at /rustc/df4ca44d3fbc9301ee17f30f4d474e6ae4b05252/library/test/src/lib.rs:644:60
[INFO] [stdout]   60:     0x62d836b398f7 - <core::panic::unwind_safe::AssertUnwindSafe<F> as core::ops::function::FnOnce<()>>::call_once::hb5043206310c586f
[INFO] [stdout]                                at /rustc/df4ca44d3fbc9301ee17f30f4d474e6ae4b05252/library/core/src/panic/unwind_safe.rs:272:9
[INFO] [stdout]   61:     0x62d836b398f7 - std::panicking::try::do_call::h9ad4731a60ab23e2
[INFO] [stdout]                                at /rustc/df4ca44d3fbc9301ee17f30f4d474e6ae4b05252/library/std/src/panicking.rs:557:40
[INFO] [stdout]   62:     0x62d836b398f7 - std::panicking::try::h3824d23db772a716
[INFO] [stdout]                                at /rustc/df4ca44d3fbc9301ee17f30f4d474e6ae4b05252/library/std/src/panicking.rs:520:19
[INFO] [stdout]   63:     0x62d836b398f7 - std::panic::catch_unwind::h5afd514605fde46b
[INFO] [stdout]                                at /rustc/df4ca44d3fbc9301ee17f30f4d474e6ae4b05252/library/std/src/panic.rs:358:14
[INFO] [stdout]   64:     0x62d836b398f7 - test::run_test_in_process::h0d5cbfa7067d1720
[INFO] [stdout]                                at /rustc/df4ca44d3fbc9301ee17f30f4d474e6ae4b05252/library/test/src/lib.rs:644:27
[INFO] [stdout]   65:     0x62d836b398f7 - test::run_test::{{closure}}::h708eb8872708115d
[INFO] [stdout]                                at /rustc/df4ca44d3fbc9301ee17f30f4d474e6ae4b05252/library/test/src/lib.rs:565:43
[INFO] [stdout]   66:     0x62d836afd014 - test::run_test::{{closure}}::h392c51cee94713ab
[INFO] [stdout]                                at /rustc/df4ca44d3fbc9301ee17f30f4d474e6ae4b05252/library/test/src/lib.rs:595:41
[INFO] [stdout]   67:     0x62d836afd014 - std::sys::backtrace::__rust_begin_short_backtrace::h2f40290710935a8b
[INFO] [stdout]                                at /rustc/df4ca44d3fbc9301ee17f30f4d474e6ae4b05252/library/std/src/sys/backtrace.rs:154:18
[INFO] [stdout]   68:     0x62d836b007be - std::thread::Builder::spawn_unchecked_::{{closure}}::{{closure}}::h3fd968d89053a903
[INFO] [stdout]                                at /rustc/df4ca44d3fbc9301ee17f30f4d474e6ae4b05252/library/std/src/thread/mod.rs:541:17
[INFO] [stdout]   69:     0x62d836b007be - <core::panic::unwind_safe::AssertUnwindSafe<F> as core::ops::function::FnOnce<()>>::call_once::h743f637ba4229880
[INFO] [stdout]                                at /rustc/df4ca44d3fbc9301ee17f30f4d474e6ae4b05252/library/core/src/panic/unwind_safe.rs:272:9
[INFO] [stdout]   70:     0x62d836b007be - std::panicking::try::do_call::h07440897322525a6
[INFO] [stdout]                                at /rustc/df4ca44d3fbc9301ee17f30f4d474e6ae4b05252/library/std/src/panicking.rs:557:40
[INFO] [stdout]   71:     0x62d836b007be - std::panicking::try::he5a2e00188156637
[INFO] [stdout]                                at /rustc/df4ca44d3fbc9301ee17f30f4d474e6ae4b05252/library/std/src/panicking.rs:520:19
[INFO] [stdout]   72:     0x62d836b007be - std::panic::catch_unwind::hbaf3cae49b3c6433
[INFO] [stdout]                                at /rustc/df4ca44d3fbc9301ee17f30f4d474e6ae4b05252/library/std/src/panic.rs:358:14
[INFO] [stdout]   73:     0x62d836b007be - std::thread::Builder::spawn_unchecked_::{{closure}}::h8e141ea224820bce
[INFO] [stdout]                                at /rustc/df4ca44d3fbc9301ee17f30f4d474e6ae4b05252/library/std/src/thread/mod.rs:540:30
[INFO] [stdout]   74:     0x62d836b007be - core::ops::function::FnOnce::call_once{{vtable.shim}}::h90d312fedd7b8ea8
[INFO] [stdout]                                at /rustc/df4ca44d3fbc9301ee17f30f4d474e6ae4b05252/library/core/src/ops/function.rs:250:5
[INFO] [stdout]   75:     0x62d836b76deb - <alloc::boxed::Box<F,A> as core::ops::function::FnOnce<Args>>::call_once::h69aa08ddb6adb8b6
[INFO] [stdout]                                at /rustc/df4ca44d3fbc9301ee17f30f4d474e6ae4b05252/library/alloc/src/boxed.rs:2454:9
[INFO] [stdout]   76:     0x62d836b76deb - <alloc::boxed::Box<F,A> as core::ops::function::FnOnce<Args>>::call_once::h5aa36efdb79c806f
[INFO] [stdout]                                at /rustc/df4ca44d3fbc9301ee17f30f4d474e6ae4b05252/library/alloc/src/boxed.rs:2454:9
[INFO] [stdout]   77:     0x62d836b76deb - std::sys::pal::unix::thread::Thread::new::thread_start::h6cd80a1b4be5158d
[INFO] [stdout]                                at /rustc/df4ca44d3fbc9301ee17f30f4d474e6ae4b05252/library/std/src/sys/pal/unix/thread.rs:105:17
[INFO] [stdout]   78:     0x797b45063ac3 - <unknown>
[INFO] [stdout]   79:     0x797b450f4a04 - clone
[INFO] [stdout]   80:                0x0 - <unknown>
[INFO] [stdout] 
[INFO] [stdout] 
[INFO] [stdout] failures:
[INFO] [stdout]     rwlock::contexts_::tests_::ctx_smoke
[INFO] [stdout]     rwlock::tests_::cancelling_enqueued_reader_should_wake_following_queued_writer
[INFO] [stdout]     rwlock::tests_::writer_guard_downgrade_to_reader_guard_should_work
[INFO] [stdout]     rwlock::tests_::writer_guard_downgrade_to_upgradable_should_work
[INFO] [stdout] 
[INFO] [stdout] test result: FAILED. 23 passed; 4 failed; 0 ignored; 0 measured; 0 filtered out; finished in 2.01s
[INFO] [stdout] 
[INFO] running `Command { std: "docker" "inspect" "7bdf4905be263c2b20a3a33139ee007916f5ad8c7d02b29d339e3c257ce81a90", kill_on_drop: false }`
[INFO] running `Command { std: "docker" "rm" "-f" "7bdf4905be263c2b20a3a33139ee007916f5ad8c7d02b29d339e3c257ce81a90", kill_on_drop: false }`
[INFO] [stdout] 7bdf4905be263c2b20a3a33139ee007916f5ad8c7d02b29d339e3c257ce81a90
