[INFO] fetching crate async-transmit 0.3.4...
[INFO] testing async-transmit-0.3.4 against nightly-2024-10-28+rustflags=-Zrandomize-layout for randomize-layout
[INFO] extracting crate async-transmit 0.3.4 into /workspace/builds/worker-4-tc2/source
[INFO] validating manifest of crates.io crate async-transmit 0.3.4 on toolchain nightly-2024-10-28
[INFO] running `Command { std: CARGO_HOME="/workspace/cargo-home" RUSTUP_HOME="/workspace/rustup-home" "/workspace/cargo-home/bin/cargo" "+nightly-2024-10-28" "metadata" "--manifest-path" "Cargo.toml" "--no-deps", kill_on_drop: false }`
[INFO] started tweaking crates.io crate async-transmit 0.3.4
[INFO] finished tweaking crates.io crate async-transmit 0.3.4
[INFO] tweaked toml for crates.io crate async-transmit 0.3.4 written to /workspace/builds/worker-4-tc2/source/Cargo.toml
[INFO] running `Command { std: CARGO_HOME="/workspace/cargo-home" RUSTUP_HOME="/workspace/rustup-home" "/workspace/cargo-home/bin/cargo" "+nightly-2024-10-28" "generate-lockfile" "--manifest-path" "Cargo.toml", kill_on_drop: false }`
[INFO] [stderr]     Updating crates.io index
[INFO] [stderr]      Locking 48 packages to latest compatible versions
[INFO] running `Command { std: CARGO_HOME="/workspace/cargo-home" RUSTUP_HOME="/workspace/rustup-home" "/workspace/cargo-home/bin/cargo" "+nightly-2024-10-28" "fetch" "--manifest-path" "Cargo.toml", kill_on_drop: false }`
[INFO] running `Command { std: "docker" "create" "-v" "/var/lib/crater-agent-workspace/builds/worker-4-tc2/target:/opt/rustwide/target:rw,Z" "-v" "/var/lib/crater-agent-workspace/builds/worker-4-tc2/source:/opt/rustwide/workdir:ro,Z" "-v" "/var/lib/crater-agent-workspace/cargo-home:/opt/rustwide/cargo-home:ro,Z" "-v" "/var/lib/crater-agent-workspace/rustup-home:/opt/rustwide/rustup-home:ro,Z" "-e" "SOURCE_DIR=/opt/rustwide/workdir" "-e" "CARGO_TARGET_DIR=/opt/rustwide/target" "-e" "CARGO_HOME=/opt/rustwide/cargo-home" "-e" "RUSTUP_HOME=/opt/rustwide/rustup-home" "-w" "/opt/rustwide/workdir" "-m" "1610612736" "--user" "0:0" "--network" "none" "ghcr.io/rust-lang/crates-build-env/linux@sha256:4a844ea9eb2546a2d2c7022eacef16ef2e8229c7fbb2c7d4d55a9ceca922f72d" "/opt/rustwide/cargo-home/bin/cargo" "+nightly-2024-10-28" "metadata" "--no-deps" "--format-version=1", kill_on_drop: false }`
[INFO] [stdout] 7bfcb50c2ada01f5c0d0d592dd7cbd9ab2cc9b3ea88d2ec33212e4936c873d8e
[INFO] running `Command { std: "docker" "start" "-a" "7bfcb50c2ada01f5c0d0d592dd7cbd9ab2cc9b3ea88d2ec33212e4936c873d8e", kill_on_drop: false }`
[INFO] running `Command { std: "docker" "inspect" "7bfcb50c2ada01f5c0d0d592dd7cbd9ab2cc9b3ea88d2ec33212e4936c873d8e", kill_on_drop: false }`
[INFO] running `Command { std: "docker" "rm" "-f" "7bfcb50c2ada01f5c0d0d592dd7cbd9ab2cc9b3ea88d2ec33212e4936c873d8e", kill_on_drop: false }`
[INFO] [stdout] 7bfcb50c2ada01f5c0d0d592dd7cbd9ab2cc9b3ea88d2ec33212e4936c873d8e
[INFO] running `Command { std: "docker" "create" "-v" "/var/lib/crater-agent-workspace/builds/worker-4-tc2/target:/opt/rustwide/target:rw,Z" "-v" "/var/lib/crater-agent-workspace/builds/worker-4-tc2/source:/opt/rustwide/workdir:ro,Z" "-v" "/var/lib/crater-agent-workspace/cargo-home:/opt/rustwide/cargo-home:ro,Z" "-v" "/var/lib/crater-agent-workspace/rustup-home:/opt/rustwide/rustup-home:ro,Z" "-e" "SOURCE_DIR=/opt/rustwide/workdir" "-e" "CARGO_TARGET_DIR=/opt/rustwide/target" "-e" "CARGO_INCREMENTAL=0" "-e" "RUST_BACKTRACE=full" "-e" "RUSTFLAGS=--cap-lints=forbid -Zrandomize-layout" "-e" "RUSTDOCFLAGS=--cap-lints=forbid" "-e" "CARGO_HOME=/opt/rustwide/cargo-home" "-e" "RUSTUP_HOME=/opt/rustwide/rustup-home" "-w" "/opt/rustwide/workdir" "-m" "1610612736" "--user" "0:0" "--network" "none" "ghcr.io/rust-lang/crates-build-env/linux@sha256:4a844ea9eb2546a2d2c7022eacef16ef2e8229c7fbb2c7d4d55a9ceca922f72d" "/opt/rustwide/cargo-home/bin/cargo" "+nightly-2024-10-28" "build" "--frozen" "--message-format=json", kill_on_drop: false }`
[INFO] [stdout] 5accb9718100a93b7ca9bcd7b089f711a905484e3dd44f91b480383ca56efd87
[INFO] running `Command { std: "docker" "start" "-a" "5accb9718100a93b7ca9bcd7b089f711a905484e3dd44f91b480383ca56efd87", kill_on_drop: false }`
[INFO] [stderr]    Compiling proc-macro2 v1.0.89
[INFO] [stderr]    Compiling unicode-ident v1.0.13
[INFO] [stderr]    Compiling anyhow v1.0.92
[INFO] [stderr]    Compiling futures-core v0.3.31
[INFO] [stderr]    Compiling quote v1.0.37
[INFO] [stderr]    Compiling syn v2.0.86
[INFO] [stderr]    Compiling async-trait v0.1.83
[INFO] [stderr]    Compiling async-transmit v0.3.4 (/opt/rustwide/workdir)
[INFO] [stderr]     Finished `dev` profile [unoptimized + debuginfo] target(s) in 3.52s
[INFO] running `Command { std: "docker" "inspect" "5accb9718100a93b7ca9bcd7b089f711a905484e3dd44f91b480383ca56efd87", kill_on_drop: false }`
[INFO] running `Command { std: "docker" "rm" "-f" "5accb9718100a93b7ca9bcd7b089f711a905484e3dd44f91b480383ca56efd87", kill_on_drop: false }`
[INFO] [stdout] 5accb9718100a93b7ca9bcd7b089f711a905484e3dd44f91b480383ca56efd87
[INFO] running `Command { std: "docker" "create" "-v" "/var/lib/crater-agent-workspace/builds/worker-4-tc2/target:/opt/rustwide/target:rw,Z" "-v" "/var/lib/crater-agent-workspace/builds/worker-4-tc2/source:/opt/rustwide/workdir:ro,Z" "-v" "/var/lib/crater-agent-workspace/cargo-home:/opt/rustwide/cargo-home:ro,Z" "-v" "/var/lib/crater-agent-workspace/rustup-home:/opt/rustwide/rustup-home:ro,Z" "-e" "SOURCE_DIR=/opt/rustwide/workdir" "-e" "CARGO_TARGET_DIR=/opt/rustwide/target" "-e" "CARGO_INCREMENTAL=0" "-e" "RUST_BACKTRACE=full" "-e" "RUSTFLAGS=--cap-lints=forbid -Zrandomize-layout" "-e" "RUSTDOCFLAGS=--cap-lints=forbid" "-e" "CARGO_HOME=/opt/rustwide/cargo-home" "-e" "RUSTUP_HOME=/opt/rustwide/rustup-home" "-w" "/opt/rustwide/workdir" "-m" "1610612736" "--user" "0:0" "--network" "none" "ghcr.io/rust-lang/crates-build-env/linux@sha256:4a844ea9eb2546a2d2c7022eacef16ef2e8229c7fbb2c7d4d55a9ceca922f72d" "/opt/rustwide/cargo-home/bin/cargo" "+nightly-2024-10-28" "test" "--frozen" "--no-run" "--message-format=json", kill_on_drop: false }`
[INFO] [stdout] 29d9d6f02b7722bd31515c1c09e8fe623dc16d27fd7def600a93c5c00ad1193e
[INFO] running `Command { std: "docker" "start" "-a" "29d9d6f02b7722bd31515c1c09e8fe623dc16d27fd7def600a93c5c00ad1193e", kill_on_drop: false }`
[INFO] [stderr]    Compiling autocfg v1.4.0
[INFO] [stderr]    Compiling futures-sink v0.3.31
[INFO] [stderr]    Compiling syn v1.0.109
[INFO] [stderr]    Compiling pin-utils v0.1.0
[INFO] [stderr]    Compiling futures-task v0.3.31
[INFO] [stderr]    Compiling futures-io v0.3.31
[INFO] [stderr]    Compiling memchr v2.7.4
[INFO] [stderr]    Compiling pin-project-lite v0.2.15
[INFO] [stderr]    Compiling futures-macro v0.3.31
[INFO] [stderr]    Compiling futures-channel v0.3.31
[INFO] [stderr]    Compiling slab v0.4.9
[INFO] [stderr]    Compiling futures-util v0.3.31
[INFO] [stderr]    Compiling futures-await-test-macro v0.3.0
[INFO] [stderr]    Compiling futures-executor v0.3.31
[INFO] [stderr]    Compiling futures-await-test v0.3.0
[INFO] [stderr]    Compiling futures v0.3.31
[INFO] [stderr]    Compiling async-transmit v0.3.4 (/opt/rustwide/workdir)
[INFO] [stderr]     Finished `test` profile [unoptimized + debuginfo] target(s) in 3.51s
[INFO] running `Command { std: "docker" "inspect" "29d9d6f02b7722bd31515c1c09e8fe623dc16d27fd7def600a93c5c00ad1193e", kill_on_drop: false }`
[INFO] running `Command { std: "docker" "rm" "-f" "29d9d6f02b7722bd31515c1c09e8fe623dc16d27fd7def600a93c5c00ad1193e", kill_on_drop: false }`
[INFO] [stdout] 29d9d6f02b7722bd31515c1c09e8fe623dc16d27fd7def600a93c5c00ad1193e
[INFO] running `Command { std: "docker" "create" "-v" "/var/lib/crater-agent-workspace/builds/worker-4-tc2/target:/opt/rustwide/target:rw,Z" "-v" "/var/lib/crater-agent-workspace/builds/worker-4-tc2/source:/opt/rustwide/workdir:ro,Z" "-v" "/var/lib/crater-agent-workspace/cargo-home:/opt/rustwide/cargo-home:ro,Z" "-v" "/var/lib/crater-agent-workspace/rustup-home:/opt/rustwide/rustup-home:ro,Z" "-e" "SOURCE_DIR=/opt/rustwide/workdir" "-e" "CARGO_TARGET_DIR=/opt/rustwide/target" "-e" "CARGO_INCREMENTAL=0" "-e" "RUST_BACKTRACE=full" "-e" "RUSTFLAGS=--cap-lints=forbid -Zrandomize-layout" "-e" "RUSTDOCFLAGS=--cap-lints=forbid" "-e" "CARGO_HOME=/opt/rustwide/cargo-home" "-e" "RUSTUP_HOME=/opt/rustwide/rustup-home" "-w" "/opt/rustwide/workdir" "-m" "1610612736" "--user" "0:0" "--network" "none" "ghcr.io/rust-lang/crates-build-env/linux@sha256:4a844ea9eb2546a2d2c7022eacef16ef2e8229c7fbb2c7d4d55a9ceca922f72d" "/opt/rustwide/cargo-home/bin/cargo" "+nightly-2024-10-28" "test" "--frozen", kill_on_drop: false }`
[INFO] [stdout] 781e2ce4c8e40d40f1a8538efbd8d3c195430c74f73cf0cbb23c9657805d5c60
[INFO] running `Command { std: "docker" "start" "-a" "781e2ce4c8e40d40f1a8538efbd8d3c195430c74f73cf0cbb23c9657805d5c60", kill_on_drop: false }`
[INFO] [stderr]     Finished `test` profile [unoptimized + debuginfo] target(s) in 0.02s
[INFO] [stderr]      Running unittests src/lib.rs (/opt/rustwide/target/debug/deps/async_transmit-ae0eb03736dd6015)
[INFO] [stdout] 
[INFO] [stdout] running 3 tests
[INFO] [stdout] test transmit::tests::transmit_ext_with_is_transmit ... ok
[INFO] [stdout] test transmit::tests::transmit_mut_ref_ok ... ok
[INFO] [stdout] test transmit::tests::transmit_ext_transmit_map_err_is_transmit ... FAILED
[INFO] [stdout] 
[INFO] [stdout] failures:
[INFO] [stdout] 
[INFO] [stdout] ---- transmit::tests::transmit_ext_transmit_map_err_is_transmit stdout ----
[INFO] [stdout] thread 'transmit::tests::transmit_ext_transmit_map_err_is_transmit' panicked at src/transmit.rs:218:9:
[INFO] [stdout] assertion `left == right` failed
[INFO] [stdout]   left: "!!!Hello World!!!"
[INFO] [stdout]  right: "!!!Hello World!!!\n\nStack backtrace:\n   0: anyhow::error::<impl anyhow::Error>::msg\n             at /opt/rustwide/cargo-home/registry/src/index.crates.io-6f17d22bba15001f/anyhow-1.0.92/src/backtrace.rs:27:14\n   1: async_transmit::transmit::tests::_inner_transmit_ext_transmit_map_err_is_transmit::{{closure}}::{{closure}}\n             at ./src/transmit.rs:217:44\n   2: <async_transmit::transmit::transmit_map_err::TransmitMapErr<T,F> as async_transmit::transmit::Transmit>::transmit::{{closure}}::{{closure}}\n             at ./src/transmit/transmit_map_err.rs:56:26\n   3: core::result::Result<T,E>::map_err\n             at /rustc/df4ca44d3fbc9301ee17f30f4d474e6ae4b05252/library/core/src/result.rs:855:27\n   4: <async_transmit::transmit::transmit_map_err::TransmitMapErr<T,F> as async_transmit::transmit::Transmit>::transmit::{{closure}}\n             at ./src/transmit/transmit_map_err.rs:53:9\n   5: <core::pin::Pin<P> as core::future::future::Future>::poll\n             at /rustc/df4ca44d3fbc9301ee17f30f4d474e6ae4b05252/library/core/src/future/future.rs:123:9\n   6: async_transmit::transmit::tests::_inner_transmit_ext_transmit_map_err_is_transmit::{{closure}}\n             at ./src/transmit.rs:220:49\n   7: futures_executor::local_pool::LocalPool::run_until::{{closure}}\n             at /opt/rustwide/cargo-home/registry/src/index.crates.io-6f17d22bba15001f/futures-executor-0.3.31/src/local_pool.rs:163:30\n   8: futures_executor::local_pool::run_executor::{{closure}}\n             at /opt/rustwide/cargo-home/registry/src/index.crates.io-6f17d22bba15001f/futures-executor-0.3.31/src/local_pool.rs:90:37\n   9: std::thread::local::LocalKey<T>::try_with\n             at /rustc/df4ca44d3fbc9301ee17f30f4d474e6ae4b05252/library/std/src/thread/local.rs:283:12\n  10: std::thread::local::LocalKey<T>::with\n             at /rustc/df4ca44d3fbc9301ee17f30f4d474e6ae4b05252/library/std/src/thread/local.rs:260:9\n  11: futures_executor::local_pool::run_executor\n             at /opt/rustwide/cargo-home/registry/src/index.crates.io-6f17d22bba15001f/futures-executor-0.3.31/src/local_pool.rs:86:5\n  12: futures_executor::local_pool::LocalPool::run_until\n             at /opt/rustwide/cargo-home/registry/src/index.crates.io-6f17d22bba15001f/futures-executor-0.3.31/src/local_pool.rs:160:9\n  13: async_transmit::transmit::tests::transmit_ext_transmit_map_err_is_transmit\n             at ./src/transmit.rs:195:5\n  14: async_transmit::transmit::tests::transmit_ext_transmit_map_err_is_transmit::{{closure}}\n             at ./src/transmit.rs:196:61\n  15: core::ops::function::FnOnce::call_once\n             at /rustc/df4ca44d3fbc9301ee17f30f4d474e6ae4b05252/library/core/src/ops/function.rs:250:5\n  16: core::ops::function::FnOnce::call_once\n             at /rustc/df4ca44d3fbc9301ee17f30f4d474e6ae4b05252/library/core/src/ops/function.rs:250:5\n  17: test::__rust_begin_short_backtrace\n             at /rustc/df4ca44d3fbc9301ee17f30f4d474e6ae4b05252/library/test/src/lib.rs:621:18\n  18: test::run_test_in_process::{{closure}}\n             at /rustc/df4ca44d3fbc9301ee17f30f4d474e6ae4b05252/library/test/src/lib.rs:644:60\n  19: <core::panic::unwind_safe::AssertUnwindSafe<F> as core::ops::function::FnOnce<()>>::call_once\n             at /rustc/df4ca44d3fbc9301ee17f30f4d474e6ae4b05252/library/core/src/panic/unwind_safe.rs:272:9\n  20: std::panicking::try::do_call\n             at /rustc/df4ca44d3fbc9301ee17f30f4d474e6ae4b05252/library/std/src/panicking.rs:557:40\n  21: std::panicking::try\n             at /rustc/df4ca44d3fbc9301ee17f30f4d474e6ae4b05252/library/std/src/panicking.rs:520:19\n  22: std::panic::catch_unwind\n             at /rustc/df4ca44d3fbc9301ee17f30f4d474e6ae4b05252/library/std/src/panic.rs:358:14\n  23: test::run_test_in_process\n             at /rustc/df4ca44d3fbc9301ee17f30f4d474e6ae4b05252/library/test/src/lib.rs:644:27\n  24: test::run_test::{{closure}}\n             at /rustc/df4ca44d3fbc9301ee17f30f4d474e6ae4b05252/library/test/src/lib.rs:565:43\n  25: test::run_test::{{closure}}\n             at /rustc/df4ca44d3fbc9301ee17f30f4d474e6ae4b05252/library/test/src/lib.rs:595:41\n  26: std::sys::backtrace::__rust_begin_short_backtrace\n             at /rustc/df4ca44d3fbc9301ee17f30f4d474e6ae4b05252/library/std/src/sys/backtrace.rs:154:18\n  27: std::thread::Builder::spawn_unchecked_::{{closure}}::{{closure}}\n             at /rustc/df4ca44d3fbc9301ee17f30f4d474e6ae4b05252/library/std/src/thread/mod.rs:541:17\n  28: <core::panic::unwind_safe::AssertUnwindSafe<F> as core::ops::function::FnOnce<()>>::call_once\n             at /rustc/df4ca44d3fbc9301ee17f30f4d474e6ae4b05252/library/core/src/panic/unwind_safe.rs:272:9\n  29: std::panicking::try::do_call\n             at /rustc/df4ca44d3fbc9301ee17f30f4d474e6ae4b05252/library/std/src/panicking.rs:557:40\n  30: std::panicking::try\n             at /rustc/df4ca44d3fbc9301ee17f30f4d474e6ae4b05252/library/std/src/panicking.rs:520:19\n  31: std::panic::catch_unwind\n             at /rustc/df4ca44d3fbc9301ee17f30f4d474e6ae4b05252/library/std/src/panic.rs:358:14\n  32: std::thread::Builder::spawn_unchecked_::{{closure}}\n             at /rustc/df4ca44d3fbc9301ee17f30f4d474e6ae4b05252/library/std/src/thread/mod.rs:540:30\n  33: core::ops::function::FnOnce::call_once{{vtable.shim}}\n             at /rustc/df4ca44d3fbc9301ee17f30f4d474e6ae4b05252/library/core/src/ops/function.rs:250:5\n  34: <alloc::boxed::Box<F,A> as core::ops::function::FnOnce<Args>>::call_once\n             at /rustc/df4ca44d3fbc9301ee17f30f4d474e6ae4b05252/library/alloc/src/boxed.rs:2454:9\n  35: <alloc::boxed::Box<F,A> as core::ops::function::FnOnce<Args>>::call_once\n             at /rustc/df4ca44d3fbc9301ee17f30f4d474e6ae4b05252/library/alloc/src/boxed.rs:2454:9\n  36: std::sys::pal::unix::thread::Thread::new::thread_start\n             at /rustc/df4ca44d3fbc9301ee17f30f4d474e6ae4b05252/library/std/src/sys/pal/unix/thread.rs:105:17\n  37: <unknown>\n  38: clone"
[INFO] [stdout] stack backtrace:
[INFO] [stdout]    0:     0x586947e7c36a - std::backtrace_rs::backtrace::libunwind::trace::h207520d6e9873551
[INFO] [stdout]                                at /rustc/df4ca44d3fbc9301ee17f30f4d474e6ae4b05252/library/std/src/../../backtrace/src/backtrace/libunwind.rs:116:5
[INFO] [stdout]    1:     0x586947e7c36a - std::backtrace_rs::backtrace::trace_unsynchronized::h2ed7433f370e3eca
[INFO] [stdout]                                at /rustc/df4ca44d3fbc9301ee17f30f4d474e6ae4b05252/library/std/src/../../backtrace/src/backtrace/mod.rs:66:5
[INFO] [stdout]    2:     0x586947e7c36a - std::sys::backtrace::_print_fmt::h916fac51166b18d7
[INFO] [stdout]                                at /rustc/df4ca44d3fbc9301ee17f30f4d474e6ae4b05252/library/std/src/sys/backtrace.rs:66:9
[INFO] [stdout]    3:     0x586947e7c36a - <std::sys::backtrace::BacktraceLock::print::DisplayBacktrace as core::fmt::Display>::fmt::ha0a4c9b8ce3802e6
[INFO] [stdout]                                at /rustc/df4ca44d3fbc9301ee17f30f4d474e6ae4b05252/library/std/src/sys/backtrace.rs:39:26
[INFO] [stdout]    4:     0x586947ea29b3 - core::fmt::rt::Argument::fmt::h4cfc8587d52b3eb5
[INFO] [stdout]                                at /rustc/df4ca44d3fbc9301ee17f30f4d474e6ae4b05252/library/core/src/fmt/rt.rs:177:76
[INFO] [stdout]    5:     0x586947ea29b3 - core::fmt::write::h522cc39e5b36ae9f
[INFO] [stdout]                                at /rustc/df4ca44d3fbc9301ee17f30f4d474e6ae4b05252/library/core/src/fmt/mod.rs:1190:21
[INFO] [stdout]    6:     0x586947e78e03 - std::io::Write::write_fmt::h7d3c26752da97734
[INFO] [stdout]                                at /rustc/df4ca44d3fbc9301ee17f30f4d474e6ae4b05252/library/std/src/io/mod.rs:1839:15
[INFO] [stdout]    7:     0x586947e7c1b2 - std::sys::backtrace::BacktraceLock::print::h4b9e00b29e9c0942
[INFO] [stdout]                                at /rustc/df4ca44d3fbc9301ee17f30f4d474e6ae4b05252/library/std/src/sys/backtrace.rs:42:9
[INFO] [stdout]    8:     0x586947e7d7fa - std::panicking::default_hook::{{closure}}::hb59b88280d0324d9
[INFO] [stdout]                                at /rustc/df4ca44d3fbc9301ee17f30f4d474e6ae4b05252/library/std/src/panicking.rs:268:22
[INFO] [stdout]    9:     0x586947e7d604 - std::panicking::default_hook::he1dd496665be4a29
[INFO] [stdout]                                at /rustc/df4ca44d3fbc9301ee17f30f4d474e6ae4b05252/library/std/src/panicking.rs:292:9
[INFO] [stdout]   10:     0x586947e2e6e9 - <alloc::boxed::Box<F,A> as core::ops::function::Fn<Args>>::call::h4ff71de18744e1dc
[INFO] [stdout]                                at /rustc/df4ca44d3fbc9301ee17f30f4d474e6ae4b05252/library/alloc/src/boxed.rs:2468:9
[INFO] [stdout]   11:     0x586947e2e6e9 - test::test_main::{{closure}}::hcf7c055ce117aa81
[INFO] [stdout]                                at /rustc/df4ca44d3fbc9301ee17f30f4d474e6ae4b05252/library/test/src/lib.rs:133:21
[INFO] [stdout]   12:     0x586947e7def8 - <alloc::boxed::Box<F,A> as core::ops::function::Fn<Args>>::call::h1d66c6bbd60c9692
[INFO] [stdout]                                at /rustc/df4ca44d3fbc9301ee17f30f4d474e6ae4b05252/library/alloc/src/boxed.rs:2468:9
[INFO] [stdout]   13:     0x586947e7def8 - std::panicking::rust_panic_with_hook::h2ff17fe8f26dfcf8
[INFO] [stdout]                                at /rustc/df4ca44d3fbc9301ee17f30f4d474e6ae4b05252/library/std/src/panicking.rs:809:13
[INFO] [stdout]   14:     0x586947e7dcba - std::panicking::begin_panic_handler::{{closure}}::h4fad77951c07e101
[INFO] [stdout]                                at /rustc/df4ca44d3fbc9301ee17f30f4d474e6ae4b05252/library/std/src/panicking.rs:674:13
[INFO] [stdout]   15:     0x586947e7c849 - std::sys::backtrace::__rust_end_short_backtrace::hb1a25b3da5d0ea08
[INFO] [stdout]                                at /rustc/df4ca44d3fbc9301ee17f30f4d474e6ae4b05252/library/std/src/sys/backtrace.rs:170:18
[INFO] [stdout]   16:     0x586947e7d94c - rust_begin_unwind
[INFO] [stdout]                                at /rustc/df4ca44d3fbc9301ee17f30f4d474e6ae4b05252/library/std/src/panicking.rs:665:5
[INFO] [stdout]   17:     0x586947ea13b0 - core::panicking::panic_fmt::ha9db07b529f9b256
[INFO] [stdout]                                at /rustc/df4ca44d3fbc9301ee17f30f4d474e6ae4b05252/library/core/src/panicking.rs:75:14
[INFO] [stdout]   18:     0x586947ea177b - core::panicking::assert_failed_inner::h04f38944d74a80a8
[INFO] [stdout]   19:     0x586947dedaf7 - core::panicking::assert_failed::h42cd29b73d0e5730
[INFO] [stdout]                                at /rustc/df4ca44d3fbc9301ee17f30f4d474e6ae4b05252/library/core/src/panicking.rs:377:5
[INFO] [stdout]   20:     0x586947df0a4e - async_transmit::transmit::tests::_inner_transmit_ext_transmit_map_err_is_transmit::{{closure}}::h61ffce6563212f88
[INFO] [stdout]                                at /opt/rustwide/workdir/src/transmit.rs:218:9
[INFO] [stdout]   21:     0x586947debde6 - futures_executor::local_pool::LocalPool::run_until::{{closure}}::h69b28c9b38319624
[INFO] [stdout]                                at /opt/rustwide/cargo-home/registry/src/index.crates.io-6f17d22bba15001f/futures-executor-0.3.31/src/local_pool.rs:163:30
[INFO] [stdout]   22:     0x586947debb86 - futures_executor::local_pool::run_executor::{{closure}}::h5a1baeaa5f76aba9
[INFO] [stdout]                                at /opt/rustwide/cargo-home/registry/src/index.crates.io-6f17d22bba15001f/futures-executor-0.3.31/src/local_pool.rs:90:37
[INFO] [stdout]   23:     0x586947df17c7 - std::thread::local::LocalKey<T>::try_with::h3b676b009393b4e9
[INFO] [stdout]                                at /rustc/df4ca44d3fbc9301ee17f30f4d474e6ae4b05252/library/std/src/thread/local.rs:283:12
[INFO] [stdout]   24:     0x586947df16d3 - std::thread::local::LocalKey<T>::with::hfd4361f374746413
[INFO] [stdout]                                at /rustc/df4ca44d3fbc9301ee17f30f4d474e6ae4b05252/library/std/src/thread/local.rs:260:9
[INFO] [stdout]   25:     0x586947debae0 - futures_executor::local_pool::run_executor::haec921ede6d2300f
[INFO] [stdout]                                at /opt/rustwide/cargo-home/registry/src/index.crates.io-6f17d22bba15001f/futures-executor-0.3.31/src/local_pool.rs:86:5
[INFO] [stdout]   26:     0x586947debd79 - futures_executor::local_pool::LocalPool::run_until::hbcdc884db42e5825
[INFO] [stdout]                                at /opt/rustwide/cargo-home/registry/src/index.crates.io-6f17d22bba15001f/futures-executor-0.3.31/src/local_pool.rs:160:9
[INFO] [stdout]   27:     0x586947df0ef9 - async_transmit::transmit::tests::transmit_ext_transmit_map_err_is_transmit::hdb013a6dec7ab478
[INFO] [stdout]                                at /opt/rustwide/workdir/src/transmit.rs:195:5
[INFO] [stdout]   28:     0x586947df0e97 - async_transmit::transmit::tests::transmit_ext_transmit_map_err_is_transmit::{{closure}}::h68d20cbb430a4a8b
[INFO] [stdout]                                at /opt/rustwide/workdir/src/transmit.rs:196:61
[INFO] [stdout]   29:     0x586947dec496 - core::ops::function::FnOnce::call_once::h37d242315f6ab255
[INFO] [stdout]                                at /rustc/df4ca44d3fbc9301ee17f30f4d474e6ae4b05252/library/core/src/ops/function.rs:250:5
[INFO] [stdout]   30:     0x586947e32fbb - core::ops::function::FnOnce::call_once::h22c3ba5715e93f05
[INFO] [stdout]                                at /rustc/df4ca44d3fbc9301ee17f30f4d474e6ae4b05252/library/core/src/ops/function.rs:250:5
[INFO] [stdout]   31:     0x586947e32fbb - test::__rust_begin_short_backtrace::h8e82d8113d0da17f
[INFO] [stdout]                                at /rustc/df4ca44d3fbc9301ee17f30f4d474e6ae4b05252/library/test/src/lib.rs:621:18
[INFO] [stdout]   32:     0x586947e32937 - test::run_test_in_process::{{closure}}::h33235f4f20b7b7c7
[INFO] [stdout]                                at /rustc/df4ca44d3fbc9301ee17f30f4d474e6ae4b05252/library/test/src/lib.rs:644:60
[INFO] [stdout]   33:     0x586947e32937 - <core::panic::unwind_safe::AssertUnwindSafe<F> as core::ops::function::FnOnce<()>>::call_once::hb5043206310c586f
[INFO] [stdout]                                at /rustc/df4ca44d3fbc9301ee17f30f4d474e6ae4b05252/library/core/src/panic/unwind_safe.rs:272:9
[INFO] [stdout]   34:     0x586947e32937 - std::panicking::try::do_call::h9ad4731a60ab23e2
[INFO] [stdout]                                at /rustc/df4ca44d3fbc9301ee17f30f4d474e6ae4b05252/library/std/src/panicking.rs:557:40
[INFO] [stdout]   35:     0x586947e32937 - std::panicking::try::h3824d23db772a716
[INFO] [stdout]                                at /rustc/df4ca44d3fbc9301ee17f30f4d474e6ae4b05252/library/std/src/panicking.rs:520:19
[INFO] [stdout]   36:     0x586947e32937 - std::panic::catch_unwind::h5afd514605fde46b
[INFO] [stdout]                                at /rustc/df4ca44d3fbc9301ee17f30f4d474e6ae4b05252/library/std/src/panic.rs:358:14
[INFO] [stdout]   37:     0x586947e32937 - test::run_test_in_process::h0d5cbfa7067d1720
[INFO] [stdout]                                at /rustc/df4ca44d3fbc9301ee17f30f4d474e6ae4b05252/library/test/src/lib.rs:644:27
[INFO] [stdout]   38:     0x586947e32937 - test::run_test::{{closure}}::h708eb8872708115d
[INFO] [stdout]                                at /rustc/df4ca44d3fbc9301ee17f30f4d474e6ae4b05252/library/test/src/lib.rs:565:43
[INFO] [stdout]   39:     0x586947df6054 - test::run_test::{{closure}}::h392c51cee94713ab
[INFO] [stdout]                                at /rustc/df4ca44d3fbc9301ee17f30f4d474e6ae4b05252/library/test/src/lib.rs:595:41
[INFO] [stdout]   40:     0x586947df6054 - std::sys::backtrace::__rust_begin_short_backtrace::h2f40290710935a8b
[INFO] [stdout]                                at /rustc/df4ca44d3fbc9301ee17f30f4d474e6ae4b05252/library/std/src/sys/backtrace.rs:154:18
[INFO] [stdout]   41:     0x586947df97fe - std::thread::Builder::spawn_unchecked_::{{closure}}::{{closure}}::h3fd968d89053a903
[INFO] [stdout]                                at /rustc/df4ca44d3fbc9301ee17f30f4d474e6ae4b05252/library/std/src/thread/mod.rs:541:17
[INFO] [stdout]   42:     0x586947df97fe - <core::panic::unwind_safe::AssertUnwindSafe<F> as core::ops::function::FnOnce<()>>::call_once::h743f637ba4229880
[INFO] [stdout]                                at /rustc/df4ca44d3fbc9301ee17f30f4d474e6ae4b05252/library/core/src/panic/unwind_safe.rs:272:9
[INFO] [stdout]   43:     0x586947df97fe - std::panicking::try::do_call::h07440897322525a6
[INFO] [stdout]                                at /rustc/df4ca44d3fbc9301ee17f30f4d474e6ae4b05252/library/std/src/panicking.rs:557:40
[INFO] [stdout]   44:     0x586947df97fe - std::panicking::try::he5a2e00188156637
[INFO] [stdout]                                at /rustc/df4ca44d3fbc9301ee17f30f4d474e6ae4b05252/library/std/src/panicking.rs:520:19
[INFO] [stdout]   45:     0x586947df97fe - std::panic::catch_unwind::hbaf3cae49b3c6433
[INFO] [stdout]                                at /rustc/df4ca44d3fbc9301ee17f30f4d474e6ae4b05252/library/std/src/panic.rs:358:14
[INFO] [stdout]   46:     0x586947df97fe - std::thread::Builder::spawn_unchecked_::{{closure}}::h8e141ea224820bce
[INFO] [stdout]                                at /rustc/df4ca44d3fbc9301ee17f30f4d474e6ae4b05252/library/std/src/thread/mod.rs:540:30
[INFO] [stdout]   47:     0x586947df97fe - core::ops::function::FnOnce::call_once{{vtable.shim}}::h90d312fedd7b8ea8
[INFO] [stdout]                                at /rustc/df4ca44d3fbc9301ee17f30f4d474e6ae4b05252/library/core/src/ops/function.rs:250:5
[INFO] [stdout]   48:     0x586947e81ceb - <alloc::boxed::Box<F,A> as core::ops::function::FnOnce<Args>>::call_once::h69aa08ddb6adb8b6
[INFO] [stdout]                                at /rustc/df4ca44d3fbc9301ee17f30f4d474e6ae4b05252/library/alloc/src/boxed.rs:2454:9
[INFO] [stdout]   49:     0x586947e81ceb - <alloc::boxed::Box<F,A> as core::ops::function::FnOnce<Args>>::call_once::h5aa36efdb79c806f
[INFO] [stdout]                                at /rustc/df4ca44d3fbc9301ee17f30f4d474e6ae4b05252/library/alloc/src/boxed.rs:2454:9
[INFO] [stdout]   50:     0x586947e81ceb - std::sys::pal::unix::thread::Thread::new::thread_start::h6cd80a1b4be5158d
[INFO] [stdout]                                at /rustc/df4ca44d3fbc9301ee17f30f4d474e6ae4b05252/library/std/src/sys/pal/unix/thread.rs:105:17
[INFO] [stdout]   51:     0x79b3516ffac3 - <unknown>
[INFO] [stdout]   52:     0x79b351790a04 - clone
[INFO] [stdout]   53:                0x0 - <unknown>
[INFO] [stdout] 
[INFO] [stdout] 
[INFO] [stdout] failures:
[INFO] [stdout]     transmit::tests::transmit_ext_transmit_map_err_is_transmit
[INFO] [stdout] 
[INFO] [stdout] test result: FAILED. 2 passed; 1 failed; 0 ignored; 0 measured; 0 filtered out; finished in 0.02s
[INFO] [stdout] 
[INFO] [stderr] error: test failed, to rerun pass `--lib`
[INFO] running `Command { std: "docker" "inspect" "781e2ce4c8e40d40f1a8538efbd8d3c195430c74f73cf0cbb23c9657805d5c60", kill_on_drop: false }`
[INFO] running `Command { std: "docker" "rm" "-f" "781e2ce4c8e40d40f1a8538efbd8d3c195430c74f73cf0cbb23c9657805d5c60", kill_on_drop: false }`
[INFO] [stdout] 781e2ce4c8e40d40f1a8538efbd8d3c195430c74f73cf0cbb23c9657805d5c60
