[INFO] fetching crate async-rawlogger 0.1.20241024...
[INFO] testing async-rawlogger-0.1.20241024 against nightly-2024-10-28 for randomize-layout
[INFO] extracting crate async-rawlogger 0.1.20241024 into /workspace/builds/worker-5-tc1/source
[INFO] validating manifest of crates.io crate async-rawlogger 0.1.20241024 on toolchain nightly-2024-10-28
[INFO] running `Command { std: CARGO_HOME="/workspace/cargo-home" RUSTUP_HOME="/workspace/rustup-home" "/workspace/cargo-home/bin/cargo" "+nightly-2024-10-28" "metadata" "--manifest-path" "Cargo.toml" "--no-deps", kill_on_drop: false }`
[INFO] started tweaking crates.io crate async-rawlogger 0.1.20241024
[INFO] finished tweaking crates.io crate async-rawlogger 0.1.20241024
[INFO] tweaked toml for crates.io crate async-rawlogger 0.1.20241024 written to /workspace/builds/worker-5-tc1/source/Cargo.toml
[INFO] running `Command { std: CARGO_HOME="/workspace/cargo-home" RUSTUP_HOME="/workspace/rustup-home" "/workspace/cargo-home/bin/cargo" "+nightly-2024-10-28" "generate-lockfile" "--manifest-path" "Cargo.toml", kill_on_drop: false }`
[INFO] [stderr]     Updating crates.io index
[INFO] [stderr]     Blocking waiting for file lock on package cache
[INFO] [stderr]      Locking 27 packages to latest compatible versions
[INFO] running `Command { std: CARGO_HOME="/workspace/cargo-home" RUSTUP_HOME="/workspace/rustup-home" "/workspace/cargo-home/bin/cargo" "+nightly-2024-10-28" "fetch" "--manifest-path" "Cargo.toml", kill_on_drop: false }`
[INFO] [stderr]     Blocking waiting for file lock on package cache
[INFO] [stderr]  Downloading crates ...
[INFO] [stderr]   Downloaded typed-builder-macro v0.20.0
[INFO] [stderr]   Downloaded typed-builder v0.20.0
[INFO] [stderr]   Downloaded concat-strs-derive v0.1.20241101
[INFO] [stderr]   Downloaded tz-rs v0.7.0
[INFO] running `Command { std: "docker" "create" "-v" "/var/lib/crater-agent-workspace/builds/worker-5-tc1/target:/opt/rustwide/target:rw,Z" "-v" "/var/lib/crater-agent-workspace/builds/worker-5-tc1/source:/opt/rustwide/workdir:ro,Z" "-v" "/var/lib/crater-agent-workspace/cargo-home:/opt/rustwide/cargo-home:ro,Z" "-v" "/var/lib/crater-agent-workspace/rustup-home:/opt/rustwide/rustup-home:ro,Z" "-e" "SOURCE_DIR=/opt/rustwide/workdir" "-e" "CARGO_TARGET_DIR=/opt/rustwide/target" "-e" "CARGO_HOME=/opt/rustwide/cargo-home" "-e" "RUSTUP_HOME=/opt/rustwide/rustup-home" "-w" "/opt/rustwide/workdir" "-m" "1610612736" "--user" "0:0" "--network" "none" "ghcr.io/rust-lang/crates-build-env/linux@sha256:4a844ea9eb2546a2d2c7022eacef16ef2e8229c7fbb2c7d4d55a9ceca922f72d" "/opt/rustwide/cargo-home/bin/cargo" "+nightly-2024-10-28" "metadata" "--no-deps" "--format-version=1", kill_on_drop: false }`
[INFO] [stdout] 037befdf999478eba46593bf9b516d9b4ee0e71038fd6c143376933239a2b908
[INFO] running `Command { std: "docker" "start" "-a" "037befdf999478eba46593bf9b516d9b4ee0e71038fd6c143376933239a2b908", kill_on_drop: false }`
[INFO] running `Command { std: "docker" "inspect" "037befdf999478eba46593bf9b516d9b4ee0e71038fd6c143376933239a2b908", kill_on_drop: false }`
[INFO] running `Command { std: "docker" "rm" "-f" "037befdf999478eba46593bf9b516d9b4ee0e71038fd6c143376933239a2b908", kill_on_drop: false }`
[INFO] [stdout] 037befdf999478eba46593bf9b516d9b4ee0e71038fd6c143376933239a2b908
[INFO] running `Command { std: "docker" "create" "-v" "/var/lib/crater-agent-workspace/builds/worker-5-tc1/target:/opt/rustwide/target:rw,Z" "-v" "/var/lib/crater-agent-workspace/builds/worker-5-tc1/source:/opt/rustwide/workdir:ro,Z" "-v" "/var/lib/crater-agent-workspace/cargo-home:/opt/rustwide/cargo-home:ro,Z" "-v" "/var/lib/crater-agent-workspace/rustup-home:/opt/rustwide/rustup-home:ro,Z" "-e" "SOURCE_DIR=/opt/rustwide/workdir" "-e" "CARGO_TARGET_DIR=/opt/rustwide/target" "-e" "CARGO_INCREMENTAL=0" "-e" "RUST_BACKTRACE=full" "-e" "RUSTFLAGS=--cap-lints=forbid" "-e" "RUSTDOCFLAGS=--cap-lints=forbid" "-e" "CARGO_HOME=/opt/rustwide/cargo-home" "-e" "RUSTUP_HOME=/opt/rustwide/rustup-home" "-w" "/opt/rustwide/workdir" "-m" "1610612736" "--user" "0:0" "--network" "none" "ghcr.io/rust-lang/crates-build-env/linux@sha256:4a844ea9eb2546a2d2c7022eacef16ef2e8229c7fbb2c7d4d55a9ceca922f72d" "/opt/rustwide/cargo-home/bin/cargo" "+nightly-2024-10-28" "build" "--frozen" "--message-format=json", kill_on_drop: false }`
[INFO] [stdout] a9000bfad1b79dbd36dc07f67c59e306080f581f990088cc342edcbfd66303b9
[INFO] running `Command { std: "docker" "start" "-a" "a9000bfad1b79dbd36dc07f67c59e306080f581f990088cc342edcbfd66303b9", kill_on_drop: false }`
[INFO] [stderr]    Compiling powerfmt v0.2.0
[INFO] [stderr]    Compiling time-core v0.1.2
[INFO] [stderr]    Compiling num-conv v0.1.0
[INFO] [stderr]    Compiling foldhash v0.1.3
[INFO] [stderr]    Compiling value-bag v1.10.0
[INFO] [stderr]    Compiling nohash-hasher v0.2.0
[INFO] [stderr]    Compiling tz-rs v0.7.0
[INFO] [stderr]    Compiling arc-swap v1.7.1
[INFO] [stderr]    Compiling syn v2.0.86
[INFO] [stderr]    Compiling crossbeam-channel v0.5.13
[INFO] [stderr]    Compiling hashbrown v0.15.0
[INFO] [stderr]    Compiling deranged v0.3.11
[INFO] [stderr]    Compiling log v0.4.22
[INFO] [stderr]    Compiling time v0.3.36
[INFO] [stderr]    Compiling typed-builder-macro v0.20.0
[INFO] [stderr]    Compiling concat-strs-derive v0.1.20241101
[INFO] [stderr]    Compiling typed-builder v0.20.0
[INFO] [stderr]    Compiling async-rawlogger v0.1.20241024 (/opt/rustwide/workdir)
[INFO] [stderr]     Finished `dev` profile [unoptimized + debuginfo] target(s) in 5.41s
[INFO] running `Command { std: "docker" "inspect" "a9000bfad1b79dbd36dc07f67c59e306080f581f990088cc342edcbfd66303b9", kill_on_drop: false }`
[INFO] running `Command { std: "docker" "rm" "-f" "a9000bfad1b79dbd36dc07f67c59e306080f581f990088cc342edcbfd66303b9", kill_on_drop: false }`
[INFO] [stdout] a9000bfad1b79dbd36dc07f67c59e306080f581f990088cc342edcbfd66303b9
[INFO] running `Command { std: "docker" "create" "-v" "/var/lib/crater-agent-workspace/builds/worker-5-tc1/target:/opt/rustwide/target:rw,Z" "-v" "/var/lib/crater-agent-workspace/builds/worker-5-tc1/source:/opt/rustwide/workdir:ro,Z" "-v" "/var/lib/crater-agent-workspace/cargo-home:/opt/rustwide/cargo-home:ro,Z" "-v" "/var/lib/crater-agent-workspace/rustup-home:/opt/rustwide/rustup-home:ro,Z" "-e" "SOURCE_DIR=/opt/rustwide/workdir" "-e" "CARGO_TARGET_DIR=/opt/rustwide/target" "-e" "CARGO_INCREMENTAL=0" "-e" "RUST_BACKTRACE=full" "-e" "RUSTFLAGS=--cap-lints=forbid" "-e" "RUSTDOCFLAGS=--cap-lints=forbid" "-e" "CARGO_HOME=/opt/rustwide/cargo-home" "-e" "RUSTUP_HOME=/opt/rustwide/rustup-home" "-w" "/opt/rustwide/workdir" "-m" "1610612736" "--user" "0:0" "--network" "none" "ghcr.io/rust-lang/crates-build-env/linux@sha256:4a844ea9eb2546a2d2c7022eacef16ef2e8229c7fbb2c7d4d55a9ceca922f72d" "/opt/rustwide/cargo-home/bin/cargo" "+nightly-2024-10-28" "test" "--frozen" "--no-run" "--message-format=json", kill_on_drop: false }`
[INFO] [stdout] 4528c8f09929b1ae7504df8bf28ae8fecf0aa6ed26431dfe82e68c622988043e
[INFO] running `Command { std: "docker" "start" "-a" "4528c8f09929b1ae7504df8bf28ae8fecf0aa6ed26431dfe82e68c622988043e", kill_on_drop: false }`
[INFO] [stderr]    Compiling async-rawlogger v0.1.20241024 (/opt/rustwide/workdir)
[INFO] [stderr]     Finished `test` profile [unoptimized + debuginfo] target(s) in 0.35s
[INFO] running `Command { std: "docker" "inspect" "4528c8f09929b1ae7504df8bf28ae8fecf0aa6ed26431dfe82e68c622988043e", kill_on_drop: false }`
[INFO] running `Command { std: "docker" "rm" "-f" "4528c8f09929b1ae7504df8bf28ae8fecf0aa6ed26431dfe82e68c622988043e", kill_on_drop: false }`
[INFO] [stdout] 4528c8f09929b1ae7504df8bf28ae8fecf0aa6ed26431dfe82e68c622988043e
[INFO] running `Command { std: "docker" "create" "-v" "/var/lib/crater-agent-workspace/builds/worker-5-tc1/target:/opt/rustwide/target:rw,Z" "-v" "/var/lib/crater-agent-workspace/builds/worker-5-tc1/source:/opt/rustwide/workdir:ro,Z" "-v" "/var/lib/crater-agent-workspace/cargo-home:/opt/rustwide/cargo-home:ro,Z" "-v" "/var/lib/crater-agent-workspace/rustup-home:/opt/rustwide/rustup-home:ro,Z" "-e" "SOURCE_DIR=/opt/rustwide/workdir" "-e" "CARGO_TARGET_DIR=/opt/rustwide/target" "-e" "CARGO_INCREMENTAL=0" "-e" "RUST_BACKTRACE=full" "-e" "RUSTFLAGS=--cap-lints=forbid" "-e" "RUSTDOCFLAGS=--cap-lints=forbid" "-e" "CARGO_HOME=/opt/rustwide/cargo-home" "-e" "RUSTUP_HOME=/opt/rustwide/rustup-home" "-w" "/opt/rustwide/workdir" "-m" "1610612736" "--user" "0:0" "--network" "none" "ghcr.io/rust-lang/crates-build-env/linux@sha256:4a844ea9eb2546a2d2c7022eacef16ef2e8229c7fbb2c7d4d55a9ceca922f72d" "/opt/rustwide/cargo-home/bin/cargo" "+nightly-2024-10-28" "test" "--frozen", kill_on_drop: false }`
[INFO] [stdout] f3f8a8efc3f1967e119d7596964e466f5c05b26395a135977dcea324976369b3
[INFO] running `Command { std: "docker" "start" "-a" "f3f8a8efc3f1967e119d7596964e466f5c05b26395a135977dcea324976369b3", kill_on_drop: false }`
[INFO] [stderr]     Finished `test` profile [unoptimized + debuginfo] target(s) in 0.02s
[INFO] [stderr]      Running unittests src/lib.rs (/opt/rustwide/target/debug/deps/async_rawlogger-fa5fa917bf24d5e7)
[INFO] [stdout] 
[INFO] [stdout] running 0 tests
[INFO] [stdout] 
[INFO] [stdout] test result: ok. 0 passed; 0 failed; 0 ignored; 0 measured; 0 filtered out; finished in 0.00s
[INFO] [stdout] 
[INFO] [stderr]    Doc-tests async_rawlogger
[INFO] [stdout] 
[INFO] [stdout] running 1 test
[INFO] [stdout] test src/lib.rs - Builder (line 418) ... FAILED
[INFO] [stdout] 
[INFO] [stdout] failures:
[INFO] [stdout] 
[INFO] [stdout] ---- src/lib.rs - Builder (line 418) stdout ----
[INFO] [stdout] error[E0433]: failed to resolve: use of undeclared crate or module `ftlog`
[INFO] [stdout]  --> src/lib.rs:419:5
[INFO] [stdout]   |
[INFO] [stdout] 3 | use ftlog::appender::{FileAppender, Duration, Period};
[INFO] [stdout]   |     ^^^^^ use of undeclared crate or module `ftlog`
[INFO] [stdout] 
[INFO] [stdout] error[E0433]: failed to resolve: use of undeclared crate or module `ftlog`
[INFO] [stdout]  --> src/lib.rs:421:14
[INFO] [stdout]   |
[INFO] [stdout] 5 | let logger = ftlog::builder()
[INFO] [stdout]   |              ^^^^^ use of undeclared crate or module `ftlog`
[INFO] [stdout] 
[INFO] [stdout] error[E0433]: failed to resolve: use of undeclared crate or module `ftlog`
[INFO] [stdout]  --> src/lib.rs:423:13
[INFO] [stdout]   |
[INFO] [stdout] 7 |     .format(ftlog::FtLogFormatter)
[INFO] [stdout]   |             ^^^^^ use of undeclared crate or module `ftlog`
[INFO] [stdout] 
[INFO] [stdout] error: aborting due to 3 previous errors
[INFO] [stdout] 
[INFO] [stdout] For more information about this error, try `rustc --explain E0433`.
[INFO] [stdout] Couldn't compile the test.
[INFO] [stdout] 
[INFO] [stdout] failures:
[INFO] [stdout]     src/lib.rs - Builder (line 418)
[INFO] [stdout] 
[INFO] [stdout] test result: FAILED. 0 passed; 1 failed; 0 ignored; 0 measured; 0 filtered out; finished in 0.10s
[INFO] [stdout] 
[INFO] [stderr] error: doctest failed, to rerun pass `--doc`
[INFO] running `Command { std: "docker" "inspect" "f3f8a8efc3f1967e119d7596964e466f5c05b26395a135977dcea324976369b3", kill_on_drop: false }`
[INFO] running `Command { std: "docker" "rm" "-f" "f3f8a8efc3f1967e119d7596964e466f5c05b26395a135977dcea324976369b3", kill_on_drop: false }`
[INFO] [stdout] f3f8a8efc3f1967e119d7596964e466f5c05b26395a135977dcea324976369b3
