[INFO] fetching crate async-pop 1.1.1...
[INFO] testing async-pop-1.1.1 against nightly-2024-10-28 for randomize-layout
[INFO] extracting crate async-pop 1.1.1 into /workspace/builds/worker-0-tc1/source
[INFO] validating manifest of crates.io crate async-pop 1.1.1 on toolchain nightly-2024-10-28
[INFO] running `Command { std: CARGO_HOME="/workspace/cargo-home" RUSTUP_HOME="/workspace/rustup-home" "/workspace/cargo-home/bin/cargo" "+nightly-2024-10-28" "metadata" "--manifest-path" "Cargo.toml" "--no-deps", kill_on_drop: false }`
[INFO] started tweaking crates.io crate async-pop 1.1.1
[INFO] finished tweaking crates.io crate async-pop 1.1.1
[INFO] tweaked toml for crates.io crate async-pop 1.1.1 written to /workspace/builds/worker-0-tc1/source/Cargo.toml
[INFO] running `Command { std: CARGO_HOME="/workspace/cargo-home" RUSTUP_HOME="/workspace/rustup-home" "/workspace/cargo-home/bin/cargo" "+nightly-2024-10-28" "generate-lockfile" "--manifest-path" "Cargo.toml", kill_on_drop: false }`
[INFO] [stderr]     Updating crates.io index
[INFO] [stderr]      Locking 130 packages to latest compatible versions
[INFO] [stderr]       Adding base64 v0.21.7 (available: v0.22.1)
[INFO] [stderr]       Adding env_logger v0.10.2 (available: v0.11.5)
[INFO] running `Command { std: CARGO_HOME="/workspace/cargo-home" RUSTUP_HOME="/workspace/rustup-home" "/workspace/cargo-home/bin/cargo" "+nightly-2024-10-28" "fetch" "--manifest-path" "Cargo.toml", kill_on_drop: false }`
[INFO] [stderr]  Downloading crates ...
[INFO] [stderr]   Downloaded async-native-tls v0.5.0
[INFO] running `Command { std: "docker" "create" "-v" "/var/lib/crater-agent-workspace/builds/worker-0-tc1/target:/opt/rustwide/target:rw,Z" "-v" "/var/lib/crater-agent-workspace/builds/worker-0-tc1/source:/opt/rustwide/workdir:ro,Z" "-v" "/var/lib/crater-agent-workspace/cargo-home:/opt/rustwide/cargo-home:ro,Z" "-v" "/var/lib/crater-agent-workspace/rustup-home:/opt/rustwide/rustup-home:ro,Z" "-e" "SOURCE_DIR=/opt/rustwide/workdir" "-e" "CARGO_TARGET_DIR=/opt/rustwide/target" "-e" "CARGO_HOME=/opt/rustwide/cargo-home" "-e" "RUSTUP_HOME=/opt/rustwide/rustup-home" "-w" "/opt/rustwide/workdir" "-m" "1610612736" "--user" "0:0" "--network" "none" "ghcr.io/rust-lang/crates-build-env/linux@sha256:4a844ea9eb2546a2d2c7022eacef16ef2e8229c7fbb2c7d4d55a9ceca922f72d" "/opt/rustwide/cargo-home/bin/cargo" "+nightly-2024-10-28" "metadata" "--no-deps" "--format-version=1", kill_on_drop: false }`
[INFO] [stdout] d88af49b8e232ad9627f7c283154768f41b319196ef1491fc74a2adce92985d6
[INFO] running `Command { std: "docker" "start" "-a" "d88af49b8e232ad9627f7c283154768f41b319196ef1491fc74a2adce92985d6", kill_on_drop: false }`
[INFO] running `Command { std: "docker" "inspect" "d88af49b8e232ad9627f7c283154768f41b319196ef1491fc74a2adce92985d6", kill_on_drop: false }`
[INFO] running `Command { std: "docker" "rm" "-f" "d88af49b8e232ad9627f7c283154768f41b319196ef1491fc74a2adce92985d6", kill_on_drop: false }`
[INFO] [stdout] d88af49b8e232ad9627f7c283154768f41b319196ef1491fc74a2adce92985d6
[INFO] running `Command { std: "docker" "create" "-v" "/var/lib/crater-agent-workspace/builds/worker-0-tc1/target:/opt/rustwide/target:rw,Z" "-v" "/var/lib/crater-agent-workspace/builds/worker-0-tc1/source:/opt/rustwide/workdir:ro,Z" "-v" "/var/lib/crater-agent-workspace/cargo-home:/opt/rustwide/cargo-home:ro,Z" "-v" "/var/lib/crater-agent-workspace/rustup-home:/opt/rustwide/rustup-home:ro,Z" "-e" "SOURCE_DIR=/opt/rustwide/workdir" "-e" "CARGO_TARGET_DIR=/opt/rustwide/target" "-e" "CARGO_INCREMENTAL=0" "-e" "RUST_BACKTRACE=full" "-e" "RUSTFLAGS=--cap-lints=forbid" "-e" "RUSTDOCFLAGS=--cap-lints=forbid" "-e" "CARGO_HOME=/opt/rustwide/cargo-home" "-e" "RUSTUP_HOME=/opt/rustwide/rustup-home" "-w" "/opt/rustwide/workdir" "-m" "1610612736" "--user" "0:0" "--network" "none" "ghcr.io/rust-lang/crates-build-env/linux@sha256:4a844ea9eb2546a2d2c7022eacef16ef2e8229c7fbb2c7d4d55a9ceca922f72d" "/opt/rustwide/cargo-home/bin/cargo" "+nightly-2024-10-28" "build" "--frozen" "--message-format=json", kill_on_drop: false }`
[INFO] [stdout] 9aed593d2a7b8d68f5e9277e6402216b011dd782b6595d5f46677f6b5aa68c03
[INFO] running `Command { std: "docker" "start" "-a" "9aed593d2a7b8d68f5e9277e6402216b011dd782b6595d5f46677f6b5aa68c03", kill_on_drop: false }`
[INFO] [stderr]    Compiling proc-macro2 v1.0.89
[INFO] [stderr]    Compiling unicode-ident v1.0.13
[INFO] [stderr]    Compiling pin-project-lite v0.2.15
[INFO] [stderr]    Compiling crossbeam-utils v0.8.20
[INFO] [stderr]    Compiling futures-core v0.3.31
[INFO] [stderr]    Compiling futures-io v0.3.31
[INFO] [stderr]    Compiling autocfg v1.4.0
[INFO] [stderr]    Compiling parking v2.2.1
[INFO] [stderr]    Compiling shlex v1.3.0
[INFO] [stderr]    Compiling vcpkg v0.2.15
[INFO] [stderr]    Compiling pkg-config v0.3.31
[INFO] [stderr]    Compiling bitflags v2.6.0
[INFO] [stderr]    Compiling fastrand v2.1.1
[INFO] [stderr]    Compiling cfg-if v1.0.0
[INFO] [stderr]    Compiling libc v0.2.161
[INFO] [stderr]    Compiling rustix v0.38.38
[INFO] [stderr]    Compiling memchr v2.7.4
[INFO] [stderr]    Compiling once_cell v1.20.2
[INFO] [stderr]    Compiling tinyvec_macros v0.1.1
[INFO] [stderr]    Compiling futures-lite v2.4.0
[INFO] [stderr]    Compiling pin-utils v0.1.0
[INFO] [stderr]    Compiling tracing-core v0.1.32
[INFO] [stderr]    Compiling futures-sink v0.3.31
[INFO] [stderr]    Compiling linux-raw-sys v0.4.14
[INFO] [stderr]    Compiling cc v1.1.31
[INFO] [stderr]    Compiling value-bag v1.10.0
[INFO] [stderr]    Compiling futures-channel v0.3.31
[INFO] [stderr]    Compiling tinyvec v1.8.0
[INFO] [stderr]    Compiling async-task v4.7.1
[INFO] [stderr]    Compiling log v0.4.22
[INFO] [stderr]    Compiling foreign-types-shared v0.1.1
[INFO] [stderr]    Compiling atomic-waker v1.1.2
[INFO] [stderr]    Compiling syn v1.0.109
[INFO] [stderr]    Compiling slab v0.4.9
[INFO] [stderr]    Compiling openssl v0.10.68
[INFO] [stderr]    Compiling futures-task v0.3.31
[INFO] [stderr]    Compiling piper v0.2.4
[INFO] [stderr]    Compiling foreign-types v0.3.2
[INFO] [stderr]    Compiling native-tls v0.2.12
[INFO] [stderr]    Compiling thiserror v1.0.66
[INFO] [stderr]    Compiling percent-encoding v2.3.1
[INFO] [stderr]    Compiling unicode-bidi v0.3.17
[INFO] [stderr]    Compiling openssl-probe v0.1.5
[INFO] [stderr]    Compiling tracing v0.1.40
[INFO] [stderr]    Compiling concurrent-queue v2.5.0
[INFO] [stderr]    Compiling event-listener v2.5.3
[INFO] [stderr]    Compiling form_urlencoded v1.2.1
[INFO] [stderr]    Compiling kv-log-macro v1.0.7
[INFO] [stderr]    Compiling minimal-lexical v0.2.1
[INFO] [stderr]    Compiling bytes v1.8.0
[INFO] [stderr]    Compiling base64 v0.21.7
[INFO] [stderr]    Compiling quote v1.0.37
[INFO] [stderr]    Compiling event-listener v5.3.1
[INFO] [stderr]    Compiling async-channel v1.9.0
[INFO] [stderr]    Compiling nom v7.1.3
[INFO] [stderr]    Compiling syn v2.0.86
[INFO] [stderr]    Compiling openssl-sys v0.9.104
[INFO] [stderr]    Compiling async-executor v1.13.1
[INFO] [stderr]    Compiling event-listener-strategy v0.5.2
[INFO] [stderr]    Compiling async-lock v3.4.0
[INFO] [stderr]    Compiling async-channel v2.3.1
[INFO] [stderr]    Compiling unicode-normalization v0.1.24
[INFO] [stderr]    Compiling blocking v1.6.1
[INFO] [stderr]    Compiling idna v0.5.0
[INFO] [stderr]    Compiling url v2.5.2
[INFO] [stderr]    Compiling async-attributes v1.1.2
[INFO] [stderr]    Compiling futures-macro v0.3.31
[INFO] [stderr]    Compiling openssl-macros v0.1.1
[INFO] [stderr]    Compiling thiserror-impl v1.0.66
[INFO] [stderr]    Compiling async-trait v0.1.83
[INFO] [stderr]    Compiling futures-util v0.3.31
[INFO] [stderr]    Compiling polling v3.7.3
[INFO] [stderr]    Compiling async-io v2.3.4
[INFO] [stderr]    Compiling async-global-executor v2.4.1
[INFO] [stderr]    Compiling async-std v1.13.0
[INFO] [stderr]    Compiling futures-executor v0.3.31
[INFO] [stderr]    Compiling futures v0.3.31
[INFO] [stderr]    Compiling async-native-tls v0.5.0
[INFO] [stderr]    Compiling async-pop v1.1.1 (/opt/rustwide/workdir)
[INFO] [stdout] warning: unused imports: `BufRead`, `ReadExt`, and `prelude::BufReadExt`
[INFO] [stdout]  --> src/runtime.rs:3:29
[INFO] [stdout]   |
[INFO] [stdout] 3 |     pub use async_std::io::{prelude::BufReadExt, BufRead, Error, Read, ReadExt, Write, WriteExt};
[INFO] [stdout]   |                             ^^^^^^^^^^^^^^^^^^^  ^^^^^^^               ^^^^^^^
[INFO] [stdout]   |
[INFO] [stdout]   = note: `#[warn(unused_imports)]` on by default
[INFO] [stdout] 
[INFO] [stdout] 
[INFO] [stdout] warning: unused import: `async_std::future::timeout`
[INFO] [stdout]   --> src/runtime.rs:21:9
[INFO] [stdout]    |
[INFO] [stdout] 21 | pub use async_std::future::timeout;
[INFO] [stdout]    |         ^^^^^^^^^^^^^^^^^^^^^^^^^^
[INFO] [stdout] 
[INFO] [stdout] 
[INFO] [stdout] warning: unused import: `Duration`
[INFO] [stdout]   --> src/runtime.rs:24:21
[INFO] [stdout]    |
[INFO] [stdout] 24 | pub use std::time::{Duration, Instant};
[INFO] [stdout]    |                     ^^^^^^^^
[INFO] [stdout] 
[INFO] [stdout] 
[INFO] [stderr]     Finished `dev` profile [unoptimized + debuginfo] target(s) in 19.59s
[INFO] running `Command { std: "docker" "inspect" "9aed593d2a7b8d68f5e9277e6402216b011dd782b6595d5f46677f6b5aa68c03", kill_on_drop: false }`
[INFO] running `Command { std: "docker" "rm" "-f" "9aed593d2a7b8d68f5e9277e6402216b011dd782b6595d5f46677f6b5aa68c03", kill_on_drop: false }`
[INFO] [stdout] 9aed593d2a7b8d68f5e9277e6402216b011dd782b6595d5f46677f6b5aa68c03
[INFO] running `Command { std: "docker" "create" "-v" "/var/lib/crater-agent-workspace/builds/worker-0-tc1/target:/opt/rustwide/target:rw,Z" "-v" "/var/lib/crater-agent-workspace/builds/worker-0-tc1/source:/opt/rustwide/workdir:ro,Z" "-v" "/var/lib/crater-agent-workspace/cargo-home:/opt/rustwide/cargo-home:ro,Z" "-v" "/var/lib/crater-agent-workspace/rustup-home:/opt/rustwide/rustup-home:ro,Z" "-e" "SOURCE_DIR=/opt/rustwide/workdir" "-e" "CARGO_TARGET_DIR=/opt/rustwide/target" "-e" "CARGO_INCREMENTAL=0" "-e" "RUST_BACKTRACE=full" "-e" "RUSTFLAGS=--cap-lints=forbid" "-e" "RUSTDOCFLAGS=--cap-lints=forbid" "-e" "CARGO_HOME=/opt/rustwide/cargo-home" "-e" "RUSTUP_HOME=/opt/rustwide/rustup-home" "-w" "/opt/rustwide/workdir" "-m" "1610612736" "--user" "0:0" "--network" "none" "ghcr.io/rust-lang/crates-build-env/linux@sha256:4a844ea9eb2546a2d2c7022eacef16ef2e8229c7fbb2c7d4d55a9ceca922f72d" "/opt/rustwide/cargo-home/bin/cargo" "+nightly-2024-10-28" "test" "--frozen" "--no-run" "--message-format=json", kill_on_drop: false }`
[INFO] [stdout] 0b3742a618a63f17c61cbbc4fa83c28aa4f318db2e3a490d1666b26095445c25
[INFO] running `Command { std: "docker" "start" "-a" "0b3742a618a63f17c61cbbc4fa83c28aa4f318db2e3a490d1666b26095445c25", kill_on_drop: false }`
[INFO] [stderr]    Compiling log v0.4.22
[INFO] [stderr]    Compiling aho-corasick v1.1.3
[INFO] [stderr]    Compiling regex-syntax v0.8.5
[INFO] [stderr]    Compiling is-terminal v0.4.13
[INFO] [stderr]    Compiling termcolor v1.4.1
[INFO] [stderr]    Compiling humantime v2.1.0
[INFO] [stderr]    Compiling dotenv v0.15.0
[INFO] [stderr]    Compiling kv-log-macro v1.0.7
[INFO] [stderr]    Compiling native-tls v0.2.12
[INFO] [stderr]    Compiling async-std v1.13.0
[INFO] [stderr]    Compiling async-native-tls v0.5.0
[INFO] [stderr]    Compiling regex-automata v0.4.8
[INFO] [stderr]    Compiling async-pop v1.1.1 (/opt/rustwide/workdir)
[INFO] [stdout] warning: unused imports: `BufRead`, `ReadExt`, and `prelude::BufReadExt`
[INFO] [stdout]  --> src/runtime.rs:3:29
[INFO] [stdout]   |
[INFO] [stdout] 3 |     pub use async_std::io::{prelude::BufReadExt, BufRead, Error, Read, ReadExt, Write, WriteExt};
[INFO] [stdout]   |                             ^^^^^^^^^^^^^^^^^^^  ^^^^^^^               ^^^^^^^
[INFO] [stdout]   |
[INFO] [stdout]   = note: `#[warn(unused_imports)]` on by default
[INFO] [stdout] 
[INFO] [stdout] 
[INFO] [stdout] warning: unused import: `async_std::future::timeout`
[INFO] [stdout]   --> src/runtime.rs:21:9
[INFO] [stdout]    |
[INFO] [stdout] 21 | pub use async_std::future::timeout;
[INFO] [stdout]    |         ^^^^^^^^^^^^^^^^^^^^^^^^^^
[INFO] [stdout] 
[INFO] [stdout] 
[INFO] [stdout] warning: unused import: `Duration`
[INFO] [stdout]   --> src/runtime.rs:24:21
[INFO] [stdout]    |
[INFO] [stdout] 24 | pub use std::time::{Duration, Instant};
[INFO] [stdout]    |                     ^^^^^^^^
[INFO] [stdout] 
[INFO] [stdout] 
[INFO] [stderr]    Compiling regex v1.11.1
[INFO] [stderr]    Compiling env_logger v0.10.2
[INFO] [stdout] warning: unused imports: `BufRead`, `ReadExt`, and `prelude::BufReadExt`
[INFO] [stdout]  --> src/runtime.rs:3:29
[INFO] [stdout]   |
[INFO] [stdout] 3 |     pub use async_std::io::{prelude::BufReadExt, BufRead, Error, Read, ReadExt, Write, WriteExt};
[INFO] [stdout]   |                             ^^^^^^^^^^^^^^^^^^^  ^^^^^^^               ^^^^^^^
[INFO] [stdout]   |
[INFO] [stdout]   = note: `#[warn(unused_imports)]` on by default
[INFO] [stdout] 
[INFO] [stdout] 
[INFO] [stdout] warning: unused import: `async_std::future::timeout`
[INFO] [stdout]   --> src/runtime.rs:21:9
[INFO] [stdout]    |
[INFO] [stdout] 21 | pub use async_std::future::timeout;
[INFO] [stdout]    |         ^^^^^^^^^^^^^^^^^^^^^^^^^^
[INFO] [stdout] 
[INFO] [stdout] 
[INFO] [stdout] warning: unused import: `Duration`
[INFO] [stdout]   --> src/runtime.rs:24:21
[INFO] [stdout]    |
[INFO] [stdout] 24 | pub use std::time::{Duration, Instant};
[INFO] [stdout]    |                     ^^^^^^^^
[INFO] [stdout] 
[INFO] [stdout] 
[INFO] [stderr]     Finished `test` profile [unoptimized + debuginfo] target(s) in 7.26s
[INFO] running `Command { std: "docker" "inspect" "0b3742a618a63f17c61cbbc4fa83c28aa4f318db2e3a490d1666b26095445c25", kill_on_drop: false }`
[INFO] running `Command { std: "docker" "rm" "-f" "0b3742a618a63f17c61cbbc4fa83c28aa4f318db2e3a490d1666b26095445c25", kill_on_drop: false }`
[INFO] [stdout] 0b3742a618a63f17c61cbbc4fa83c28aa4f318db2e3a490d1666b26095445c25
[INFO] running `Command { std: "docker" "create" "-v" "/var/lib/crater-agent-workspace/builds/worker-0-tc1/target:/opt/rustwide/target:rw,Z" "-v" "/var/lib/crater-agent-workspace/builds/worker-0-tc1/source:/opt/rustwide/workdir:ro,Z" "-v" "/var/lib/crater-agent-workspace/cargo-home:/opt/rustwide/cargo-home:ro,Z" "-v" "/var/lib/crater-agent-workspace/rustup-home:/opt/rustwide/rustup-home:ro,Z" "-e" "SOURCE_DIR=/opt/rustwide/workdir" "-e" "CARGO_TARGET_DIR=/opt/rustwide/target" "-e" "CARGO_INCREMENTAL=0" "-e" "RUST_BACKTRACE=full" "-e" "RUSTFLAGS=--cap-lints=forbid" "-e" "RUSTDOCFLAGS=--cap-lints=forbid" "-e" "CARGO_HOME=/opt/rustwide/cargo-home" "-e" "RUSTUP_HOME=/opt/rustwide/rustup-home" "-w" "/opt/rustwide/workdir" "-m" "1610612736" "--user" "0:0" "--network" "none" "ghcr.io/rust-lang/crates-build-env/linux@sha256:4a844ea9eb2546a2d2c7022eacef16ef2e8229c7fbb2c7d4d55a9ceca922f72d" "/opt/rustwide/cargo-home/bin/cargo" "+nightly-2024-10-28" "test" "--frozen", kill_on_drop: false }`
[INFO] [stdout] f566e8860702beacd8de4d76f43555b1efef0c0a072bf947ae6e341e947ab766
[INFO] running `Command { std: "docker" "start" "-a" "f566e8860702beacd8de4d76f43555b1efef0c0a072bf947ae6e341e947ab766", kill_on_drop: false }`
[INFO] [stderr] warning: unused imports: `BufRead`, `ReadExt`, and `prelude::BufReadExt`
[INFO] [stderr]  --> src/runtime.rs:3:29
[INFO] [stderr]   |
[INFO] [stderr] 3 |     pub use async_std::io::{prelude::BufReadExt, BufRead, Error, Read, ReadExt, Write, WriteExt};
[INFO] [stderr]   |                             ^^^^^^^^^^^^^^^^^^^  ^^^^^^^               ^^^^^^^
[INFO] [stderr]   |
[INFO] [stderr]   = note: `#[warn(unused_imports)]` on by default
[INFO] [stderr] 
[INFO] [stderr] warning: unused import: `async_std::future::timeout`
[INFO] [stderr]   --> src/runtime.rs:21:9
[INFO] [stderr]    |
[INFO] [stderr] 21 | pub use async_std::future::timeout;
[INFO] [stderr]    |         ^^^^^^^^^^^^^^^^^^^^^^^^^^
[INFO] [stderr] 
[INFO] [stderr] warning: unused import: `Duration`
[INFO] [stderr]   --> src/runtime.rs:24:21
[INFO] [stderr]    |
[INFO] [stderr] 24 | pub use std::time::{Duration, Instant};
[INFO] [stderr]    |                     ^^^^^^^^
[INFO] [stderr] 
[INFO] [stderr] warning: `async-pop` (lib) generated 3 warnings (run `cargo fix --lib -p async-pop` to apply 3 suggestions)
[INFO] [stderr] warning: `async-pop` (lib test) generated 3 warnings (3 duplicates)
[INFO] [stderr]     Finished `test` profile [unoptimized + debuginfo] target(s) in 0.07s
[INFO] [stderr]      Running unittests src/lib.rs (/opt/rustwide/target/debug/deps/async_pop-bb3be6f742e57858)
[INFO] [stdout] 
[INFO] [stdout] running 18 tests
[INFO] [stdout] test response::parser::rfc1939::test::test_list_stats ... ok
[INFO] [stdout] test response::parser::rfc1939::test::test_rfc822 ... ok
[INFO] [stdout] test response::parser::rfc2449::test::test_expire ... ok
[INFO] [stdout] test response::parser::rfc1939::test::test_status ... ok
[INFO] [stdout] test response::parser::test::test_stat ... ok
[INFO] [stdout] test response::parser::test::test_list ... ok
[INFO] [stdout] test response::parser::rfc1939::test::test_stat ... ok
[INFO] [stdout] test response::parser::test::test_string ... ok
[INFO] [stdout] test response::parser::test::test_uidl ... ok
[INFO] [stdout] test response::parser::test::test_capa ... ok
[INFO] [stdout] test test::e2e_uidl ... FAILED
[INFO] [stdout] test test::e2e_noop ... FAILED
[INFO] [stdout] test test::e2e_connect ... FAILED
[INFO] [stdout] test test::e2e_capa ... FAILED
[INFO] [stdout] test test::e2e_stat ... FAILED
[INFO] [stdout] test test::e2e_auth ... FAILED
[INFO] [stdout] test test::e2e_list ... FAILED
[INFO] [stdout] test test::e2e_login ... FAILED
[INFO] [stdout] 
[INFO] [stdout] failures:
[INFO] [stdout] 
[INFO] [stdout] ---- test::e2e_uidl stdout ----
[INFO] [stdout] thread 'test::e2e_uidl' panicked at src/test.rs:30:36:
[INFO] [stdout] called `Result::unwrap()` on an `Err` value: NotPresent
[INFO] [stdout] stack backtrace:
[INFO] [stdout]    0:     0x5c86283e3f1a - std::backtrace_rs::backtrace::libunwind::trace::h207520d6e9873551
[INFO] [stdout]                                at /rustc/df4ca44d3fbc9301ee17f30f4d474e6ae4b05252/library/std/src/../../backtrace/src/backtrace/libunwind.rs:116:5
[INFO] [stdout]    1:     0x5c86283e3f1a - std::backtrace_rs::backtrace::trace_unsynchronized::h2ed7433f370e3eca
[INFO] [stdout]                                at /rustc/df4ca44d3fbc9301ee17f30f4d474e6ae4b05252/library/std/src/../../backtrace/src/backtrace/mod.rs:66:5
[INFO] [stdout]    2:     0x5c86283e3f1a - std::sys::backtrace::_print_fmt::h916fac51166b18d7
[INFO] [stdout]                                at /rustc/df4ca44d3fbc9301ee17f30f4d474e6ae4b05252/library/std/src/sys/backtrace.rs:66:9
[INFO] [stdout]    3:     0x5c86283e3f1a - <std::sys::backtrace::BacktraceLock::print::DisplayBacktrace as core::fmt::Display>::fmt::ha0a4c9b8ce3802e6
[INFO] [stdout]                                at /rustc/df4ca44d3fbc9301ee17f30f4d474e6ae4b05252/library/std/src/sys/backtrace.rs:39:26
[INFO] [stdout]    4:     0x5c862840be43 - core::fmt::rt::Argument::fmt::h4cfc8587d52b3eb5
[INFO] [stdout]                                at /rustc/df4ca44d3fbc9301ee17f30f4d474e6ae4b05252/library/core/src/fmt/rt.rs:177:76
[INFO] [stdout]    5:     0x5c862840be43 - core::fmt::write::h522cc39e5b36ae9f
[INFO] [stdout]                                at /rustc/df4ca44d3fbc9301ee17f30f4d474e6ae4b05252/library/core/src/fmt/mod.rs:1190:21
[INFO] [stdout]    6:     0x5c86283dffe3 - std::io::Write::write_fmt::h7d3c26752da97734
[INFO] [stdout]                                at /rustc/df4ca44d3fbc9301ee17f30f4d474e6ae4b05252/library/std/src/io/mod.rs:1839:15
[INFO] [stdout]    7:     0x5c86283e3d62 - std::sys::backtrace::BacktraceLock::print::h4b9e00b29e9c0942
[INFO] [stdout]                                at /rustc/df4ca44d3fbc9301ee17f30f4d474e6ae4b05252/library/std/src/sys/backtrace.rs:42:9
[INFO] [stdout]    8:     0x5c86283e53aa - std::panicking::default_hook::{{closure}}::hb59b88280d0324d9
[INFO] [stdout]                                at /rustc/df4ca44d3fbc9301ee17f30f4d474e6ae4b05252/library/std/src/panicking.rs:268:22
[INFO] [stdout]    9:     0x5c86283e51b4 - std::panicking::default_hook::he1dd496665be4a29
[INFO] [stdout]                                at /rustc/df4ca44d3fbc9301ee17f30f4d474e6ae4b05252/library/std/src/panicking.rs:292:9
[INFO] [stdout]   10:     0x5c86282be079 - <alloc::boxed::Box<F,A> as core::ops::function::Fn<Args>>::call::h4ff71de18744e1dc
[INFO] [stdout]                                at /rustc/df4ca44d3fbc9301ee17f30f4d474e6ae4b05252/library/alloc/src/boxed.rs:2468:9
[INFO] [stdout]   11:     0x5c86282be079 - test::test_main::{{closure}}::hcf7c055ce117aa81
[INFO] [stdout]                                at /rustc/df4ca44d3fbc9301ee17f30f4d474e6ae4b05252/library/test/src/lib.rs:133:21
[INFO] [stdout]   12:     0x5c86283e5aa8 - <alloc::boxed::Box<F,A> as core::ops::function::Fn<Args>>::call::h1d66c6bbd60c9692
[INFO] [stdout]                                at /rustc/df4ca44d3fbc9301ee17f30f4d474e6ae4b05252/library/alloc/src/boxed.rs:2468:9
[INFO] [stdout]   13:     0x5c86283e5aa8 - std::panicking::rust_panic_with_hook::h2ff17fe8f26dfcf8
[INFO] [stdout]                                at /rustc/df4ca44d3fbc9301ee17f30f4d474e6ae4b05252/library/std/src/panicking.rs:809:13
[INFO] [stdout]   14:     0x5c86283e586a - std::panicking::begin_panic_handler::{{closure}}::h4fad77951c07e101
[INFO] [stdout]                                at /rustc/df4ca44d3fbc9301ee17f30f4d474e6ae4b05252/library/std/src/panicking.rs:674:13
[INFO] [stdout]   15:     0x5c86283e43f9 - std::sys::backtrace::__rust_end_short_backtrace::hb1a25b3da5d0ea08
[INFO] [stdout]                                at /rustc/df4ca44d3fbc9301ee17f30f4d474e6ae4b05252/library/std/src/sys/backtrace.rs:170:18
[INFO] [stdout]   16:     0x5c86283e54fc - rust_begin_unwind
[INFO] [stdout]                                at /rustc/df4ca44d3fbc9301ee17f30f4d474e6ae4b05252/library/std/src/panicking.rs:665:5
[INFO] [stdout]   17:     0x5c862840a820 - core::panicking::panic_fmt::ha9db07b529f9b256
[INFO] [stdout]                                at /rustc/df4ca44d3fbc9301ee17f30f4d474e6ae4b05252/library/core/src/panicking.rs:75:14
[INFO] [stdout]   18:     0x5c862840ac66 - core::result::unwrap_failed::h5e8218e4d4338b8a
[INFO] [stdout]                                at /rustc/df4ca44d3fbc9301ee17f30f4d474e6ae4b05252/library/core/src/result.rs:1698:5
[INFO] [stdout]   19:     0x5c862825fd41 - core::result::Result<T,E>::unwrap::h436de24f3a7def03
[INFO] [stdout]                                at /rustc/df4ca44d3fbc9301ee17f30f4d474e6ae4b05252/library/core/src/result.rs:1103:23
[INFO] [stdout]   20:     0x5c862825fd41 - async_pop::test::create_client_info::haaebeb8e166aa866
[INFO] [stdout]                                at /opt/rustwide/workdir/src/test.rs:30:17
[INFO] [stdout]   21:     0x5c8628260522 - async_pop::test::create_logged_in_client::{{closure}}::h9ca0b16e9de7a944
[INFO] [stdout]                                at /opt/rustwide/workdir/src/test.rs:38:23
[INFO] [stdout]   22:     0x5c8628268e95 - async_pop::test::e2e_uidl::{{closure}}::hc1655a72e226ad9e
[INFO] [stdout]                                at /opt/rustwide/workdir/src/test.rs:209:48
[INFO] [stdout]   23:     0x5c8628254992 - <async_std::task::builder::SupportTaskLocals<F> as core::future::future::Future>::poll::{{closure}}::h844dda003dd2f176
[INFO] [stdout]                                at /opt/rustwide/cargo-home/registry/src/index.crates.io-6f17d22bba15001f/async-std-1.13.0/src/task/builder.rs:199:17
[INFO] [stdout]   24:     0x5c862826cd1c - async_std::task::task_locals_wrapper::TaskLocalsWrapper::set_current::{{closure}}::h3bdc0a3fca24e904
[INFO] [stdout]                                at /opt/rustwide/cargo-home/registry/src/index.crates.io-6f17d22bba15001f/async-std-1.13.0/src/task/task_locals_wrapper.rs:60:13
[INFO] [stdout]   25:     0x5c86281fbaca - std::thread::local::LocalKey<T>::try_with::hb082c307a4495522
[INFO] [stdout]                                at /rustc/df4ca44d3fbc9301ee17f30f4d474e6ae4b05252/library/std/src/thread/local.rs:283:12
[INFO] [stdout]   26:     0x5c86281f73fa - std::thread::local::LocalKey<T>::with::h321369ce4637cf31
[INFO] [stdout]                                at /rustc/df4ca44d3fbc9301ee17f30f4d474e6ae4b05252/library/std/src/thread/local.rs:260:9
[INFO] [stdout]   27:     0x5c862826c4f8 - async_std::task::task_locals_wrapper::TaskLocalsWrapper::set_current::h9bad2360c8f947a8
[INFO] [stdout]                                at /opt/rustwide/cargo-home/registry/src/index.crates.io-6f17d22bba15001f/async-std-1.13.0/src/task/task_locals_wrapper.rs:55:9
[INFO] [stdout]   28:     0x5c862825460a - <async_std::task::builder::SupportTaskLocals<F> as core::future::future::Future>::poll::h1990feb4f31953e4
[INFO] [stdout]                                at /opt/rustwide/cargo-home/registry/src/index.crates.io-6f17d22bba15001f/async-std-1.13.0/src/task/builder.rs:197:13
[INFO] [stdout]   29:     0x5c8628257ac4 - <futures_lite::future::Or<F1,F2> as core::future::future::Future>::poll::h0defe3c4be58b080
[INFO] [stdout]                                at /opt/rustwide/cargo-home/registry/src/index.crates.io-6f17d22bba15001f/futures-lite-2.4.0/src/future.rs:454:33
[INFO] [stdout]   30:     0x5c8628239345 - async_executor::State::run::{{closure}}::hb386ba4cd8819ee6
[INFO] [stdout]                                at /opt/rustwide/cargo-home/registry/src/index.crates.io-6f17d22bba15001f/async-executor-1.13.1/src/lib.rs:748:32
[INFO] [stdout]   31:     0x5c862823c83e - async_executor::Executor::run::{{closure}}::he27dcc9119312371
[INFO] [stdout]                                at /opt/rustwide/cargo-home/registry/src/index.crates.io-6f17d22bba15001f/async-executor-1.13.1/src/lib.rs:344:34
[INFO] [stdout]   32:     0x5c8628237401 - async_executor::LocalExecutor::run::{{closure}}::heb6712ac657869dd
[INFO] [stdout]                                at /opt/rustwide/cargo-home/registry/src/index.crates.io-6f17d22bba15001f/async-executor-1.13.1/src/lib.rs:648:34
[INFO] [stdout]   33:     0x5c8628201091 - async_io::driver::block_on::{{closure}}::h1dfb74d05fd15a97
[INFO] [stdout]                                at /opt/rustwide/cargo-home/registry/src/index.crates.io-6f17d22bba15001f/async-io-2.3.4/src/driver.rs:199:37
[INFO] [stdout]   34:     0x5c86281fc676 - std::thread::local::LocalKey<T>::try_with::hd4cf8af2ba52358a
[INFO] [stdout]                                at /rustc/df4ca44d3fbc9301ee17f30f4d474e6ae4b05252/library/std/src/thread/local.rs:283:12
[INFO] [stdout]   35:     0x5c86281f7e9a - std::thread::local::LocalKey<T>::with::heb89bdf4806e16a1
[INFO] [stdout]                                at /rustc/df4ca44d3fbc9301ee17f30f4d474e6ae4b05252/library/std/src/thread/local.rs:260:9
[INFO] [stdout]   36:     0x5c86282006b9 - async_io::driver::block_on::hcf6f5626eea7bc46
[INFO] [stdout]                                at /opt/rustwide/cargo-home/registry/src/index.crates.io-6f17d22bba15001f/async-io-2.3.4/src/driver.rs:175:5
[INFO] [stdout]   37:     0x5c862823ead2 - async_global_executor::reactor::block_on::{{closure}}::h909e8e509b534acd
[INFO] [stdout]                                at /opt/rustwide/cargo-home/registry/src/index.crates.io-6f17d22bba15001f/async-global-executor-2.4.1/src/reactor.rs:3:18
[INFO] [stdout]   38:     0x5c862823e8f2 - async_global_executor::reactor::block_on::h3c8c391b7f7f3936
[INFO] [stdout]                                at /opt/rustwide/cargo-home/registry/src/index.crates.io-6f17d22bba15001f/async-global-executor-2.4.1/src/reactor.rs:12:5
[INFO] [stdout]   39:     0x5c862824c86c - async_global_executor::executor::block_on::{{closure}}::h209b3e7e4c8bb6b8
[INFO] [stdout]                                at /opt/rustwide/cargo-home/registry/src/index.crates.io-6f17d22bba15001f/async-global-executor-2.4.1/src/executor.rs:26:36
[INFO] [stdout]   40:     0x5c86281fc0e7 - std::thread::local::LocalKey<T>::try_with::hc59a5acdacd42698
[INFO] [stdout]                                at /rustc/df4ca44d3fbc9301ee17f30f4d474e6ae4b05252/library/std/src/thread/local.rs:283:12
[INFO] [stdout]   41:     0x5c86281f794a - std::thread::local::LocalKey<T>::with::h9e673bc9e62a7e10
[INFO] [stdout]                                at /rustc/df4ca44d3fbc9301ee17f30f4d474e6ae4b05252/library/std/src/thread/local.rs:260:9
[INFO] [stdout]   42:     0x5c862824c75a - async_global_executor::executor::block_on::ha8cee21aadf3aee6
[INFO] [stdout]                                at /opt/rustwide/cargo-home/registry/src/index.crates.io-6f17d22bba15001f/async-global-executor-2.4.1/src/executor.rs:26:5
[INFO] [stdout]   43:     0x5c862825b340 - async_std::task::builder::Builder::blocking::{{closure}}::{{closure}}::hcc0312cceabe04fe
[INFO] [stdout]                                at /opt/rustwide/cargo-home/registry/src/index.crates.io-6f17d22bba15001f/async-std-1.13.0/src/task/builder.rs:171:25
[INFO] [stdout]   44:     0x5c862826d49a - async_std::task::task_locals_wrapper::TaskLocalsWrapper::set_current::{{closure}}::hf375b3df01551a02
[INFO] [stdout]                                at /opt/rustwide/cargo-home/registry/src/index.crates.io-6f17d22bba15001f/async-std-1.13.0/src/task/task_locals_wrapper.rs:60:13
[INFO] [stdout]   45:     0x5c86281fa7a5 - std::thread::local::LocalKey<T>::try_with::h79d25c363d9bc16e
[INFO] [stdout]                                at /rustc/df4ca44d3fbc9301ee17f30f4d474e6ae4b05252/library/std/src/thread/local.rs:283:12
[INFO] [stdout]   46:     0x5c86281f7f9a - std::thread::local::LocalKey<T>::with::hfc11e8ac892d4fb4
[INFO] [stdout]                                at /rustc/df4ca44d3fbc9301ee17f30f4d474e6ae4b05252/library/std/src/thread/local.rs:260:9
[INFO] [stdout]   47:     0x5c862826c36a - async_std::task::task_locals_wrapper::TaskLocalsWrapper::set_current::h1cba32703037f299
[INFO] [stdout]                                at /opt/rustwide/cargo-home/registry/src/index.crates.io-6f17d22bba15001f/async-std-1.13.0/src/task/task_locals_wrapper.rs:55:9
[INFO] [stdout]   48:     0x5c862825abfa - async_std::task::builder::Builder::blocking::{{closure}}::hc67ebac34988b8ef
[INFO] [stdout]                                at /opt/rustwide/cargo-home/registry/src/index.crates.io-6f17d22bba15001f/async-std-1.13.0/src/task/builder.rs:168:17
[INFO] [stdout]   49:     0x5c86281f9d07 - std::thread::local::LocalKey<T>::try_with::h4eeb24a327b42896
[INFO] [stdout]                                at /rustc/df4ca44d3fbc9301ee17f30f4d474e6ae4b05252/library/std/src/thread/local.rs:283:12
[INFO] [stdout]   50:     0x5c86281f74da - std::thread::local::LocalKey<T>::with::h4ef26d998da0e1a2
[INFO] [stdout]                                at /rustc/df4ca44d3fbc9301ee17f30f4d474e6ae4b05252/library/std/src/thread/local.rs:260:9
[INFO] [stdout]   51:     0x5c8628258d6c - async_std::task::builder::Builder::blocking::h07515af950d44a29
[INFO] [stdout]                                at /opt/rustwide/cargo-home/registry/src/index.crates.io-6f17d22bba15001f/async-std-1.13.0/src/task/builder.rs:161:9
[INFO] [stdout]   52:     0x5c86282351ac - async_std::task::block_on::block_on::h25649742efb2b0a8
[INFO] [stdout]                                at /opt/rustwide/cargo-home/registry/src/index.crates.io-6f17d22bba15001f/async-std-1.13.0/src/task/block_on.rs:33:5
[INFO] [stdout]   53:     0x5c8628268ce7 - async_pop::test::e2e_uidl::heef1430eeb4071fc
[INFO] [stdout]                                at /opt/rustwide/workdir/src/test.rs:207:43
[INFO] [stdout]   54:     0x5c8628268cb7 - async_pop::test::e2e_uidl::{{closure}}::h9e54c89d4601e284
[INFO] [stdout]                                at /opt/rustwide/workdir/src/test.rs:207:58
[INFO] [stdout]   55:     0x5c862821bb16 - core::ops::function::FnOnce::call_once::hbecad8d59ac0df2d
[INFO] [stdout]                                at /rustc/df4ca44d3fbc9301ee17f30f4d474e6ae4b05252/library/core/src/ops/function.rs:250:5
[INFO] [stdout]   56:     0x5c86282c294b - core::ops::function::FnOnce::call_once::h22c3ba5715e93f05
[INFO] [stdout]                                at /rustc/df4ca44d3fbc9301ee17f30f4d474e6ae4b05252/library/core/src/ops/function.rs:250:5
[INFO] [stdout]   57:     0x5c86282c294b - test::__rust_begin_short_backtrace::h8e82d8113d0da17f
[INFO] [stdout]                                at /rustc/df4ca44d3fbc9301ee17f30f4d474e6ae4b05252/library/test/src/lib.rs:621:18
[INFO] [stdout]   58:     0x5c86282c22c7 - test::run_test_in_process::{{closure}}::h33235f4f20b7b7c7
[INFO] [stdout]                                at /rustc/df4ca44d3fbc9301ee17f30f4d474e6ae4b05252/library/test/src/lib.rs:644:60
[INFO] [stdout]   59:     0x5c86282c22c7 - <core::panic::unwind_safe::AssertUnwindSafe<F> as core::ops::function::FnOnce<()>>::call_once::hb5043206310c586f
[INFO] [stdout]                                at /rustc/df4ca44d3fbc9301ee17f30f4d474e6ae4b05252/library/core/src/panic/unwind_safe.rs:272:9
[INFO] [stdout]   60:     0x5c86282c22c7 - std::panicking::try::do_call::h9ad4731a60ab23e2
[INFO] [stdout]                                at /rustc/df4ca44d3fbc9301ee17f30f4d474e6ae4b05252/library/std/src/panicking.rs:557:40
[INFO] [stdout]   61:     0x5c86282c22c7 - std::panicking::try::h3824d23db772a716
[INFO] [stdout]                                at /rustc/df4ca44d3fbc9301ee17f30f4d474e6ae4b05252/library/std/src/panicking.rs:520:19
[INFO] [stdout]   62:     0x5c86282c22c7 - std::panic::catch_unwind::h5afd514605fde46b
[INFO] [stdout]                                at /rustc/df4ca44d3fbc9301ee17f30f4d474e6ae4b05252/library/std/src/panic.rs:358:14
[INFO] [stdout]   63:     0x5c86282c22c7 - test::run_test_in_process::h0d5cbfa7067d1720
[INFO] [stdout]                                at /rustc/df4ca44d3fbc9301ee17f30f4d474e6ae4b05252/library/test/src/lib.rs:644:27
[INFO] [stdout]   64:     0x5c86282c22c7 - test::run_test::{{closure}}::h708eb8872708115d
[INFO] [stdout]                                at /rustc/df4ca44d3fbc9301ee17f30f4d474e6ae4b05252/library/test/src/lib.rs:565:43
[INFO] [stdout]   65:     0x5c86282859e4 - test::run_test::{{closure}}::h392c51cee94713ab
[INFO] [stdout]                                at /rustc/df4ca44d3fbc9301ee17f30f4d474e6ae4b05252/library/test/src/lib.rs:595:41
[INFO] [stdout]   66:     0x5c86282859e4 - std::sys::backtrace::__rust_begin_short_backtrace::h2f40290710935a8b
[INFO] [stdout]                                at /rustc/df4ca44d3fbc9301ee17f30f4d474e6ae4b05252/library/std/src/sys/backtrace.rs:154:18
[INFO] [stdout]   67:     0x5c862828918e - std::thread::Builder::spawn_unchecked_::{{closure}}::{{closure}}::h3fd968d89053a903
[INFO] [stdout]                                at /rustc/df4ca44d3fbc9301ee17f30f4d474e6ae4b05252/library/std/src/thread/mod.rs:541:17
[INFO] [stdout]   68:     0x5c862828918e - <core::panic::unwind_safe::AssertUnwindSafe<F> as core::ops::function::FnOnce<()>>::call_once::h743f637ba4229880
[INFO] [stdout]                                at /rustc/df4ca44d3fbc9301ee17f30f4d474e6ae4b05252/library/core/src/panic/unwind_safe.rs:272:9
[INFO] [stdout]   69:     0x5c862828918e - std::panicking::try::do_call::h07440897322525a6
[INFO] [stdout]                                at /rustc/df4ca44d3fbc9301ee17f30f4d474e6ae4b05252/library/std/src/panicking.rs:557:40
[INFO] [stdout]   70:     0x5c862828918e - std::panicking::try::he5a2e00188156637
[INFO] [stdout]                                at /rustc/df4ca44d3fbc9301ee17f30f4d474e6ae4b05252/library/std/src/panicking.rs:520:19
[INFO] [stdout]   71:     0x5c862828918e - std::panic::catch_unwind::hbaf3cae49b3c6433
[INFO] [stdout]                                at /rustc/df4ca44d3fbc9301ee17f30f4d474e6ae4b05252/library/std/src/panic.rs:358:14
[INFO] [stdout]   72:     0x5c862828918e - std::thread::Builder::spawn_unchecked_::{{closure}}::h8e141ea224820bce
[INFO] [stdout]                                at /rustc/df4ca44d3fbc9301ee17f30f4d474e6ae4b05252/library/std/src/thread/mod.rs:540:30
[INFO] [stdout]   73:     0x5c862828918e - core::ops::function::FnOnce::call_once{{vtable.shim}}::h90d312fedd7b8ea8
[INFO] [stdout]                                at /rustc/df4ca44d3fbc9301ee17f30f4d474e6ae4b05252/library/core/src/ops/function.rs:250:5
[INFO] [stdout]   74:     0x5c86283e9c8b - <alloc::boxed::Box<F,A> as core::ops::function::FnOnce<Args>>::call_once::h69aa08ddb6adb8b6
[INFO] [stdout]                                at /rustc/df4ca44d3fbc9301ee17f30f4d474e6ae4b05252/library/alloc/src/boxed.rs:2454:9
[INFO] [stdout]   75:     0x5c86283e9c8b - <alloc::boxed::Box<F,A> as core::ops::function::FnOnce<Args>>::call_once::h5aa36efdb79c806f
[INFO] [stdout]                                at /rustc/df4ca44d3fbc9301ee17f30f4d474e6ae4b05252/library/alloc/src/boxed.rs:2454:9
[INFO] [stdout]   76:     0x5c86283e9c8b - std::sys::pal::unix::thread::Thread::new::thread_start::h6cd80a1b4be5158d
[INFO] [stdout]                                at /rustc/df4ca44d3fbc9301ee17f30f4d474e6ae4b05252/library/std/src/sys/pal/unix/thread.rs:105:17
[INFO] [stdout]   77:     0x7c49bf772ac3 - <unknown>
[INFO] [stdout]   78:     0x7c49bf803a04 - clone
[INFO] [stdout]   79:                0x0 - <unknown>
[INFO] [stdout] 
[INFO] [stdout] ---- test::e2e_noop stdout ----
[INFO] [stdout] thread 'test::e2e_noop' panicked at src/test.rs:30:36:
[INFO] [stdout] called `Result::unwrap()` on an `Err` value: NotPresent
[INFO] [stdout] stack backtrace:
[INFO] [stdout]    0:     0x5c86283e3f1a - std::backtrace_rs::backtrace::libunwind::trace::h207520d6e9873551
[INFO] [stdout]                                at /rustc/df4ca44d3fbc9301ee17f30f4d474e6ae4b05252/library/std/src/../../backtrace/src/backtrace/libunwind.rs:116:5
[INFO] [stdout]    1:     0x5c86283e3f1a - std::backtrace_rs::backtrace::trace_unsynchronized::h2ed7433f370e3eca
[INFO] [stdout]                                at /rustc/df4ca44d3fbc9301ee17f30f4d474e6ae4b05252/library/std/src/../../backtrace/src/backtrace/mod.rs:66:5
[INFO] [stdout]    2:     0x5c86283e3f1a - std::sys::backtrace::_print_fmt::h916fac51166b18d7
[INFO] [stdout]                                at /rustc/df4ca44d3fbc9301ee17f30f4d474e6ae4b05252/library/std/src/sys/backtrace.rs:66:9
[INFO] [stdout]    3:     0x5c86283e3f1a - <std::sys::backtrace::BacktraceLock::print::DisplayBacktrace as core::fmt::Display>::fmt::ha0a4c9b8ce3802e6
[INFO] [stdout]                                at /rustc/df4ca44d3fbc9301ee17f30f4d474e6ae4b05252/library/std/src/sys/backtrace.rs:39:26
[INFO] [stdout]    4:     0x5c862840be43 - core::fmt::rt::Argument::fmt::h4cfc8587d52b3eb5
[INFO] [stdout]                                at /rustc/df4ca44d3fbc9301ee17f30f4d474e6ae4b05252/library/core/src/fmt/rt.rs:177:76
[INFO] [stdout]    5:     0x5c862840be43 - core::fmt::write::h522cc39e5b36ae9f
[INFO] [stdout]                                at /rustc/df4ca44d3fbc9301ee17f30f4d474e6ae4b05252/library/core/src/fmt/mod.rs:1190:21
[INFO] [stdout]    6:     0x5c86283dffe3 - std::io::Write::write_fmt::h7d3c26752da97734
[INFO] [stdout]                                at /rustc/df4ca44d3fbc9301ee17f30f4d474e6ae4b05252/library/std/src/io/mod.rs:1839:15
[INFO] [stdout]    7:     0x5c86283e3d62 - std::sys::backtrace::BacktraceLock::print::h4b9e00b29e9c0942
[INFO] [stdout]                                at /rustc/df4ca44d3fbc9301ee17f30f4d474e6ae4b05252/library/std/src/sys/backtrace.rs:42:9
[INFO] [stdout]    8:     0x5c86283e53aa - std::panicking::default_hook::{{closure}}::hb59b88280d0324d9
[INFO] [stdout]                                at /rustc/df4ca44d3fbc9301ee17f30f4d474e6ae4b05252/library/std/src/panicking.rs:268:22
[INFO] [stdout]    9:     0x5c86283e51b4 - std::panicking::default_hook::he1dd496665be4a29
[INFO] [stdout]                                at /rustc/df4ca44d3fbc9301ee17f30f4d474e6ae4b05252/library/std/src/panicking.rs:292:9
[INFO] [stdout]   10:     0x5c86282be079 - <alloc::boxed::Box<F,A> as core::ops::function::Fn<Args>>::call::h4ff71de18744e1dc
[INFO] [stdout]                                at /rustc/df4ca44d3fbc9301ee17f30f4d474e6ae4b05252/library/alloc/src/boxed.rs:2468:9
[INFO] [stdout]   11:     0x5c86282be079 - test::test_main::{{closure}}::hcf7c055ce117aa81
[INFO] [stdout]                                at /rustc/df4ca44d3fbc9301ee17f30f4d474e6ae4b05252/library/test/src/lib.rs:133:21
[INFO] [stdout]   12:     0x5c86283e5aa8 - <alloc::boxed::Box<F,A> as core::ops::function::Fn<Args>>::call::h1d66c6bbd60c9692
[INFO] [stdout]                                at /rustc/df4ca44d3fbc9301ee17f30f4d474e6ae4b05252/library/alloc/src/boxed.rs:2468:9
[INFO] [stdout]   13:     0x5c86283e5aa8 - std::panicking::rust_panic_with_hook::h2ff17fe8f26dfcf8
[INFO] [stdout]                                at /rustc/df4ca44d3fbc9301ee17f30f4d474e6ae4b05252/library/std/src/panicking.rs:809:13
[INFO] [stdout]   14:     0x5c86283e586a - std::panicking::begin_panic_handler::{{closure}}::h4fad77951c07e101
[INFO] [stdout]                                at /rustc/df4ca44d3fbc9301ee17f30f4d474e6ae4b05252/library/std/src/panicking.rs:674:13
[INFO] [stdout]   15:     0x5c86283e43f9 - std::sys::backtrace::__rust_end_short_backtrace::hb1a25b3da5d0ea08
[INFO] [stdout]                                at /rustc/df4ca44d3fbc9301ee17f30f4d474e6ae4b05252/library/std/src/sys/backtrace.rs:170:18
[INFO] [stdout]   16:     0x5c86283e54fc - rust_begin_unwind
[INFO] [stdout]                                at /rustc/df4ca44d3fbc9301ee17f30f4d474e6ae4b05252/library/std/src/panicking.rs:665:5
[INFO] [stdout]   17:     0x5c862840a820 - core::panicking::panic_fmt::ha9db07b529f9b256
[INFO] [stdout]                                at /rustc/df4ca44d3fbc9301ee17f30f4d474e6ae4b05252/library/core/src/panicking.rs:75:14
[INFO] [stdout]   18:     0x5c862840ac66 - core::result::unwrap_failed::h5e8218e4d4338b8a
[INFO] [stdout]                                at /rustc/df4ca44d3fbc9301ee17f30f4d474e6ae4b05252/library/core/src/result.rs:1698:5
[INFO] [stdout]   19:     0x5c862825fd41 - core::result::Result<T,E>::unwrap::h436de24f3a7def03
[INFO] [stdout]                                at /rustc/df4ca44d3fbc9301ee17f30f4d474e6ae4b05252/library/core/src/result.rs:1103:23
[INFO] [stdout]   20:     0x5c862825fd41 - async_pop::test::create_client_info::haaebeb8e166aa866
[INFO] [stdout]                                at /opt/rustwide/workdir/src/test.rs:30:17
[INFO] [stdout]   21:     0x5c8628260522 - async_pop::test::create_logged_in_client::{{closure}}::h9ca0b16e9de7a944
[INFO] [stdout]                                at /opt/rustwide/workdir/src/test.rs:38:23
[INFO] [stdout]   22:     0x5c86282665c7 - async_pop::test::e2e_noop::{{closure}}::h8b13dd358dc61250
[INFO] [stdout]                                at /opt/rustwide/workdir/src/test.rs:122:48
[INFO] [stdout]   23:     0x5c8628254812 - <async_std::task::builder::SupportTaskLocals<F> as core::future::future::Future>::poll::{{closure}}::h01708edb2c992173
[INFO] [stdout]                                at /opt/rustwide/cargo-home/registry/src/index.crates.io-6f17d22bba15001f/async-std-1.13.0/src/task/builder.rs:199:17
[INFO] [stdout]   24:     0x5c862826d6cc - async_std::task::task_locals_wrapper::TaskLocalsWrapper::set_current::{{closure}}::hfaa5a98d1c2dd52c
[INFO] [stdout]                                at /opt/rustwide/cargo-home/registry/src/index.crates.io-6f17d22bba15001f/async-std-1.13.0/src/task/task_locals_wrapper.rs:60:13
[INFO] [stdout]   25:     0x5c86281f809a - std::thread::local::LocalKey<T>::try_with::h00a8577c958bc678
[INFO] [stdout]                                at /rustc/df4ca44d3fbc9301ee17f30f4d474e6ae4b05252/library/std/src/thread/local.rs:283:12
[INFO] [stdout]   26:     0x5c86281f7efa - std::thread::local::LocalKey<T>::with::hf1822fc113811d67
[INFO] [stdout]                                at /rustc/df4ca44d3fbc9301ee17f30f4d474e6ae4b05252/library/std/src/thread/local.rs:260:9
[INFO] [stdout]   27:     0x5c862826c3b8 - async_std::task::task_locals_wrapper::TaskLocalsWrapper::set_current::h3bd2bc3307010f72
[INFO] [stdout]                                at /opt/rustwide/cargo-home/registry/src/index.crates.io-6f17d22bba15001f/async-std-1.13.0/src/task/task_locals_wrapper.rs:55:9
[INFO] [stdout]   28:     0x5c862825478a - <async_std::task::builder::SupportTaskLocals<F> as core::future::future::Future>::poll::hf2ec7dfde7a0a056
[INFO] [stdout]                                at /opt/rustwide/cargo-home/registry/src/index.crates.io-6f17d22bba15001f/async-std-1.13.0/src/task/builder.rs:197:13
[INFO] [stdout]   29:     0x5c8628257b54 - <futures_lite::future::Or<F1,F2> as core::future::future::Future>::poll::h20930be3c00393cb
[INFO] [stdout]                                at /opt/rustwide/cargo-home/registry/src/index.crates.io-6f17d22bba15001f/futures-lite-2.4.0/src/future.rs:454:33
[INFO] [stdout]   30:     0x5c8628238f85 - async_executor::State::run::{{closure}}::h9bc5361e8938e99b
[INFO] [stdout]                                at /opt/rustwide/cargo-home/registry/src/index.crates.io-6f17d22bba15001f/async-executor-1.13.1/src/lib.rs:748:32
[INFO] [stdout]   31:     0x5c862823b7ce - async_executor::Executor::run::{{closure}}::h17181fc3738f2423
[INFO] [stdout]                                at /opt/rustwide/cargo-home/registry/src/index.crates.io-6f17d22bba15001f/async-executor-1.13.1/src/lib.rs:344:34
[INFO] [stdout]   32:     0x5c86282376d1 - async_executor::LocalExecutor::run::{{closure}}::hf02fae47667d5a8e
[INFO] [stdout]                                at /opt/rustwide/cargo-home/registry/src/index.crates.io-6f17d22bba15001f/async-executor-1.13.1/src/lib.rs:648:34
[INFO] [stdout]   33:     0x5c8628213951 - async_io::driver::block_on::{{closure}}::hee3af0f65129206d
[INFO] [stdout]                                at /opt/rustwide/cargo-home/registry/src/index.crates.io-6f17d22bba15001f/async-io-2.3.4/src/driver.rs:199:37
[INFO] [stdout]   34:     0x5c86281fac06 - std::thread::local::LocalKey<T>::try_with::h8d36a03c113e04e9
[INFO] [stdout]                                at /rustc/df4ca44d3fbc9301ee17f30f4d474e6ae4b05252/library/std/src/thread/local.rs:283:12
[INFO] [stdout]   35:     0x5c86281f7c4a - std::thread::local::LocalKey<T>::with::hc9a706268fe245b6
[INFO] [stdout]                                at /rustc/df4ca44d3fbc9301ee17f30f4d474e6ae4b05252/library/std/src/thread/local.rs:260:9
[INFO] [stdout]   36:     0x5c8628200069 - async_io::driver::block_on::h918a87288d12e309
[INFO] [stdout]                                at /opt/rustwide/cargo-home/registry/src/index.crates.io-6f17d22bba15001f/async-io-2.3.4/src/driver.rs:175:5
[INFO] [stdout]   37:     0x5c862823ebc2 - async_global_executor::reactor::block_on::{{closure}}::hba7636b4e1f07c97
[INFO] [stdout]                                at /opt/rustwide/cargo-home/registry/src/index.crates.io-6f17d22bba15001f/async-global-executor-2.4.1/src/reactor.rs:3:18
[INFO] [stdout]   38:     0x5c862823e9d2 - async_global_executor::reactor::block_on::hd02fe00bfbdc3e6a
[INFO] [stdout]                                at /opt/rustwide/cargo-home/registry/src/index.crates.io-6f17d22bba15001f/async-global-executor-2.4.1/src/reactor.rs:12:5
[INFO] [stdout]   39:     0x5c862824c9bc - async_global_executor::executor::block_on::{{closure}}::hab9f09d6aeffd8ea
[INFO] [stdout]                                at /opt/rustwide/cargo-home/registry/src/index.crates.io-6f17d22bba15001f/async-global-executor-2.4.1/src/executor.rs:26:36
[INFO] [stdout]   40:     0x5c86281fccc7 - std::thread::local::LocalKey<T>::try_with::he60e456728c3ef29
[INFO] [stdout]                                at /rustc/df4ca44d3fbc9301ee17f30f4d474e6ae4b05252/library/std/src/thread/local.rs:283:12
[INFO] [stdout]   41:     0x5c86281f72aa - std::thread::local::LocalKey<T>::with::h292f0315d00d93ab
[INFO] [stdout]                                at /rustc/df4ca44d3fbc9301ee17f30f4d474e6ae4b05252/library/std/src/thread/local.rs:260:9
[INFO] [stdout]   42:     0x5c862824c6da - async_global_executor::executor::block_on::h85c10058e1784bf7
[INFO] [stdout]                                at /opt/rustwide/cargo-home/registry/src/index.crates.io-6f17d22bba15001f/async-global-executor-2.4.1/src/executor.rs:26:5
[INFO] [stdout]   43:     0x5c862825b070 - async_std::task::builder::Builder::blocking::{{closure}}::{{closure}}::h65834d713c670659
[INFO] [stdout]                                at /opt/rustwide/cargo-home/registry/src/index.crates.io-6f17d22bba15001f/async-std-1.13.0/src/task/builder.rs:171:25
[INFO] [stdout]   44:     0x5c862826d05a - async_std::task::task_locals_wrapper::TaskLocalsWrapper::set_current::{{closure}}::ha5f136489beac2b6
[INFO] [stdout]                                at /opt/rustwide/cargo-home/registry/src/index.crates.io-6f17d22bba15001f/async-std-1.13.0/src/task/task_locals_wrapper.rs:60:13
[INFO] [stdout]   45:     0x5c86281fd225 - std::thread::local::LocalKey<T>::try_with::hef6e34cf616d0381
[INFO] [stdout]                                at /rustc/df4ca44d3fbc9301ee17f30f4d474e6ae4b05252/library/std/src/thread/local.rs:283:12
[INFO] [stdout]   46:     0x5c86281f787a - std::thread::local::LocalKey<T>::with::h8d9ef62f3a5ac003
[INFO] [stdout]                                at /rustc/df4ca44d3fbc9301ee17f30f4d474e6ae4b05252/library/std/src/thread/local.rs:260:9
[INFO] [stdout]   47:     0x5c862826c6ea - async_std::task::task_locals_wrapper::TaskLocalsWrapper::set_current::hdce58dd53a25e0d0
[INFO] [stdout]                                at /opt/rustwide/cargo-home/registry/src/index.crates.io-6f17d22bba15001f/async-std-1.13.0/src/task/task_locals_wrapper.rs:55:9
[INFO] [stdout]   48:     0x5c862825a6da - async_std::task::builder::Builder::blocking::{{closure}}::h678d8156b28f9710
[INFO] [stdout]                                at /opt/rustwide/cargo-home/registry/src/index.crates.io-6f17d22bba15001f/async-std-1.13.0/src/task/builder.rs:168:17
[INFO] [stdout]   49:     0x5c86281fd897 - std::thread::local::LocalKey<T>::try_with::hfb59f31e8eb7081b
[INFO] [stdout]                                at /rustc/df4ca44d3fbc9301ee17f30f4d474e6ae4b05252/library/std/src/thread/local.rs:283:12
[INFO] [stdout]   50:     0x5c86281f75da - std::thread::local::LocalKey<T>::with::h68bcf53fe6702881
[INFO] [stdout]                                at /rustc/df4ca44d3fbc9301ee17f30f4d474e6ae4b05252/library/std/src/thread/local.rs:260:9
[INFO] [stdout]   51:     0x5c86282592cc - async_std::task::builder::Builder::blocking::h418b7135763e4d92
[INFO] [stdout]                                at /opt/rustwide/cargo-home/registry/src/index.crates.io-6f17d22bba15001f/async-std-1.13.0/src/task/builder.rs:161:9
[INFO] [stdout]   52:     0x5c862823504c - async_std::task::block_on::block_on::h0ccb838e81fab314
[INFO] [stdout]                                at /opt/rustwide/cargo-home/registry/src/index.crates.io-6f17d22bba15001f/async-std-1.13.0/src/task/block_on.rs:33:5
[INFO] [stdout]   53:     0x5c8628266437 - async_pop::test::e2e_noop::h8d7d04456d771a38
[INFO] [stdout]                                at /opt/rustwide/workdir/src/test.rs:120:43
[INFO] [stdout]   54:     0x5c8628266407 - async_pop::test::e2e_noop::{{closure}}::hf32afdbed74dfc88
[INFO] [stdout]                                at /opt/rustwide/workdir/src/test.rs:120:58
[INFO] [stdout]   55:     0x5c862821bbd6 - core::ops::function::FnOnce::call_once::hc81114c817757952
[INFO] [stdout]                                at /rustc/df4ca44d3fbc9301ee17f30f4d474e6ae4b05252/library/core/src/ops/function.rs:250:5
[INFO] [stdout]   56:     0x5c86282c294b - core::ops::function::FnOnce::call_once::h22c3ba5715e93f05
[INFO] [stdout]                                at /rustc/df4ca44d3fbc9301ee17f30f4d474e6ae4b05252/library/core/src/ops/function.rs:250:5
[INFO] [stdout]   57:     0x5c86282c294b - test::__rust_begin_short_backtrace::h8e82d8113d0da17f
[INFO] [stdout]                                at /rustc/df4ca44d3fbc9301ee17f30f4d474e6ae4b05252/library/test/src/lib.rs:621:18
[INFO] [stdout]   58:     0x5c86282c22c7 - test::run_test_in_process::{{closure}}::h33235f4f20b7b7c7
[INFO] [stdout]                                at /rustc/df4ca44d3fbc9301ee17f30f4d474e6ae4b05252/library/test/src/lib.rs:644:60
[INFO] [stdout]   59:     0x5c86282c22c7 - <core::panic::unwind_safe::AssertUnwindSafe<F> as core::ops::function::FnOnce<()>>::call_once::hb5043206310c586f
[INFO] [stdout]                                at /rustc/df4ca44d3fbc9301ee17f30f4d474e6ae4b05252/library/core/src/panic/unwind_safe.rs:272:9
[INFO] [stdout]   60:     0x5c86282c22c7 - std::panicking::try::do_call::h9ad4731a60ab23e2
[INFO] [stdout]                                at /rustc/df4ca44d3fbc9301ee17f30f4d474e6ae4b05252/library/std/src/panicking.rs:557:40
[INFO] [stdout]   61:     0x5c86282c22c7 - std::panicking::try::h3824d23db772a716
[INFO] [stdout]                                at /rustc/df4ca44d3fbc9301ee17f30f4d474e6ae4b05252/library/std/src/panicking.rs:520:19
[INFO] [stdout]   62:     0x5c86282c22c7 - std::panic::catch_unwind::h5afd514605fde46b
[INFO] [stdout]                                at /rustc/df4ca44d3fbc9301ee17f30f4d474e6ae4b05252/library/std/src/panic.rs:358:14
[INFO] [stdout]   63:     0x5c86282c22c7 - test::run_test_in_process::h0d5cbfa7067d1720
[INFO] [stdout]                                at /rustc/df4ca44d3fbc9301ee17f30f4d474e6ae4b05252/library/test/src/lib.rs:644:27
[INFO] [stdout]   64:     0x5c86282c22c7 - test::run_test::{{closure}}::h708eb8872708115d
[INFO] [stdout]                                at /rustc/df4ca44d3fbc9301ee17f30f4d474e6ae4b05252/library/test/src/lib.rs:565:43
[INFO] [stdout]   65:     0x5c86282859e4 - test::run_test::{{closure}}::h392c51cee94713ab
[INFO] [stdout]                                at /rustc/df4ca44d3fbc9301ee17f30f4d474e6ae4b05252/library/test/src/lib.rs:595:41
[INFO] [stdout]   66:     0x5c86282859e4 - std::sys::backtrace::__rust_begin_short_backtrace::h2f40290710935a8b
[INFO] [stdout]                                at /rustc/df4ca44d3fbc9301ee17f30f4d474e6ae4b05252/library/std/src/sys/backtrace.rs:154:18
[INFO] [stdout]   67:     0x5c862828918e - std::thread::Builder::spawn_unchecked_::{{closure}}::{{closure}}::h3fd968d89053a903
[INFO] [stdout]                                at /rustc/df4ca44d3fbc9301ee17f30f4d474e6ae4b05252/library/std/src/thread/mod.rs:541:17
[INFO] [stdout]   68:     0x5c862828918e - <core::panic::unwind_safe::AssertUnwindSafe<F> as core::ops::function::FnOnce<()>>::call_once::h743f637ba4229880
[INFO] [stdout]                                at /rustc/df4ca44d3fbc9301ee17f30f4d474e6ae4b05252/library/core/src/panic/unwind_safe.rs:272:9
[INFO] [stdout]   69:     0x5c862828918e - std::panicking::try::do_call::h07440897322525a6
[INFO] [stdout]                                at /rustc/df4ca44d3fbc9301ee17f30f4d474e6ae4b05252/library/std/src/panicking.rs:557:40
[INFO] [stdout]   70:     0x5c862828918e - std::panicking::try::he5a2e00188156637
[INFO] [stdout]                                at /rustc/df4ca44d3fbc9301ee17f30f4d474e6ae4b05252/library/std/src/panicking.rs:520:19
[INFO] [stdout]   71:     0x5c862828918e - std::panic::catch_unwind::hbaf3cae49b3c6433
[INFO] [stdout]                                at /rustc/df4ca44d3fbc9301ee17f30f4d474e6ae4b05252/library/std/src/panic.rs:358:14
[INFO] [stdout]   72:     0x5c862828918e - std::thread::Builder::spawn_unchecked_::{{closure}}::h8e141ea224820bce
[INFO] [stdout]                                at /rustc/df4ca44d3fbc9301ee17f30f4d474e6ae4b05252/library/std/src/thread/mod.rs:540:30
[INFO] [stdout]   73:     0x5c862828918e - core::ops::function::FnOnce::call_once{{vtable.shim}}::h90d312fedd7b8ea8
[INFO] [stdout]                                at /rustc/df4ca44d3fbc9301ee17f30f4d474e6ae4b05252/library/core/src/ops/function.rs:250:5
[INFO] [stdout]   74:     0x5c86283e9c8b - <alloc::boxed::Box<F,A> as core::ops::function::FnOnce<Args>>::call_once::h69aa08ddb6adb8b6
[INFO] [stdout]                                at /rustc/df4ca44d3fbc9301ee17f30f4d474e6ae4b05252/library/alloc/src/boxed.rs:2454:9
[INFO] [stdout]   75:     0x5c86283e9c8b - <alloc::boxed::Box<F,A> as core::ops::function::FnOnce<Args>>::call_once::h5aa36efdb79c806f
[INFO] [stdout]                                at /rustc/df4ca44d3fbc9301ee17f30f4d474e6ae4b05252/library/alloc/src/boxed.rs:2454:9
[INFO] [stdout]   76:     0x5c86283e9c8b - std::sys::pal::unix::thread::Thread::new::thread_start::h6cd80a1b4be5158d
[INFO] [stdout]                                at /rustc/df4ca44d3fbc9301ee17f30f4d474e6ae4b05252/library/std/src/sys/pal/unix/thread.rs:105:17
[INFO] [stdout]   77:     0x7c49bf772ac3 - <unknown>
[INFO] [stdout]   78:     0x7c49bf803a04 - clone
[INFO] [stdout]   79:                0x0 - <unknown>
[INFO] [stdout] 
[INFO] [stdout] ---- test::e2e_connect stdout ----
[INFO] [stdout] thread 'test::e2e_connect' panicked at src/test.rs:30:36:
[INFO] [stdout] called `Result::unwrap()` on an `Err` value: NotPresent
[INFO] [stdout] stack backtrace:
[INFO] [stdout]    0:     0x5c86283e3f1a - std::backtrace_rs::backtrace::libunwind::trace::h207520d6e9873551
[INFO] [stdout]                                at /rustc/df4ca44d3fbc9301ee17f30f4d474e6ae4b05252/library/std/src/../../backtrace/src/backtrace/libunwind.rs:116:5
[INFO] [stdout]    1:     0x5c86283e3f1a - std::backtrace_rs::backtrace::trace_unsynchronized::h2ed7433f370e3eca
[INFO] [stdout]                                at /rustc/df4ca44d3fbc9301ee17f30f4d474e6ae4b05252/library/std/src/../../backtrace/src/backtrace/mod.rs:66:5
[INFO] [stdout]    2:     0x5c86283e3f1a - std::sys::backtrace::_print_fmt::h916fac51166b18d7
[INFO] [stdout]                                at /rustc/df4ca44d3fbc9301ee17f30f4d474e6ae4b05252/library/std/src/sys/backtrace.rs:66:9
[INFO] [stdout]    3:     0x5c86283e3f1a - <std::sys::backtrace::BacktraceLock::print::DisplayBacktrace as core::fmt::Display>::fmt::ha0a4c9b8ce3802e6
[INFO] [stdout]                                at /rustc/df4ca44d3fbc9301ee17f30f4d474e6ae4b05252/library/std/src/sys/backtrace.rs:39:26
[INFO] [stdout]    4:     0x5c862840be43 - core::fmt::rt::Argument::fmt::h4cfc8587d52b3eb5
[INFO] [stdout]                                at /rustc/df4ca44d3fbc9301ee17f30f4d474e6ae4b05252/library/core/src/fmt/rt.rs:177:76
[INFO] [stdout]    5:     0x5c862840be43 - core::fmt::write::h522cc39e5b36ae9f
[INFO] [stdout]                                at /rustc/df4ca44d3fbc9301ee17f30f4d474e6ae4b05252/library/core/src/fmt/mod.rs:1190:21
[INFO] [stdout]    6:     0x5c86283dffe3 - std::io::Write::write_fmt::h7d3c26752da97734
[INFO] [stdout]                                at /rustc/df4ca44d3fbc9301ee17f30f4d474e6ae4b05252/library/std/src/io/mod.rs:1839:15
[INFO] [stdout]    7:     0x5c86283e3d62 - std::sys::backtrace::BacktraceLock::print::h4b9e00b29e9c0942
[INFO] [stdout]                                at /rustc/df4ca44d3fbc9301ee17f30f4d474e6ae4b05252/library/std/src/sys/backtrace.rs:42:9
[INFO] [stdout]    8:     0x5c86283e53aa - std::panicking::default_hook::{{closure}}::hb59b88280d0324d9
[INFO] [stdout]                                at /rustc/df4ca44d3fbc9301ee17f30f4d474e6ae4b05252/library/std/src/panicking.rs:268:22
[INFO] [stdout]    9:     0x5c86283e51b4 - std::panicking::default_hook::he1dd496665be4a29
[INFO] [stdout]                                at /rustc/df4ca44d3fbc9301ee17f30f4d474e6ae4b05252/library/std/src/panicking.rs:292:9
[INFO] [stdout]   10:     0x5c86282be079 - <alloc::boxed::Box<F,A> as core::ops::function::Fn<Args>>::call::h4ff71de18744e1dc
[INFO] [stdout]                                at /rustc/df4ca44d3fbc9301ee17f30f4d474e6ae4b05252/library/alloc/src/boxed.rs:2468:9
[INFO] [stdout]   11:     0x5c86282be079 - test::test_main::{{closure}}::hcf7c055ce117aa81
[INFO] [stdout]                                at /rustc/df4ca44d3fbc9301ee17f30f4d474e6ae4b05252/library/test/src/lib.rs:133:21
[INFO] [stdout]   12:     0x5c86283e5aa8 - <alloc::boxed::Box<F,A> as core::ops::function::Fn<Args>>::call::h1d66c6bbd60c9692
[INFO] [stdout]                                at /rustc/df4ca44d3fbc9301ee17f30f4d474e6ae4b05252/library/alloc/src/boxed.rs:2468:9
[INFO] [stdout]   13:     0x5c86283e5aa8 - std::panicking::rust_panic_with_hook::h2ff17fe8f26dfcf8
[INFO] [stdout]                                at /rustc/df4ca44d3fbc9301ee17f30f4d474e6ae4b05252/library/std/src/panicking.rs:809:13
[INFO] [stdout]   14:     0x5c86283e586a - std::panicking::begin_panic_handler::{{closure}}::h4fad77951c07e101
[INFO] [stdout]                                at /rustc/df4ca44d3fbc9301ee17f30f4d474e6ae4b05252/library/std/src/panicking.rs:674:13
[INFO] [stdout]   15:     0x5c86283e43f9 - std::sys::backtrace::__rust_end_short_backtrace::hb1a25b3da5d0ea08
[INFO] [stdout]                                at /rustc/df4ca44d3fbc9301ee17f30f4d474e6ae4b05252/library/std/src/sys/backtrace.rs:170:18
[INFO] [stdout]   16:     0x5c86283e54fc - rust_begin_unwind
[INFO] [stdout]                                at /rustc/df4ca44d3fbc9301ee17f30f4d474e6ae4b05252/library/std/src/panicking.rs:665:5
[INFO] [stdout]   17:     0x5c862840a820 - core::panicking::panic_fmt::ha9db07b529f9b256
[INFO] [stdout]                                at /rustc/df4ca44d3fbc9301ee17f30f4d474e6ae4b05252/library/core/src/panicking.rs:75:14
[INFO] [stdout]   18:     0x5c862840ac66 - core::result::unwrap_failed::h5e8218e4d4338b8a
[INFO] [stdout]                                at /rustc/df4ca44d3fbc9301ee17f30f4d474e6ae4b05252/library/core/src/result.rs:1698:5
[INFO] [stdout]   19:     0x5c862825fd41 - core::result::Result<T,E>::unwrap::h436de24f3a7def03
[INFO] [stdout]                                at /rustc/df4ca44d3fbc9301ee17f30f4d474e6ae4b05252/library/core/src/result.rs:1103:23
[INFO] [stdout]   20:     0x5c862825fd41 - async_pop::test::create_client_info::haaebeb8e166aa866
[INFO] [stdout]                                at /opt/rustwide/workdir/src/test.rs:30:17
[INFO] [stdout]   21:     0x5c862826499a - async_pop::test::e2e_connect::{{closure}}::h06d2112fb172a60a
[INFO] [stdout]                                at /opt/rustwide/workdir/src/test.rs:72:23
[INFO] [stdout]   22:     0x5c8628254952 - <async_std::task::builder::SupportTaskLocals<F> as core::future::future::Future>::poll::{{closure}}::h74293fdb3863f1ab
[INFO] [stdout]                                at /opt/rustwide/cargo-home/registry/src/index.crates.io-6f17d22bba15001f/async-std-1.13.0/src/task/builder.rs:199:17
[INFO] [stdout]   23:     0x5c862826ca0c - async_std::task::task_locals_wrapper::TaskLocalsWrapper::set_current::{{closure}}::h1d68e36ad8a72e42
[INFO] [stdout]                                at /opt/rustwide/cargo-home/registry/src/index.crates.io-6f17d22bba15001f/async-std-1.13.0/src/task/task_locals_wrapper.rs:60:13
[INFO] [stdout]   24:     0x5c86281f8eca - std::thread::local::LocalKey<T>::try_with::h2cc319669fae4a22
[INFO] [stdout]                                at /rustc/df4ca44d3fbc9301ee17f30f4d474e6ae4b05252/library/std/src/thread/local.rs:283:12
[INFO] [stdout]   25:     0x5c86281f7b9a - std::thread::local::LocalKey<T>::with::hb837bd0298f86231
[INFO] [stdout]                                at /rustc/df4ca44d3fbc9301ee17f30f4d474e6ae4b05252/library/std/src/thread/local.rs:260:9
[INFO] [stdout]   26:     0x5c862826c3f8 - async_std::task::task_locals_wrapper::TaskLocalsWrapper::set_current::h418fd4b59c246f3a
[INFO] [stdout]                                at /opt/rustwide/cargo-home/registry/src/index.crates.io-6f17d22bba15001f/async-std-1.13.0/src/task/task_locals_wrapper.rs:55:9
[INFO] [stdout]   27:     0x5c86282546ca - <async_std::task::builder::SupportTaskLocals<F> as core::future::future::Future>::poll::h8cd9652a09aedf2a
[INFO] [stdout]                                at /opt/rustwide/cargo-home/registry/src/index.crates.io-6f17d22bba15001f/async-std-1.13.0/src/task/builder.rs:197:13
[INFO] [stdout]   28:     0x5c8628257d04 - <futures_lite::future::Or<F1,F2> as core::future::future::Future>::poll::h996ba9f639cc73c9
[INFO] [stdout]                                at /opt/rustwide/cargo-home/registry/src/index.crates.io-6f17d22bba15001f/futures-lite-2.4.0/src/future.rs:454:33
[INFO] [stdout]   29:     0x5c8628238086 - async_executor::State::run::{{closure}}::h4a01e34abcb4e11f
[INFO] [stdout]                                at /opt/rustwide/cargo-home/registry/src/index.crates.io-6f17d22bba15001f/async-executor-1.13.1/src/lib.rs:748:32
[INFO] [stdout]   30:     0x5c862823ba8e - async_executor::Executor::run::{{closure}}::h5d7f3b180effa91c
[INFO] [stdout]                                at /opt/rustwide/cargo-home/registry/src/index.crates.io-6f17d22bba15001f/async-executor-1.13.1/src/lib.rs:344:34
[INFO] [stdout]   31:     0x5c8628237132 - async_executor::LocalExecutor::run::{{closure}}::h7d9fb4b125e56916
[INFO] [stdout]                                at /opt/rustwide/cargo-home/registry/src/index.crates.io-6f17d22bba15001f/async-executor-1.13.1/src/lib.rs:648:34
[INFO] [stdout]   32:     0x5c862820d6d1 - async_io::driver::block_on::{{closure}}::ha0be9b3d7c182b36
[INFO] [stdout]                                at /opt/rustwide/cargo-home/registry/src/index.crates.io-6f17d22bba15001f/async-io-2.3.4/src/driver.rs:199:37
[INFO] [stdout]   33:     0x5c86281f9f87 - std::thread::local::LocalKey<T>::try_with::h56bccc4afde8268b
[INFO] [stdout]                                at /rustc/df4ca44d3fbc9301ee17f30f4d474e6ae4b05252/library/std/src/thread/local.rs:283:12
[INFO] [stdout]   34:     0x5c86281f7d2a - std::thread::local::LocalKey<T>::with::hd8005bf97e511c3d
[INFO] [stdout]                                at /rustc/df4ca44d3fbc9301ee17f30f4d474e6ae4b05252/library/std/src/thread/local.rs:260:9
[INFO] [stdout]   35:     0x5c86281fe0da - async_io::driver::block_on::h2285ad6d18529c70
[INFO] [stdout]                                at /opt/rustwide/cargo-home/registry/src/index.crates.io-6f17d22bba15001f/async-io-2.3.4/src/driver.rs:175:5
[INFO] [stdout]   36:     0x5c862823ebf3 - async_global_executor::reactor::block_on::{{closure}}::he5ed159bf2881ea8
[INFO] [stdout]                                at /opt/rustwide/cargo-home/registry/src/index.crates.io-6f17d22bba15001f/async-global-executor-2.4.1/src/reactor.rs:3:18
[INFO] [stdout]   37:     0x5c862823e923 - async_global_executor::reactor::block_on::h4227d8fd0f1368a2
[INFO] [stdout]                                at /opt/rustwide/cargo-home/registry/src/index.crates.io-6f17d22bba15001f/async-global-executor-2.4.1/src/reactor.rs:12:5
[INFO] [stdout]   38:     0x5c862824ca8d - async_global_executor::executor::block_on::{{closure}}::hca34bde2f5550787
[INFO] [stdout]                                at /opt/rustwide/cargo-home/registry/src/index.crates.io-6f17d22bba15001f/async-global-executor-2.4.1/src/executor.rs:26:36
[INFO] [stdout]   39:     0x5c86281fb307 - std::thread::local::LocalKey<T>::try_with::h9c9edfa82fd03554
[INFO] [stdout]                                at /rustc/df4ca44d3fbc9301ee17f30f4d474e6ae4b05252/library/std/src/thread/local.rs:283:12
[INFO] [stdout]   40:     0x5c86281f750a - std::thread::local::LocalKey<T>::with::h5076f4ab458b686f
[INFO] [stdout]                                at /rustc/df4ca44d3fbc9301ee17f30f4d474e6ae4b05252/library/std/src/thread/local.rs:260:9
[INFO] [stdout]   41:     0x5c862824c65a - async_global_executor::executor::block_on::h7ff0619f1c7464c3
[INFO] [stdout]                                at /opt/rustwide/cargo-home/registry/src/index.crates.io-6f17d22bba15001f/async-global-executor-2.4.1/src/executor.rs:26:5
[INFO] [stdout]   42:     0x5c862825b250 - async_std::task::builder::Builder::blocking::{{closure}}::{{closure}}::hc5390bf6e16a5699
[INFO] [stdout]                                at /opt/rustwide/cargo-home/registry/src/index.crates.io-6f17d22bba15001f/async-std-1.13.0/src/task/builder.rs:171:25
[INFO] [stdout]   43:     0x5c862826d7ea - async_std::task::task_locals_wrapper::TaskLocalsWrapper::set_current::{{closure}}::hfcef5c457a3ff57a
[INFO] [stdout]                                at /opt/rustwide/cargo-home/registry/src/index.crates.io-6f17d22bba15001f/async-std-1.13.0/src/task/task_locals_wrapper.rs:60:13
[INFO] [stdout]   44:     0x5c86281fcb85 - std::thread::local::LocalKey<T>::try_with::hdd37fbcc707da770
[INFO] [stdout]                                at /rustc/df4ca44d3fbc9301ee17f30f4d474e6ae4b05252/library/std/src/thread/local.rs:283:12
[INFO] [stdout]   45:     0x5c86281f735a - std::thread::local::LocalKey<T>::with::h2e5946e12079983a
[INFO] [stdout]                                at /rustc/df4ca44d3fbc9301ee17f30f4d474e6ae4b05252/library/std/src/thread/local.rs:260:9
[INFO] [stdout]   46:     0x5c862826c53a - async_std::task::task_locals_wrapper::TaskLocalsWrapper::set_current::ha8aa75b86ae2cedb
[INFO] [stdout]                                at /opt/rustwide/cargo-home/registry/src/index.crates.io-6f17d22bba15001f/async-std-1.13.0/src/task/task_locals_wrapper.rs:55:9
[INFO] [stdout]   47:     0x5c862825a87a - async_std::task::builder::Builder::blocking::{{closure}}::h8865ebe401aeb054
[INFO] [stdout]                                at /opt/rustwide/cargo-home/registry/src/index.crates.io-6f17d22bba15001f/async-std-1.13.0/src/task/builder.rs:168:17
[INFO] [stdout]   48:     0x5c86281f9007 - std::thread::local::LocalKey<T>::try_with::h303c3acd8ac99a30
[INFO] [stdout]                                at /rustc/df4ca44d3fbc9301ee17f30f4d474e6ae4b05252/library/std/src/thread/local.rs:283:12
[INFO] [stdout]   49:     0x5c86281f7eca - std::thread::local::LocalKey<T>::with::hec8d9bf85d8f8ec1
[INFO] [stdout]                                at /rustc/df4ca44d3fbc9301ee17f30f4d474e6ae4b05252/library/std/src/thread/local.rs:260:9
[INFO] [stdout]   50:     0x5c8628259adc - async_std::task::builder::Builder::blocking::h921b9f09927ee769
[INFO] [stdout]                                at /opt/rustwide/cargo-home/registry/src/index.crates.io-6f17d22bba15001f/async-std-1.13.0/src/task/builder.rs:161:9
[INFO] [stdout]   51:     0x5c86282353bc - async_std::task::block_on::block_on::h45f13f084ab6489f
[INFO] [stdout]                                at /opt/rustwide/cargo-home/registry/src/index.crates.io-6f17d22bba15001f/async-std-1.13.0/src/task/block_on.rs:33:5
[INFO] [stdout]   52:     0x5c8628264924 - async_pop::test::e2e_connect::h682e6d3b65af8099
[INFO] [stdout]                                at /opt/rustwide/workdir/src/test.rs:70:43
[INFO] [stdout]   53:     0x5c86282648f7 - async_pop::test::e2e_connect::{{closure}}::h01ce25186ac0e49a
[INFO] [stdout]                                at /opt/rustwide/workdir/src/test.rs:70:58
[INFO] [stdout]   54:     0x5c862821b3b6 - core::ops::function::FnOnce::call_once::h2e4dcebea95c97f4
[INFO] [stdout]                                at /rustc/df4ca44d3fbc9301ee17f30f4d474e6ae4b05252/library/core/src/ops/function.rs:250:5
[INFO] [stdout]   55:     0x5c86282c294b - core::ops::function::FnOnce::call_once::h22c3ba5715e93f05
[INFO] [stdout]                                at /rustc/df4ca44d3fbc9301ee17f30f4d474e6ae4b05252/library/core/src/ops/function.rs:250:5
[INFO] [stdout]   56:     0x5c86282c294b - test::__rust_begin_short_backtrace::h8e82d8113d0da17f
[INFO] [stdout]                                at /rustc/df4ca44d3fbc9301ee17f30f4d474e6ae4b05252/library/test/src/lib.rs:621:18
[INFO] [stdout]   57:     0x5c86282c22c7 - test::run_test_in_process::{{closure}}::h33235f4f20b7b7c7
[INFO] [stdout]                                at /rustc/df4ca44d3fbc9301ee17f30f4d474e6ae4b05252/library/test/src/lib.rs:644:60
[INFO] [stdout]   58:     0x5c86282c22c7 - <core::panic::unwind_safe::AssertUnwindSafe<F> as core::ops::function::FnOnce<()>>::call_once::hb5043206310c586f
[INFO] [stdout]                                at /rustc/df4ca44d3fbc9301ee17f30f4d474e6ae4b05252/library/core/src/panic/unwind_safe.rs:272:9
[INFO] [stdout]   59:     0x5c86282c22c7 - std::panicking::try::do_call::h9ad4731a60ab23e2
[INFO] [stdout]                                at /rustc/df4ca44d3fbc9301ee17f30f4d474e6ae4b05252/library/std/src/panicking.rs:557:40
[INFO] [stdout]   60:     0x5c86282c22c7 - std::panicking::try::h3824d23db772a716
[INFO] [stdout]                                at /rustc/df4ca44d3fbc9301ee17f30f4d474e6ae4b05252/library/std/src/panicking.rs:520:19
[INFO] [stdout]   61:     0x5c86282c22c7 - std::panic::catch_unwind::h5afd514605fde46b
[INFO] [stdout]                                at /rustc/df4ca44d3fbc9301ee17f30f4d474e6ae4b05252/library/std/src/panic.rs:358:14
[INFO] [stdout]   62:     0x5c86282c22c7 - test::run_test_in_process::h0d5cbfa7067d1720
[INFO] [stdout]                                at /rustc/df4ca44d3fbc9301ee17f30f4d474e6ae4b05252/library/test/src/lib.rs:644:27
[INFO] [stdout]   63:     0x5c86282c22c7 - test::run_test::{{closure}}::h708eb8872708115d
[INFO] [stdout]                                at /rustc/df4ca44d3fbc9301ee17f30f4d474e6ae4b05252/library/test/src/lib.rs:565:43
[INFO] [stdout]   64:     0x5c86282859e4 - test::run_test::{{closure}}::h392c51cee94713ab
[INFO] [stdout]                                at /rustc/df4ca44d3fbc9301ee17f30f4d474e6ae4b05252/library/test/src/lib.rs:595:41
[INFO] [stdout]   65:     0x5c86282859e4 - std::sys::backtrace::__rust_begin_short_backtrace::h2f40290710935a8b
[INFO] [stdout]                                at /rustc/df4ca44d3fbc9301ee17f30f4d474e6ae4b05252/library/std/src/sys/backtrace.rs:154:18
[INFO] [stdout]   66:     0x5c862828918e - std::thread::Builder::spawn_unchecked_::{{closure}}::{{closure}}::h3fd968d89053a903
[INFO] [stdout]                                at /rustc/df4ca44d3fbc9301ee17f30f4d474e6ae4b05252/library/std/src/thread/mod.rs:541:17
[INFO] [stdout]   67:     0x5c862828918e - <core::panic::unwind_safe::AssertUnwindSafe<F> as core::ops::function::FnOnce<()>>::call_once::h743f637ba4229880
[INFO] [stdout]                                at /rustc/df4ca44d3fbc9301ee17f30f4d474e6ae4b05252/library/core/src/panic/unwind_safe.rs:272:9
[INFO] [stdout]   68:     0x5c862828918e - std::panicking::try::do_call::h07440897322525a6
[INFO] [stdout]                                at /rustc/df4ca44d3fbc9301ee17f30f4d474e6ae4b05252/library/std/src/panicking.rs:557:40
[INFO] [stdout]   69:     0x5c862828918e - std::panicking::try::he5a2e00188156637
[INFO] [stdout]                                at /rustc/df4ca44d3fbc9301ee17f30f4d474e6ae4b05252/library/std/src/panicking.rs:520:19
[INFO] [stdout]   70:     0x5c862828918e - std::panic::catch_unwind::hbaf3cae49b3c6433
[INFO] [stdout]                                at /rustc/df4ca44d3fbc9301ee17f30f4d474e6ae4b05252/library/std/src/panic.rs:358:14
[INFO] [stdout]   71:     0x5c862828918e - std::thread::Builder::spawn_unchecked_::{{closure}}::h8e141ea224820bce
[INFO] [stdout]                                at /rustc/df4ca44d3fbc9301ee17f30f4d474e6ae4b05252/library/std/src/thread/mod.rs:540:30
[INFO] [stdout]   72:     0x5c862828918e - core::ops::function::FnOnce::call_once{{vtable.shim}}::h90d312fedd7b8ea8
[INFO] [stdout]                                at /rustc/df4ca44d3fbc9301ee17f30f4d474e6ae4b05252/library/core/src/ops/function.rs:250:5
[INFO] [stdout]   73:     0x5c86283e9c8b - <alloc::boxed::Box<F,A> as core::ops::function::FnOnce<Args>>::call_once::h69aa08ddb6adb8b6
[INFO] [stdout]                                at /rustc/df4ca44d3fbc9301ee17f30f4d474e6ae4b05252/library/alloc/src/boxed.rs:2454:9
[INFO] [stdout]   74:     0x5c86283e9c8b - <alloc::boxed::Box<F,A> as core::ops::function::FnOnce<Args>>::call_once::h5aa36efdb79c806f
[INFO] [stdout]                                at /rustc/df4ca44d3fbc9301ee17f30f4d474e6ae4b05252/library/alloc/src/boxed.rs:2454:9
[INFO] [stdout]   75:     0x5c86283e9c8b - std::sys::pal::unix::thread::Thread::new::thread_start::h6cd80a1b4be5158d
[INFO] [stdout]                                at /rustc/df4ca44d3fbc9301ee17f30f4d474e6ae4b05252/library/std/src/sys/pal/unix/thread.rs:105:17
[INFO] [stdout]   76:     0x7c49bf772ac3 - <unknown>
[INFO] [stdout]   77:     0x7c49bf803a04 - clone
[INFO] [stdout]   78:                0x0 - <unknown>
[INFO] [stdout] 
[INFO] [stdout] ---- test::e2e_capa stdout ----
[INFO] [stdout] thread 'test::e2e_capa' panicked at src/test.rs:30:36:
[INFO] [stdout] called `Result::unwrap()` on an `Err` value: NotPresent
[INFO] [stdout] stack backtrace:
[INFO] [stdout]    0:     0x5c86283e3f1a - std::backtrace_rs::backtrace::libunwind::trace::h207520d6e9873551
[INFO] [stdout]                                at /rustc/df4ca44d3fbc9301ee17f30f4d474e6ae4b05252/library/std/src/../../backtrace/src/backtrace/libunwind.rs:116:5
[INFO] [stdout]    1:     0x5c86283e3f1a - std::backtrace_rs::backtrace::trace_unsynchronized::h2ed7433f370e3eca
[INFO] [stdout]                                at /rustc/df4ca44d3fbc9301ee17f30f4d474e6ae4b05252/library/std/src/../../backtrace/src/backtrace/mod.rs:66:5
[INFO] [stdout]    2:     0x5c86283e3f1a - std::sys::backtrace::_print_fmt::h916fac51166b18d7
[INFO] [stdout]                                at /rustc/df4ca44d3fbc9301ee17f30f4d474e6ae4b05252/library/std/src/sys/backtrace.rs:66:9
[INFO] [stdout]    3:     0x5c86283e3f1a - <std::sys::backtrace::BacktraceLock::print::DisplayBacktrace as core::fmt::Display>::fmt::ha0a4c9b8ce3802e6
[INFO] [stdout]                                at /rustc/df4ca44d3fbc9301ee17f30f4d474e6ae4b05252/library/std/src/sys/backtrace.rs:39:26
[INFO] [stdout]    4:     0x5c862840be43 - core::fmt::rt::Argument::fmt::h4cfc8587d52b3eb5
[INFO] [stdout]                                at /rustc/df4ca44d3fbc9301ee17f30f4d474e6ae4b05252/library/core/src/fmt/rt.rs:177:76
[INFO] [stdout]    5:     0x5c862840be43 - core::fmt::write::h522cc39e5b36ae9f
[INFO] [stdout]                                at /rustc/df4ca44d3fbc9301ee17f30f4d474e6ae4b05252/library/core/src/fmt/mod.rs:1190:21
[INFO] [stdout]    6:     0x5c86283dffe3 - std::io::Write::write_fmt::h7d3c26752da97734
[INFO] [stdout]                                at /rustc/df4ca44d3fbc9301ee17f30f4d474e6ae4b05252/library/std/src/io/mod.rs:1839:15
[INFO] [stdout]    7:     0x5c86283e3d62 - std::sys::backtrace::BacktraceLock::print::h4b9e00b29e9c0942
[INFO] [stdout]                                at /rustc/df4ca44d3fbc9301ee17f30f4d474e6ae4b05252/library/std/src/sys/backtrace.rs:42:9
[INFO] [stdout]    8:     0x5c86283e53aa - std::panicking::default_hook::{{closure}}::hb59b88280d0324d9
[INFO] [stdout]                                at /rustc/df4ca44d3fbc9301ee17f30f4d474e6ae4b05252/library/std/src/panicking.rs:268:22
[INFO] [stdout]    9:     0x5c86283e51b4 - std::panicking::default_hook::he1dd496665be4a29
[INFO] [stdout]                                at /rustc/df4ca44d3fbc9301ee17f30f4d474e6ae4b05252/library/std/src/panicking.rs:292:9
[INFO] [stdout]   10:     0x5c86282be079 - <alloc::boxed::Box<F,A> as core::ops::function::Fn<Args>>::call::h4ff71de18744e1dc
[INFO] [stdout]                                at /rustc/df4ca44d3fbc9301ee17f30f4d474e6ae4b05252/library/alloc/src/boxed.rs:2468:9
[INFO] [stdout]   11:     0x5c86282be079 - test::test_main::{{closure}}::hcf7c055ce117aa81
[INFO] [stdout]                                at /rustc/df4ca44d3fbc9301ee17f30f4d474e6ae4b05252/library/test/src/lib.rs:133:21
[INFO] [stdout]   12:     0x5c86283e5aa8 - <alloc::boxed::Box<F,A> as core::ops::function::Fn<Args>>::call::h1d66c6bbd60c9692
[INFO] [stdout]                                at /rustc/df4ca44d3fbc9301ee17f30f4d474e6ae4b05252/library/alloc/src/boxed.rs:2468:9
[INFO] [stdout]   13:     0x5c86283e5aa8 - std::panicking::rust_panic_with_hook::h2ff17fe8f26dfcf8
[INFO] [stdout]                                at /rustc/df4ca44d3fbc9301ee17f30f4d474e6ae4b05252/library/std/src/panicking.rs:809:13
[INFO] [stdout]   14:     0x5c86283e586a - std::panicking::begin_panic_handler::{{closure}}::h4fad77951c07e101
[INFO] [stdout]                                at /rustc/df4ca44d3fbc9301ee17f30f4d474e6ae4b05252/library/std/src/panicking.rs:674:13
[INFO] [stdout]   15:     0x5c86283e43f9 - std::sys::backtrace::__rust_end_short_backtrace::hb1a25b3da5d0ea08
[INFO] [stdout]                                at /rustc/df4ca44d3fbc9301ee17f30f4d474e6ae4b05252/library/std/src/sys/backtrace.rs:170:18
[INFO] [stdout]   16:     0x5c86283e54fc - rust_begin_unwind
[INFO] [stdout]                                at /rustc/df4ca44d3fbc9301ee17f30f4d474e6ae4b05252/library/std/src/panicking.rs:665:5
[INFO] [stdout]   17:     0x5c862840a820 - core::panicking::panic_fmt::ha9db07b529f9b256
[INFO] [stdout]                                at /rustc/df4ca44d3fbc9301ee17f30f4d474e6ae4b05252/library/core/src/panicking.rs:75:14
[INFO] [stdout]   18:     0x5c862840ac66 - core::result::unwrap_failed::h5e8218e4d4338b8a
[INFO] [stdout]                                at /rustc/df4ca44d3fbc9301ee17f30f4d474e6ae4b05252/library/core/src/result.rs:1698:5
[INFO] [stdout]   19:     0x5c862825fd41 - core::result::Result<T,E>::unwrap::h436de24f3a7def03
[INFO] [stdout]                                at /rustc/df4ca44d3fbc9301ee17f30f4d474e6ae4b05252/library/core/src/result.rs:1103:23
[INFO] [stdout]   20:     0x5c862825fd41 - async_pop::test::create_client_info::haaebeb8e166aa866
[INFO] [stdout]                                at /opt/rustwide/workdir/src/test.rs:30:17
[INFO] [stdout]   21:     0x5c8628260522 - async_pop::test::create_logged_in_client::{{closure}}::h9ca0b16e9de7a944
[INFO] [stdout]                                at /opt/rustwide/workdir/src/test.rs:38:23
[INFO] [stdout]   22:     0x5c862826826c - async_pop::test::e2e_capa::{{closure}}::hda0d2cd0795dbb41
[INFO] [stdout]                                at /opt/rustwide/workdir/src/test.rs:165:48
[INFO] [stdout]   23:     0x5c8628254912 - <async_std::task::builder::SupportTaskLocals<F> as core::future::future::Future>::poll::{{closure}}::h6779d5d5f4bf1c3e
[INFO] [stdout]                                at /opt/rustwide/cargo-home/registry/src/index.crates.io-6f17d22bba15001f/async-std-1.13.0/src/task/builder.rs:199:17
[INFO] [stdout]   24:     0x5c862826c7ec - async_std::task::task_locals_wrapper::TaskLocalsWrapper::set_current::{{closure}}::h0075a4645994d97c
[INFO] [stdout]                                at /opt/rustwide/cargo-home/registry/src/index.crates.io-6f17d22bba15001f/async-std-1.13.0/src/task/task_locals_wrapper.rs:60:13
[INFO] [stdout]   25:     0x5c86281f81aa - std::thread::local::LocalKey<T>::try_with::h016ee36ff73d8da5
[INFO] [stdout]                                at /rustc/df4ca44d3fbc9301ee17f30f4d474e6ae4b05252/library/std/src/thread/local.rs:283:12
[INFO] [stdout]   26:     0x5c86281f760a - std::thread::local::LocalKey<T>::with::h70352f419cc02219
[INFO] [stdout]                                at /rustc/df4ca44d3fbc9301ee17f30f4d474e6ae4b05252/library/std/src/thread/local.rs:260:9
[INFO] [stdout]   27:     0x5c862826c478 - async_std::task::task_locals_wrapper::TaskLocalsWrapper::set_current::h6a3fe27bbf0df531
[INFO] [stdout]                                at /opt/rustwide/cargo-home/registry/src/index.crates.io-6f17d22bba15001f/async-std-1.13.0/src/task/task_locals_wrapper.rs:55:9
[INFO] [stdout]   28:     0x5c862825464a - <async_std::task::builder::SupportTaskLocals<F> as core::future::future::Future>::poll::h6b5b5cbfc06c2970
[INFO] [stdout]                                at /opt/rustwide/cargo-home/registry/src/index.crates.io-6f17d22bba15001f/async-std-1.13.0/src/task/builder.rs:197:13
[INFO] [stdout]   29:     0x5c8628257be4 - <futures_lite::future::Or<F1,F2> as core::future::future::Future>::poll::h944b2aa0c8f37690
[INFO] [stdout]                                at /opt/rustwide/cargo-home/registry/src/index.crates.io-6f17d22bba15001f/futures-lite-2.4.0/src/future.rs:454:33
[INFO] [stdout]   30:     0x5c8628238805 - async_executor::State::run::{{closure}}::h65059c39f528f09f
[INFO] [stdout]                                at /opt/rustwide/cargo-home/registry/src/index.crates.io-6f17d22bba15001f/async-executor-1.13.1/src/lib.rs:748:32
[INFO] [stdout]   31:     0x5c862823c2be - async_executor::Executor::run::{{closure}}::hc1f96451c267b502
[INFO] [stdout]                                at /opt/rustwide/cargo-home/registry/src/index.crates.io-6f17d22bba15001f/async-executor-1.13.1/src/lib.rs:344:34
[INFO] [stdout]   32:     0x5c8628236e71 - async_executor::LocalExecutor::run::{{closure}}::h52ad71e202422986
[INFO] [stdout]                                at /opt/rustwide/cargo-home/registry/src/index.crates.io-6f17d22bba15001f/async-executor-1.13.1/src/lib.rs:648:34
[INFO] [stdout]   33:     0x5c86282073d1 - async_io::driver::block_on::{{closure}}::h62446052e6c6056d
[INFO] [stdout]                                at /opt/rustwide/cargo-home/registry/src/index.crates.io-6f17d22bba15001f/async-io-2.3.4/src/driver.rs:199:37
[INFO] [stdout]   34:     0x5c86281f8a56 - std::thread::local::LocalKey<T>::try_with::h21f6a80eee9f88bd
[INFO] [stdout]                                at /rustc/df4ca44d3fbc9301ee17f30f4d474e6ae4b05252/library/std/src/thread/local.rs:283:12
[INFO] [stdout]   35:     0x5c86281f75aa - std::thread::local::LocalKey<T>::with::h67bded9f8d279fcf
[INFO] [stdout]                                at /rustc/df4ca44d3fbc9301ee17f30f4d474e6ae4b05252/library/std/src/thread/local.rs:260:9
[INFO] [stdout]   36:     0x5c86281fed79 - async_io::driver::block_on::h309757e57b9e446b
[INFO] [stdout]                                at /opt/rustwide/cargo-home/registry/src/index.crates.io-6f17d22bba15001f/async-io-2.3.4/src/driver.rs:175:5
[INFO] [stdout]   37:     0x5c862823ec32 - async_global_executor::reactor::block_on::{{closure}}::hf963c6a661ad15b3
[INFO] [stdout]                                at /opt/rustwide/cargo-home/registry/src/index.crates.io-6f17d22bba15001f/async-global-executor-2.4.1/src/reactor.rs:3:18
[INFO] [stdout]   38:     0x5c862823ea52 - async_global_executor::reactor::block_on::hf73a3e196d065c2b
[INFO] [stdout]                                at /opt/rustwide/cargo-home/registry/src/index.crates.io-6f17d22bba15001f/async-global-executor-2.4.1/src/reactor.rs:12:5
[INFO] [stdout]   39:     0x5c862824cafc - async_global_executor::executor::block_on::{{closure}}::he901cf6ea6f0a1aa
[INFO] [stdout]                                at /opt/rustwide/cargo-home/registry/src/index.crates.io-6f17d22bba15001f/async-global-executor-2.4.1/src/executor.rs:26:36
[INFO] [stdout]   40:     0x5c86281f9147 - std::thread::local::LocalKey<T>::try_with::h3148ec10627828c6
[INFO] [stdout]                                at /rustc/df4ca44d3fbc9301ee17f30f4d474e6ae4b05252/library/std/src/thread/local.rs:283:12
[INFO] [stdout]   41:     0x5c86281f723a - std::thread::local::LocalKey<T>::with::h25f03ee87f98ea1f
[INFO] [stdout]                                at /rustc/df4ca44d3fbc9301ee17f30f4d474e6ae4b05252/library/std/src/thread/local.rs:260:9
[INFO] [stdout]   42:     0x5c862824c5da - async_global_executor::executor::block_on::h1e80df4431a39344
[INFO] [stdout]                                at /opt/rustwide/cargo-home/registry/src/index.crates.io-6f17d22bba15001f/async-global-executor-2.4.1/src/executor.rs:26:5
[INFO] [stdout]   43:     0x5c862825af80 - async_std::task::builder::Builder::blocking::{{closure}}::{{closure}}::h3b8d455f4034f8ce
[INFO] [stdout]                                at /opt/rustwide/cargo-home/registry/src/index.crates.io-6f17d22bba15001f/async-std-1.13.0/src/task/builder.rs:171:25
[INFO] [stdout]   44:     0x5c862826d5ca - async_std::task::task_locals_wrapper::TaskLocalsWrapper::set_current::{{closure}}::hf7de2412c8890b39
[INFO] [stdout]                                at /opt/rustwide/cargo-home/registry/src/index.crates.io-6f17d22bba15001f/async-std-1.13.0/src/task/task_locals_wrapper.rs:60:13
[INFO] [stdout]   45:     0x5c86281fb515 - std::thread::local::LocalKey<T>::try_with::ha50db77b8f19d97a
[INFO] [stdout]                                at /rustc/df4ca44d3fbc9301ee17f30f4d474e6ae4b05252/library/std/src/thread/local.rs:283:12
[INFO] [stdout]   46:     0x5c86281f746a - std::thread::local::LocalKey<T>::with::h3c0a83c1003b5c58
[INFO] [stdout]                                at /rustc/df4ca44d3fbc9301ee17f30f4d474e6ae4b05252/library/std/src/thread/local.rs:260:9
[INFO] [stdout]   47:     0x5c862826c31a - async_std::task::task_locals_wrapper::TaskLocalsWrapper::set_current::h131c78018042013c
[INFO] [stdout]                                at /opt/rustwide/cargo-home/registry/src/index.crates.io-6f17d22bba15001f/async-std-1.13.0/src/task/task_locals_wrapper.rs:55:9
[INFO] [stdout]   48:     0x5c862825a9ba - async_std::task::builder::Builder::blocking::{{closure}}::had61e33a6ddaed86
[INFO] [stdout]                                at /opt/rustwide/cargo-home/registry/src/index.crates.io-6f17d22bba15001f/async-std-1.13.0/src/task/builder.rs:168:17
[INFO] [stdout]   49:     0x5c86281f9e47 - std::thread::local::LocalKey<T>::try_with::h53b4b8b8f434f49b
[INFO] [stdout]                                at /rustc/df4ca44d3fbc9301ee17f30f4d474e6ae4b05252/library/std/src/thread/local.rs:283:12
[INFO] [stdout]   50:     0x5c86281f76ea - std::thread::local::LocalKey<T>::with::h7c5b0a76a448a5b5
[INFO] [stdout]                                at /rustc/df4ca44d3fbc9301ee17f30f4d474e6ae4b05252/library/std/src/thread/local.rs:260:9
[INFO] [stdout]   51:     0x5c862825957c - async_std::task::builder::Builder::blocking::h49c173db6cde3a73
[INFO] [stdout]                                at /opt/rustwide/cargo-home/registry/src/index.crates.io-6f17d22bba15001f/async-std-1.13.0/src/task/builder.rs:161:9
[INFO] [stdout]   52:     0x5c862823546c - async_std::task::block_on::block_on::h7d431984acb68281
[INFO] [stdout]                                at /opt/rustwide/cargo-home/registry/src/index.crates.io-6f17d22bba15001f/async-std-1.13.0/src/task/block_on.rs:33:5
[INFO] [stdout]   53:     0x5c86282680a7 - async_pop::test::e2e_capa::h0d9daed3923da512
[INFO] [stdout]                                at /opt/rustwide/workdir/src/test.rs:163:43
[INFO] [stdout]   54:     0x5c8628268077 - async_pop::test::e2e_capa::{{closure}}::h8104c350775f6c68
[INFO] [stdout]                                at /opt/rustwide/workdir/src/test.rs:163:58
[INFO] [stdout]   55:     0x5c862821b7b6 - core::ops::function::FnOnce::call_once::h747173b9d023bfc9
[INFO] [stdout]                                at /rustc/df4ca44d3fbc9301ee17f30f4d474e6ae4b05252/library/core/src/ops/function.rs:250:5
[INFO] [stdout]   56:     0x5c86282c294b - core::ops::function::FnOnce::call_once::h22c3ba5715e93f05
[INFO] [stdout]                                at /rustc/df4ca44d3fbc9301ee17f30f4d474e6ae4b05252/library/core/src/ops/function.rs:250:5
[INFO] [stdout]   57:     0x5c86282c294b - test::__rust_begin_short_backtrace::h8e82d8113d0da17f
[INFO] [stdout]                                at /rustc/df4ca44d3fbc9301ee17f30f4d474e6ae4b05252/library/test/src/lib.rs:621:18
[INFO] [stdout]   58:     0x5c86282c22c7 - test::run_test_in_process::{{closure}}::h33235f4f20b7b7c7
[INFO] [stdout]                                at /rustc/df4ca44d3fbc9301ee17f30f4d474e6ae4b05252/library/test/src/lib.rs:644:60
[INFO] [stdout]   59:     0x5c86282c22c7 - <core::panic::unwind_safe::AssertUnwindSafe<F> as core::ops::function::FnOnce<()>>::call_once::hb5043206310c586f
[INFO] [stdout]                                at /rustc/df4ca44d3fbc9301ee17f30f4d474e6ae4b05252/library/core/src/panic/unwind_safe.rs:272:9
[INFO] [stdout]   60:     0x5c86282c22c7 - std::panicking::try::do_call::h9ad4731a60ab23e2
[INFO] [stdout]                                at /rustc/df4ca44d3fbc9301ee17f30f4d474e6ae4b05252/library/std/src/panicking.rs:557:40
[INFO] [stdout]   61:     0x5c86282c22c7 - std::panicking::try::h3824d23db772a716
[INFO] [stdout]                                at /rustc/df4ca44d3fbc9301ee17f30f4d474e6ae4b05252/library/std/src/panicking.rs:520:19
[INFO] [stdout]   62:     0x5c86282c22c7 - std::panic::catch_unwind::h5afd514605fde46b
[INFO] [stdout]                                at /rustc/df4ca44d3fbc9301ee17f30f4d474e6ae4b05252/library/std/src/panic.rs:358:14
[INFO] [stdout]   63:     0x5c86282c22c7 - test::run_test_in_process::h0d5cbfa7067d1720
[INFO] [stdout]                                at /rustc/df4ca44d3fbc9301ee17f30f4d474e6ae4b05252/library/test/src/lib.rs:644:27
[INFO] [stdout]   64:     0x5c86282c22c7 - test::run_test::{{closure}}::h708eb8872708115d
[INFO] [stdout]                                at /rustc/df4ca44d3fbc9301ee17f30f4d474e6ae4b05252/library/test/src/lib.rs:565:43
[INFO] [stdout]   65:     0x5c86282859e4 - test::run_test::{{closure}}::h392c51cee94713ab
[INFO] [stdout]                                at /rustc/df4ca44d3fbc9301ee17f30f4d474e6ae4b05252/library/test/src/lib.rs:595:41
[INFO] [stdout]   66:     0x5c86282859e4 - std::sys::backtrace::__rust_begin_short_backtrace::h2f40290710935a8b
[INFO] [stdout]                                at /rustc/df4ca44d3fbc9301ee17f30f4d474e6ae4b05252/library/std/src/sys/backtrace.rs:154:18
[INFO] [stdout]   67:     0x5c862828918e - std::thread::Builder::spawn_unchecked_::{{closure}}::{{closure}}::h3fd968d89053a903
[INFO] [stdout]                                at /rustc/df4ca44d3fbc9301ee17f30f4d474e6ae4b05252/library/std/src/thread/mod.rs:541:17
[INFO] [stdout]   68:     0x5c862828918e - <core::panic::unwind_safe::AssertUnwindSafe<F> as core::ops::function::FnOnce<()>>::call_once::h743f637ba4229880
[INFO] [stdout]                                at /rustc/df4ca44d3fbc9301ee17f30f4d474e6ae4b05252/library/core/src/panic/unwind_safe.rs:272:9
[INFO] [stdout]   69:     0x5c862828918e - std::panicking::try::do_call::h07440897322525a6
[INFO] [stdout]                                at /rustc/df4ca44d3fbc9301ee17f30f4d474e6ae4b05252/library/std/src/panicking.rs:557:40
[INFO] [stdout]   70:     0x5c862828918e - std::panicking::try::he5a2e00188156637
[INFO] [stdout]                                at /rustc/df4ca44d3fbc9301ee17f30f4d474e6ae4b05252/library/std/src/panicking.rs:520:19
[INFO] [stdout]   71:     0x5c862828918e - std::panic::catch_unwind::hbaf3cae49b3c6433
[INFO] [stdout]                                at /rustc/df4ca44d3fbc9301ee17f30f4d474e6ae4b05252/library/std/src/panic.rs:358:14
[INFO] [stdout]   72:     0x5c862828918e - std::thread::Builder::spawn_unchecked_::{{closure}}::h8e141ea224820bce
[INFO] [stdout]                                at /rustc/df4ca44d3fbc9301ee17f30f4d474e6ae4b05252/library/std/src/thread/mod.rs:540:30
[INFO] [stdout]   73:     0x5c862828918e - core::ops::function::FnOnce::call_once{{vtable.shim}}::h90d312fedd7b8ea8
[INFO] [stdout]                                at /rustc/df4ca44d3fbc9301ee17f30f4d474e6ae4b05252/library/core/src/ops/function.rs:250:5
[INFO] [stdout]   74:     0x5c86283e9c8b - <alloc::boxed::Box<F,A> as core::ops::function::FnOnce<Args>>::call_once::h69aa08ddb6adb8b6
[INFO] [stdout]                                at /rustc/df4ca44d3fbc9301ee17f30f4d474e6ae4b05252/library/alloc/src/boxed.rs:2454:9
[INFO] [stdout]   75:     0x5c86283e9c8b - <alloc::boxed::Box<F,A> as core::ops::function::FnOnce<Args>>::call_once::h5aa36efdb79c806f
[INFO] [stdout]                                at /rustc/df4ca44d3fbc9301ee17f30f4d474e6ae4b05252/library/alloc/src/boxed.rs:2454:9
[INFO] [stdout]   76:     0x5c86283e9c8b - std::sys::pal::unix::thread::Thread::new::thread_start::h6cd80a1b4be5158d
[INFO] [stdout]                                at /rustc/df4ca44d3fbc9301ee17f30f4d474e6ae4b05252/library/std/src/sys/pal/unix/thread.rs:105:17
[INFO] [stdout]   77:     0x7c49bf772ac3 - <unknown>
[INFO] [stdout]   78:     0x7c49bf803a04 - clone
[INFO] [stdout]   79:                0x0 - <unknown>
[INFO] [stdout] 
[INFO] [stdout] ---- test::e2e_stat stdout ----
[INFO] [stdout] thread 'test::e2e_stat' panicked at src/test.rs:30:36:
[INFO] [stdout] called `Result::unwrap()` on an `Err` value: NotPresent
[INFO] [stdout] stack backtrace:
[INFO] [stdout]    0:     0x5c86283e3f1a - std::backtrace_rs::backtrace::libunwind::trace::h207520d6e9873551
[INFO] [stdout]                                at /rustc/df4ca44d3fbc9301ee17f30f4d474e6ae4b05252/library/std/src/../../backtrace/src/backtrace/libunwind.rs:116:5
[INFO] [stdout]    1:     0x5c86283e3f1a - std::backtrace_rs::backtrace::trace_unsynchronized::h2ed7433f370e3eca
[INFO] [stdout]                                at /rustc/df4ca44d3fbc9301ee17f30f4d474e6ae4b05252/library/std/src/../../backtrace/src/backtrace/mod.rs:66:5
[INFO] [stdout]    2:     0x5c86283e3f1a - std::sys::backtrace::_print_fmt::h916fac51166b18d7
[INFO] [stdout]                                at /rustc/df4ca44d3fbc9301ee17f30f4d474e6ae4b05252/library/std/src/sys/backtrace.rs:66:9
[INFO] [stdout]    3:     0x5c86283e3f1a - <std::sys::backtrace::BacktraceLock::print::DisplayBacktrace as core::fmt::Display>::fmt::ha0a4c9b8ce3802e6
[INFO] [stdout]                                at /rustc/df4ca44d3fbc9301ee17f30f4d474e6ae4b05252/library/std/src/sys/backtrace.rs:39:26
[INFO] [stdout]    4:     0x5c862840be43 - core::fmt::rt::Argument::fmt::h4cfc8587d52b3eb5
[INFO] [stdout]                                at /rustc/df4ca44d3fbc9301ee17f30f4d474e6ae4b05252/library/core/src/fmt/rt.rs:177:76
[INFO] [stdout]    5:     0x5c862840be43 - core::fmt::write::h522cc39e5b36ae9f
[INFO] [stdout]                                at /rustc/df4ca44d3fbc9301ee17f30f4d474e6ae4b05252/library/core/src/fmt/mod.rs:1190:21
[INFO] [stdout]    6:     0x5c86283dffe3 - std::io::Write::write_fmt::h7d3c26752da97734
[INFO] [stdout]                                at /rustc/df4ca44d3fbc9301ee17f30f4d474e6ae4b05252/library/std/src/io/mod.rs:1839:15
[INFO] [stdout]    7:     0x5c86283e3d62 - std::sys::backtrace::BacktraceLock::print::h4b9e00b29e9c0942
[INFO] [stdout]                                at /rustc/df4ca44d3fbc9301ee17f30f4d474e6ae4b05252/library/std/src/sys/backtrace.rs:42:9
[INFO] [stdout]    8:     0x5c86283e53aa - std::panicking::default_hook::{{closure}}::hb59b88280d0324d9
[INFO] [stdout]                                at /rustc/df4ca44d3fbc9301ee17f30f4d474e6ae4b05252/library/std/src/panicking.rs:268:22
[INFO] [stdout]    9:     0x5c86283e51b4 - std::panicking::default_hook::he1dd496665be4a29
[INFO] [stdout]                                at /rustc/df4ca44d3fbc9301ee17f30f4d474e6ae4b05252/library/std/src/panicking.rs:292:9
[INFO] [stdout]   10:     0x5c86282be079 - <alloc::boxed::Box<F,A> as core::ops::function::Fn<Args>>::call::h4ff71de18744e1dc
[INFO] [stdout]                                at /rustc/df4ca44d3fbc9301ee17f30f4d474e6ae4b05252/library/alloc/src/boxed.rs:2468:9
[INFO] [stdout]   11:     0x5c86282be079 - test::test_main::{{closure}}::hcf7c055ce117aa81
[INFO] [stdout]                                at /rustc/df4ca44d3fbc9301ee17f30f4d474e6ae4b05252/library/test/src/lib.rs:133:21
[INFO] [stdout]   12:     0x5c86283e5aa8 - <alloc::boxed::Box<F,A> as core::ops::function::Fn<Args>>::call::h1d66c6bbd60c9692
[INFO] [stdout]                                at /rustc/df4ca44d3fbc9301ee17f30f4d474e6ae4b05252/library/alloc/src/boxed.rs:2468:9
[INFO] [stdout]   13:     0x5c86283e5aa8 - std::panicking::rust_panic_with_hook::h2ff17fe8f26dfcf8
[INFO] [stdout]                                at /rustc/df4ca44d3fbc9301ee17f30f4d474e6ae4b05252/library/std/src/panicking.rs:809:13
[INFO] [stdout]   14:     0x5c86283e586a - std::panicking::begin_panic_handler::{{closure}}::h4fad77951c07e101
[INFO] [stdout]                                at /rustc/df4ca44d3fbc9301ee17f30f4d474e6ae4b05252/library/std/src/panicking.rs:674:13
[INFO] [stdout]   15:     0x5c86283e43f9 - std::sys::backtrace::__rust_end_short_backtrace::hb1a25b3da5d0ea08
[INFO] [stdout]                                at /rustc/df4ca44d3fbc9301ee17f30f4d474e6ae4b05252/library/std/src/sys/backtrace.rs:170:18
[INFO] [stdout]   16:     0x5c86283e54fc - rust_begin_unwind
[INFO] [stdout]                                at /rustc/df4ca44d3fbc9301ee17f30f4d474e6ae4b05252/library/std/src/panicking.rs:665:5
[INFO] [stdout]   17:     0x5c862840a820 - core::panicking::panic_fmt::ha9db07b529f9b256
[INFO] [stdout]                                at /rustc/df4ca44d3fbc9301ee17f30f4d474e6ae4b05252/library/core/src/panicking.rs:75:14
[INFO] [stdout]   18:     0x5c862840ac66 - core::result::unwrap_failed::h5e8218e4d4338b8a
[INFO] [stdout]                                at /rustc/df4ca44d3fbc9301ee17f30f4d474e6ae4b05252/library/core/src/result.rs:1698:5
[INFO] [stdout]   19:     0x5c862825fd41 - core::result::Result<T,E>::unwrap::h436de24f3a7def03
[INFO] [stdout]                                at /rustc/df4ca44d3fbc9301ee17f30f4d474e6ae4b05252/library/core/src/result.rs:1103:23
[INFO] [stdout]   20:     0x5c862825fd41 - async_pop::test::create_client_info::haaebeb8e166aa866
[INFO] [stdout]                                at /opt/rustwide/workdir/src/test.rs:30:17
[INFO] [stdout]   21:     0x5c8628260522 - async_pop::test::create_logged_in_client::{{closure}}::h9ca0b16e9de7a944
[INFO] [stdout]                                at /opt/rustwide/workdir/src/test.rs:38:23
[INFO] [stdout]   22:     0x5c8628266dd5 - async_pop::test::e2e_stat::{{closure}}::h62f3da708839f133
[INFO] [stdout]                                at /opt/rustwide/workdir/src/test.rs:132:48
[INFO] [stdout]   23:     0x5c8628254892 - <async_std::task::builder::SupportTaskLocals<F> as core::future::future::Future>::poll::{{closure}}::h6277383a56844082
[INFO] [stdout]                                at /opt/rustwide/cargo-home/registry/src/index.crates.io-6f17d22bba15001f/async-std-1.13.0/src/task/builder.rs:199:17
[INFO] [stdout]   24:     0x5c862826cc2c - async_std::task::task_locals_wrapper::TaskLocalsWrapper::set_current::{{closure}}::h37dc4ccfd6f8a356
[INFO] [stdout]                                at /opt/rustwide/cargo-home/registry/src/index.crates.io-6f17d22bba15001f/async-std-1.13.0/src/task/task_locals_wrapper.rs:60:13
[INFO] [stdout]   25:     0x5c86281f883a - std::thread::local::LocalKey<T>::try_with::h1b7c18c6b2c963c7
[INFO] [stdout]                                at /rustc/df4ca44d3fbc9301ee17f30f4d474e6ae4b05252/library/std/src/thread/local.rs:283:12
[INFO] [stdout]   26:     0x5c86281f780a - std::thread::local::LocalKey<T>::with::h8bf6477d5736766e
[INFO] [stdout]                                at /rustc/df4ca44d3fbc9301ee17f30f4d474e6ae4b05252/library/std/src/thread/local.rs:260:9
[INFO] [stdout]   27:     0x5c862826c5c8 - async_std::task::task_locals_wrapper::TaskLocalsWrapper::set_current::hc601f17a54720c1a
[INFO] [stdout]                                at /opt/rustwide/cargo-home/registry/src/index.crates.io-6f17d22bba15001f/async-std-1.13.0/src/task/task_locals_wrapper.rs:55:9
[INFO] [stdout]   28:     0x5c862825474a - <async_std::task::builder::SupportTaskLocals<F> as core::future::future::Future>::poll::hf13993eab9898d63
[INFO] [stdout]                                at /opt/rustwide/cargo-home/registry/src/index.crates.io-6f17d22bba15001f/async-std-1.13.0/src/task/builder.rs:197:13
[INFO] [stdout]   29:     0x5c8628257eb4 - <futures_lite::future::Or<F1,F2> as core::future::future::Future>::poll::he8b0b3536b931d39
[INFO] [stdout]                                at /opt/rustwide/cargo-home/registry/src/index.crates.io-6f17d22bba15001f/futures-lite-2.4.0/src/future.rs:454:33
[INFO] [stdout]   30:     0x5c8628238445 - async_executor::State::run::{{closure}}::h5ed07f11f06738a7
[INFO] [stdout]                                at /opt/rustwide/cargo-home/registry/src/index.crates.io-6f17d22bba15001f/async-executor-1.13.1/src/lib.rs:748:32
[INFO] [stdout]   31:     0x5c862823c57e - async_executor::Executor::run::{{closure}}::hd5c80017af1f8847
[INFO] [stdout]                                at /opt/rustwide/cargo-home/registry/src/index.crates.io-6f17d22bba15001f/async-executor-1.13.1/src/lib.rs:344:34
[INFO] [stdout]   32:     0x5c8628236ba1 - async_executor::LocalExecutor::run::{{closure}}::h4328a0c9ba2e64f5
[INFO] [stdout]                                at /opt/rustwide/cargo-home/registry/src/index.crates.io-6f17d22bba15001f/async-executor-1.13.1/src/lib.rs:648:34
[INFO] [stdout]   33:     0x5c8628210831 - async_io::driver::block_on::{{closure}}::hc01cd8ed8d1b32d2
[INFO] [stdout]                                at /opt/rustwide/cargo-home/registry/src/index.crates.io-6f17d22bba15001f/async-io-2.3.4/src/driver.rs:199:37
[INFO] [stdout]   34:     0x5c86281fc346 - std::thread::local::LocalKey<T>::try_with::hc8fd165f8df21d71
[INFO] [stdout]                                at /rustc/df4ca44d3fbc9301ee17f30f4d474e6ae4b05252/library/std/src/thread/local.rs:283:12
[INFO] [stdout]   35:     0x5c86281f71da - std::thread::local::LocalKey<T>::with::h150819308df58141
[INFO] [stdout]                                at /rustc/df4ca44d3fbc9301ee17f30f4d474e6ae4b05252/library/std/src/thread/local.rs:260:9
[INFO] [stdout]   36:     0x5c8628200d09 - async_io::driver::block_on::hff68dd6740f7efe8
[INFO] [stdout]                                at /opt/rustwide/cargo-home/registry/src/index.crates.io-6f17d22bba15001f/async-io-2.3.4/src/driver.rs:175:5
[INFO] [stdout]   37:     0x5c862823ea92 - async_global_executor::reactor::block_on::{{closure}}::h55b0cc1e6f92f90f
[INFO] [stdout]                                at /opt/rustwide/cargo-home/registry/src/index.crates.io-6f17d22bba15001f/async-global-executor-2.4.1/src/reactor.rs:3:18
[INFO] [stdout]   38:     0x5c862823e8b2 - async_global_executor::reactor::block_on::h0bf49b9106e67ff6
[INFO] [stdout]                                at /opt/rustwide/cargo-home/registry/src/index.crates.io-6f17d22bba15001f/async-global-executor-2.4.1/src/reactor.rs:12:5
[INFO] [stdout]   39:     0x5c862824c8dc - async_global_executor::executor::block_on::{{closure}}::h2cfffcb5885cbb95
[INFO] [stdout]                                at /opt/rustwide/cargo-home/registry/src/index.crates.io-6f17d22bba15001f/async-global-executor-2.4.1/src/executor.rs:26:36
[INFO] [stdout]   40:     0x5c86281fd547 - std::thread::local::LocalKey<T>::try_with::hf5ea265ad998462f
[INFO] [stdout]                                at /rustc/df4ca44d3fbc9301ee17f30f4d474e6ae4b05252/library/std/src/thread/local.rs:283:12
[INFO] [stdout]   41:     0x5c86281f7b2a - std::thread::local::LocalKey<T>::with::hb3ddf9e5996c191c
[INFO] [stdout]                                at /rustc/df4ca44d3fbc9301ee17f30f4d474e6ae4b05252/library/std/src/thread/local.rs:260:9
[INFO] [stdout]   42:     0x5c862824c69a - async_global_executor::executor::block_on::h80fc492afdb5bd39
[INFO] [stdout]                                at /opt/rustwide/cargo-home/registry/src/index.crates.io-6f17d22bba15001f/async-global-executor-2.4.1/src/executor.rs:26:5
[INFO] [stdout]   43:     0x5c862825ada0 - async_std::task::builder::Builder::blocking::{{closure}}::{{closure}}::h0dcf6d7eb6388e76
[INFO] [stdout]                                at /opt/rustwide/cargo-home/registry/src/index.crates.io-6f17d22bba15001f/async-std-1.13.0/src/task/builder.rs:171:25
[INFO] [stdout]   44:     0x5c862826cb2a - async_std::task::task_locals_wrapper::TaskLocalsWrapper::set_current::{{closure}}::h3724e1f9a0c8861f
[INFO] [stdout]                                at /opt/rustwide/cargo-home/registry/src/index.crates.io-6f17d22bba15001f/async-std-1.13.0/src/task/task_locals_wrapper.rs:60:13
[INFO] [stdout]   45:     0x5c86281fd0e5 - std::thread::local::LocalKey<T>::try_with::hea9c328a73c492fb
[INFO] [stdout]                                at /rustc/df4ca44d3fbc9301ee17f30f4d474e6ae4b05252/library/std/src/thread/local.rs:283:12
[INFO] [stdout]   46:     0x5c86281f7d5a - std::thread::local::LocalKey<T>::with::hdee46ee40b203d53
[INFO] [stdout]                                at /rustc/df4ca44d3fbc9301ee17f30f4d474e6ae4b05252/library/std/src/thread/local.rs:260:9
[INFO] [stdout]   47:     0x5c862826c60a - async_std::task::task_locals_wrapper::TaskLocalsWrapper::set_current::hc63c5c17d22ebe7a
[INFO] [stdout]                                at /opt/rustwide/cargo-home/registry/src/index.crates.io-6f17d22bba15001f/async-std-1.13.0/src/task/task_locals_wrapper.rs:55:9
[INFO] [stdout]   48:     0x5c862825a36a - async_std::task::builder::Builder::blocking::{{closure}}::h360e8fa413089fc9
[INFO] [stdout]                                at /opt/rustwide/cargo-home/registry/src/index.crates.io-6f17d22bba15001f/async-std-1.13.0/src/task/builder.rs:168:17
[INFO] [stdout]   49:     0x5c86281fd687 - std::thread::local::LocalKey<T>::try_with::hf75eface73d978f0
[INFO] [stdout]                                at /rustc/df4ca44d3fbc9301ee17f30f4d474e6ae4b05252/library/std/src/thread/local.rs:283:12
[INFO] [stdout]   50:     0x5c86281f7f6a - std::thread::local::LocalKey<T>::with::hf9a218bd39cb5661
[INFO] [stdout]                                at /rustc/df4ca44d3fbc9301ee17f30f4d474e6ae4b05252/library/std/src/thread/local.rs:260:9
[INFO] [stdout]   51:     0x5c862825982c - async_std::task::builder::Builder::blocking::h7b75da5aa1a4da8e
[INFO] [stdout]                                at /opt/rustwide/cargo-home/registry/src/index.crates.io-6f17d22bba15001f/async-std-1.13.0/src/task/builder.rs:161:9
[INFO] [stdout]   52:     0x5c862823551c - async_std::task::block_on::block_on::ha94889738c12f6de
[INFO] [stdout]                                at /opt/rustwide/cargo-home/registry/src/index.crates.io-6f17d22bba15001f/async-std-1.13.0/src/task/block_on.rs:33:5
[INFO] [stdout]   53:     0x5c8628266c27 - async_pop::test::e2e_stat::h96bf7638b7e0f33a
[INFO] [stdout]                                at /opt/rustwide/workdir/src/test.rs:130:43
[INFO] [stdout]   54:     0x5c8628266bf7 - async_pop::test::e2e_stat::{{closure}}::h9683b5b695293ec2
[INFO] [stdout]                                at /opt/rustwide/workdir/src/test.rs:130:58
[INFO] [stdout]   55:     0x5c862821b8c6 - core::ops::function::FnOnce::call_once::h92c7fdf571d37e4d
[INFO] [stdout]                                at /rustc/df4ca44d3fbc9301ee17f30f4d474e6ae4b05252/library/core/src/ops/function.rs:250:5
[INFO] [stdout]   56:     0x5c86282c294b - core::ops::function::FnOnce::call_once::h22c3ba5715e93f05
[INFO] [stdout]                                at /rustc/df4ca44d3fbc9301ee17f30f4d474e6ae4b05252/library/core/src/ops/function.rs:250:5
[INFO] [stdout]   57:     0x5c86282c294b - test::__rust_begin_short_backtrace::h8e82d8113d0da17f
[INFO] [stdout]                                at /rustc/df4ca44d3fbc9301ee17f30f4d474e6ae4b05252/library/test/src/lib.rs:621:18
[INFO] [stdout]   58:     0x5c86282c22c7 - test::run_test_in_process::{{closure}}::h33235f4f20b7b7c7
[INFO] [stdout]                                at /rustc/df4ca44d3fbc9301ee17f30f4d474e6ae4b05252/library/test/src/lib.rs:644:60
[INFO] [stdout]   59:     0x5c86282c22c7 - <core::panic::unwind_safe::AssertUnwindSafe<F> as core::ops::function::FnOnce<()>>::call_once::hb5043206310c586f
[INFO] [stdout]                                at /rustc/df4ca44d3fbc9301ee17f30f4d474e6ae4b05252/library/core/src/panic/unwind_safe.rs:272:9
[INFO] [stdout]   60:     0x5c86282c22c7 - std::panicking::try::do_call::h9ad4731a60ab23e2
[INFO] [stdout]                                at /rustc/df4ca44d3fbc9301ee17f30f4d474e6ae4b05252/library/std/src/panicking.rs:557:40
[INFO] [stdout]   61:     0x5c86282c22c7 - std::panicking::try::h3824d23db772a716
[INFO] [stdout]                                at /rustc/df4ca44d3fbc9301ee17f30f4d474e6ae4b05252/library/std/src/panicking.rs:520:19
[INFO] [stdout]   62:     0x5c86282c22c7 - std::panic::catch_unwind::h5afd514605fde46b
[INFO] [stdout]                                at /rustc/df4ca44d3fbc9301ee17f30f4d474e6ae4b05252/library/std/src/panic.rs:358:14
[INFO] [stdout]   63:     0x5c86282c22c7 - test::run_test_in_process::h0d5cbfa7067d1720
[INFO] [stdout]                                at /rustc/df4ca44d3fbc9301ee17f30f4d474e6ae4b05252/library/test/src/lib.rs:644:27
[INFO] [stdout]   64:     0x5c86282c22c7 - test::run_test::{{closure}}::h708eb8872708115d
[INFO] [stdout]                                at /rustc/df4ca44d3fbc9301ee17f30f4d474e6ae4b05252/library/test/src/lib.rs:565:43
[INFO] [stdout]   65:     0x5c86282859e4 - test::run_test::{{closure}}::h392c51cee94713ab
[INFO] [stdout]                                at /rustc/df4ca44d3fbc9301ee17f30f4d474e6ae4b05252/library/test/src/lib.rs:595:41
[INFO] [stdout]   66:     0x5c86282859e4 - std::sys::backtrace::__rust_begin_short_backtrace::h2f40290710935a8b
[INFO] [stdout]                                at /rustc/df4ca44d3fbc9301ee17f30f4d474e6ae4b05252/library/std/src/sys/backtrace.rs:154:18
[INFO] [stdout]   67:     0x5c862828918e - std::thread::Builder::spawn_unchecked_::{{closure}}::{{closure}}::h3fd968d89053a903
[INFO] [stdout]                                at /rustc/df4ca44d3fbc9301ee17f30f4d474e6ae4b05252/library/std/src/thread/mod.rs:541:17
[INFO] [stdout]   68:     0x5c862828918e - <core::panic::unwind_safe::AssertUnwindSafe<F> as core::ops::function::FnOnce<()>>::call_once::h743f637ba4229880
[INFO] [stdout]                                at /rustc/df4ca44d3fbc9301ee17f30f4d474e6ae4b05252/library/core/src/panic/unwind_safe.rs:272:9
[INFO] [stdout]   69:     0x5c862828918e - std::panicking::try::do_call::h07440897322525a6
[INFO] [stdout]                                at /rustc/df4ca44d3fbc9301ee17f30f4d474e6ae4b05252/library/std/src/panicking.rs:557:40
[INFO] [stdout]   70:     0x5c862828918e - std::panicking::try::he5a2e00188156637
[INFO] [stdout]                                at /rustc/df4ca44d3fbc9301ee17f30f4d474e6ae4b05252/library/std/src/panicking.rs:520:19
[INFO] [stdout]   71:     0x5c862828918e - std::panic::catch_unwind::hbaf3cae49b3c6433
[INFO] [stdout]                                at /rustc/df4ca44d3fbc9301ee17f30f4d474e6ae4b05252/library/std/src/panic.rs:358:14
[INFO] [stdout]   72:     0x5c862828918e - std::thread::Builder::spawn_unchecked_::{{closure}}::h8e141ea224820bce
[INFO] [stdout]                                at /rustc/df4ca44d3fbc9301ee17f30f4d474e6ae4b05252/library/std/src/thread/mod.rs:540:30
[INFO] [stdout]   73:     0x5c862828918e - core::ops::function::FnOnce::call_once{{vtable.shim}}::h90d312fedd7b8ea8
[INFO] [stdout]                                at /rustc/df4ca44d3fbc9301ee17f30f4d474e6ae4b05252/library/core/src/ops/function.rs:250:5
[INFO] [stdout]   74:     0x5c86283e9c8b - <alloc::boxed::Box<F,A> as core::ops::function::FnOnce<Args>>::call_once::h69aa08ddb6adb8b6
[INFO] [stdout]                                at /rustc/df4ca44d3fbc9301ee17f30f4d474e6ae4b05252/library/alloc/src/boxed.rs:2454:9
[INFO] [stdout]   75:     0x5c86283e9c8b - <alloc::boxed::Box<F,A> as core::ops::function::FnOnce<Args>>::call_once::h5aa36efdb79c806f
[INFO] [stdout]                                at /rustc/df4ca44d3fbc9301ee17f30f4d474e6ae4b05252/library/alloc/src/boxed.rs:2454:9
[INFO] [stdout]   76:     0x5c86283e9c8b - std::sys::pal::unix::thread::Thread::new::thread_start::h6cd80a1b4be5158d
[INFO] [stdout]                                at /rustc/df4ca44d3fbc9301ee17f30f4d474e6ae4b05252/library/std/src/sys/pal/unix/thread.rs:105:17
[INFO] [stdout]   77:     0x7c49bf772ac3 - <unknown>
[INFO] [stdout]   78:     0x7c49bf803a04 - clone
[INFO] [stdout]   79:                0x0 - <unknown>
[INFO] [stdout] 
[INFO] [stdout] ---- test::e2e_auth stdout ----
[INFO] [stdout] thread 'test::e2e_auth' panicked at src/test.rs:30:36:
[INFO] [stdout] called `Result::unwrap()` on an `Err` value: NotPresent
[INFO] [stdout] stack backtrace:
[INFO] [stdout]    0:     0x5c86283e3f1a - std::backtrace_rs::backtrace::libunwind::trace::h207520d6e9873551
[INFO] [stdout]                                at /rustc/df4ca44d3fbc9301ee17f30f4d474e6ae4b05252/library/std/src/../../backtrace/src/backtrace/libunwind.rs:116:5
[INFO] [stdout]    1:     0x5c86283e3f1a - std::backtrace_rs::backtrace::trace_unsynchronized::h2ed7433f370e3eca
[INFO] [stdout]                                at /rustc/df4ca44d3fbc9301ee17f30f4d474e6ae4b05252/library/std/src/../../backtrace/src/backtrace/mod.rs:66:5
[INFO] [stdout]    2:     0x5c86283e3f1a - std::sys::backtrace::_print_fmt::h916fac51166b18d7
[INFO] [stdout]                                at /rustc/df4ca44d3fbc9301ee17f30f4d474e6ae4b05252/library/std/src/sys/backtrace.rs:66:9
[INFO] [stdout]    3:     0x5c86283e3f1a - <std::sys::backtrace::BacktraceLock::print::DisplayBacktrace as core::fmt::Display>::fmt::ha0a4c9b8ce3802e6
[INFO] [stdout]                                at /rustc/df4ca44d3fbc9301ee17f30f4d474e6ae4b05252/library/std/src/sys/backtrace.rs:39:26
[INFO] [stdout]    4:     0x5c862840be43 - core::fmt::rt::Argument::fmt::h4cfc8587d52b3eb5
[INFO] [stdout]                                at /rustc/df4ca44d3fbc9301ee17f30f4d474e6ae4b05252/library/core/src/fmt/rt.rs:177:76
[INFO] [stdout]    5:     0x5c862840be43 - core::fmt::write::h522cc39e5b36ae9f
[INFO] [stdout]                                at /rustc/df4ca44d3fbc9301ee17f30f4d474e6ae4b05252/library/core/src/fmt/mod.rs:1190:21
[INFO] [stdout]    6:     0x5c86283dffe3 - std::io::Write::write_fmt::h7d3c26752da97734
[INFO] [stdout]                                at /rustc/df4ca44d3fbc9301ee17f30f4d474e6ae4b05252/library/std/src/io/mod.rs:1839:15
[INFO] [stdout]    7:     0x5c86283e3d62 - std::sys::backtrace::BacktraceLock::print::h4b9e00b29e9c0942
[INFO] [stdout]                                at /rustc/df4ca44d3fbc9301ee17f30f4d474e6ae4b05252/library/std/src/sys/backtrace.rs:42:9
[INFO] [stdout]    8:     0x5c86283e53aa - std::panicking::default_hook::{{closure}}::hb59b88280d0324d9
[INFO] [stdout]                                at /rustc/df4ca44d3fbc9301ee17f30f4d474e6ae4b05252/library/std/src/panicking.rs:268:22
[INFO] [stdout]    9:     0x5c86283e51b4 - std::panicking::default_hook::he1dd496665be4a29
[INFO] [stdout]                                at /rustc/df4ca44d3fbc9301ee17f30f4d474e6ae4b05252/library/std/src/panicking.rs:292:9
[INFO] [stdout]   10:     0x5c86282be079 - <alloc::boxed::Box<F,A> as core::ops::function::Fn<Args>>::call::h4ff71de18744e1dc
[INFO] [stdout]                                at /rustc/df4ca44d3fbc9301ee17f30f4d474e6ae4b05252/library/alloc/src/boxed.rs:2468:9
[INFO] [stdout]   11:     0x5c86282be079 - test::test_main::{{closure}}::hcf7c055ce117aa81
[INFO] [stdout]                                at /rustc/df4ca44d3fbc9301ee17f30f4d474e6ae4b05252/library/test/src/lib.rs:133:21
[INFO] [stdout]   12:     0x5c86283e5aa8 - <alloc::boxed::Box<F,A> as core::ops::function::Fn<Args>>::call::h1d66c6bbd60c9692
[INFO] [stdout]                                at /rustc/df4ca44d3fbc9301ee17f30f4d474e6ae4b05252/library/alloc/src/boxed.rs:2468:9
[INFO] [stdout]   13:     0x5c86283e5aa8 - std::panicking::rust_panic_with_hook::h2ff17fe8f26dfcf8
[INFO] [stdout]                                at /rustc/df4ca44d3fbc9301ee17f30f4d474e6ae4b05252/library/std/src/panicking.rs:809:13
[INFO] [stdout]   14:     0x5c86283e586a - std::panicking::begin_panic_handler::{{closure}}::h4fad77951c07e101
[INFO] [stdout]                                at /rustc/df4ca44d3fbc9301ee17f30f4d474e6ae4b05252/library/std/src/panicking.rs:674:13
[INFO] [stdout]   15:     0x5c86283e43f9 - std::sys::backtrace::__rust_end_short_backtrace::hb1a25b3da5d0ea08
[INFO] [stdout]                                at /rustc/df4ca44d3fbc9301ee17f30f4d474e6ae4b05252/library/std/src/sys/backtrace.rs:170:18
[INFO] [stdout]   16:     0x5c86283e54fc - rust_begin_unwind
[INFO] [stdout]                                at /rustc/df4ca44d3fbc9301ee17f30f4d474e6ae4b05252/library/std/src/panicking.rs:665:5
[INFO] [stdout]   17:     0x5c862840a820 - core::panicking::panic_fmt::ha9db07b529f9b256
[INFO] [stdout]                                at /rustc/df4ca44d3fbc9301ee17f30f4d474e6ae4b05252/library/core/src/panicking.rs:75:14
[INFO] [stdout]   18:     0x5c862840ac66 - core::result::unwrap_failed::h5e8218e4d4338b8a
[INFO] [stdout]                                at /rustc/df4ca44d3fbc9301ee17f30f4d474e6ae4b05252/library/core/src/result.rs:1698:5
[INFO] [stdout]   19:     0x5c862825fd41 - core::result::Result<T,E>::unwrap::h436de24f3a7def03
[INFO] [stdout]                                at /rustc/df4ca44d3fbc9301ee17f30f4d474e6ae4b05252/library/core/src/result.rs:1103:23
[INFO] [stdout]   20:     0x5c862825fd41 - async_pop::test::create_client_info::haaebeb8e166aa866
[INFO] [stdout]                                at /opt/rustwide/workdir/src/test.rs:30:17
[INFO] [stdout]   21:     0x5c86282658e5 - async_pop::test::e2e_auth::{{closure}}::h5dd631b24c5bfacc
[INFO] [stdout]                                at /opt/rustwide/workdir/src/test.rs:102:23
[INFO] [stdout]   22:     0x5c8628254852 - <async_std::task::builder::SupportTaskLocals<F> as core::future::future::Future>::poll::{{closure}}::h39d9dee8970472cc
[INFO] [stdout]                                at /opt/rustwide/cargo-home/registry/src/index.crates.io-6f17d22bba15001f/async-std-1.13.0/src/task/builder.rs:199:17
[INFO] [stdout]   23:     0x5c862826cf3c - async_std::task::task_locals_wrapper::TaskLocalsWrapper::set_current::{{closure}}::h9aef2efc49e1940a
[INFO] [stdout]                                at /opt/rustwide/cargo-home/registry/src/index.crates.io-6f17d22bba15001f/async-std-1.13.0/src/task/task_locals_wrapper.rs:60:13
[INFO] [stdout]   24:     0x5c86281fc52a - std::thread::local::LocalKey<T>::try_with::hd027968af34f7454
[INFO] [stdout]                                at /rustc/df4ca44d3fbc9301ee17f30f4d474e6ae4b05252/library/std/src/thread/local.rs:283:12
[INFO] [stdout]   25:     0x5c86281f771a - std::thread::local::LocalKey<T>::with::h7d8a9cf73cf26e30
[INFO] [stdout]                                at /rustc/df4ca44d3fbc9301ee17f30f4d474e6ae4b05252/library/std/src/thread/local.rs:260:9
[INFO] [stdout]   26:     0x5c862826c438 - async_std::task::task_locals_wrapper::TaskLocalsWrapper::set_current::h69e760159171eaf9
[INFO] [stdout]                                at /opt/rustwide/cargo-home/registry/src/index.crates.io-6f17d22bba15001f/async-std-1.13.0/src/task/task_locals_wrapper.rs:55:9
[INFO] [stdout]   27:     0x5c8628254711 - <async_std::task::builder::SupportTaskLocals<F> as core::future::future::Future>::poll::habcaefcaf1310894
[INFO] [stdout]                                at /opt/rustwide/cargo-home/registry/src/index.crates.io-6f17d22bba15001f/async-std-1.13.0/src/task/builder.rs:197:13
[INFO] [stdout]   28:     0x5c8628257d94 - <futures_lite::future::Or<F1,F2> as core::future::future::Future>::poll::ha6a5fc765a1415c1
[INFO] [stdout]                                at /opt/rustwide/cargo-home/registry/src/index.crates.io-6f17d22bba15001f/futures-lite-2.4.0/src/future.rs:454:33
[INFO] [stdout]   29:     0x5c8628239702 - async_executor::State::run::{{closure}}::he0b2e20333fa66b2
[INFO] [stdout]                                at /opt/rustwide/cargo-home/registry/src/index.crates.io-6f17d22bba15001f/async-executor-1.13.1/src/lib.rs:748:32
[INFO] [stdout]   30:     0x5c862823c001 - async_executor::Executor::run::{{closure}}::hc0a9e8ac5ac77ba2
[INFO] [stdout]                                at /opt/rustwide/cargo-home/registry/src/index.crates.io-6f17d22bba15001f/async-executor-1.13.1/src/lib.rs:344:34
[INFO] [stdout]   31:     0x5c86282368d2 - async_executor::LocalExecutor::run::{{closure}}::h418113a7200f4200
[INFO] [stdout]                                at /opt/rustwide/cargo-home/registry/src/index.crates.io-6f17d22bba15001f/async-executor-1.13.1/src/lib.rs:648:34
[INFO] [stdout]   32:     0x5c862820a4f1 - async_io::driver::block_on::{{closure}}::h67c786875d7d5645
[INFO] [stdout]                                at /opt/rustwide/cargo-home/registry/src/index.crates.io-6f17d22bba15001f/async-io-2.3.4/src/driver.rs:199:37
[INFO] [stdout]   33:     0x5c86281f9287 - std::thread::local::LocalKey<T>::try_with::h395e0e7e3e94ea43
[INFO] [stdout]                                at /rustc/df4ca44d3fbc9301ee17f30f4d474e6ae4b05252/library/std/src/thread/local.rs:283:12
[INFO] [stdout]   34:     0x5c86281f7e6a - std::thread::local::LocalKey<T>::with::hea4a200b23e8cec1
[INFO] [stdout]                                at /rustc/df4ca44d3fbc9301ee17f30f4d474e6ae4b05252/library/std/src/thread/local.rs:260:9
[INFO] [stdout]   35:     0x5c86281fe729 - async_io::driver::block_on::h23ba5b29b799b75e
[INFO] [stdout]                                at /opt/rustwide/cargo-home/registry/src/index.crates.io-6f17d22bba15001f/async-io-2.3.4/src/driver.rs:175:5
[INFO] [stdout]   36:     0x5c862823eb43 - async_global_executor::reactor::block_on::{{closure}}::habec075b7816152b
[INFO] [stdout]                                at /opt/rustwide/cargo-home/registry/src/index.crates.io-6f17d22bba15001f/async-global-executor-2.4.1/src/reactor.rs:3:18
[INFO] [stdout]   37:     0x5c862823e953 - async_global_executor::reactor::block_on::h54eef4c4f6c49557
[INFO] [stdout]                                at /opt/rustwide/cargo-home/registry/src/index.crates.io-6f17d22bba15001f/async-global-executor-2.4.1/src/reactor.rs:12:5
[INFO] [stdout]   38:     0x5c862824ca2a - async_global_executor::executor::block_on::{{closure}}::hc4876cae0d625023
[INFO] [stdout]                                at /opt/rustwide/cargo-home/registry/src/index.crates.io-6f17d22bba15001f/async-global-executor-2.4.1/src/executor.rs:26:36
[INFO] [stdout]   39:     0x5c86281fafe5 - std::thread::local::LocalKey<T>::try_with::h8ebc5b397d8b7d5b
[INFO] [stdout]                                at /rustc/df4ca44d3fbc9301ee17f30f4d474e6ae4b05252/library/std/src/thread/local.rs:283:12
[INFO] [stdout]   40:     0x5c86281f720a - std::thread::local::LocalKey<T>::with::h15654ba3b6bf485e
[INFO] [stdout]                                at /rustc/df4ca44d3fbc9301ee17f30f4d474e6ae4b05252/library/std/src/thread/local.rs:260:9
[INFO] [stdout]   41:     0x5c862824c796 - async_global_executor::executor::block_on::hf2ed4f59fc2e20d1
[INFO] [stdout]                                at /opt/rustwide/cargo-home/registry/src/index.crates.io-6f17d22bba15001f/async-global-executor-2.4.1/src/executor.rs:26:5
[INFO] [stdout]   42:     0x5c862825ae90 - async_std::task::builder::Builder::blocking::{{closure}}::{{closure}}::h222afffa0098e3c7
[INFO] [stdout]                                at /opt/rustwide/cargo-home/registry/src/index.crates.io-6f17d22bba15001f/async-std-1.13.0/src/task/builder.rs:171:25
[INFO] [stdout]   43:     0x5c862826d188 - async_std::task::task_locals_wrapper::TaskLocalsWrapper::set_current::{{closure}}::hae340d505349574a
[INFO] [stdout]                                at /opt/rustwide/cargo-home/registry/src/index.crates.io-6f17d22bba15001f/async-std-1.13.0/src/task/task_locals_wrapper.rs:60:13
[INFO] [stdout]   44:     0x5c86281fa9e7 - std::thread::local::LocalKey<T>::try_with::h8b026d6386b6f3b1
[INFO] [stdout]                                at /rustc/df4ca44d3fbc9301ee17f30f4d474e6ae4b05252/library/std/src/thread/local.rs:283:12
[INFO] [stdout]   45:     0x5c86281f78ea - std::thread::local::LocalKey<T>::with::h93b3b69b4b3b427e
[INFO] [stdout]                                at /rustc/df4ca44d3fbc9301ee17f30f4d474e6ae4b05252/library/std/src/thread/local.rs:260:9
[INFO] [stdout]   46:     0x5c862826c4b7 - async_std::task::task_locals_wrapper::TaskLocalsWrapper::set_current::h7b2d1e896b97708f
[INFO] [stdout]                                at /opt/rustwide/cargo-home/registry/src/index.crates.io-6f17d22bba15001f/async-std-1.13.0/src/task/task_locals_wrapper.rs:55:9
[INFO] [stdout]   47:     0x5c862825a498 - async_std::task::builder::Builder::blocking::{{closure}}::h41cb96d5f6a17e5a
[INFO] [stdout]                                at /opt/rustwide/cargo-home/registry/src/index.crates.io-6f17d22bba15001f/async-std-1.13.0/src/task/builder.rs:168:17
[INFO] [stdout]   48:     0x5c86281fc7b5 - std::thread::local::LocalKey<T>::try_with::hd5bfaeb65d35ed9a
[INFO] [stdout]                                at /rustc/df4ca44d3fbc9301ee17f30f4d474e6ae4b05252/library/std/src/thread/local.rs:283:12
[INFO] [stdout]   49:     0x5c86281f797a - std::thread::local::LocalKey<T>::with::h9eb4e3cafa0355d1
[INFO] [stdout]                                at /rustc/df4ca44d3fbc9301ee17f30f4d474e6ae4b05252/library/std/src/thread/local.rs:260:9
[INFO] [stdout]   50:     0x5c862825a03c - async_std::task::builder::Builder::blocking::hb25acf67f7682f43
[INFO] [stdout]                                at /opt/rustwide/cargo-home/registry/src/index.crates.io-6f17d22bba15001f/async-std-1.13.0/src/task/builder.rs:161:9
[INFO] [stdout]   51:     0x5c86282350fe - async_std::task::block_on::block_on::h177123ce24ec310a
[INFO] [stdout]                                at /opt/rustwide/cargo-home/registry/src/index.crates.io-6f17d22bba15001f/async-std-1.13.0/src/task/block_on.rs:33:5
[INFO] [stdout]   52:     0x5c8628265849 - async_pop::test::e2e_auth::h1ce735c195708dde
[INFO] [stdout]                                at /opt/rustwide/workdir/src/test.rs:99:43
[INFO] [stdout]   53:     0x5c8628265817 - async_pop::test::e2e_auth::{{closure}}::h535e34aae93abecb
[INFO] [stdout]                                at /opt/rustwide/workdir/src/test.rs:99:58
[INFO] [stdout]   54:     0x5c862821b3f6 - core::ops::function::FnOnce::call_once::h3124f8fcfdca1ae7
[INFO] [stdout]                                at /rustc/df4ca44d3fbc9301ee17f30f4d474e6ae4b05252/library/core/src/ops/function.rs:250:5
[INFO] [stdout]   55:     0x5c86282c294b - core::ops::function::FnOnce::call_once::h22c3ba5715e93f05
[INFO] [stdout]                                at /rustc/df4ca44d3fbc9301ee17f30f4d474e6ae4b05252/library/core/src/ops/function.rs:250:5
[INFO] [stdout]   56:     0x5c86282c294b - test::__rust_begin_short_backtrace::h8e82d8113d0da17f
[INFO] [stdout]                                at /rustc/df4ca44d3fbc9301ee17f30f4d474e6ae4b05252/library/test/src/lib.rs:621:18
[INFO] [stdout]   57:     0x5c86282c22c7 - test::run_test_in_process::{{closure}}::h33235f4f20b7b7c7
[INFO] [stdout]                                at /rustc/df4ca44d3fbc9301ee17f30f4d474e6ae4b05252/library/test/src/lib.rs:644:60
[INFO] [stdout]   58:     0x5c86282c22c7 - <core::panic::unwind_safe::AssertUnwindSafe<F> as core::ops::function::FnOnce<()>>::call_once::hb5043206310c586f
[INFO] [stdout]                                at /rustc/df4ca44d3fbc9301ee17f30f4d474e6ae4b05252/library/core/src/panic/unwind_safe.rs:272:9
[INFO] [stdout]   59:     0x5c86282c22c7 - std::panicking::try::do_call::h9ad4731a60ab23e2
[INFO] [stdout]                                at /rustc/df4ca44d3fbc9301ee17f30f4d474e6ae4b05252/library/std/src/panicking.rs:557:40
[INFO] [stdout]   60:     0x5c86282c22c7 - std::panicking::try::h3824d23db772a716
[INFO] [stdout]                                at /rustc/df4ca44d3fbc9301ee17f30f4d474e6ae4b05252/library/std/src/panicking.rs:520:19
[INFO] [stdout]   61:     0x5c86282c22c7 - std::panic::catch_unwind::h5afd514605fde46b
[INFO] [stdout]                                at /rustc/df4ca44d3fbc9301ee17f30f4d474e6ae4b05252/library/std/src/panic.rs:358:14
[INFO] [stdout]   62:     0x5c86282c22c7 - test::run_test_in_process::h0d5cbfa7067d1720
[INFO] [stdout]                                at /rustc/df4ca44d3fbc9301ee17f30f4d474e6ae4b05252/library/test/src/lib.rs:644:27
[INFO] [stdout]   63:     0x5c86282c22c7 - test::run_test::{{closure}}::h708eb8872708115d
[INFO] [stdout]                                at /rustc/df4ca44d3fbc9301ee17f30f4d474e6ae4b05252/library/test/src/lib.rs:565:43
[INFO] [stdout]   64:     0x5c86282859e4 - test::run_test::{{closure}}::h392c51cee94713ab
[INFO] [stdout]                                at /rustc/df4ca44d3fbc9301ee17f30f4d474e6ae4b05252/library/test/src/lib.rs:595:41
[INFO] [stdout]   65:     0x5c86282859e4 - std::sys::backtrace::__rust_begin_short_backtrace::h2f40290710935a8b
[INFO] [stdout]                                at /rustc/df4ca44d3fbc9301ee17f30f4d474e6ae4b05252/library/std/src/sys/backtrace.rs:154:18
[INFO] [stdout]   66:     0x5c862828918e - std::thread::Builder::spawn_unchecked_::{{closure}}::{{closure}}::h3fd968d89053a903
[INFO] [stdout]                                at /rustc/df4ca44d3fbc9301ee17f30f4d474e6ae4b05252/library/std/src/thread/mod.rs:541:17
[INFO] [stdout]   67:     0x5c862828918e - <core::panic::unwind_safe::AssertUnwindSafe<F> as core::ops::function::FnOnce<()>>::call_once::h743f637ba4229880
[INFO] [stdout]                                at /rustc/df4ca44d3fbc9301ee17f30f4d474e6ae4b05252/library/core/src/panic/unwind_safe.rs:272:9
[INFO] [stdout]   68:     0x5c862828918e - std::panicking::try::do_call::h07440897322525a6
[INFO] [stdout]                                at /rustc/df4ca44d3fbc9301ee17f30f4d474e6ae4b05252/library/std/src/panicking.rs:557:40
[INFO] [stdout]   69:     0x5c862828918e - std::panicking::try::he5a2e00188156637
[INFO] [stdout]                                at /rustc/df4ca44d3fbc9301ee17f30f4d474e6ae4b05252/library/std/src/panicking.rs:520:19
[INFO] [stdout]   70:     0x5c862828918e - std::panic::catch_unwind::hbaf3cae49b3c6433
[INFO] [stdout]                                at /rustc/df4ca44d3fbc9301ee17f30f4d474e6ae4b05252/library/std/src/panic.rs:358:14
[INFO] [stdout]   71:     0x5c862828918e - std::thread::Builder::spawn_unchecked_::{{closure}}::h8e141ea224820bce
[INFO] [stdout]                                at /rustc/df4ca44d3fbc9301ee17f30f4d474e6ae4b05252/library/std/src/thread/mod.rs:540:30
[INFO] [stdout]   72:     0x5c862828918e - core::ops::function::FnOnce::call_once{{vtable.shim}}::h90d312fedd7b8ea8
[INFO] [stdout]                                at /rustc/df4ca44d3fbc9301ee17f30f4d474e6ae4b05252/library/core/src/ops/function.rs:250:5
[INFO] [stdout]   73:     0x5c86283e9c8b - <alloc::boxed::Box<F,A> as core::ops::function::FnOnce<Args>>::call_once::h69aa08ddb6adb8b6
[INFO] [stdout]                                at /rustc/df4ca44d3fbc9301ee17f30f4d474e6ae4b05252/library/alloc/src/boxed.rs:2454:9
[INFO] [stdout]   74:     0x5c86283e9c8b - <alloc::boxed::Box<F,A> as core::ops::function::FnOnce<Args>>::call_once::h5aa36efdb79c806f
[INFO] [stdout]                                at /rustc/df4ca44d3fbc9301ee17f30f4d474e6ae4b05252/library/alloc/src/boxed.rs:2454:9
[INFO] [stdout]   75:     0x5c86283e9c8b - std::sys::pal::unix::thread::Thread::new::thread_start::h6cd80a1b4be5158d
[INFO] [stdout]                                at /rustc/df4ca44d3fbc9301ee17f30f4d474e6ae4b05252/library/std/src/sys/pal/unix/thread.rs:105:17
[INFO] [stdout]   76:     0x7c49bf772ac3 - <unknown>
[INFO] [stdout]   77:     0x7c49bf803a04 - clone
[INFO] [stdout]   78:                0x0 - <unknown>
[INFO] [stdout] 
[INFO] [stdout] ---- test::e2e_list stdout ----
[INFO] [stdout] thread 'test::e2e_list' panicked at src/test.rs:30:36:
[INFO] [stdout] called `Result::unwrap()` on an `Err` value: NotPresent
[INFO] [stdout] stack backtrace:
[INFO] [stdout]    0:     0x5c86283e3f1a - std::backtrace_rs::backtrace::libunwind::trace::h207520d6e9873551
[INFO] [stdout]                                at /rustc/df4ca44d3fbc9301ee17f30f4d474e6ae4b05252/library/std/src/../../backtrace/src/backtrace/libunwind.rs:116:5
[INFO] [stdout]    1:     0x5c86283e3f1a - std::backtrace_rs::backtrace::trace_unsynchronized::h2ed7433f370e3eca
[INFO] [stdout]                                at /rustc/df4ca44d3fbc9301ee17f30f4d474e6ae4b05252/library/std/src/../../backtrace/src/backtrace/mod.rs:66:5
[INFO] [stdout]    2:     0x5c86283e3f1a - std::sys::backtrace::_print_fmt::h916fac51166b18d7
[INFO] [stdout]                                at /rustc/df4ca44d3fbc9301ee17f30f4d474e6ae4b05252/library/std/src/sys/backtrace.rs:66:9
[INFO] [stdout]    3:     0x5c86283e3f1a - <std::sys::backtrace::BacktraceLock::print::DisplayBacktrace as core::fmt::Display>::fmt::ha0a4c9b8ce3802e6
[INFO] [stdout]                                at /rustc/df4ca44d3fbc9301ee17f30f4d474e6ae4b05252/library/std/src/sys/backtrace.rs:39:26
[INFO] [stdout]    4:     0x5c862840be43 - core::fmt::rt::Argument::fmt::h4cfc8587d52b3eb5
[INFO] [stdout]                                at /rustc/df4ca44d3fbc9301ee17f30f4d474e6ae4b05252/library/core/src/fmt/rt.rs:177:76
[INFO] [stdout]    5:     0x5c862840be43 - core::fmt::write::h522cc39e5b36ae9f
[INFO] [stdout]                                at /rustc/df4ca44d3fbc9301ee17f30f4d474e6ae4b05252/library/core/src/fmt/mod.rs:1190:21
[INFO] [stdout]    6:     0x5c86283dffe3 - std::io::Write::write_fmt::h7d3c26752da97734
[INFO] [stdout]                                at /rustc/df4ca44d3fbc9301ee17f30f4d474e6ae4b05252/library/std/src/io/mod.rs:1839:15
[INFO] [stdout]    7:     0x5c86283e3d62 - std::sys::backtrace::BacktraceLock::print::h4b9e00b29e9c0942
[INFO] [stdout]                                at /rustc/df4ca44d3fbc9301ee17f30f4d474e6ae4b05252/library/std/src/sys/backtrace.rs:42:9
[INFO] [stdout]    8:     0x5c86283e53aa - std::panicking::default_hook::{{closure}}::hb59b88280d0324d9
[INFO] [stdout]                                at /rustc/df4ca44d3fbc9301ee17f30f4d474e6ae4b05252/library/std/src/panicking.rs:268:22
[INFO] [stdout]    9:     0x5c86283e51b4 - std::panicking::default_hook::he1dd496665be4a29
[INFO] [stdout]                                at /rustc/df4ca44d3fbc9301ee17f30f4d474e6ae4b05252/library/std/src/panicking.rs:292:9
[INFO] [stdout]   10:     0x5c86282be079 - <alloc::boxed::Box<F,A> as core::ops::function::Fn<Args>>::call::h4ff71de18744e1dc
[INFO] [stdout]                                at /rustc/df4ca44d3fbc9301ee17f30f4d474e6ae4b05252/library/alloc/src/boxed.rs:2468:9
[INFO] [stdout]   11:     0x5c86282be079 - test::test_main::{{closure}}::hcf7c055ce117aa81
[INFO] [stdout]                                at /rustc/df4ca44d3fbc9301ee17f30f4d474e6ae4b05252/library/test/src/lib.rs:133:21
[INFO] [stdout]   12:     0x5c86283e5aa8 - <alloc::boxed::Box<F,A> as core::ops::function::Fn<Args>>::call::h1d66c6bbd60c9692
[INFO] [stdout]                                at /rustc/df4ca44d3fbc9301ee17f30f4d474e6ae4b05252/library/alloc/src/boxed.rs:2468:9
[INFO] [stdout]   13:     0x5c86283e5aa8 - std::panicking::rust_panic_with_hook::h2ff17fe8f26dfcf8
[INFO] [stdout]                                at /rustc/df4ca44d3fbc9301ee17f30f4d474e6ae4b05252/library/std/src/panicking.rs:809:13
[INFO] [stdout]   14:     0x5c86283e586a - std::panicking::begin_panic_handler::{{closure}}::h4fad77951c07e101
[INFO] [stdout]                                at /rustc/df4ca44d3fbc9301ee17f30f4d474e6ae4b05252/library/std/src/panicking.rs:674:13
[INFO] [stdout]   15:     0x5c86283e43f9 - std::sys::backtrace::__rust_end_short_backtrace::hb1a25b3da5d0ea08
[INFO] [stdout]                                at /rustc/df4ca44d3fbc9301ee17f30f4d474e6ae4b05252/library/std/src/sys/backtrace.rs:170:18
[INFO] [stdout]   16:     0x5c86283e54fc - rust_begin_unwind
[INFO] [stdout]                                at /rustc/df4ca44d3fbc9301ee17f30f4d474e6ae4b05252/library/std/src/panicking.rs:665:5
[INFO] [stdout]   17:     0x5c862840a820 - core::panicking::panic_fmt::ha9db07b529f9b256
[INFO] [stdout]                                at /rustc/df4ca44d3fbc9301ee17f30f4d474e6ae4b05252/library/core/src/panicking.rs:75:14
[INFO] [stdout]   18:     0x5c862840ac66 - core::result::unwrap_failed::h5e8218e4d4338b8a
[INFO] [stdout]                                at /rustc/df4ca44d3fbc9301ee17f30f4d474e6ae4b05252/library/core/src/result.rs:1698:5
[INFO] [stdout]   19:     0x5c862825fd41 - core::result::Result<T,E>::unwrap::h436de24f3a7def03
[INFO] [stdout]                                at /rustc/df4ca44d3fbc9301ee17f30f4d474e6ae4b05252/library/core/src/result.rs:1103:23
[INFO] [stdout]   20:     0x5c862825fd41 - async_pop::test::create_client_info::haaebeb8e166aa866
[INFO] [stdout]                                at /opt/rustwide/workdir/src/test.rs:30:17
[INFO] [stdout]   21:     0x5c8628260522 - async_pop::test::create_logged_in_client::{{closure}}::h9ca0b16e9de7a944
[INFO] [stdout]                                at /opt/rustwide/workdir/src/test.rs:38:23
[INFO] [stdout]   22:     0x5c86282677d8 - async_pop::test::e2e_list::{{closure}}::h87ac63c7e761e44c
[INFO] [stdout]                                at /opt/rustwide/workdir/src/test.rs:144:48
[INFO] [stdout]   23:     0x5c86282549d2 - <async_std::task::builder::SupportTaskLocals<F> as core::future::future::Future>::poll::{{closure}}::hbe3c4d62e31deecf
[INFO] [stdout]                                at /opt/rustwide/cargo-home/registry/src/index.crates.io-6f17d22bba15001f/async-std-1.13.0/src/task/builder.rs:199:17
[INFO] [stdout]   24:     0x5c862826d28c - async_std::task::task_locals_wrapper::TaskLocalsWrapper::set_current::{{closure}}::hbc740c9186be2617
[INFO] [stdout]                                at /opt/rustwide/cargo-home/registry/src/index.crates.io-6f17d22bba15001f/async-std-1.13.0/src/task/task_locals_wrapper.rs:60:13
[INFO] [stdout]   25:     0x5c86281fc1fa - std::thread::local::LocalKey<T>::try_with::hc74c7302bc2b5d7e
[INFO] [stdout]                                at /rustc/df4ca44d3fbc9301ee17f30f4d474e6ae4b05252/library/std/src/thread/local.rs:283:12
[INFO] [stdout]   26:     0x5c86281f73ca - std::thread::local::LocalKey<T>::with::h31a69faba7a72bbb
[INFO] [stdout]                                at /rustc/df4ca44d3fbc9301ee17f30f4d474e6ae4b05252/library/std/src/thread/local.rs:260:9
[INFO] [stdout]   27:     0x5c862826c588 - async_std::task::task_locals_wrapper::TaskLocalsWrapper::set_current::had08e9b2fd6c9ac8
[INFO] [stdout]                                at /opt/rustwide/cargo-home/registry/src/index.crates.io-6f17d22bba15001f/async-std-1.13.0/src/task/task_locals_wrapper.rs:55:9
[INFO] [stdout]   28:     0x5c86282547ca - <async_std::task::builder::SupportTaskLocals<F> as core::future::future::Future>::poll::hf7f13120ed4e9018
[INFO] [stdout]                                at /opt/rustwide/cargo-home/registry/src/index.crates.io-6f17d22bba15001f/async-std-1.13.0/src/task/builder.rs:197:13
[INFO] [stdout]   29:     0x5c8628257e24 - <futures_lite::future::Or<F1,F2> as core::future::future::Future>::poll::hb8ecb685e7dc5d69
[INFO] [stdout]                                at /opt/rustwide/cargo-home/registry/src/index.crates.io-6f17d22bba15001f/futures-lite-2.4.0/src/future.rs:454:33
[INFO] [stdout]   30:     0x5c8628238bc5 - async_executor::State::run::{{closure}}::h8f27e0501cab15ba
[INFO] [stdout]                                at /opt/rustwide/cargo-home/registry/src/index.crates.io-6f17d22bba15001f/async-executor-1.13.1/src/lib.rs:748:32
[INFO] [stdout]   31:     0x5c862823b50e - async_executor::Executor::run::{{closure}}::h0378681dc99206df
[INFO] [stdout]                                at /opt/rustwide/cargo-home/registry/src/index.crates.io-6f17d22bba15001f/async-executor-1.13.1/src/lib.rs:344:34
[INFO] [stdout]   32:     0x5c8628236341 - async_executor::LocalExecutor::run::{{closure}}::h0c873a697d86ab35
[INFO] [stdout]                                at /opt/rustwide/cargo-home/registry/src/index.crates.io-6f17d22bba15001f/async-executor-1.13.1/src/lib.rs:648:34
[INFO] [stdout]   33:     0x5c8628216a71 - async_io::driver::block_on::{{closure}}::hf3aa9132d4aa16bd
[INFO] [stdout]                                at /opt/rustwide/cargo-home/registry/src/index.crates.io-6f17d22bba15001f/async-io-2.3.4/src/driver.rs:199:37
[INFO] [stdout]   34:     0x5c86281f94a6 - std::thread::local::LocalKey<T>::try_with::h3b8debed56cca060
[INFO] [stdout]                                at /rustc/df4ca44d3fbc9301ee17f30f4d474e6ae4b05252/library/std/src/thread/local.rs:283:12
[INFO] [stdout]   35:     0x5c86281f7c7a - std::thread::local::LocalKey<T>::with::hc9ec89426840d562
[INFO] [stdout]                                at /rustc/df4ca44d3fbc9301ee17f30f4d474e6ae4b05252/library/std/src/thread/local.rs:260:9
[INFO] [stdout]   36:     0x5c86281ffa19 - async_io::driver::block_on::h81df9cd8c31a8248
[INFO] [stdout]                                at /opt/rustwide/cargo-home/registry/src/index.crates.io-6f17d22bba15001f/async-io-2.3.4/src/driver.rs:175:5
[INFO] [stdout]   37:     0x5c862823eb12 - async_global_executor::reactor::block_on::{{closure}}::ha18444419e3dfe6d
[INFO] [stdout]                                at /opt/rustwide/cargo-home/registry/src/index.crates.io-6f17d22bba15001f/async-global-executor-2.4.1/src/reactor.rs:3:18
[INFO] [stdout]   38:     0x5c862823ea12 - async_global_executor::reactor::block_on::hed68c1bc77566a60
[INFO] [stdout]                                at /opt/rustwide/cargo-home/registry/src/index.crates.io-6f17d22bba15001f/async-global-executor-2.4.1/src/reactor.rs:12:5
[INFO] [stdout]   39:     0x5c862824c94c - async_global_executor::executor::block_on::{{closure}}::h51839d55a8aeb5e8
[INFO] [stdout]                                at /opt/rustwide/cargo-home/registry/src/index.crates.io-6f17d22bba15001f/async-global-executor-2.4.1/src/executor.rs:26:36
[INFO] [stdout]   40:     0x5c86281fbda7 - std::thread::local::LocalKey<T>::try_with::hb8ac8dbe54ec97de
[INFO] [stdout]                                at /rustc/df4ca44d3fbc9301ee17f30f4d474e6ae4b05252/library/std/src/thread/local.rs:283:12
[INFO] [stdout]   41:     0x5c86281f7e3a - std::thread::local::LocalKey<T>::with::he66ce24b680ca015
[INFO] [stdout]                                at /rustc/df4ca44d3fbc9301ee17f30f4d474e6ae4b05252/library/std/src/thread/local.rs:260:9
[INFO] [stdout]   42:     0x5c862824c71a - async_global_executor::executor::block_on::h8799571da3837f70
[INFO] [stdout]                                at /opt/rustwide/cargo-home/registry/src/index.crates.io-6f17d22bba15001f/async-global-executor-2.4.1/src/executor.rs:26:5
[INFO] [stdout]   43:     0x5c862825acb0 - async_std::task::builder::Builder::blocking::{{closure}}::{{closure}}::h0dc523d41ca03f4b
[INFO] [stdout]                                at /opt/rustwide/cargo-home/registry/src/index.crates.io-6f17d22bba15001f/async-std-1.13.0/src/task/builder.rs:171:25
[INFO] [stdout]   44:     0x5c862826c90a - async_std::task::task_locals_wrapper::TaskLocalsWrapper::set_current::{{closure}}::h1d1cd8e3f7780d08
[INFO] [stdout]                                at /opt/rustwide/cargo-home/registry/src/index.crates.io-6f17d22bba15001f/async-std-1.13.0/src/task/task_locals_wrapper.rs:60:13
[INFO] [stdout]   45:     0x5c86281fa3c5 - std::thread::local::LocalKey<T>::try_with::h669ceac75b170df7
[INFO] [stdout]                                at /rustc/df4ca44d3fbc9301ee17f30f4d474e6ae4b05252/library/std/src/thread/local.rs:283:12
[INFO] [stdout]   46:     0x5c86281f767a - std::thread::local::LocalKey<T>::with::h703f1b084b0dcbb8
[INFO] [stdout]                                at /rustc/df4ca44d3fbc9301ee17f30f4d474e6ae4b05252/library/std/src/thread/local.rs:260:9
[INFO] [stdout]   47:     0x5c862826c73a - async_std::task::task_locals_wrapper::TaskLocalsWrapper::set_current::hf1e69d44a39413eb
[INFO] [stdout]                                at /opt/rustwide/cargo-home/registry/src/index.crates.io-6f17d22bba15001f/async-std-1.13.0/src/task/task_locals_wrapper.rs:55:9
[INFO] [stdout]   48:     0x5c862825aada - async_std::task::builder::Builder::blocking::{{closure}}::hb27f188177d5808b
[INFO] [stdout]                                at /opt/rustwide/cargo-home/registry/src/index.crates.io-6f17d22bba15001f/async-std-1.13.0/src/task/builder.rs:168:17
[INFO] [stdout]   49:     0x5c86281f82e7 - std::thread::local::LocalKey<T>::try_with::h060649ccbea3fe76
[INFO] [stdout]                                at /rustc/df4ca44d3fbc9301ee17f30f4d474e6ae4b05252/library/std/src/thread/local.rs:283:12
[INFO] [stdout]   50:     0x5c86281f791a - std::thread::local::LocalKey<T>::with::h98799a12c92b4142
[INFO] [stdout]                                at /rustc/df4ca44d3fbc9301ee17f30f4d474e6ae4b05252/library/std/src/thread/local.rs:260:9
[INFO] [stdout]   51:     0x5c8628259d8c - async_std::task::builder::Builder::blocking::h9c12e93ed1481be8
[INFO] [stdout]                                at /opt/rustwide/cargo-home/registry/src/index.crates.io-6f17d22bba15001f/async-std-1.13.0/src/task/builder.rs:161:9
[INFO] [stdout]   52:     0x5c862823530c - async_std::task::block_on::block_on::h383de9cec2ea7d7d
[INFO] [stdout]                                at /opt/rustwide/cargo-home/registry/src/index.crates.io-6f17d22bba15001f/async-std-1.13.0/src/task/block_on.rs:33:5
[INFO] [stdout]   53:     0x5c8628267627 - async_pop::test::e2e_list::h18c6089f45d714ed
[INFO] [stdout]                                at /opt/rustwide/workdir/src/test.rs:142:43
[INFO] [stdout]   54:     0x5c86282675f7 - async_pop::test::e2e_list::{{closure}}::h54a14d9a1ac4b8fe
[INFO] [stdout]                                at /opt/rustwide/workdir/src/test.rs:142:58
[INFO] [stdout]   55:     0x5c862821ba06 - core::ops::function::FnOnce::call_once::hb0c43dd7eed7a09d
[INFO] [stdout]                                at /rustc/df4ca44d3fbc9301ee17f30f4d474e6ae4b05252/library/core/src/ops/function.rs:250:5
[INFO] [stdout]   56:     0x5c86282c294b - core::ops::function::FnOnce::call_once::h22c3ba5715e93f05
[INFO] [stdout]                                at /rustc/df4ca44d3fbc9301ee17f30f4d474e6ae4b05252/library/core/src/ops/function.rs:250:5
[INFO] [stdout]   57:     0x5c86282c294b - test::__rust_begin_short_backtrace::h8e82d8113d0da17f
[INFO] [stdout]                                at /rustc/df4ca44d3fbc9301ee17f30f4d474e6ae4b05252/library/test/src/lib.rs:621:18
[INFO] [stdout]   58:     0x5c86282c22c7 - test::run_test_in_process::{{closure}}::h33235f4f20b7b7c7
[INFO] [stdout]                                at /rustc/df4ca44d3fbc9301ee17f30f4d474e6ae4b05252/library/test/src/lib.rs:644:60
[INFO] [stdout]   59:     0x5c86282c22c7 - <core::panic::unwind_safe::AssertUnwindSafe<F> as core::ops::function::FnOnce<()>>::call_once::hb5043206310c586f
[INFO] [stdout]                                at /rustc/df4ca44d3fbc9301ee17f30f4d474e6ae4b05252/library/core/src/panic/unwind_safe.rs:272:9
[INFO] [stdout]   60:     0x5c86282c22c7 - std::panicking::try::do_call::h9ad4731a60ab23e2
[INFO] [stdout]                                at /rustc/df4ca44d3fbc9301ee17f30f4d474e6ae4b05252/library/std/src/panicking.rs:557:40
[INFO] [stdout]   61:     0x5c86282c22c7 - std::panicking::try::h3824d23db772a716
[INFO] [stdout]                                at /rustc/df4ca44d3fbc9301ee17f30f4d474e6ae4b05252/library/std/src/panicking.rs:520:19
[INFO] [stdout]   62:     0x5c86282c22c7 - std::panic::catch_unwind::h5afd514605fde46b
[INFO] [stdout]                                at /rustc/df4ca44d3fbc9301ee17f30f4d474e6ae4b05252/library/std/src/panic.rs:358:14
[INFO] [stdout]   63:     0x5c86282c22c7 - test::run_test_in_process::h0d5cbfa7067d1720
[INFO] [stdout]                                at /rustc/df4ca44d3fbc9301ee17f30f4d474e6ae4b05252/library/test/src/lib.rs:644:27
[INFO] [stdout]   64:     0x5c86282c22c7 - test::run_test::{{closure}}::h708eb8872708115d
[INFO] [stdout]                                at /rustc/df4ca44d3fbc9301ee17f30f4d474e6ae4b05252/library/test/src/lib.rs:565:43
[INFO] [stdout]   65:     0x5c86282859e4 - test::run_test::{{closure}}::h392c51cee94713ab
[INFO] [stdout]                                at /rustc/df4ca44d3fbc9301ee17f30f4d474e6ae4b05252/library/test/src/lib.rs:595:41
[INFO] [stdout]   66:     0x5c86282859e4 - std::sys::backtrace::__rust_begin_short_backtrace::h2f40290710935a8b
[INFO] [stdout]                                at /rustc/df4ca44d3fbc9301ee17f30f4d474e6ae4b05252/library/std/src/sys/backtrace.rs:154:18
[INFO] [stdout]   67:     0x5c862828918e - std::thread::Builder::spawn_unchecked_::{{closure}}::{{closure}}::h3fd968d89053a903
[INFO] [stdout]                                at /rustc/df4ca44d3fbc9301ee17f30f4d474e6ae4b05252/library/std/src/thread/mod.rs:541:17
[INFO] [stdout]   68:     0x5c862828918e - <core::panic::unwind_safe::AssertUnwindSafe<F> as core::ops::function::FnOnce<()>>::call_once::h743f637ba4229880
[INFO] [stdout]                                at /rustc/df4ca44d3fbc9301ee17f30f4d474e6ae4b05252/library/core/src/panic/unwind_safe.rs:272:9
[INFO] [stdout]   69:     0x5c862828918e - std::panicking::try::do_call::h07440897322525a6
[INFO] [stdout]                                at /rustc/df4ca44d3fbc9301ee17f30f4d474e6ae4b05252/library/std/src/panicking.rs:557:40
[INFO] [stdout]   70:     0x5c862828918e - std::panicking::try::he5a2e00188156637
[INFO] [stdout]                                at /rustc/df4ca44d3fbc9301ee17f30f4d474e6ae4b05252/library/std/src/panicking.rs:520:19
[INFO] [stdout]   71:     0x5c862828918e - std::panic::catch_unwind::hbaf3cae49b3c6433
[INFO] [stdout]                                at /rustc/df4ca44d3fbc9301ee17f30f4d474e6ae4b05252/library/std/src/panic.rs:358:14
[INFO] [stdout]   72:     0x5c862828918e - std::thread::Builder::spawn_unchecked_::{{closure}}::h8e141ea224820bce
[INFO] [stdout]                                at /rustc/df4ca44d3fbc9301ee17f30f4d474e6ae4b05252/library/std/src/thread/mod.rs:540:30
[INFO] [stdout]   73:     0x5c862828918e - core::ops::function::FnOnce::call_once{{vtable.shim}}::h90d312fedd7b8ea8
[INFO] [stdout]                                at /rustc/df4ca44d3fbc9301ee17f30f4d474e6ae4b05252/library/core/src/ops/function.rs:250:5
[INFO] [stdout]   74:     0x5c86283e9c8b - <alloc::boxed::Box<F,A> as core::ops::function::FnOnce<Args>>::call_once::h69aa08ddb6adb8b6
[INFO] [stdout]                                at /rustc/df4ca44d3fbc9301ee17f30f4d474e6ae4b05252/library/alloc/src/boxed.rs:2454:9
[INFO] [stdout]   75:     0x5c86283e9c8b - <alloc::boxed::Box<F,A> as core::ops::function::FnOnce<Args>>::call_once::h5aa36efdb79c806f
[INFO] [stdout]                                at /rustc/df4ca44d3fbc9301ee17f30f4d474e6ae4b05252/library/alloc/src/boxed.rs:2454:9
[INFO] [stdout]   76:     0x5c86283e9c8b - std::sys::pal::unix::thread::Thread::new::thread_start::h6cd80a1b4be5158d
[INFO] [stdout]                                at /rustc/df4ca44d3fbc9301ee17f30f4d474e6ae4b05252/library/std/src/sys/pal/unix/thread.rs:105:17
[INFO] [stdout]   77:     0x7c49bf772ac3 - <unknown>
[INFO] [stdout]   78:     0x7c49bf803a04 - clone
[INFO] [stdout]   79:                0x0 - <unknown>
[INFO] [stdout] 
[INFO] [stdout] ---- test::e2e_login stdout ----
[INFO] [stdout] thread 'test::e2e_login' panicked at src/test.rs:30:36:
[INFO] [stdout] called `Result::unwrap()` on an `Err` value: NotPresent
[INFO] [stdout] stack backtrace:
[INFO] [stdout]    0:     0x5c86283e3f1a - std::backtrace_rs::backtrace::libunwind::trace::h207520d6e9873551
[INFO] [stdout]                                at /rustc/df4ca44d3fbc9301ee17f30f4d474e6ae4b05252/library/std/src/../../backtrace/src/backtrace/libunwind.rs:116:5
[INFO] [stdout]    1:     0x5c86283e3f1a - std::backtrace_rs::backtrace::trace_unsynchronized::h2ed7433f370e3eca
[INFO] [stdout]                                at /rustc/df4ca44d3fbc9301ee17f30f4d474e6ae4b05252/library/std/src/../../backtrace/src/backtrace/mod.rs:66:5
[INFO] [stdout]    2:     0x5c86283e3f1a - std::sys::backtrace::_print_fmt::h916fac51166b18d7
[INFO] [stdout]                                at /rustc/df4ca44d3fbc9301ee17f30f4d474e6ae4b05252/library/std/src/sys/backtrace.rs:66:9
[INFO] [stdout]    3:     0x5c86283e3f1a - <std::sys::backtrace::BacktraceLock::print::DisplayBacktrace as core::fmt::Display>::fmt::ha0a4c9b8ce3802e6
[INFO] [stdout]                                at /rustc/df4ca44d3fbc9301ee17f30f4d474e6ae4b05252/library/std/src/sys/backtrace.rs:39:26
[INFO] [stdout]    4:     0x5c862840be43 - core::fmt::rt::Argument::fmt::h4cfc8587d52b3eb5
[INFO] [stdout]                                at /rustc/df4ca44d3fbc9301ee17f30f4d474e6ae4b05252/library/core/src/fmt/rt.rs:177:76
[INFO] [stdout]    5:     0x5c862840be43 - core::fmt::write::h522cc39e5b36ae9f
[INFO] [stdout]                                at /rustc/df4ca44d3fbc9301ee17f30f4d474e6ae4b05252/library/core/src/fmt/mod.rs:1190:21
[INFO] [stdout]    6:     0x5c86283dffe3 - std::io::Write::write_fmt::h7d3c26752da97734
[INFO] [stdout]                                at /rustc/df4ca44d3fbc9301ee17f30f4d474e6ae4b05252/library/std/src/io/mod.rs:1839:15
[INFO] [stdout]    7:     0x5c86283e3d62 - std::sys::backtrace::BacktraceLock::print::h4b9e00b29e9c0942
[INFO] [stdout]                                at /rustc/df4ca44d3fbc9301ee17f30f4d474e6ae4b05252/library/std/src/sys/backtrace.rs:42:9
[INFO] [stdout]    8:     0x5c86283e53aa - std::panicking::default_hook::{{closure}}::hb59b88280d0324d9
[INFO] [stdout]                                at /rustc/df4ca44d3fbc9301ee17f30f4d474e6ae4b05252/library/std/src/panicking.rs:268:22
[INFO] [stdout]    9:     0x5c86283e51b4 - std::panicking::default_hook::he1dd496665be4a29
[INFO] [stdout]                                at /rustc/df4ca44d3fbc9301ee17f30f4d474e6ae4b05252/library/std/src/panicking.rs:292:9
[INFO] [stdout]   10:     0x5c86282be079 - <alloc::boxed::Box<F,A> as core::ops::function::Fn<Args>>::call::h4ff71de18744e1dc
[INFO] [stdout]                                at /rustc/df4ca44d3fbc9301ee17f30f4d474e6ae4b05252/library/alloc/src/boxed.rs:2468:9
[INFO] [stdout]   11:     0x5c86282be079 - test::test_main::{{closure}}::hcf7c055ce117aa81
[INFO] [stdout]                                at /rustc/df4ca44d3fbc9301ee17f30f4d474e6ae4b05252/library/test/src/lib.rs:133:21
[INFO] [stdout]   12:     0x5c86283e5aa8 - <alloc::boxed::Box<F,A> as core::ops::function::Fn<Args>>::call::h1d66c6bbd60c9692
[INFO] [stdout]                                at /rustc/df4ca44d3fbc9301ee17f30f4d474e6ae4b05252/library/alloc/src/boxed.rs:2468:9
[INFO] [stdout]   13:     0x5c86283e5aa8 - std::panicking::rust_panic_with_hook::h2ff17fe8f26dfcf8
[INFO] [stdout]                                at /rustc/df4ca44d3fbc9301ee17f30f4d474e6ae4b05252/library/std/src/panicking.rs:809:13
[INFO] [stdout]   14:     0x5c86283e586a - std::panicking::begin_panic_handler::{{closure}}::h4fad77951c07e101
[INFO] [stdout]                                at /rustc/df4ca44d3fbc9301ee17f30f4d474e6ae4b05252/library/std/src/panicking.rs:674:13
[INFO] [stdout]   15:     0x5c86283e43f9 - std::sys::backtrace::__rust_end_short_backtrace::hb1a25b3da5d0ea08
[INFO] [stdout]                                at /rustc/df4ca44d3fbc9301ee17f30f4d474e6ae4b05252/library/std/src/sys/backtrace.rs:170:18
[INFO] [stdout]   16:     0x5c86283e54fc - rust_begin_unwind
[INFO] [stdout]                                at /rustc/df4ca44d3fbc9301ee17f30f4d474e6ae4b05252/library/std/src/panicking.rs:665:5
[INFO] [stdout]   17:     0x5c862840a820 - core::panicking::panic_fmt::ha9db07b529f9b256
[INFO] [stdout]                                at /rustc/df4ca44d3fbc9301ee17f30f4d474e6ae4b05252/library/core/src/panicking.rs:75:14
[INFO] [stdout]   18:     0x5c862840ac66 - core::result::unwrap_failed::h5e8218e4d4338b8a
[INFO] [stdout]                                at /rustc/df4ca44d3fbc9301ee17f30f4d474e6ae4b05252/library/core/src/result.rs:1698:5
[INFO] [stdout]   19:     0x5c862825fd41 - core::result::Result<T,E>::unwrap::h436de24f3a7def03
[INFO] [stdout]                                at /rustc/df4ca44d3fbc9301ee17f30f4d474e6ae4b05252/library/core/src/result.rs:1103:23
[INFO] [stdout]   20:     0x5c862825fd41 - async_pop::test::create_client_info::haaebeb8e166aa866
[INFO] [stdout]                                at /opt/rustwide/workdir/src/test.rs:30:17
[INFO] [stdout]   21:     0x5c8628260522 - async_pop::test::create_logged_in_client::{{closure}}::h9ca0b16e9de7a944
[INFO] [stdout]                                at /opt/rustwide/workdir/src/test.rs:38:23
[INFO] [stdout]   22:     0x5c86282653f2 - async_pop::test::e2e_login::{{closure}}::hc6db8080b691fe2c
[INFO] [stdout]                                at /opt/rustwide/workdir/src/test.rs:91:48
[INFO] [stdout]   23:     0x5c86282548d2 - <async_std::task::builder::SupportTaskLocals<F> as core::future::future::Future>::poll::{{closure}}::h635ab5b4a16c60f5
[INFO] [stdout]                                at /opt/rustwide/cargo-home/registry/src/index.crates.io-6f17d22bba15001f/async-std-1.13.0/src/task/builder.rs:199:17
[INFO] [stdout]   24:     0x5c862826d37c - async_std::task::task_locals_wrapper::TaskLocalsWrapper::set_current::{{closure}}::he7efb9090da1e6be
[INFO] [stdout]                                at /opt/rustwide/cargo-home/registry/src/index.crates.io-6f17d22bba15001f/async-std-1.13.0/src/task/task_locals_wrapper.rs:60:13
[INFO] [stdout]   25:     0x5c86281fd33a - std::thread::local::LocalKey<T>::try_with::hf35d04486f1564e5
[INFO] [stdout]                                at /rustc/df4ca44d3fbc9301ee17f30f4d474e6ae4b05252/library/std/src/thread/local.rs:283:12
[INFO] [stdout]   26:     0x5c86281f6faa - std::thread::local::LocalKey<T>::with::h0b8fb1b2ca7cd196
[INFO] [stdout]                                at /rustc/df4ca44d3fbc9301ee17f30f4d474e6ae4b05252/library/std/src/thread/local.rs:260:9
[INFO] [stdout]   27:     0x5c862826c658 - async_std::task::task_locals_wrapper::TaskLocalsWrapper::set_current::hd4ab3e225324ad60
[INFO] [stdout]                                at /opt/rustwide/cargo-home/registry/src/index.crates.io-6f17d22bba15001f/async-std-1.13.0/src/task/task_locals_wrapper.rs:55:9
[INFO] [stdout]   28:     0x5c862825468a - <async_std::task::builder::SupportTaskLocals<F> as core::future::future::Future>::poll::h72ac4b158b2ecfbe
[INFO] [stdout]                                at /opt/rustwide/cargo-home/registry/src/index.crates.io-6f17d22bba15001f/async-std-1.13.0/src/task/builder.rs:197:13
[INFO] [stdout]   29:     0x5c8628257c74 - <futures_lite::future::Or<F1,F2> as core::future::future::Future>::poll::h961cd3ae5600781b
[INFO] [stdout]                                at /opt/rustwide/cargo-home/registry/src/index.crates.io-6f17d22bba15001f/futures-lite-2.4.0/src/future.rs:454:33
[INFO] [stdout]   30:     0x5c8628237cd5 - async_executor::State::run::{{closure}}::h21dc134d56a73c8a
[INFO] [stdout]                                at /opt/rustwide/cargo-home/registry/src/index.crates.io-6f17d22bba15001f/async-executor-1.13.1/src/lib.rs:748:32
[INFO] [stdout]   31:     0x5c862823bd4e - async_executor::Executor::run::{{closure}}::h8f68ed85d5432a65
[INFO] [stdout]                                at /opt/rustwide/cargo-home/registry/src/index.crates.io-6f17d22bba15001f/async-executor-1.13.1/src/lib.rs:344:34
[INFO] [stdout]   32:     0x5c8628236611 - async_executor::LocalExecutor::run::{{closure}}::h2fb81cc85ade126c
[INFO] [stdout]                                at /opt/rustwide/cargo-home/registry/src/index.crates.io-6f17d22bba15001f/async-executor-1.13.1/src/lib.rs:648:34
[INFO] [stdout]   33:     0x5c86282042b1 - async_io::driver::block_on::{{closure}}::h5e98227db62cceff
[INFO] [stdout]                                at /opt/rustwide/cargo-home/registry/src/index.crates.io-6f17d22bba15001f/async-io-2.3.4/src/driver.rs:199:37
[INFO] [stdout]   34:     0x5c86281fa286 - std::thread::local::LocalKey<T>::try_with::h5fa964e5b8a77152
[INFO] [stdout]                                at /rustc/df4ca44d3fbc9301ee17f30f4d474e6ae4b05252/library/std/src/thread/local.rs:283:12
[INFO] [stdout]   35:     0x5c86281f753a - std::thread::local::LocalKey<T>::with::h5342a7df4cc12d3d
[INFO] [stdout]                                at /rustc/df4ca44d3fbc9301ee17f30f4d474e6ae4b05252/library/std/src/thread/local.rs:260:9
[INFO] [stdout]   36:     0x5c86281ff3c9 - async_io::driver::block_on::h748f1661dc436535
[INFO] [stdout]                                at /opt/rustwide/cargo-home/registry/src/index.crates.io-6f17d22bba15001f/async-io-2.3.4/src/driver.rs:175:5
[INFO] [stdout]   37:     0x5c862823eb82 - async_global_executor::reactor::block_on::{{closure}}::hb9a6ce9d6b9c83c7
[INFO] [stdout]                                at /opt/rustwide/cargo-home/registry/src/index.crates.io-6f17d22bba15001f/async-global-executor-2.4.1/src/reactor.rs:3:18
[INFO] [stdout]   38:     0x5c862823e992 - async_global_executor::reactor::block_on::h816ce05a8767029e
[INFO] [stdout]                                at /opt/rustwide/cargo-home/registry/src/index.crates.io-6f17d22bba15001f/async-global-executor-2.4.1/src/reactor.rs:12:5
[INFO] [stdout]   39:     0x5c862824c7fc - async_global_executor::executor::block_on::{{closure}}::h1fadca81424b439f
[INFO] [stdout]                                at /opt/rustwide/cargo-home/registry/src/index.crates.io-6f17d22bba15001f/async-global-executor-2.4.1/src/executor.rs:26:36
[INFO] [stdout]   40:     0x5c86281f9a27 - std::thread::local::LocalKey<T>::try_with::h4642b9a79b487bc5
[INFO] [stdout]                                at /rustc/df4ca44d3fbc9301ee17f30f4d474e6ae4b05252/library/std/src/thread/local.rs:283:12
[INFO] [stdout]   41:     0x5c86281f7dca - std::thread::local::LocalKey<T>::with::he51bc19a502da722
[INFO] [stdout]                                at /rustc/df4ca44d3fbc9301ee17f30f4d474e6ae4b05252/library/std/src/thread/local.rs:260:9
[INFO] [stdout]   42:     0x5c862824c61a - async_global_executor::executor::block_on::h26283e50194abbda
[INFO] [stdout]                                at /opt/rustwide/cargo-home/registry/src/index.crates.io-6f17d22bba15001f/async-global-executor-2.4.1/src/executor.rs:26:5
[INFO] [stdout]   43:     0x5c862825b160 - async_std::task::builder::Builder::blocking::{{closure}}::{{closure}}::hab3b6b5ca67b31f3
[INFO] [stdout]                                at /opt/rustwide/cargo-home/registry/src/index.crates.io-6f17d22bba15001f/async-std-1.13.0/src/task/builder.rs:171:25
[INFO] [stdout]   44:     0x5c862826ce3a - async_std::task::task_locals_wrapper::TaskLocalsWrapper::set_current::{{closure}}::h79e1e20bb57dae4f
[INFO] [stdout]                                at /opt/rustwide/cargo-home/registry/src/index.crates.io-6f17d22bba15001f/async-std-1.13.0/src/task/task_locals_wrapper.rs:60:13
[INFO] [stdout]   45:     0x5c86281fb8d5 - std::thread::local::LocalKey<T>::try_with::hac85671e8696d161
[INFO] [stdout]                                at /rustc/df4ca44d3fbc9301ee17f30f4d474e6ae4b05252/library/std/src/thread/local.rs:283:12
[INFO] [stdout]   46:     0x5c86281f6f7a - std::thread::local::LocalKey<T>::with::h03b88ea7f95e2354
[INFO] [stdout]                                at /rustc/df4ca44d3fbc9301ee17f30f4d474e6ae4b05252/library/std/src/thread/local.rs:260:9
[INFO] [stdout]   47:     0x5c862826c69a - async_std::task::task_locals_wrapper::TaskLocalsWrapper::set_current::hd848a6230768a6bd
[INFO] [stdout]                                at /opt/rustwide/cargo-home/registry/src/index.crates.io-6f17d22bba15001f/async-std-1.13.0/src/task/task_locals_wrapper.rs:55:9
[INFO] [stdout]   48:     0x5c862825a5ba - async_std::task::builder::Builder::blocking::{{closure}}::h4a20e09082fc77d7
[INFO] [stdout]                                at /opt/rustwide/cargo-home/registry/src/index.crates.io-6f17d22bba15001f/async-std-1.13.0/src/task/builder.rs:168:17
[INFO] [stdout]   49:     0x5c86281fcfa7 - std::thread::local::LocalKey<T>::try_with::he8baf533e8695624
[INFO] [stdout]                                at /rustc/df4ca44d3fbc9301ee17f30f4d474e6ae4b05252/library/std/src/thread/local.rs:283:12
[INFO] [stdout]   50:     0x5c86281f6e4a - std::thread::local::LocalKey<T>::with::h001c2b8be743284f
[INFO] [stdout]                                at /rustc/df4ca44d3fbc9301ee17f30f4d474e6ae4b05252/library/std/src/thread/local.rs:260:9
[INFO] [stdout]   51:     0x5c862825901c - async_std::task::builder::Builder::blocking::h1507211e070791cb
[INFO] [stdout]                                at /opt/rustwide/cargo-home/registry/src/index.crates.io-6f17d22bba15001f/async-std-1.13.0/src/task/builder.rs:161:9
[INFO] [stdout]   52:     0x5c862823525c - async_std::task::block_on::block_on::h26befd824d458dbf
[INFO] [stdout]                                at /opt/rustwide/cargo-home/registry/src/index.crates.io-6f17d22bba15001f/async-std-1.13.0/src/task/block_on.rs:33:5
[INFO] [stdout]   53:     0x5c8628265277 - async_pop::test::e2e_login::h29566c9931f73eec
[INFO] [stdout]                                at /opt/rustwide/workdir/src/test.rs:89:43
[INFO] [stdout]   54:     0x5c8628265247 - async_pop::test::e2e_login::{{closure}}::hfbedde1810e56755
[INFO] [stdout]                                at /opt/rustwide/workdir/src/test.rs:89:58
[INFO] [stdout]   55:     0x5c862821b836 - core::ops::function::FnOnce::call_once::h7f3a18183aeb40cf
[INFO] [stdout]                                at /rustc/df4ca44d3fbc9301ee17f30f4d474e6ae4b05252/library/core/src/ops/function.rs:250:5
[INFO] [stdout]   56:     0x5c86282c294b - core::ops::function::FnOnce::call_once::h22c3ba5715e93f05
[INFO] [stdout]                                at /rustc/df4ca44d3fbc9301ee17f30f4d474e6ae4b05252/library/core/src/ops/function.rs:250:5
[INFO] [stdout]   57:     0x5c86282c294b - test::__rust_begin_short_backtrace::h8e82d8113d0da17f
[INFO] [stdout]                                at /rustc/df4ca44d3fbc9301ee17f30f4d474e6ae4b05252/library/test/src/lib.rs:621:18
[INFO] [stdout]   58:     0x5c86282c22c7 - test::run_test_in_process::{{closure}}::h33235f4f20b7b7c7
[INFO] [stdout]                                at /rustc/df4ca44d3fbc9301ee17f30f4d474e6ae4b05252/library/test/src/lib.rs:644:60
[INFO] [stdout]   59:     0x5c86282c22c7 - <core::panic::unwind_safe::AssertUnwindSafe<F> as core::ops::function::FnOnce<()>>::call_once::hb5043206310c586f
[INFO] [stdout]                                at /rustc/df4ca44d3fbc9301ee17f30f4d474e6ae4b05252/library/core/src/panic/unwind_safe.rs:272:9
[INFO] [stdout]   60:     0x5c86282c22c7 - std::panicking::try::do_call::h9ad4731a60ab23e2
[INFO] [stdout]                                at /rustc/df4ca44d3fbc9301ee17f30f4d474e6ae4b05252/library/std/src/panicking.rs:557:40
[INFO] [stdout]   61:     0x5c86282c22c7 - std::panicking::try::h3824d23db772a716
[INFO] [stderr] error: test failed, to rerun pass `--lib`
[INFO] [stdout]                                at /rustc/df4ca44d3fbc9301ee17f30f4d474e6ae4b05252/library/std/src/panicking.rs:520:19
[INFO] [stdout]   62:     0x5c86282c22c7 - std::panic::catch_unwind::h5afd514605fde46b
[INFO] [stdout]                                at /rustc/df4ca44d3fbc9301ee17f30f4d474e6ae4b05252/library/std/src/panic.rs:358:14
[INFO] [stdout]   63:     0x5c86282c22c7 - test::run_test_in_process::h0d5cbfa7067d1720
[INFO] [stdout]                                at /rustc/df4ca44d3fbc9301ee17f30f4d474e6ae4b05252/library/test/src/lib.rs:644:27
[INFO] [stdout]   64:     0x5c86282c22c7 - test::run_test::{{closure}}::h708eb8872708115d
[INFO] [stdout]                                at /rustc/df4ca44d3fbc9301ee17f30f4d474e6ae4b05252/library/test/src/lib.rs:565:43
[INFO] [stdout]   65:     0x5c86282859e4 - test::run_test::{{closure}}::h392c51cee94713ab
[INFO] [stdout]                                at /rustc/df4ca44d3fbc9301ee17f30f4d474e6ae4b05252/library/test/src/lib.rs:595:41
[INFO] [stdout]   66:     0x5c86282859e4 - std::sys::backtrace::__rust_begin_short_backtrace::h2f40290710935a8b
[INFO] [stdout]                                at /rustc/df4ca44d3fbc9301ee17f30f4d474e6ae4b05252/library/std/src/sys/backtrace.rs:154:18
[INFO] [stdout]   67:     0x5c862828918e - std::thread::Builder::spawn_unchecked_::{{closure}}::{{closure}}::h3fd968d89053a903
[INFO] [stdout]                                at /rustc/df4ca44d3fbc9301ee17f30f4d474e6ae4b05252/library/std/src/thread/mod.rs:541:17
[INFO] [stdout]   68:     0x5c862828918e - <core::panic::unwind_safe::AssertUnwindSafe<F> as core::ops::function::FnOnce<()>>::call_once::h743f637ba4229880
[INFO] [stdout]                                at /rustc/df4ca44d3fbc9301ee17f30f4d474e6ae4b05252/library/core/src/panic/unwind_safe.rs:272:9
[INFO] [stdout]   69:     0x5c862828918e - std::panicking::try::do_call::h07440897322525a6
[INFO] [stdout]                                at /rustc/df4ca44d3fbc9301ee17f30f4d474e6ae4b05252/library/std/src/panicking.rs:557:40
[INFO] [stdout]   70:     0x5c862828918e - std::panicking::try::he5a2e00188156637
[INFO] [stdout]                                at /rustc/df4ca44d3fbc9301ee17f30f4d474e6ae4b05252/library/std/src/panicking.rs:520:19
[INFO] [stdout]   71:     0x5c862828918e - std::panic::catch_unwind::hbaf3cae49b3c6433
[INFO] [stdout]                                at /rustc/df4ca44d3fbc9301ee17f30f4d474e6ae4b05252/library/std/src/panic.rs:358:14
[INFO] [stdout]   72:     0x5c862828918e - std::thread::Builder::spawn_unchecked_::{{closure}}::h8e141ea224820bce
[INFO] [stdout]                                at /rustc/df4ca44d3fbc9301ee17f30f4d474e6ae4b05252/library/std/src/thread/mod.rs:540:30
[INFO] [stdout]   73:     0x5c862828918e - core::ops::function::FnOnce::call_once{{vtable.shim}}::h90d312fedd7b8ea8
[INFO] [stdout]                                at /rustc/df4ca44d3fbc9301ee17f30f4d474e6ae4b05252/library/core/src/ops/function.rs:250:5
[INFO] [stdout]   74:     0x5c86283e9c8b - <alloc::boxed::Box<F,A> as core::ops::function::FnOnce<Args>>::call_once::h69aa08ddb6adb8b6
[INFO] [stdout]                                at /rustc/df4ca44d3fbc9301ee17f30f4d474e6ae4b05252/library/alloc/src/boxed.rs:2454:9
[INFO] [stdout]   75:     0x5c86283e9c8b - <alloc::boxed::Box<F,A> as core::ops::function::FnOnce<Args>>::call_once::h5aa36efdb79c806f
[INFO] [stdout]                                at /rustc/df4ca44d3fbc9301ee17f30f4d474e6ae4b05252/library/alloc/src/boxed.rs:2454:9
[INFO] [stdout]   76:     0x5c86283e9c8b - std::sys::pal::unix::thread::Thread::new::thread_start::h6cd80a1b4be5158d
[INFO] [stdout]                                at /rustc/df4ca44d3fbc9301ee17f30f4d474e6ae4b05252/library/std/src/sys/pal/unix/thread.rs:105:17
[INFO] [stdout]   77:     0x7c49bf772ac3 - <unknown>
[INFO] [stdout]   78:     0x7c49bf803a04 - clone
[INFO] [stdout]   79:                0x0 - <unknown>
[INFO] [stdout] 
[INFO] [stdout] 
[INFO] [stdout] failures:
[INFO] [stdout]     test::e2e_auth
[INFO] [stdout]     test::e2e_capa
[INFO] [stdout]     test::e2e_connect
[INFO] [stdout]     test::e2e_list
[INFO] [stdout]     test::e2e_login
[INFO] [stdout]     test::e2e_noop
[INFO] [stdout]     test::e2e_stat
[INFO] [stdout]     test::e2e_uidl
[INFO] [stdout] 
[INFO] [stdout] test result: FAILED. 10 passed; 8 failed; 0 ignored; 0 measured; 0 filtered out; finished in 0.03s
[INFO] [stdout] 
[INFO] running `Command { std: "docker" "inspect" "f566e8860702beacd8de4d76f43555b1efef0c0a072bf947ae6e341e947ab766", kill_on_drop: false }`
[INFO] running `Command { std: "docker" "rm" "-f" "f566e8860702beacd8de4d76f43555b1efef0c0a072bf947ae6e341e947ab766", kill_on_drop: false }`
[INFO] [stdout] f566e8860702beacd8de4d76f43555b1efef0c0a072bf947ae6e341e947ab766
