[INFO] fetching crate async-lsp-client 0.1.0...
[INFO] testing async-lsp-client-0.1.0 against nightly-2024-10-28+rustflags=-Zrandomize-layout for randomize-layout
[INFO] extracting crate async-lsp-client 0.1.0 into /workspace/builds/worker-7-tc2/source
[INFO] validating manifest of crates.io crate async-lsp-client 0.1.0 on toolchain nightly-2024-10-28
[INFO] running `Command { std: CARGO_HOME="/workspace/cargo-home" RUSTUP_HOME="/workspace/rustup-home" "/workspace/cargo-home/bin/cargo" "+nightly-2024-10-28" "metadata" "--manifest-path" "Cargo.toml" "--no-deps", kill_on_drop: false }`
[INFO] started tweaking crates.io crate async-lsp-client 0.1.0
[INFO] finished tweaking crates.io crate async-lsp-client 0.1.0
[INFO] tweaked toml for crates.io crate async-lsp-client 0.1.0 written to /workspace/builds/worker-7-tc2/source/Cargo.toml
[INFO] running `Command { std: CARGO_HOME="/workspace/cargo-home" RUSTUP_HOME="/workspace/rustup-home" "/workspace/cargo-home/bin/cargo" "+nightly-2024-10-28" "generate-lockfile" "--manifest-path" "Cargo.toml", kill_on_drop: false }`
[INFO] [stderr]     Updating crates.io index
[INFO] [stderr]      Locking 81 packages to latest compatible versions
[INFO] running `Command { std: CARGO_HOME="/workspace/cargo-home" RUSTUP_HOME="/workspace/rustup-home" "/workspace/cargo-home/bin/cargo" "+nightly-2024-10-28" "fetch" "--manifest-path" "Cargo.toml", kill_on_drop: false }`
[INFO] running `Command { std: "docker" "create" "-v" "/var/lib/crater-agent-workspace/builds/worker-7-tc2/target:/opt/rustwide/target:rw,Z" "-v" "/var/lib/crater-agent-workspace/builds/worker-7-tc2/source:/opt/rustwide/workdir:ro,Z" "-v" "/var/lib/crater-agent-workspace/cargo-home:/opt/rustwide/cargo-home:ro,Z" "-v" "/var/lib/crater-agent-workspace/rustup-home:/opt/rustwide/rustup-home:ro,Z" "-e" "SOURCE_DIR=/opt/rustwide/workdir" "-e" "CARGO_TARGET_DIR=/opt/rustwide/target" "-e" "CARGO_HOME=/opt/rustwide/cargo-home" "-e" "RUSTUP_HOME=/opt/rustwide/rustup-home" "-w" "/opt/rustwide/workdir" "-m" "1610612736" "--user" "0:0" "--network" "none" "ghcr.io/rust-lang/crates-build-env/linux@sha256:4a844ea9eb2546a2d2c7022eacef16ef2e8229c7fbb2c7d4d55a9ceca922f72d" "/opt/rustwide/cargo-home/bin/cargo" "+nightly-2024-10-28" "metadata" "--no-deps" "--format-version=1", kill_on_drop: false }`
[INFO] [stdout] a004b17900466e1edd0e79a1140a5ede21a964d215ab1f39cbd312db267fd625
[INFO] running `Command { std: "docker" "start" "-a" "a004b17900466e1edd0e79a1140a5ede21a964d215ab1f39cbd312db267fd625", kill_on_drop: false }`
[INFO] running `Command { std: "docker" "inspect" "a004b17900466e1edd0e79a1140a5ede21a964d215ab1f39cbd312db267fd625", kill_on_drop: false }`
[INFO] running `Command { std: "docker" "rm" "-f" "a004b17900466e1edd0e79a1140a5ede21a964d215ab1f39cbd312db267fd625", kill_on_drop: false }`
[INFO] [stdout] a004b17900466e1edd0e79a1140a5ede21a964d215ab1f39cbd312db267fd625
[INFO] running `Command { std: "docker" "create" "-v" "/var/lib/crater-agent-workspace/builds/worker-7-tc2/target:/opt/rustwide/target:rw,Z" "-v" "/var/lib/crater-agent-workspace/builds/worker-7-tc2/source:/opt/rustwide/workdir:ro,Z" "-v" "/var/lib/crater-agent-workspace/cargo-home:/opt/rustwide/cargo-home:ro,Z" "-v" "/var/lib/crater-agent-workspace/rustup-home:/opt/rustwide/rustup-home:ro,Z" "-e" "SOURCE_DIR=/opt/rustwide/workdir" "-e" "CARGO_TARGET_DIR=/opt/rustwide/target" "-e" "CARGO_INCREMENTAL=0" "-e" "RUST_BACKTRACE=full" "-e" "RUSTFLAGS=--cap-lints=forbid -Zrandomize-layout" "-e" "RUSTDOCFLAGS=--cap-lints=forbid" "-e" "CARGO_HOME=/opt/rustwide/cargo-home" "-e" "RUSTUP_HOME=/opt/rustwide/rustup-home" "-w" "/opt/rustwide/workdir" "-m" "1610612736" "--user" "0:0" "--network" "none" "ghcr.io/rust-lang/crates-build-env/linux@sha256:4a844ea9eb2546a2d2c7022eacef16ef2e8229c7fbb2c7d4d55a9ceca922f72d" "/opt/rustwide/cargo-home/bin/cargo" "+nightly-2024-10-28" "build" "--frozen" "--message-format=json", kill_on_drop: false }`
[INFO] [stdout] 664db953ec8ee0fdfebecb6600495230326b928c07529031a2c6e88fe07a883c
[INFO] running `Command { std: "docker" "start" "-a" "664db953ec8ee0fdfebecb6600495230326b928c07529031a2c6e88fe07a883c", kill_on_drop: false }`
[INFO] [stderr]    Compiling futures-channel v0.3.31
[INFO] [stderr]    Compiling futures-macro v0.3.31
[INFO] [stderr]    Compiling pin-project-internal v1.1.7
[INFO] [stderr]    Compiling serde v1.0.214
[INFO] [stderr]    Compiling signal-hook-registry v1.4.2
[INFO] [stderr]    Compiling serde_repr v0.1.19
[INFO] [stderr]    Compiling tower-layer v0.3.3
[INFO] [stderr]    Compiling dashmap v5.5.3
[INFO] [stderr]    Compiling tokio v1.41.0
[INFO] [stderr]    Compiling tracing v0.1.40
[INFO] [stderr]    Compiling auto_impl v1.2.0
[INFO] [stderr]    Compiling tower-lsp-macros v0.9.0
[INFO] [stderr]    Compiling async-trait v0.1.83
[INFO] [stderr]    Compiling futures-util v0.3.31
[INFO] [stderr]    Compiling pin-project v1.1.7
[INFO] [stderr]    Compiling tokio-util v0.7.12
[INFO] [stderr]    Compiling url v2.5.2
[INFO] [stderr]    Compiling serde_json v1.0.132
[INFO] [stderr]    Compiling tower v0.4.13
[INFO] [stderr]    Compiling futures v0.3.31
[INFO] [stderr]    Compiling lsp-types v0.94.1
[INFO] [stderr]    Compiling tower-lsp v0.20.0
[INFO] [stderr]    Compiling async-lsp-client v0.1.0 (/opt/rustwide/workdir)
[INFO] [stderr]     Finished `dev` profile [unoptimized + debuginfo] target(s) in 15.12s
[INFO] running `Command { std: "docker" "inspect" "664db953ec8ee0fdfebecb6600495230326b928c07529031a2c6e88fe07a883c", kill_on_drop: false }`
[INFO] running `Command { std: "docker" "rm" "-f" "664db953ec8ee0fdfebecb6600495230326b928c07529031a2c6e88fe07a883c", kill_on_drop: false }`
[INFO] [stdout] 664db953ec8ee0fdfebecb6600495230326b928c07529031a2c6e88fe07a883c
[INFO] running `Command { std: "docker" "create" "-v" "/var/lib/crater-agent-workspace/builds/worker-7-tc2/target:/opt/rustwide/target:rw,Z" "-v" "/var/lib/crater-agent-workspace/builds/worker-7-tc2/source:/opt/rustwide/workdir:ro,Z" "-v" "/var/lib/crater-agent-workspace/cargo-home:/opt/rustwide/cargo-home:ro,Z" "-v" "/var/lib/crater-agent-workspace/rustup-home:/opt/rustwide/rustup-home:ro,Z" "-e" "SOURCE_DIR=/opt/rustwide/workdir" "-e" "CARGO_TARGET_DIR=/opt/rustwide/target" "-e" "CARGO_INCREMENTAL=0" "-e" "RUST_BACKTRACE=full" "-e" "RUSTFLAGS=--cap-lints=forbid -Zrandomize-layout" "-e" "RUSTDOCFLAGS=--cap-lints=forbid" "-e" "CARGO_HOME=/opt/rustwide/cargo-home" "-e" "RUSTUP_HOME=/opt/rustwide/rustup-home" "-w" "/opt/rustwide/workdir" "-m" "1610612736" "--user" "0:0" "--network" "none" "ghcr.io/rust-lang/crates-build-env/linux@sha256:4a844ea9eb2546a2d2c7022eacef16ef2e8229c7fbb2c7d4d55a9ceca922f72d" "/opt/rustwide/cargo-home/bin/cargo" "+nightly-2024-10-28" "test" "--frozen" "--no-run" "--message-format=json", kill_on_drop: false }`
[INFO] [stdout] 564b36e75831212f388732ee159608fd9fe0150f45c282c9ee89cfbcf9118eb2
[INFO] running `Command { std: "docker" "start" "-a" "564b36e75831212f388732ee159608fd9fe0150f45c282c9ee89cfbcf9118eb2", kill_on_drop: false }`
[INFO] [stderr]    Compiling async-lsp-client v0.1.0 (/opt/rustwide/workdir)
[INFO] [stderr]     Finished `test` profile [unoptimized + debuginfo] target(s) in 0.50s
[INFO] running `Command { std: "docker" "inspect" "564b36e75831212f388732ee159608fd9fe0150f45c282c9ee89cfbcf9118eb2", kill_on_drop: false }`
[INFO] running `Command { std: "docker" "rm" "-f" "564b36e75831212f388732ee159608fd9fe0150f45c282c9ee89cfbcf9118eb2", kill_on_drop: false }`
[INFO] [stdout] 564b36e75831212f388732ee159608fd9fe0150f45c282c9ee89cfbcf9118eb2
[INFO] running `Command { std: "docker" "create" "-v" "/var/lib/crater-agent-workspace/builds/worker-7-tc2/target:/opt/rustwide/target:rw,Z" "-v" "/var/lib/crater-agent-workspace/builds/worker-7-tc2/source:/opt/rustwide/workdir:ro,Z" "-v" "/var/lib/crater-agent-workspace/cargo-home:/opt/rustwide/cargo-home:ro,Z" "-v" "/var/lib/crater-agent-workspace/rustup-home:/opt/rustwide/rustup-home:ro,Z" "-e" "SOURCE_DIR=/opt/rustwide/workdir" "-e" "CARGO_TARGET_DIR=/opt/rustwide/target" "-e" "CARGO_INCREMENTAL=0" "-e" "RUST_BACKTRACE=full" "-e" "RUSTFLAGS=--cap-lints=forbid -Zrandomize-layout" "-e" "RUSTDOCFLAGS=--cap-lints=forbid" "-e" "CARGO_HOME=/opt/rustwide/cargo-home" "-e" "RUSTUP_HOME=/opt/rustwide/rustup-home" "-w" "/opt/rustwide/workdir" "-m" "1610612736" "--user" "0:0" "--network" "none" "ghcr.io/rust-lang/crates-build-env/linux@sha256:4a844ea9eb2546a2d2c7022eacef16ef2e8229c7fbb2c7d4d55a9ceca922f72d" "/opt/rustwide/cargo-home/bin/cargo" "+nightly-2024-10-28" "test" "--frozen", kill_on_drop: false }`
[INFO] [stdout] bede92d16d66f413da1b24bc235b2e05d78420e0b301e59b6ccf756bb3e8df00
[INFO] running `Command { std: "docker" "start" "-a" "bede92d16d66f413da1b24bc235b2e05d78420e0b301e59b6ccf756bb3e8df00", kill_on_drop: false }`
[INFO] [stderr]     Finished `test` profile [unoptimized + debuginfo] target(s) in 0.08s
[INFO] [stderr]      Running unittests src/lib.rs (/opt/rustwide/target/debug/deps/async_lsp_client-a97b4f023167c793)
[INFO] [stdout] 
[INFO] [stdout] running 0 tests
[INFO] [stdout] 
[INFO] [stdout] test result: ok. 0 passed; 0 failed; 0 ignored; 0 measured; 0 filtered out; finished in 0.00s
[INFO] [stdout] 
[INFO] [stderr]    Doc-tests async_lsp_client
[INFO] [stdout] 
[INFO] [stdout] running 4 tests
[INFO] [stdout] test src/lib.rs - (line 47) ... FAILED
[INFO] [stdout] test src/lib.rs - (line 22) ... FAILED
[INFO] [stdout] test src/lib.rs - (line 9) ... FAILED
[INFO] [stdout] test src/lib.rs - (line 33) ... FAILED
[INFO] [stdout] 
[INFO] [stdout] failures:
[INFO] [stdout] 
[INFO] [stdout] ---- src/lib.rs - (line 47) stdout ----
[INFO] [stdout] error[E0425]: cannot find value `server` in this scope
[INFO] [stdout]  --> src/lib.rs:48:15
[INFO] [stdout]   |
[INFO] [stdout] 3 | let server_ = server.clone(); // Clone the server is used to move.
[INFO] [stdout]   |               ^^^^^^ not found in this scope
[INFO] [stdout] 
[INFO] [stdout] error[E0425]: cannot find value `rx` in this scope
[INFO] [stdout]  --> src/lib.rs:51:23
[INFO] [stdout]   |
[INFO] [stdout] 6 |         let message = rx.recv().await.unwrap();
[INFO] [stdout]   |                       ^^ not found in this scope
[INFO] [stdout] 
[INFO] [stdout] error[E0433]: failed to resolve: use of undeclared type `ServerMessage`
[INFO] [stdout]  --> src/lib.rs:54:13
[INFO] [stdout]   |
[INFO] [stdout] 9 |             ServerMessage::Notification(_) => {},
[INFO] [stdout]   |             ^^^^^^^^^^^^^ use of undeclared type `ServerMessage`
[INFO] [stdout]   |
[INFO] [stdout] help: consider importing this enum
[INFO] [stdout]   |
[INFO] [stdout] 2 + use async_lsp_client::ServerMessage;
[INFO] [stdout]   |
[INFO] [stdout] 
[INFO] [stdout] error[E0433]: failed to resolve: use of undeclared type `ServerMessage`
[INFO] [stdout]   --> src/lib.rs:56:13
[INFO] [stdout]    |
[INFO] [stdout] 11 |             ServerMessage::Request(req) => {
[INFO] [stdout]    |             ^^^^^^^^^^^^^ use of undeclared type `ServerMessage`
[INFO] [stdout]    |
[INFO] [stdout] help: consider importing this enum
[INFO] [stdout]    |
[INFO] [stdout] 2  + use async_lsp_client::ServerMessage;
[INFO] [stdout]    |
[INFO] [stdout] 
[INFO] [stdout] error[E0412]: cannot find type `WorkspaceConfiguration` in this scope
[INFO] [stdout]   --> src/lib.rs:60:49
[INFO] [stdout]    |
[INFO] [stdout] 15 |                         server_.send_response::<WorkspaceConfiguration>(id, vec![])
[INFO] [stdout]    |                                                 ^^^^^^^^^^^^^^^^^^^^^^ not found in this scope
[INFO] [stdout]    |
[INFO] [stdout] help: you might be missing a type parameter
[INFO] [stdout]    |
[INFO] [stdout] 2  | fn main() { #[allow(non_snake_case)] fn _doctest_main_src_lib_rs_47_0<WorkspaceConfiguration>() {
[INFO] [stdout]    |                                                                      ++++++++++++++++++++++++
[INFO] [stdout] 
[INFO] [stdout] error[E0412]: cannot find type `WorkDoneProgressCreate` in this scope
[INFO] [stdout]   --> src/lib.rs:65:46
[INFO] [stdout]    |
[INFO] [stdout] 20 | ...                   .send_response::<WorkDoneProgressCreate>(id, ())
[INFO] [stdout]    |                                        ^^^^^^^^^^^^^^^^^^^^^^ not found in this scope
[INFO] [stdout]    |
[INFO] [stdout] help: you might be missing a type parameter
[INFO] [stdout]    |
[INFO] [stdout] 2  | fn main() { #[allow(non_snake_case)] fn _doctest_main_src_lib_rs_47_0<WorkDoneProgressCreate>() {
[INFO] [stdout]    |                                                                      ++++++++++++++++++++++++
[INFO] [stdout] 
[INFO] [stdout] error[E0433]: failed to resolve: use of undeclared crate or module `jsonrpc`
[INFO] [stdout]   --> src/lib.rs:72:33
[INFO] [stdout]    |
[INFO] [stdout] 27 | ...                   jsonrpc::Error {
[INFO] [stdout]    |                       ^^^^^^^ use of undeclared crate or module `jsonrpc`
[INFO] [stdout]    |
[INFO] [stdout] help: consider importing this module
[INFO] [stdout]    |
[INFO] [stdout] 2  + use tower_lsp::jsonrpc;
[INFO] [stdout]    |
[INFO] [stdout] 
[INFO] [stdout] error[E0433]: failed to resolve: use of undeclared crate or module `jsonrpc`
[INFO] [stdout]   --> src/lib.rs:73:43
[INFO] [stdout]    |
[INFO] [stdout] 28 | ...                   code: jsonrpc::ErrorCode::MethodNotFound,
[INFO] [stdout]    |                             ^^^^^^^ use of undeclared crate or module `jsonrpc`
[INFO] [stdout]    |
[INFO] [stdout] help: consider importing this enum
[INFO] [stdout]    |
[INFO] [stdout] 2  + use tower_lsp::jsonrpc::ErrorCode;
[INFO] [stdout]    |
[INFO] [stdout] help: if you import `ErrorCode`, refer to it directly
[INFO] [stdout]    |
[INFO] [stdout] 28 -                                     code: jsonrpc::ErrorCode::MethodNotFound,
[INFO] [stdout] 28 +                                     code: ErrorCode::MethodNotFound,
[INFO] [stdout]    |
[INFO] [stdout] 
[INFO] [stdout] error[E0433]: failed to resolve: use of undeclared type `WorkspaceConfiguration`
[INFO] [stdout]   --> src/lib.rs:59:21
[INFO] [stdout]    |
[INFO] [stdout] 14 |                     WorkspaceConfiguration::METHOD => {
[INFO] [stdout]    |                     ^^^^^^^^^^^^^^^^^^^^^^ use of undeclared type `WorkspaceConfiguration`
[INFO] [stdout] 
[INFO] [stdout] error[E0433]: failed to resolve: use of undeclared type `WorkDoneProgressCreate`
[INFO] [stdout]   --> src/lib.rs:63:21
[INFO] [stdout]    |
[INFO] [stdout] 18 |                     WorkDoneProgressCreate::METHOD => {
[INFO] [stdout]    |                     ^^^^^^^^^^^^^^^^^^^^^^ use of undeclared type `WorkDoneProgressCreate`
[INFO] [stdout] 
[INFO] [stdout] error: aborting due to 10 previous errors
[INFO] [stdout] 
[INFO] [stdout] Some errors have detailed explanations: E0412, E0425, E0433.
[INFO] [stdout] For more information about an error, try `rustc --explain E0412`.
[INFO] [stdout] Couldn't compile the test.
[INFO] [stdout] ---- src/lib.rs - (line 22) stdout ----
[INFO] [stdout] error: expected `;`, found `server`
[INFO] [stdout]  --> src/lib.rs:23:20
[INFO] [stdout]   |
[INFO] [stdout] 3 | DidOpenTextDocument
[INFO] [stdout]   |                    ^ help: add `;` here
[INFO] [stdout] 4 | server.send_notification::<DidOpenTextDocument>(DidOpenTextDocumentParams { ... }).await;
[INFO] [stdout]   | ------ unexpected token
[INFO] [stdout] 
[INFO] [stdout] error: expected identifier, found `...`
[INFO] [stdout]  --> src/lib.rs:24:77
[INFO] [stdout]   |
[INFO] [stdout] 4 | server.send_notification::<DidOpenTextDocument>(DidOpenTextDocumentParams { ... }).await;
[INFO] [stdout]   |                                                 -------------------------   ^^^ expected identifier
[INFO] [stdout]   |                                                 |
[INFO] [stdout]   |                                                 while parsing this struct
[INFO] [stdout] 
[INFO] [stdout] error: expected identifier, found `...`
[INFO] [stdout]  --> src/lib.rs:26:81
[INFO] [stdout]   |
[INFO] [stdout] 6 | server.send_notification::<DidChangeTextDocument>(DidChangeTextDocumentParams { ... }).await;
[INFO] [stdout]   |                                                   ---------------------------   ^^^ expected identifier
[INFO] [stdout]   |                                                   |
[INFO] [stdout]   |                                                   while parsing this struct
[INFO] [stdout] 
[INFO] [stdout] error: expected identifier, found `...`
[INFO] [stdout]  --> src/lib.rs:28:79
[INFO] [stdout]   |
[INFO] [stdout] 8 | server.send_notification::<DidCloseTextDocument>(DidCloseTextDocumentParams { ... }).await;
[INFO] [stdout]   |                                                  --------------------------   ^^^ expected identifier
[INFO] [stdout]   |                                                  |
[INFO] [stdout]   |                                                  while parsing this struct
[INFO] [stdout] 
[INFO] [stdout] error[E0425]: cannot find value `server` in this scope
[INFO] [stdout]  --> src/lib.rs:24:1
[INFO] [stdout]   |
[INFO] [stdout] 4 | server.send_notification::<DidOpenTextDocument>(DidOpenTextDocumentParams { ... }).await;
[INFO] [stdout]   | ^^^^^^ not found in this scope
[INFO] [stdout] 
[INFO] [stdout] error[E0422]: cannot find struct, variant or union type `DidOpenTextDocumentParams` in this scope
[INFO] [stdout]  --> src/lib.rs:24:49
[INFO] [stdout]   |
[INFO] [stdout] 4 | server.send_notification::<DidOpenTextDocument>(DidOpenTextDocumentParams { ... }).await;
[INFO] [stdout]   |                                                 ^^^^^^^^^^^^^^^^^^^^^^^^^ not found in this scope
[INFO] [stdout] 
[INFO] [stdout] error[E0412]: cannot find type `DidOpenTextDocument` in this scope
[INFO] [stdout]  --> src/lib.rs:24:28
[INFO] [stdout]   |
[INFO] [stdout] 4 | server.send_notification::<DidOpenTextDocument>(DidOpenTextDocumentParams { ... }).await;
[INFO] [stdout]   |                            ^^^^^^^^^^^^^^^^^^^ not found in this scope
[INFO] [stdout]   |
[INFO] [stdout] help: you might be missing a type parameter
[INFO] [stdout]   |
[INFO] [stdout] 2 | fn main() { #[allow(non_snake_case)] fn _doctest_main_src_lib_rs_22_0<DidOpenTextDocument>() {
[INFO] [stdout]   |                                                                      +++++++++++++++++++++
[INFO] [stdout] 
[INFO] [stdout] error[E0425]: cannot find value `server` in this scope
[INFO] [stdout]  --> src/lib.rs:26:1
[INFO] [stdout]   |
[INFO] [stdout] 6 | server.send_notification::<DidChangeTextDocument>(DidChangeTextDocumentParams { ... }).await;
[INFO] [stdout]   | ^^^^^^ not found in this scope
[INFO] [stdout] 
[INFO] [stdout] error[E0422]: cannot find struct, variant or union type `DidChangeTextDocumentParams` in this scope
[INFO] [stdout]  --> src/lib.rs:26:51
[INFO] [stdout]   |
[INFO] [stdout] 6 | server.send_notification::<DidChangeTextDocument>(DidChangeTextDocumentParams { ... }).await;
[INFO] [stdout]   |                                                   ^^^^^^^^^^^^^^^^^^^^^^^^^^^ not found in this scope
[INFO] [stdout] 
[INFO] [stdout] error[E0412]: cannot find type `DidChangeTextDocument` in this scope
[INFO] [stdout]  --> src/lib.rs:26:28
[INFO] [stdout]   |
[INFO] [stdout] 6 | server.send_notification::<DidChangeTextDocument>(DidChangeTextDocumentParams { ... }).await;
[INFO] [stdout]   |                            ^^^^^^^^^^^^^^^^^^^^^ not found in this scope
[INFO] [stdout]   |
[INFO] [stdout] help: you might be missing a type parameter
[INFO] [stdout]   |
[INFO] [stdout] 2 | fn main() { #[allow(non_snake_case)] fn _doctest_main_src_lib_rs_22_0<DidChangeTextDocument>() {
[INFO] [stdout]   |                                                                      +++++++++++++++++++++++
[INFO] [stdout] 
[INFO] [stdout] error[E0425]: cannot find value `server` in this scope
[INFO] [stdout]  --> src/lib.rs:28:1
[INFO] [stdout]   |
[INFO] [stdout] 8 | server.send_notification::<DidCloseTextDocument>(DidCloseTextDocumentParams { ... }).await;
[INFO] [stdout]   | ^^^^^^ not found in this scope
[INFO] [stdout] 
[INFO] [stdout] error[E0422]: cannot find struct, variant or union type `DidCloseTextDocumentParams` in this scope
[INFO] [stdout]  --> src/lib.rs:28:50
[INFO] [stdout]   |
[INFO] [stdout] 8 | server.send_notification::<DidCloseTextDocument>(DidCloseTextDocumentParams { ... }).await;
[INFO] [stdout]   |                                                  ^^^^^^^^^^^^^^^^^^^^^^^^^^ not found in this scope
[INFO] [stdout] 
[INFO] [stdout] error[E0412]: cannot find type `DidCloseTextDocument` in this scope
[INFO] [stdout]  --> src/lib.rs:28:28
[INFO] [stdout]   |
[INFO] [stdout] 8 | server.send_notification::<DidCloseTextDocument>(DidCloseTextDocumentParams { ... }).await;
[INFO] [stdout]   |                            ^^^^^^^^^^^^^^^^^^^^ not found in this scope
[INFO] [stdout]   |
[INFO] [stdout] help: you might be missing a type parameter
[INFO] [stdout]   |
[INFO] [stdout] 2 | fn main() { #[allow(non_snake_case)] fn _doctest_main_src_lib_rs_22_0<DidCloseTextDocument>() {
[INFO] [stdout]   |                                                                      ++++++++++++++++++++++
[INFO] [stdout] 
[INFO] [stdout] error[E0728]: `await` is only allowed inside `async` functions and blocks
[INFO] [stdout]  --> src/lib.rs:24:84
[INFO] [stdout]   |
[INFO] [stdout] 2 | fn main() { #[allow(non_snake_case)] fn _doctest_main_src_lib_rs_22_0() {
[INFO] [stdout]   |                                      ---------------------------------- this is not `async`
[INFO] [stdout] 3 | DidOpenTextDocument
[INFO] [stdout] 4 | server.send_notification::<DidOpenTextDocument>(DidOpenTextDocumentParams { ... }).await;
[INFO] [stdout]   |                                                                                    ^^^^^ only allowed inside `async` functions and blocks
[INFO] [stdout] 
[INFO] [stdout] error[E0728]: `await` is only allowed inside `async` functions and blocks
[INFO] [stdout]  --> src/lib.rs:26:88
[INFO] [stdout]   |
[INFO] [stdout] 2 | fn main() { #[allow(non_snake_case)] fn _doctest_main_src_lib_rs_22_0() {
[INFO] [stdout]   |                                      ---------------------------------- this is not `async`
[INFO] [stdout] ...
[INFO] [stdout] 6 | server.send_notification::<DidChangeTextDocument>(DidChangeTextDocumentParams { ... }).await;
[INFO] [stdout]   |                                                                                        ^^^^^ only allowed inside `async` functions and blocks
[INFO] [stdout] 
[INFO] [stdout] error[E0728]: `await` is only allowed inside `async` functions and blocks
[INFO] [stdout]  --> src/lib.rs:28:86
[INFO] [stdout]   |
[INFO] [stdout] 2 | fn main() { #[allow(non_snake_case)] fn _doctest_main_src_lib_rs_22_0() {
[INFO] [stdout]   |                                      ---------------------------------- this is not `async`
[INFO] [stdout] ...
[INFO] [stdout] 8 | server.send_notification::<DidCloseTextDocument>(DidCloseTextDocumentParams { ... }).await;
[INFO] [stdout]   |                                                                                      ^^^^^ only allowed inside `async` functions and blocks
[INFO] [stdout] 
[INFO] [stdout] error: aborting due to 16 previous errors
[INFO] [stdout] 
[INFO] [stdout] Some errors have detailed explanations: E0412, E0422, E0425, E0728.
[INFO] [stdout] For more information about an error, try `rustc --explain E0412`.
[INFO] [stdout] Couldn't compile the test.
[INFO] [stdout] ---- src/lib.rs - (line 9) stdout ----
[INFO] [stdout] error[E0433]: failed to resolve: use of undeclared type `LspServer`
[INFO] [stdout]  --> src/lib.rs:10:20
[INFO] [stdout]   |
[INFO] [stdout] 3 | let (server, rx) = LspServer::new("deno", ["lsp"]);
[INFO] [stdout]   |                    ^^^^^^^^^ use of undeclared type `LspServer`
[INFO] [stdout]   |
[INFO] [stdout] help: consider importing this struct
[INFO] [stdout]   |
[INFO] [stdout] 2 + use async_lsp_client::LspServer;
[INFO] [stdout]   |
[INFO] [stdout] 
[INFO] [stdout] error[E0425]: cannot find value `initializeParams` in this scope
[INFO] [stdout]  --> src/lib.rs:12:42
[INFO] [stdout]   |
[INFO] [stdout] 5 | let initializeResult = server.initialize(initializeParams).await;
[INFO] [stdout]   |                                          ^^^^^^^^^^^^^^^^ not found in this scope
[INFO] [stdout] 
[INFO] [stdout] error[E0728]: `await` is only allowed inside `async` functions and blocks
[INFO] [stdout]  --> src/lib.rs:12:60
[INFO] [stdout]   |
[INFO] [stdout] 2 | fn main() { #[allow(non_snake_case)] fn _doctest_main_src_lib_rs_9_0() {
[INFO] [stdout]   |                                      --------------------------------- this is not `async`
[INFO] [stdout] ...
[INFO] [stdout] 5 | let initializeResult = server.initialize(initializeParams).await;
[INFO] [stdout]   |                                                            ^^^^^ only allowed inside `async` functions and blocks
[INFO] [stdout] 
[INFO] [stdout] error: aborting due to 3 previous errors
[INFO] [stdout] 
[INFO] [stdout] Some errors have detailed explanations: E0425, E0433, E0728.
[INFO] [stdout] For more information about an error, try `rustc --explain E0425`.
[INFO] [stdout] Couldn't compile the test.
[INFO] [stdout] ---- src/lib.rs - (line 33) stdout ----
[INFO] [stdout] error: expected identifier, found `...`
[INFO] [stdout]  --> src/lib.rs:35:51
[INFO] [stdout]   |
[INFO] [stdout] 4 | server.send_request::<HoverRequest>(HoverParams { ... }).await;
[INFO] [stdout]   |                                     -----------   ^^^ expected identifier
[INFO] [stdout]   |                                     |
[INFO] [stdout]   |                                     while parsing this struct
[INFO] [stdout] 
[INFO] [stdout] error: expected identifier, found `...`
[INFO] [stdout]  --> src/lib.rs:37:54
[INFO] [stdout]   |
[INFO] [stdout] 6 | server.send_request::<Completion>(CompletionParams { ... }).await;
[INFO] [stdout]   |                                   ----------------   ^^^ expected identifier
[INFO] [stdout]   |                                   |
[INFO] [stdout]   |                                   while parsing this struct
[INFO] [stdout] 
[INFO] [stdout] error: expected identifier, found `...`
[INFO] [stdout]  --> src/lib.rs:39:62
[INFO] [stdout]   |
[INFO] [stdout] 8 | server.send_request::<GotoDefinition>(GotoDefinitionParams { ... }).await;
[INFO] [stdout]   |                                       --------------------   ^^^ expected identifier
[INFO] [stdout]   |                                       |
[INFO] [stdout]   |                                       while parsing this struct
[INFO] [stdout] 
[INFO] [stdout] error[E0425]: cannot find value `server` in this scope
[INFO] [stdout]  --> src/lib.rs:35:1
[INFO] [stdout]   |
[INFO] [stdout] 4 | server.send_request::<HoverRequest>(HoverParams { ... }).await;
[INFO] [stdout]   | ^^^^^^ not found in this scope
[INFO] [stdout] 
[INFO] [stdout] error[E0422]: cannot find struct, variant or union type `HoverParams` in this scope
[INFO] [stdout]  --> src/lib.rs:35:37
[INFO] [stdout]   |
[INFO] [stdout] 4 | server.send_request::<HoverRequest>(HoverParams { ... }).await;
[INFO] [stdout]   |                                     ^^^^^^^^^^^ not found in this scope
[INFO] [stdout] 
[INFO] [stdout] error[E0412]: cannot find type `HoverRequest` in this scope
[INFO] [stdout]  --> src/lib.rs:35:23
[INFO] [stdout]   |
[INFO] [stdout] 4 | server.send_request::<HoverRequest>(HoverParams { ... }).await;
[INFO] [stdout]   |                       ^^^^^^^^^^^^ not found in this scope
[INFO] [stdout]   |
[INFO] [stdout] help: you might be missing a type parameter
[INFO] [stdout]   |
[INFO] [stdout] 3 | fn main() { #[allow(non_snake_case)] fn _doctest_main_src_lib_rs_33_0<HoverRequest>() {
[INFO] [stdout]   |                                                                      ++++++++++++++
[INFO] [stdout] 
[INFO] [stdout] error[E0425]: cannot find value `server` in this scope
[INFO] [stdout]  --> src/lib.rs:37:1
[INFO] [stdout]   |
[INFO] [stdout] 6 | server.send_request::<Completion>(CompletionParams { ... }).await;
[INFO] [stdout]   | ^^^^^^ not found in this scope
[INFO] [stdout] 
[INFO] [stdout] error[E0422]: cannot find struct, variant or union type `CompletionParams` in this scope
[INFO] [stdout]  --> src/lib.rs:37:35
[INFO] [stdout]   |
[INFO] [stdout] 6 | server.send_request::<Completion>(CompletionParams { ... }).await;
[INFO] [stdout]   |                                   ^^^^^^^^^^^^^^^^ not found in this scope
[INFO] [stdout] 
[INFO] [stdout] error[E0412]: cannot find type `Completion` in this scope
[INFO] [stdout]  --> src/lib.rs:37:23
[INFO] [stdout]   |
[INFO] [stdout] 6 | server.send_request::<Completion>(CompletionParams { ... }).await;
[INFO] [stdout]   |                       ^^^^^^^^^^ not found in this scope
[INFO] [stdout]   |
[INFO] [stdout] help: you might be missing a type parameter
[INFO] [stdout]   |
[INFO] [stdout] 3 | fn main() { #[allow(non_snake_case)] fn _doctest_main_src_lib_rs_33_0<Completion>() {
[INFO] [stdout]   |                                                                      ++++++++++++
[INFO] [stdout] 
[INFO] [stdout] error[E0425]: cannot find value `server` in this scope
[INFO] [stdout]  --> src/lib.rs:39:1
[INFO] [stdout]   |
[INFO] [stdout] 8 | server.send_request::<GotoDefinition>(GotoDefinitionParams { ... }).await;
[INFO] [stdout]   | ^^^^^^ not found in this scope
[INFO] [stdout] 
[INFO] [stdout] error[E0422]: cannot find struct, variant or union type `GotoDefinitionParams` in this scope
[INFO] [stdout]  --> src/lib.rs:39:39
[INFO] [stdout]   |
[INFO] [stdout] 8 | server.send_request::<GotoDefinition>(GotoDefinitionParams { ... }).await;
[INFO] [stdout]   |                                       ^^^^^^^^^^^^^^^^^^^^ not found in this scope
[INFO] [stdout] 
[INFO] [stdout] error[E0412]: cannot find type `GotoDefinition` in this scope
[INFO] [stdout]  --> src/lib.rs:39:23
[INFO] [stdout]   |
[INFO] [stdout] 8 | server.send_request::<GotoDefinition>(GotoDefinitionParams { ... }).await;
[INFO] [stdout]   |                       ^^^^^^^^^^^^^^ not found in this scope
[INFO] [stdout]   |
[INFO] [stdout] help: you might be missing a type parameter
[INFO] [stdout]   |
[INFO] [stdout] 3 | fn main() { #[allow(non_snake_case)] fn _doctest_main_src_lib_rs_33_0<GotoDefinition>() {
[INFO] [stdout]   |                                                                      ++++++++++++++++
[INFO] [stdout] 
[INFO] [stdout] error[E0728]: `await` is only allowed inside `async` functions and blocks
[INFO] [stdout]  --> src/lib.rs:35:58
[INFO] [stdout]   |
[INFO] [stdout] 3 | fn main() { #[allow(non_snake_case)] fn _doctest_main_src_lib_rs_33_0() {
[INFO] [stdout]   |                                      ---------------------------------- this is not `async`
[INFO] [stdout] 4 | server.send_request::<HoverRequest>(HoverParams { ... }).await;
[INFO] [stdout]   |                                                          ^^^^^ only allowed inside `async` functions and blocks
[INFO] [stdout] 
[INFO] [stdout] error[E0728]: `await` is only allowed inside `async` functions and blocks
[INFO] [stdout]  --> src/lib.rs:37:61
[INFO] [stdout]   |
[INFO] [stdout] 3 | fn main() { #[allow(non_snake_case)] fn _doctest_main_src_lib_rs_33_0() {
[INFO] [stdout]   |                                      ---------------------------------- this is not `async`
[INFO] [stdout] ...
[INFO] [stdout] 6 | server.send_request::<Completion>(CompletionParams { ... }).await;
[INFO] [stdout]   |                                                             ^^^^^ only allowed inside `async` functions and blocks
[INFO] [stdout] 
[INFO] [stdout] error[E0728]: `await` is only allowed inside `async` functions and blocks
[INFO] [stdout]  --> src/lib.rs:39:69
[INFO] [stdout]   |
[INFO] [stdout] 3 | fn main() { #[allow(non_snake_case)] fn _doctest_main_src_lib_rs_33_0() {
[INFO] [stdout]   |                                      ---------------------------------- this is not `async`
[INFO] [stdout] ...
[INFO] [stdout] 8 | server.send_request::<GotoDefinition>(GotoDefinitionParams { ... }).await;
[INFO] [stdout]   |                                                                     ^^^^^ only allowed inside `async` functions and blocks
[INFO] [stdout] 
[INFO] [stdout] error: aborting due to 15 previous errors
[INFO] [stdout] 
[INFO] [stdout] Some errors have detailed explanations: E0412, E0422, E0425, E0728.
[INFO] [stdout] For more information about an error, try `rustc --explain E0412`.
[INFO] [stdout] Couldn't compile the test.
[INFO] [stdout] 
[INFO] [stdout] failures:
[INFO] [stdout]     src/lib.rs - (line 22)
[INFO] [stdout]     src/lib.rs - (line 33)
[INFO] [stdout]     src/lib.rs - (line 47)
[INFO] [stdout]     src/lib.rs - (line 9)
[INFO] [stdout] 
[INFO] [stdout] test result: FAILED. 0 passed; 4 failed; 0 ignored; 0 measured; 0 filtered out; finished in 0.20s
[INFO] [stdout] 
[INFO] [stderr] error: doctest failed, to rerun pass `--doc`
[INFO] running `Command { std: "docker" "inspect" "bede92d16d66f413da1b24bc235b2e05d78420e0b301e59b6ccf756bb3e8df00", kill_on_drop: false }`
[INFO] running `Command { std: "docker" "rm" "-f" "bede92d16d66f413da1b24bc235b2e05d78420e0b301e59b6ccf756bb3e8df00", kill_on_drop: false }`
[INFO] [stdout] bede92d16d66f413da1b24bc235b2e05d78420e0b301e59b6ccf756bb3e8df00
