[INFO] fetching crate async-curl 0.4.3...
[INFO] testing async-curl-0.4.3 against nightly-2024-10-28+rustflags=-Zrandomize-layout for randomize-layout
[INFO] extracting crate async-curl 0.4.3 into /workspace/builds/worker-6-tc2/source
[INFO] validating manifest of crates.io crate async-curl 0.4.3 on toolchain nightly-2024-10-28
[INFO] running `Command { std: CARGO_HOME="/workspace/cargo-home" RUSTUP_HOME="/workspace/rustup-home" "/workspace/cargo-home/bin/cargo" "+nightly-2024-10-28" "metadata" "--manifest-path" "Cargo.toml" "--no-deps", kill_on_drop: false }`
[INFO] started tweaking crates.io crate async-curl 0.4.3
[INFO] finished tweaking crates.io crate async-curl 0.4.3
[INFO] tweaked toml for crates.io crate async-curl 0.4.3 written to /workspace/builds/worker-6-tc2/source/Cargo.toml
[INFO] crate crates.io crate async-curl 0.4.3 already has a lockfile, it will not be regenerated
[INFO] running `Command { std: CARGO_HOME="/workspace/cargo-home" RUSTUP_HOME="/workspace/rustup-home" "/workspace/cargo-home/bin/cargo" "+nightly-2024-10-28" "fetch" "--manifest-path" "Cargo.toml", kill_on_drop: false }`
[INFO] running `Command { std: "docker" "create" "-v" "/var/lib/crater-agent-workspace/builds/worker-6-tc2/target:/opt/rustwide/target:rw,Z" "-v" "/var/lib/crater-agent-workspace/builds/worker-6-tc2/source:/opt/rustwide/workdir:ro,Z" "-v" "/var/lib/crater-agent-workspace/cargo-home:/opt/rustwide/cargo-home:ro,Z" "-v" "/var/lib/crater-agent-workspace/rustup-home:/opt/rustwide/rustup-home:ro,Z" "-e" "SOURCE_DIR=/opt/rustwide/workdir" "-e" "CARGO_TARGET_DIR=/opt/rustwide/target" "-e" "CARGO_HOME=/opt/rustwide/cargo-home" "-e" "RUSTUP_HOME=/opt/rustwide/rustup-home" "-w" "/opt/rustwide/workdir" "-m" "1610612736" "--user" "0:0" "--network" "none" "ghcr.io/rust-lang/crates-build-env/linux@sha256:4a844ea9eb2546a2d2c7022eacef16ef2e8229c7fbb2c7d4d55a9ceca922f72d" "/opt/rustwide/cargo-home/bin/cargo" "+nightly-2024-10-28" "metadata" "--no-deps" "--format-version=1", kill_on_drop: false }`
[INFO] [stdout] 7d29dc8edab08bb97709f5074c9566291a03bfee827409775b39e6b4fec9b45d
[INFO] running `Command { std: "docker" "start" "-a" "7d29dc8edab08bb97709f5074c9566291a03bfee827409775b39e6b4fec9b45d", kill_on_drop: false }`
[INFO] running `Command { std: "docker" "inspect" "7d29dc8edab08bb97709f5074c9566291a03bfee827409775b39e6b4fec9b45d", kill_on_drop: false }`
[INFO] running `Command { std: "docker" "rm" "-f" "7d29dc8edab08bb97709f5074c9566291a03bfee827409775b39e6b4fec9b45d", kill_on_drop: false }`
[INFO] [stdout] 7d29dc8edab08bb97709f5074c9566291a03bfee827409775b39e6b4fec9b45d
[INFO] running `Command { std: "docker" "create" "-v" "/var/lib/crater-agent-workspace/builds/worker-6-tc2/target:/opt/rustwide/target:rw,Z" "-v" "/var/lib/crater-agent-workspace/builds/worker-6-tc2/source:/opt/rustwide/workdir:ro,Z" "-v" "/var/lib/crater-agent-workspace/cargo-home:/opt/rustwide/cargo-home:ro,Z" "-v" "/var/lib/crater-agent-workspace/rustup-home:/opt/rustwide/rustup-home:ro,Z" "-e" "SOURCE_DIR=/opt/rustwide/workdir" "-e" "CARGO_TARGET_DIR=/opt/rustwide/target" "-e" "CARGO_INCREMENTAL=0" "-e" "RUST_BACKTRACE=full" "-e" "RUSTFLAGS=--cap-lints=forbid -Zrandomize-layout" "-e" "RUSTDOCFLAGS=--cap-lints=forbid" "-e" "CARGO_HOME=/opt/rustwide/cargo-home" "-e" "RUSTUP_HOME=/opt/rustwide/rustup-home" "-w" "/opt/rustwide/workdir" "-m" "1610612736" "--user" "0:0" "--network" "none" "ghcr.io/rust-lang/crates-build-env/linux@sha256:4a844ea9eb2546a2d2c7022eacef16ef2e8229c7fbb2c7d4d55a9ceca922f72d" "/opt/rustwide/cargo-home/bin/cargo" "+nightly-2024-10-28" "build" "--frozen" "--message-format=json", kill_on_drop: false }`
[INFO] [stdout] b417daca2838b913aa03a80ef90bfa19cffb92eab5bd75916c1590c4de9d5639
[INFO] running `Command { std: "docker" "start" "-a" "b417daca2838b913aa03a80ef90bfa19cffb92eab5bd75916c1590c4de9d5639", kill_on_drop: false }`
[INFO] [stderr]    Compiling pkg-config v0.3.30
[INFO] [stderr]    Compiling cc v1.0.90
[INFO] [stderr]    Compiling vcpkg v0.2.15
[INFO] [stderr]    Compiling libc v0.2.153
[INFO] [stderr]    Compiling proc-macro2 v1.0.79
[INFO] [stderr]    Compiling unicode-ident v1.0.12
[INFO] [stderr]    Compiling curl v0.4.46
[INFO] [stderr]    Compiling async-trait v0.1.79
[INFO] [stderr]    Compiling pin-project-lite v0.2.14
[INFO] [stderr]    Compiling openssl-probe v0.1.5
[INFO] [stderr]    Compiling log v0.4.21
[INFO] [stderr]    Compiling quote v1.0.35
[INFO] [stderr]    Compiling libz-sys v1.1.16
[INFO] [stderr]    Compiling openssl-sys v0.9.102
[INFO] [stderr]    Compiling curl-sys v0.4.72+curl-8.6.0
[INFO] [stderr]    Compiling socket2 v0.5.6
[INFO] [stderr]    Compiling syn v2.0.58
[INFO] [stderr]    Compiling tokio-macros v2.2.0
[INFO] [stderr]    Compiling tokio v1.37.0
[INFO] [stderr]    Compiling async-curl v0.4.3 (/opt/rustwide/workdir)
[INFO] [stderr]     Finished `dev` profile [unoptimized + debuginfo] target(s) in 7.57s
[INFO] running `Command { std: "docker" "inspect" "b417daca2838b913aa03a80ef90bfa19cffb92eab5bd75916c1590c4de9d5639", kill_on_drop: false }`
[INFO] running `Command { std: "docker" "rm" "-f" "b417daca2838b913aa03a80ef90bfa19cffb92eab5bd75916c1590c4de9d5639", kill_on_drop: false }`
[INFO] [stdout] b417daca2838b913aa03a80ef90bfa19cffb92eab5bd75916c1590c4de9d5639
[INFO] running `Command { std: "docker" "create" "-v" "/var/lib/crater-agent-workspace/builds/worker-6-tc2/target:/opt/rustwide/target:rw,Z" "-v" "/var/lib/crater-agent-workspace/builds/worker-6-tc2/source:/opt/rustwide/workdir:ro,Z" "-v" "/var/lib/crater-agent-workspace/cargo-home:/opt/rustwide/cargo-home:ro,Z" "-v" "/var/lib/crater-agent-workspace/rustup-home:/opt/rustwide/rustup-home:ro,Z" "-e" "SOURCE_DIR=/opt/rustwide/workdir" "-e" "CARGO_TARGET_DIR=/opt/rustwide/target" "-e" "CARGO_INCREMENTAL=0" "-e" "RUST_BACKTRACE=full" "-e" "RUSTFLAGS=--cap-lints=forbid -Zrandomize-layout" "-e" "RUSTDOCFLAGS=--cap-lints=forbid" "-e" "CARGO_HOME=/opt/rustwide/cargo-home" "-e" "RUSTUP_HOME=/opt/rustwide/rustup-home" "-w" "/opt/rustwide/workdir" "-m" "1610612736" "--user" "0:0" "--network" "none" "ghcr.io/rust-lang/crates-build-env/linux@sha256:4a844ea9eb2546a2d2c7022eacef16ef2e8229c7fbb2c7d4d55a9ceca922f72d" "/opt/rustwide/cargo-home/bin/cargo" "+nightly-2024-10-28" "test" "--frozen" "--no-run" "--message-format=json", kill_on_drop: false }`
[INFO] [stdout] f73bfcf732ef347bb3dcf0bea8ae13db3a6a0c212f15c07958902864b790b3c2
[INFO] running `Command { std: "docker" "start" "-a" "f73bfcf732ef347bb3dcf0bea8ae13db3a6a0c212f15c07958902864b790b3c2", kill_on_drop: false }`
[INFO] [stderr]    Compiling version_check v0.9.4
[INFO] [stderr]    Compiling typenum v1.17.0
[INFO] [stderr]    Compiling autocfg v1.2.0
[INFO] [stderr]    Compiling futures-core v0.3.30
[INFO] [stderr]    Compiling crossbeam-utils v0.8.19
[INFO] [stderr]    Compiling cfg-if v1.0.0
[INFO] [stderr]    Compiling futures-io v0.3.30
[INFO] [stderr]    Compiling parking v2.2.0
[INFO] [stderr]    Compiling memchr v2.7.2
[INFO] [stderr]    Compiling once_cell v1.19.0
[INFO] [stderr]    Compiling bytes v1.6.0
[INFO] [stderr]    Compiling itoa v1.0.11
[INFO] [stderr]    Compiling subtle v2.4.1
[INFO] [stderr]    Compiling value-bag v1.8.1
[INFO] [stderr]    Compiling serde v1.0.197
[INFO] [stderr]    Compiling opaque-debug v0.3.1
[INFO] [stderr]    Compiling fastrand v2.0.2
[INFO] [stderr]    Compiling serde_derive v1.0.197
[INFO] [stderr]    Compiling socket2 v0.5.6
[INFO] [stderr]    Compiling syn v1.0.109
[INFO] [stderr]    Compiling pin-utils v0.1.0
[INFO] [stderr]    Compiling rustix v0.38.32
[INFO] [stderr]    Compiling futures-sink v0.3.30
[INFO] [stderr]    Compiling proc-macro-hack v0.5.20+deprecated
[INFO] [stderr]    Compiling mio v0.8.11
[INFO] [stderr]    Compiling generic-array v0.14.7
[INFO] [stderr]    Compiling tracing-core v0.1.32
[INFO] [stderr]    Compiling log v0.4.21
[INFO] [stderr]    Compiling slab v0.4.9
[INFO] [stderr]    Compiling standback v0.2.17
[INFO] [stderr]    Compiling futures-lite v2.3.0
[INFO] [stderr]    Compiling io-lifetimes v1.0.11
[INFO] [stderr]    Compiling getrandom v0.1.16
[INFO] [stderr]    Compiling linux-raw-sys v0.4.13
[INFO] [stderr]    Compiling fnv v1.0.7
[INFO] [stderr]    Compiling bitflags v2.5.0
[INFO] [stderr]    Compiling ppv-lite86 v0.2.17
[INFO] [stderr]    Compiling percent-encoding v2.3.1
[INFO] [stderr]    Compiling tokio v1.37.0
[INFO] [stderr]    Compiling polling v2.8.0
[INFO] [stderr]    Compiling futures-channel v0.3.30
[INFO] [stderr]    Compiling getrandom v0.2.12
[INFO] [stderr]    Compiling concurrent-queue v2.4.0
[INFO] [stderr]    Compiling tracing v0.1.40
[INFO] [stderr]    Compiling futures-macro v0.3.30
[INFO] [stderr]    Compiling rustix v0.37.27
[INFO] [stderr]    Compiling tinyvec_macros v0.1.1
[INFO] [stderr]    Compiling event-listener v2.5.3
[INFO] [stderr]    Compiling cpuid-bool v0.2.0
[INFO] [stderr]    Compiling const_fn v0.4.9
[INFO] [stderr]    Compiling async-task v4.7.0
[INFO] [stderr]    Compiling atomic-waker v1.1.2
[INFO] [stderr]    Compiling event-listener v4.0.3
[INFO] [stderr]    Compiling event-listener v5.3.0
[INFO] [stderr]    Compiling futures-task v0.3.30
[INFO] [stderr]    Compiling piper v0.2.1
[INFO] [stderr]    Compiling tinyvec v1.6.0
[INFO] [stderr]    Compiling rand_core v0.6.4
[INFO] [stderr]    Compiling event-listener-strategy v0.4.0
[INFO] [stderr]    Compiling event-listener-strategy v0.5.1
[INFO] [stderr]    Compiling http v0.2.12
[INFO] [stderr]    Compiling aho-corasick v1.1.3
[INFO] [stderr]    Compiling async-lock v3.3.0
[INFO] [stderr]    Compiling cipher v0.2.5
[INFO] [stderr]    Compiling universal-hash v0.4.1
[INFO] [stderr]    Compiling digest v0.9.0
[INFO] [stderr]    Compiling async-channel v2.2.0
[INFO] [stderr]    Compiling crypto-mac v0.10.1
[INFO] [stderr]    Compiling polyval v0.4.5
[INFO] [stderr]    Compiling async-io v1.13.0
[INFO] [stderr]    Compiling time v0.2.27
[INFO] [stderr]    Compiling serde_json v1.0.115
[INFO] [stderr]    Compiling aes-soft v0.6.4
[INFO] [stderr]    Compiling thiserror v1.0.58
[INFO] [stderr]    Compiling ryu v1.0.17
[INFO] [stderr]    Compiling bitflags v1.3.2
[INFO] [stderr]    Compiling waker-fn v1.1.1
[INFO] [stderr]    Compiling fastrand v1.9.0
[INFO] [stderr]    Compiling linux-raw-sys v0.3.8
[INFO] [stderr]    Compiling regex-syntax v0.8.3
[INFO] [stderr]    Compiling futures-util v0.3.30
[INFO] [stderr]    Compiling aes v0.6.0
[INFO] [stderr]    Compiling ghash v0.3.1
[INFO] [stderr]    Compiling async-executor v1.9.1
[INFO] [stderr]    Compiling blocking v1.5.1
[INFO] [stderr]    Compiling futures-lite v1.13.0
[INFO] [stderr]    Compiling unicode-normalization v0.1.23
[INFO] [stderr]    Compiling ctr v0.6.0
[INFO] [stderr]    Compiling time-macros-impl v0.1.2
[INFO] [stderr]    Compiling hmac v0.10.1
[INFO] [stderr]    Compiling rand_core v0.5.1
[INFO] [stderr]    Compiling rand_chacha v0.3.1
[INFO] [stderr]    Compiling aead v0.3.2
[INFO] [stderr]    Compiling block-buffer v0.9.0
[INFO] [stderr]    Compiling async-lock v2.8.0
[INFO] [stderr]    Compiling form_urlencoded v1.2.1
[INFO] [stderr]    Compiling cookie v0.14.4
[INFO] [stderr]    Compiling thiserror-impl v1.0.58
[INFO] [stderr]    Compiling socket2 v0.4.10
[INFO] [stderr]    Compiling equivalent v1.0.1
[INFO] [stderr]    Compiling httparse v1.8.0
[INFO] [stderr]    Compiling hashbrown v0.14.3
[INFO] [stderr]    Compiling unicode-bidi v0.3.15
[INFO] [stderr]    Compiling time-macros v0.1.1
[INFO] [stderr]    Compiling anyhow v1.0.81
[INFO] [stderr]    Compiling cpufeatures v0.2.12
[INFO] [stderr]    Compiling sha2 v0.9.9
[INFO] [stderr]    Compiling rand v0.8.5
[INFO] [stderr]    Compiling aes-gcm v0.8.0
[INFO] [stderr]    Compiling rand_chacha v0.2.2
[INFO] [stderr]    Compiling hkdf v0.10.0
[INFO] [stderr]    Compiling idna v0.5.0
[INFO] [stderr]    Compiling indexmap v2.2.6
[INFO] [stderr]    Compiling async-channel v1.9.0
[INFO] [stderr]    Compiling kv-log-macro v1.0.7
[INFO] [stderr]    Compiling try-lock v0.2.5
[INFO] [stderr]    Compiling http-types v2.12.0
[INFO] [stderr]    Compiling base64 v0.13.1
[INFO] [stderr]    Compiling utf8parse v0.2.1
[INFO] [stderr]    Compiling want v0.3.1
[INFO] [stderr]    Compiling regex-automata v0.4.6
[INFO] [stderr]    Compiling anstyle-parse v0.2.3
[INFO] [stderr]    Compiling rand v0.7.3
[INFO] [stderr]    Compiling http-body v0.4.6
[INFO] [stderr]    Compiling num_cpus v1.16.0
[INFO] [stderr]    Compiling infer v0.2.3
[INFO] [stderr]    Compiling tower-service v0.3.2
[INFO] [stderr]    Compiling httpdate v1.0.3
[INFO] [stderr]    Compiling retain_mut v0.1.9
[INFO] [stderr]    Compiling tokio-util v0.7.10
[INFO] [stderr]    Compiling anstyle v1.0.6
[INFO] [stderr]    Compiling deadpool-runtime v0.1.3
[INFO] [stderr]    Compiling colorchoice v1.0.0
[INFO] [stderr]    Compiling anstyle-query v1.0.2
[INFO] [stderr]    Compiling deadpool v0.9.5
[INFO] [stderr]    Compiling curl v0.4.46
[INFO] [stderr]    Compiling humantime v2.1.0
[INFO] [stderr]    Compiling anstream v0.6.13
[INFO] [stderr]    Compiling futures-timer v3.0.3
[INFO] [stderr]    Compiling http v1.1.0
[INFO] [stderr]    Compiling ctor v0.2.7
[INFO] [stderr]    Compiling async-curl v0.4.3 (/opt/rustwide/workdir)
[INFO] [stderr]    Compiling h2 v0.3.26
[INFO] [stderr]    Compiling futures-executor v0.3.30
[INFO] [stderr]    Compiling futures v0.3.30
[INFO] [stderr]    Compiling polling v3.6.0
[INFO] [stderr]    Compiling async-io v2.3.2
[INFO] [stderr]    Compiling serde_qs v0.8.5
[INFO] [stderr]    Compiling url v2.5.0
[INFO] [stderr]    Compiling serde_urlencoded v0.7.1
[INFO] [stderr]    Compiling async-global-executor v2.4.1
[INFO] [stderr]    Compiling regex v1.10.4
[INFO] [stderr]    Compiling async-std v1.12.0
[INFO] [stderr]    Compiling assert-json-diff v2.0.2
[INFO] [stderr]    Compiling env_filter v0.1.0
[INFO] [stderr]    Compiling env_logger v0.11.3
[INFO] [stderr]    Compiling hyper v0.14.28
[INFO] [stderr]    Compiling wiremock v0.5.15
[INFO] [stderr]     Finished `test` profile [unoptimized + debuginfo] target(s) in 21.46s
[INFO] running `Command { std: "docker" "inspect" "f73bfcf732ef347bb3dcf0bea8ae13db3a6a0c212f15c07958902864b790b3c2", kill_on_drop: false }`
[INFO] running `Command { std: "docker" "rm" "-f" "f73bfcf732ef347bb3dcf0bea8ae13db3a6a0c212f15c07958902864b790b3c2", kill_on_drop: false }`
[INFO] [stdout] f73bfcf732ef347bb3dcf0bea8ae13db3a6a0c212f15c07958902864b790b3c2
[INFO] running `Command { std: "docker" "create" "-v" "/var/lib/crater-agent-workspace/builds/worker-6-tc2/target:/opt/rustwide/target:rw,Z" "-v" "/var/lib/crater-agent-workspace/builds/worker-6-tc2/source:/opt/rustwide/workdir:ro,Z" "-v" "/var/lib/crater-agent-workspace/cargo-home:/opt/rustwide/cargo-home:ro,Z" "-v" "/var/lib/crater-agent-workspace/rustup-home:/opt/rustwide/rustup-home:ro,Z" "-e" "SOURCE_DIR=/opt/rustwide/workdir" "-e" "CARGO_TARGET_DIR=/opt/rustwide/target" "-e" "CARGO_INCREMENTAL=0" "-e" "RUST_BACKTRACE=full" "-e" "RUSTFLAGS=--cap-lints=forbid -Zrandomize-layout" "-e" "RUSTDOCFLAGS=--cap-lints=forbid" "-e" "CARGO_HOME=/opt/rustwide/cargo-home" "-e" "RUSTUP_HOME=/opt/rustwide/rustup-home" "-w" "/opt/rustwide/workdir" "-m" "1610612736" "--user" "0:0" "--network" "none" "ghcr.io/rust-lang/crates-build-env/linux@sha256:4a844ea9eb2546a2d2c7022eacef16ef2e8229c7fbb2c7d4d55a9ceca922f72d" "/opt/rustwide/cargo-home/bin/cargo" "+nightly-2024-10-28" "test" "--frozen", kill_on_drop: false }`
[INFO] [stdout] a63762682db25621a184de2339f55aba2d07b07e698541fee264aa42a2cf5e8a
[INFO] running `Command { std: "docker" "start" "-a" "a63762682db25621a184de2339f55aba2d07b07e698541fee264aa42a2cf5e8a", kill_on_drop: false }`
[INFO] [stderr]     Finished `test` profile [unoptimized + debuginfo] target(s) in 0.26s
[INFO] [stderr]      Running unittests src/lib.rs (/opt/rustwide/target/debug/deps/async_curl-20e5630b7a5b8a81)
[INFO] [stdout] 
[INFO] [stdout] running 4 tests
[INFO] [stderr] [2024-11-01T06:08:27Z TRACE async_curl::tests] HTTP task . . . .
[INFO] [stderr] [2024-11-01T06:08:27Z TRACE async_curl::tests] Other task . . . .
[INFO] [stderr] [2024-11-01T06:08:27Z DEBUG wiremock::mock_set] Handling request.
[INFO] [stderr] [2024-11-01T06:08:27Z DEBUG wiremock::mock_set] Handling request.
[INFO] [stderr] [2024-11-01T06:08:27Z DEBUG wiremock::mock_set] Handling request.
[INFO] [stderr] [2024-11-01T06:08:27Z DEBUG wiremock::mock_set] Handling request.
[INFO] [stderr] [2024-11-01T06:08:27Z TRACE async_curl::tests] Other task . . . .
[INFO] [stderr] [2024-11-01T06:08:27Z TRACE async_curl::tests] Other task . . . .
[INFO] [stderr] [2024-11-01T06:08:27Z TRACE async_curl::tests] Other task . . . .
[INFO] [stdout] test tests::test_error ... ok
[INFO] [stderr] [2024-11-01T06:08:27Z TRACE async_curl::actor] Warning! The receiver has been dropped. Ok(Easy { handle: 0x7db12000c1e0, handler: ResponseHandler { data: Some([123, 34, 116, 111, 107, 101, 110, 34, 58, 34, 49, 50, 51, 52, 53, 34, 125]) } })
[INFO] [stderr] [2024-11-01T06:08:27Z TRACE async_curl::tests] Easy { handle: 0x7db11c00bc50, handler: ResponseHandler { data: Some([123, 34, 116, 111, 107, 101, 110, 34, 58, 34, 49, 50, 51, 52, 53, 34, 125]) } }
[INFO] [stderr] [2024-11-01T06:08:27Z DEBUG wiremock::mock_server::exposed_server] Verify mock expectations.
[INFO] [stderr] [2024-11-01T06:08:27Z DEBUG wiremock::mock_server::exposed_server] Verify mock expectations.
[INFO] [stdout] test tests::test_async_requests ... ok
[INFO] [stdout] test tests::test_curl_builder ... ok
[INFO] [stderr] [2024-11-01T06:08:27Z TRACE async_curl::tests] Other task . . . .
[INFO] [stderr] [2024-11-01T06:08:27Z TRACE async_curl::tests] Other task . . . .
[INFO] [stderr] [2024-11-01T06:08:27Z TRACE async_curl::tests] Other task . . . .
[INFO] [stderr] [2024-11-01T06:08:27Z TRACE async_curl::tests] Other task . . . .
[INFO] [stderr] [2024-11-01T06:08:27Z TRACE async_curl::tests] Other task . . . .
[INFO] [stderr] [2024-11-01T06:08:27Z TRACE async_curl::tests] Other task . . . .
[INFO] [stderr] [2024-11-01T06:08:27Z DEBUG wiremock::mock_server::exposed_server] Verify mock expectations.
[INFO] [stdout] test tests::test_concurrency_abort ... ok
[INFO] [stdout] 
[INFO] [stdout] test result: ok. 4 passed; 0 failed; 0 ignored; 0 measured; 0 filtered out; finished in 0.52s
[INFO] [stdout] 
[INFO] [stderr]    Doc-tests async_curl
[INFO] [stdout] 
[INFO] [stdout] running 3 tests
[INFO] [stdout] test src/actor.rs - actor::CurlActor (line 27) ... FAILED
[INFO] [stdout] test src/actor.rs - actor::CurlActor (line 77) ... ok
[INFO] [stdout] test src/lib.rs - (line 5) ... ok
[INFO] [stdout] 
[INFO] [stdout] failures:
[INFO] [stdout] 
[INFO] [stdout] ---- src/actor.rs - actor::CurlActor (line 27) stdout ----
[INFO] [stdout] Test executable failed (exit status: 101).
[INFO] [stdout] 
[INFO] [stdout] stderr:
[INFO] [stdout] thread 'main' panicked at src/actor.rs:43:47:
[INFO] [stdout] called `Result::unwrap()` on an `Err` value: Curl(Error { description: "Couldn't resolve host name", code: 6, extra: None })
[INFO] [stdout] stack backtrace:
[INFO] [stdout]    0:     0x56415fedca1a - std::backtrace_rs::backtrace::libunwind::trace::h207520d6e9873551
[INFO] [stdout]                                at /rustc/df4ca44d3fbc9301ee17f30f4d474e6ae4b05252/library/std/src/../../backtrace/src/backtrace/libunwind.rs:116:5
[INFO] [stdout]    1:     0x56415fedca1a - std::backtrace_rs::backtrace::trace_unsynchronized::h2ed7433f370e3eca
[INFO] [stdout]                                at /rustc/df4ca44d3fbc9301ee17f30f4d474e6ae4b05252/library/std/src/../../backtrace/src/backtrace/mod.rs:66:5
[INFO] [stdout]    2:     0x56415fedca1a - std::sys::backtrace::_print_fmt::h916fac51166b18d7
[INFO] [stdout]                                at /rustc/df4ca44d3fbc9301ee17f30f4d474e6ae4b05252/library/std/src/sys/backtrace.rs:66:9
[INFO] [stdout]    3:     0x56415fedca1a - <std::sys::backtrace::BacktraceLock::print::DisplayBacktrace as core::fmt::Display>::fmt::ha0a4c9b8ce3802e6
[INFO] [stdout]                                at /rustc/df4ca44d3fbc9301ee17f30f4d474e6ae4b05252/library/std/src/sys/backtrace.rs:39:26
[INFO] [stdout]    4:     0x56415fef9fb3 - core::fmt::rt::Argument::fmt::h4cfc8587d52b3eb5
[INFO] [stdout]                                at /rustc/df4ca44d3fbc9301ee17f30f4d474e6ae4b05252/library/core/src/fmt/rt.rs:177:76
[INFO] [stdout]    5:     0x56415fef9fb3 - core::fmt::write::h522cc39e5b36ae9f
[INFO] [stdout]                                at /rustc/df4ca44d3fbc9301ee17f30f4d474e6ae4b05252/library/core/src/fmt/mod.rs:1190:21
[INFO] [stdout]    6:     0x56415feda0d3 - std::io::Write::write_fmt::hf1c1dcc8cc1287f0
[INFO] [stdout]                                at /rustc/df4ca44d3fbc9301ee17f30f4d474e6ae4b05252/library/std/src/io/mod.rs:1839:15
[INFO] [stdout]    7:     0x56415fedc862 - std::sys::backtrace::BacktraceLock::print::h4b9e00b29e9c0942
[INFO] [stdout]                                at /rustc/df4ca44d3fbc9301ee17f30f4d474e6ae4b05252/library/std/src/sys/backtrace.rs:42:9
[INFO] [stdout]    8:     0x56415fedd82c - std::panicking::default_hook::{{closure}}::hb59b88280d0324d9
[INFO] [stdout]                                at /rustc/df4ca44d3fbc9301ee17f30f4d474e6ae4b05252/library/std/src/panicking.rs:268:22
[INFO] [stdout]    9:     0x56415fedd672 - std::panicking::default_hook::he1dd496665be4a29
[INFO] [stdout]                                at /rustc/df4ca44d3fbc9301ee17f30f4d474e6ae4b05252/library/std/src/panicking.rs:295:9
[INFO] [stdout]   10:     0x56415fedde67 - std::panicking::rust_panic_with_hook::h2ff17fe8f26dfcf8
[INFO] [stdout]                                at /rustc/df4ca44d3fbc9301ee17f30f4d474e6ae4b05252/library/std/src/panicking.rs:801:13
[INFO] [stdout]   11:     0x56415feddcfa - std::panicking::begin_panic_handler::{{closure}}::h4fad77951c07e101
[INFO] [stdout]                                at /rustc/df4ca44d3fbc9301ee17f30f4d474e6ae4b05252/library/std/src/panicking.rs:674:13
[INFO] [stdout]   12:     0x56415fedcef9 - std::sys::backtrace::__rust_end_short_backtrace::hb1a25b3da5d0ea08
[INFO] [stdout]                                at /rustc/df4ca44d3fbc9301ee17f30f4d474e6ae4b05252/library/std/src/sys/backtrace.rs:170:18
[INFO] [stdout]   13:     0x56415fedd98c - rust_begin_unwind
[INFO] [stdout]                                at /rustc/df4ca44d3fbc9301ee17f30f4d474e6ae4b05252/library/std/src/panicking.rs:665:5
[INFO] [stdout]   14:     0x56415fef90b0 - core::panicking::panic_fmt::ha9db07b529f9b256
[INFO] [stdout]                                at /rustc/df4ca44d3fbc9301ee17f30f4d474e6ae4b05252/library/core/src/panicking.rs:75:14
[INFO] [stdout]   15:     0x56415fef94c6 - core::result::unwrap_failed::h5e8218e4d4338b8a
[INFO] [stdout]                                at /rustc/df4ca44d3fbc9301ee17f30f4d474e6ae4b05252/library/core/src/result.rs:1698:5
[INFO] [stdout]   16:     0x56415fe5fb1f - rust_out::main::{{closure}}::h7b091b488e38bcc1
[INFO] [stdout]   17:     0x56415fe5dad7 - <core::pin::Pin<P> as core::future::future::Future>::poll::hf1b2194e82dcdd71
[INFO] [stdout]   18:     0x56415fe5d024 - tokio::runtime::scheduler::current_thread::CoreGuard::block_on::{{closure}}::{{closure}}::{{closure}}::h68f3c9860d6ee530
[INFO] [stdout]   19:     0x56415fe5cf5d - tokio::runtime::scheduler::current_thread::CoreGuard::block_on::{{closure}}::{{closure}}::h6afe487846a36ad9
[INFO] [stdout]   20:     0x56415fe5abcd - tokio::runtime::scheduler::current_thread::Context::enter::he18cdfa574ce5cfe
[INFO] [stdout]   21:     0x56415fe5c61b - tokio::runtime::scheduler::current_thread::CoreGuard::block_on::{{closure}}::hfa90d53580b48a1f
[INFO] [stdout]   22:     0x56415fe5badb - tokio::runtime::scheduler::current_thread::CoreGuard::enter::{{closure}}::h4bb01e9bb776edfb
[INFO] [stdout]   23:     0x56415fe58e40 - tokio::runtime::context::scoped::Scoped<T>::set::he8b8d1d3ffa32ee9
[INFO] [stdout]   24:     0x56415fe58b33 - tokio::runtime::context::set_scheduler::{{closure}}::hf8d7a3286bb96eae
[INFO] [stdout]   25:     0x56415fe4637d - std::thread::local::LocalKey<T>::try_with::hb1f1131649cd6ad8
[INFO] [stdout]   26:     0x56415fe45328 - std::thread::local::LocalKey<T>::with::heca9dac9e4c77143
[INFO] [stdout]   27:     0x56415fe58a9b - tokio::runtime::context::set_scheduler::h1c19b15837dc4b26
[INFO] [stdout]   28:     0x56415fe5b83e - tokio::runtime::scheduler::current_thread::CoreGuard::enter::h88becd9e2db530d2
[INFO] [stdout]   29:     0x56415fe5bb8c - tokio::runtime::scheduler::current_thread::CoreGuard::block_on::h89e8566b0e555a56
[INFO] [stdout]   30:     0x56415fe59d46 - tokio::runtime::scheduler::current_thread::CurrentThread::block_on::{{closure}}::h486fada6e03669d9
[INFO] [stdout]   31:     0x56415fe58f78 - tokio::runtime::context::runtime::enter_runtime::h0b6e4a7270699f32
[INFO] [stdout]   32:     0x56415fe598a2 - tokio::runtime::scheduler::current_thread::CurrentThread::block_on::h31ef54a346ca60e9
[INFO] [stdout]   33:     0x56415fe5969d - tokio::runtime::runtime::Runtime::block_on::h72e22f88b800e13a
[INFO] [stdout]   34:     0x56415fe5f54c - rust_out::main::h18ca330c01019807
[INFO] [stdout]   35:     0x56415fe48c53 - core::ops::function::FnOnce::call_once::h88dc42cfa5c7a6da
[INFO] [stdout]   36:     0x56415fe44796 - std::sys::backtrace::__rust_begin_short_backtrace::h69591ead4a50534c
[INFO] [stdout]   37:     0x56415fe44779 - std::rt::lang_start::{{closure}}::hd6a70daba0aaa9ec
[INFO] [stdout]   38:     0x56415fed74a7 - core::ops::function::impls::<impl core::ops::function::FnOnce<A> for &F>::call_once::hd87d66b906e0ccaf
[INFO] [stdout]                                at /rustc/df4ca44d3fbc9301ee17f30f4d474e6ae4b05252/library/core/src/ops/function.rs:284:13
[INFO] [stdout]   39:     0x56415fed74a7 - std::panicking::try::do_call::hae3703de71fc9e3a
[INFO] [stdout]                                at /rustc/df4ca44d3fbc9301ee17f30f4d474e6ae4b05252/library/std/src/panicking.rs:557:40
[INFO] [stdout]   40:     0x56415fed74a7 - std::panicking::try::h1178330e9a2b2645
[INFO] [stdout]                                at /rustc/df4ca44d3fbc9301ee17f30f4d474e6ae4b05252/library/std/src/panicking.rs:520:19
[INFO] [stdout]   41:     0x56415fed74a7 - std::panic::catch_unwind::h0acf49d2305d32ad
[INFO] [stdout]                                at /rustc/df4ca44d3fbc9301ee17f30f4d474e6ae4b05252/library/std/src/panic.rs:358:14
[INFO] [stdout]   42:     0x56415fed74a7 - std::rt::lang_start_internal::{{closure}}::h2d95182d798177be
[INFO] [stdout]                                at /rustc/df4ca44d3fbc9301ee17f30f4d474e6ae4b05252/library/std/src/rt.rs:174:48
[INFO] [stdout]   43:     0x56415fed74a7 - std::panicking::try::do_call::hb506f5bfe11fd30c
[INFO] [stdout]                                at /rustc/df4ca44d3fbc9301ee17f30f4d474e6ae4b05252/library/std/src/panicking.rs:557:40
[INFO] [stdout]   44:     0x56415fed74a7 - std::panicking::try::h54d825c46bd0fa95
[INFO] [stdout]                                at /rustc/df4ca44d3fbc9301ee17f30f4d474e6ae4b05252/library/std/src/panicking.rs:520:19
[INFO] [stdout]   45:     0x56415fed74a7 - std::panic::catch_unwind::hffbb0ad20c4e9fac
[INFO] [stdout]                                at /rustc/df4ca44d3fbc9301ee17f30f4d474e6ae4b05252/library/std/src/panic.rs:358:14
[INFO] [stdout]   46:     0x56415fed74a7 - std::rt::lang_start_internal::h52c291ef1962c925
[INFO] [stdout]                                at /rustc/df4ca44d3fbc9301ee17f30f4d474e6ae4b05252/library/std/src/rt.rs:174:20
[INFO] [stdout]   47:     0x56415fe44757 - std::rt::lang_start::h354d47664dc0f7b3
[INFO] [stdout]   48:     0x56415fe5fd45 - main
[INFO] [stdout]   49:     0x706f97f33d90 - <unknown>
[INFO] [stdout]   50:     0x706f97f33e40 - __libc_start_main
[INFO] [stdout]   51:     0x56415fe42b95 - _start
[INFO] [stdout]   52:                0x0 - <unknown>
[INFO] [stdout] 
[INFO] [stdout] 
[INFO] [stdout] 
[INFO] [stdout] failures:
[INFO] [stdout]     src/actor.rs - actor::CurlActor (line 27)
[INFO] [stdout] 
[INFO] [stdout] test result: FAILED. 2 passed; 1 failed; 0 ignored; 0 measured; 0 filtered out; finished in 0.91s
[INFO] [stdout] 
[INFO] [stderr] error: doctest failed, to rerun pass `--doc`
[INFO] running `Command { std: "docker" "inspect" "a63762682db25621a184de2339f55aba2d07b07e698541fee264aa42a2cf5e8a", kill_on_drop: false }`
[INFO] running `Command { std: "docker" "rm" "-f" "a63762682db25621a184de2339f55aba2d07b07e698541fee264aa42a2cf5e8a", kill_on_drop: false }`
[INFO] [stdout] a63762682db25621a184de2339f55aba2d07b07e698541fee264aa42a2cf5e8a
