[INFO] fetching crate asterix_parser 0.1.1...
[INFO] testing asterix_parser-0.1.1 against nightly-2024-10-28 for randomize-layout
[INFO] extracting crate asterix_parser 0.1.1 into /workspace/builds/worker-4-tc1/source
[INFO] validating manifest of crates.io crate asterix_parser 0.1.1 on toolchain nightly-2024-10-28
[INFO] running `Command { std: CARGO_HOME="/workspace/cargo-home" RUSTUP_HOME="/workspace/rustup-home" "/workspace/cargo-home/bin/cargo" "+nightly-2024-10-28" "metadata" "--manifest-path" "Cargo.toml" "--no-deps", kill_on_drop: false }`
[INFO] started tweaking crates.io crate asterix_parser 0.1.1
[INFO] finished tweaking crates.io crate asterix_parser 0.1.1
[INFO] tweaked toml for crates.io crate asterix_parser 0.1.1 written to /workspace/builds/worker-4-tc1/source/Cargo.toml
[INFO] crate crates.io crate asterix_parser 0.1.1 already has a lockfile, it will not be regenerated
[INFO] running `Command { std: CARGO_HOME="/workspace/cargo-home" RUSTUP_HOME="/workspace/rustup-home" "/workspace/cargo-home/bin/cargo" "+nightly-2024-10-28" "fetch" "--manifest-path" "Cargo.toml", kill_on_drop: false }`
[INFO] [stderr]     Updating crates.io index
[INFO] [stderr]  Downloading crates ...
[INFO] [stderr]   Downloaded strum v0.26.2
[INFO] [stderr]   Downloaded proc-macro2 v1.0.79
[INFO] [stderr]   Downloaded strum_macros v0.26.2
[INFO] [stderr]   Downloaded custom_error v1.9.2
[INFO] [stderr]   Downloaded dilib v0.2.1
[INFO] [stderr]   Downloaded anyhow v1.0.82
[INFO] [stderr]   Downloaded autocfg v1.2.0
[INFO] [stderr]   Downloaded thiserror v1.0.58
[INFO] [stderr]   Downloaded cc v1.0.92
[INFO] [stderr]   Downloaded json v0.12.4
[INFO] [stderr]   Downloaded thiserror-impl v1.0.58
[INFO] [stderr]   Downloaded chrono v0.4.37
[INFO] running `Command { std: "docker" "create" "-v" "/var/lib/crater-agent-workspace/builds/worker-4-tc1/target:/opt/rustwide/target:rw,Z" "-v" "/var/lib/crater-agent-workspace/builds/worker-4-tc1/source:/opt/rustwide/workdir:ro,Z" "-v" "/var/lib/crater-agent-workspace/cargo-home:/opt/rustwide/cargo-home:ro,Z" "-v" "/var/lib/crater-agent-workspace/rustup-home:/opt/rustwide/rustup-home:ro,Z" "-e" "SOURCE_DIR=/opt/rustwide/workdir" "-e" "CARGO_TARGET_DIR=/opt/rustwide/target" "-e" "CARGO_HOME=/opt/rustwide/cargo-home" "-e" "RUSTUP_HOME=/opt/rustwide/rustup-home" "-w" "/opt/rustwide/workdir" "-m" "1610612736" "--user" "0:0" "--network" "none" "ghcr.io/rust-lang/crates-build-env/linux@sha256:4a844ea9eb2546a2d2c7022eacef16ef2e8229c7fbb2c7d4d55a9ceca922f72d" "/opt/rustwide/cargo-home/bin/cargo" "+nightly-2024-10-28" "metadata" "--no-deps" "--format-version=1", kill_on_drop: false }`
[INFO] [stdout] c942dda10ff4af1ce3957366ef915e86fe084a4cb72bd5d50d9a440c21b658a5
[INFO] running `Command { std: "docker" "start" "-a" "c942dda10ff4af1ce3957366ef915e86fe084a4cb72bd5d50d9a440c21b658a5", kill_on_drop: false }`
[INFO] running `Command { std: "docker" "inspect" "c942dda10ff4af1ce3957366ef915e86fe084a4cb72bd5d50d9a440c21b658a5", kill_on_drop: false }`
[INFO] running `Command { std: "docker" "rm" "-f" "c942dda10ff4af1ce3957366ef915e86fe084a4cb72bd5d50d9a440c21b658a5", kill_on_drop: false }`
[INFO] [stdout] c942dda10ff4af1ce3957366ef915e86fe084a4cb72bd5d50d9a440c21b658a5
[INFO] running `Command { std: "docker" "create" "-v" "/var/lib/crater-agent-workspace/builds/worker-4-tc1/target:/opt/rustwide/target:rw,Z" "-v" "/var/lib/crater-agent-workspace/builds/worker-4-tc1/source:/opt/rustwide/workdir:ro,Z" "-v" "/var/lib/crater-agent-workspace/cargo-home:/opt/rustwide/cargo-home:ro,Z" "-v" "/var/lib/crater-agent-workspace/rustup-home:/opt/rustwide/rustup-home:ro,Z" "-e" "SOURCE_DIR=/opt/rustwide/workdir" "-e" "CARGO_TARGET_DIR=/opt/rustwide/target" "-e" "CARGO_INCREMENTAL=0" "-e" "RUST_BACKTRACE=full" "-e" "RUSTFLAGS=--cap-lints=forbid" "-e" "RUSTDOCFLAGS=--cap-lints=forbid" "-e" "CARGO_HOME=/opt/rustwide/cargo-home" "-e" "RUSTUP_HOME=/opt/rustwide/rustup-home" "-w" "/opt/rustwide/workdir" "-m" "1610612736" "--user" "0:0" "--network" "none" "ghcr.io/rust-lang/crates-build-env/linux@sha256:4a844ea9eb2546a2d2c7022eacef16ef2e8229c7fbb2c7d4d55a9ceca922f72d" "/opt/rustwide/cargo-home/bin/cargo" "+nightly-2024-10-28" "build" "--frozen" "--message-format=json", kill_on_drop: false }`
[INFO] [stdout] e2837e4058720d430bae2b64453f8d3052fd86fec5d6efa1163d9383ecc378a5
[INFO] running `Command { std: "docker" "start" "-a" "e2837e4058720d430bae2b64453f8d3052fd86fec5d6efa1163d9383ecc378a5", kill_on_drop: false }`
[INFO] [stderr]    Compiling proc-macro2 v1.0.79
[INFO] [stderr]    Compiling memchr v2.7.1
[INFO] [stderr]    Compiling autocfg v1.2.0
[INFO] [stderr]    Compiling serde v1.0.197
[INFO] [stderr]    Compiling rustversion v1.0.14
[INFO] [stderr]    Compiling radium v0.7.0
[INFO] [stderr]    Compiling anyhow v1.0.82
[INFO] [stderr]    Compiling tap v1.0.1
[INFO] [stderr]    Compiling ryu v1.0.17
[INFO] [stderr]    Compiling regex-syntax v0.8.2
[INFO] [stderr]    Compiling serde_json v1.0.114
[INFO] [stderr]    Compiling thiserror v1.0.58
[INFO] [stderr]    Compiling num-traits v0.2.18
[INFO] [stderr]    Compiling dilib v0.2.1
[INFO] [stderr]    Compiling wyz v0.5.1
[INFO] [stderr]    Compiling funty v2.0.0
[INFO] [stderr]    Compiling iana-time-zone v0.1.60
[INFO] [stderr]    Compiling heck v0.4.1
[INFO] [stderr]    Compiling quote v1.0.35
[INFO] [stderr]    Compiling aho-corasick v1.1.3
[INFO] [stderr]    Compiling syn v2.0.52
[INFO] [stderr]    Compiling csv-core v0.1.11
[INFO] [stderr]    Compiling bitvec v1.0.1
[INFO] [stderr]    Compiling strum v0.26.2
[INFO] [stderr]    Compiling json v0.12.4
[INFO] [stderr]    Compiling custom_error v1.9.2
[INFO] [stderr]    Compiling chrono v0.4.37
[INFO] [stderr]    Compiling regex-automata v0.4.6
[INFO] [stderr]    Compiling serde_derive v1.0.197
[INFO] [stderr]    Compiling thiserror-impl v1.0.58
[INFO] [stderr]    Compiling strum_macros v0.26.2
[INFO] [stderr]    Compiling regex v1.10.3
[INFO] [stderr]    Compiling csv v1.3.0
[INFO] [stderr]    Compiling asterix_parser v0.1.1 (/opt/rustwide/workdir)
[INFO] [stdout] warning: struct `DTSac` is never constructed
[INFO] [stdout]  --> src/asterix/uap/common/datatypes/dtsac.rs:7:8
[INFO] [stdout]   |
[INFO] [stdout] 7 | struct DTSac{
[INFO] [stdout]   |        ^^^^^
[INFO] [stdout]   |
[INFO] [stdout]   = note: `#[warn(dead_code)]` on by default
[INFO] [stdout] 
[INFO] [stdout] 
[INFO] [stderr]     Finished `dev` profile [unoptimized + debuginfo] target(s) in 17.09s
[INFO] running `Command { std: "docker" "inspect" "e2837e4058720d430bae2b64453f8d3052fd86fec5d6efa1163d9383ecc378a5", kill_on_drop: false }`
[INFO] running `Command { std: "docker" "rm" "-f" "e2837e4058720d430bae2b64453f8d3052fd86fec5d6efa1163d9383ecc378a5", kill_on_drop: false }`
[INFO] [stdout] e2837e4058720d430bae2b64453f8d3052fd86fec5d6efa1163d9383ecc378a5
[INFO] running `Command { std: "docker" "create" "-v" "/var/lib/crater-agent-workspace/builds/worker-4-tc1/target:/opt/rustwide/target:rw,Z" "-v" "/var/lib/crater-agent-workspace/builds/worker-4-tc1/source:/opt/rustwide/workdir:ro,Z" "-v" "/var/lib/crater-agent-workspace/cargo-home:/opt/rustwide/cargo-home:ro,Z" "-v" "/var/lib/crater-agent-workspace/rustup-home:/opt/rustwide/rustup-home:ro,Z" "-e" "SOURCE_DIR=/opt/rustwide/workdir" "-e" "CARGO_TARGET_DIR=/opt/rustwide/target" "-e" "CARGO_INCREMENTAL=0" "-e" "RUST_BACKTRACE=full" "-e" "RUSTFLAGS=--cap-lints=forbid" "-e" "RUSTDOCFLAGS=--cap-lints=forbid" "-e" "CARGO_HOME=/opt/rustwide/cargo-home" "-e" "RUSTUP_HOME=/opt/rustwide/rustup-home" "-w" "/opt/rustwide/workdir" "-m" "1610612736" "--user" "0:0" "--network" "none" "ghcr.io/rust-lang/crates-build-env/linux@sha256:4a844ea9eb2546a2d2c7022eacef16ef2e8229c7fbb2c7d4d55a9ceca922f72d" "/opt/rustwide/cargo-home/bin/cargo" "+nightly-2024-10-28" "test" "--frozen" "--no-run" "--message-format=json", kill_on_drop: false }`
[INFO] [stdout] 6b530380d8305b6554973028defcdeaf2e69d13746c3de2bc1ba5f4806b4f5d5
[INFO] running `Command { std: "docker" "start" "-a" "6b530380d8305b6554973028defcdeaf2e69d13746c3de2bc1ba5f4806b4f5d5", kill_on_drop: false }`
[INFO] [stdout] warning: struct `DTSac` is never constructed
[INFO] [stdout]  --> src/asterix/uap/common/datatypes/dtsac.rs:7:8
[INFO] [stdout]   |
[INFO] [stdout] 7 | struct DTSac{
[INFO] [stdout]   |        ^^^^^
[INFO] [stdout]   |
[INFO] [stdout]   = note: `#[warn(dead_code)]` on by default
[INFO] [stdout] 
[INFO] [stdout] 
[INFO] [stderr]    Compiling asterix_parser v0.1.1 (/opt/rustwide/workdir)
[INFO] [stdout] warning: struct `Triangle` is never constructed
[INFO] [stdout]  --> tests/exp_tests/test_dynamic_dispatch.rs:7:8
[INFO] [stdout]   |
[INFO] [stdout] 7 | struct Triangle { pub side: f32 }
[INFO] [stdout]   |        ^^^^^^^^
[INFO] [stdout]   |
[INFO] [stdout]   = note: `#[warn(dead_code)]` on by default
[INFO] [stdout] 
[INFO] [stdout] 
[INFO] [stdout] warning: field `value_type` is never read
[INFO] [stdout]   --> tests/exp_tests/test_asterix_parse_from_json_uap.rs:57:9
[INFO] [stdout]    |
[INFO] [stdout] 53 | pub struct Attribute {
[INFO] [stdout]    |            --------- field in this struct
[INFO] [stdout] ...
[INFO] [stdout] 57 |     pub value_type: String,
[INFO] [stdout]    |         ^^^^^^^^^^
[INFO] [stdout]    |
[INFO] [stdout]    = note: `Attribute` has a derived impl for the trait `Clone`, but this is intentionally ignored during dead code analysis
[INFO] [stdout] 
[INFO] [stdout] 
[INFO] [stdout] warning: struct `DTSac` is never constructed
[INFO] [stdout]  --> src/asterix/uap/common/datatypes/dtsac.rs:7:8
[INFO] [stdout]   |
[INFO] [stdout] 7 | struct DTSac{
[INFO] [stdout]   |        ^^^^^
[INFO] [stdout]   |
[INFO] [stdout]   = note: `#[warn(dead_code)]` on by default
[INFO] [stdout] 
[INFO] [stdout] 
[INFO] [stderr]     Finished `test` profile [unoptimized + debuginfo] target(s) in 1.65s
[INFO] running `Command { std: "docker" "inspect" "6b530380d8305b6554973028defcdeaf2e69d13746c3de2bc1ba5f4806b4f5d5", kill_on_drop: false }`
[INFO] running `Command { std: "docker" "rm" "-f" "6b530380d8305b6554973028defcdeaf2e69d13746c3de2bc1ba5f4806b4f5d5", kill_on_drop: false }`
[INFO] [stdout] 6b530380d8305b6554973028defcdeaf2e69d13746c3de2bc1ba5f4806b4f5d5
[INFO] running `Command { std: "docker" "create" "-v" "/var/lib/crater-agent-workspace/builds/worker-4-tc1/target:/opt/rustwide/target:rw,Z" "-v" "/var/lib/crater-agent-workspace/builds/worker-4-tc1/source:/opt/rustwide/workdir:ro,Z" "-v" "/var/lib/crater-agent-workspace/cargo-home:/opt/rustwide/cargo-home:ro,Z" "-v" "/var/lib/crater-agent-workspace/rustup-home:/opt/rustwide/rustup-home:ro,Z" "-e" "SOURCE_DIR=/opt/rustwide/workdir" "-e" "CARGO_TARGET_DIR=/opt/rustwide/target" "-e" "CARGO_INCREMENTAL=0" "-e" "RUST_BACKTRACE=full" "-e" "RUSTFLAGS=--cap-lints=forbid" "-e" "RUSTDOCFLAGS=--cap-lints=forbid" "-e" "CARGO_HOME=/opt/rustwide/cargo-home" "-e" "RUSTUP_HOME=/opt/rustwide/rustup-home" "-w" "/opt/rustwide/workdir" "-m" "1610612736" "--user" "0:0" "--network" "none" "ghcr.io/rust-lang/crates-build-env/linux@sha256:4a844ea9eb2546a2d2c7022eacef16ef2e8229c7fbb2c7d4d55a9ceca922f72d" "/opt/rustwide/cargo-home/bin/cargo" "+nightly-2024-10-28" "test" "--frozen", kill_on_drop: false }`
[INFO] [stdout] 94383fabd7f9dff036c754f82fc5fb4b2ba10c9b711e4ec99dfe6d3a35f246e8
[INFO] running `Command { std: "docker" "start" "-a" "94383fabd7f9dff036c754f82fc5fb4b2ba10c9b711e4ec99dfe6d3a35f246e8", kill_on_drop: false }`
[INFO] [stderr] warning: struct `DTSac` is never constructed
[INFO] [stderr]  --> src/asterix/uap/common/datatypes/dtsac.rs:7:8
[INFO] [stderr]   |
[INFO] [stderr] 7 | struct DTSac{
[INFO] [stderr]   |        ^^^^^
[INFO] [stderr]   |
[INFO] [stderr]   = note: `#[warn(dead_code)]` on by default
[INFO] [stderr] 
[INFO] [stderr] warning: `asterix_parser` (lib) generated 1 warning
[INFO] [stderr] warning: `asterix_parser` (lib test) generated 1 warning (1 duplicate)
[INFO] [stderr] warning: struct `Triangle` is never constructed
[INFO] [stderr]  --> tests/exp_tests/test_dynamic_dispatch.rs:7:8
[INFO] [stderr]   |
[INFO] [stderr] 7 | struct Triangle { pub side: f32 }
[INFO] [stderr]   |        ^^^^^^^^
[INFO] [stderr]   |
[INFO] [stderr]   = note: `#[warn(dead_code)]` on by default
[INFO] [stderr] 
[INFO] [stderr] warning: field `value_type` is never read
[INFO] [stderr]   --> tests/exp_tests/test_asterix_parse_from_json_uap.rs:57:9
[INFO] [stderr]    |
[INFO] [stderr] 53 | pub struct Attribute {
[INFO] [stderr]    |            --------- field in this struct
[INFO] [stderr] ...
[INFO] [stderr] 57 |     pub value_type: String,
[INFO] [stderr]    |         ^^^^^^^^^^
[INFO] [stderr]    |
[INFO] [stderr]    = note: `Attribute` has a derived impl for the trait `Clone`, but this is intentionally ignored during dead code analysis
[INFO] [stderr] 
[INFO] [stderr] warning: `asterix_parser` (test "experiments") generated 2 warnings
[INFO] [stderr]     Finished `test` profile [unoptimized + debuginfo] target(s) in 0.03s
[INFO] [stderr]      Running unittests src/lib.rs (/opt/rustwide/target/debug/deps/asterix_parser-d1f6ca7de7e8d86d)
[INFO] [stdout] 
[INFO] [stdout] running 7 tests
[INFO] [stdout] test asterix::uap::common::dataitems::tests::test_mode3a_code_bits ... ok
[INFO] [stdout] test asterix::uap::common::dataitems::tests::test_bits_retrieval ... ok
[INFO] [stdout] test asterix::message::parser::tests::ut_test_repeated_attributs_are_resolved ... ok
[INFO] [stdout] test asterix::uap::common::dataitems::tests::test_sac_bits ... ok
[INFO] [stdout] test asterix::uap::tests::ut_test_playground ... ok
[INFO] [stdout] test asterix::uap::tests::ut_test_parse_length_sad ... ok
[INFO] [stdout] test asterix::uap::tests::ut_test_parse_length_happy ... ok
[INFO] [stdout] 
[INFO] [stdout] test result: ok. 7 passed; 0 failed; 0 ignored; 0 measured; 0 filtered out; finished in 0.01s
[INFO] [stdout] 
[INFO] [stderr]      Running unittests src/main.rs (/opt/rustwide/target/debug/deps/asterix_parser-6e05e99cb445f652)
[INFO] [stdout] 
[INFO] [stdout] running 0 tests
[INFO] [stdout] 
[INFO] [stdout] test result: ok. 0 passed; 0 failed; 0 ignored; 0 measured; 0 filtered out; finished in 0.00s
[INFO] [stdout] 
[INFO] [stderr]      Running tests/experiments.rs (/opt/rustwide/target/debug/deps/experiments-821632fd786d5f32)
[INFO] [stdout] 
[INFO] [stdout] running 20 tests
[INFO] [stdout] test exp_tests::test_bitvec::test_bitvec ... ok
[INFO] [stdout] test exp_tests::test_bitvec::test_bitvec_split_off ... ok
[INFO] [stdout] test exp_tests::test_bitvec::test_bitvec_subset ... ok
[INFO] [stdout] test exp_tests::test_bitvec::test_bitvec_from_u8_vec ... ok
[INFO] [stdout] test exp_tests::test_common::test_bit_value ... ok
[INFO] [stdout] test exp_tests::test_common::test_extend_map ... ok
[INFO] [stdout] test exp_tests::test_dynamic_dispatch::test_dynamic_dispatch ... ok
[INFO] [stdout] test exp_tests::test_dyn_any::test_dyn_any ... ok
[INFO] [stdout] test exp_tests::test_enum::teste_static_enum ... ok
[INFO] [stdout] test exp_tests::test_icao_string::test_string_icao ... ok
[INFO] [stdout] test exp_tests::test_parse_asterix::test_parse_asterix_length ... ok
[INFO] [stdout] test exp_tests::test_nested_traits::test_nested_traits ... ok
[INFO] [stdout] test exp_tests::test_macro_rules::test_macro_rules ... ok
[INFO] [stdout] test exp_tests::test_vector::test_vector_sort_by ... ok
[INFO] [stdout] test run_experiments ... ok
[INFO] [stdout] test exp_tests::test_serde_null::test ... ok
[INFO] [stdout] test exp_tests::test_serde_complex::test_read_asterix_json_spec_from_file ... ok
[INFO] [stdout] test exp_tests::test_thiserror::test_thiserror ... ok
[INFO] [stdout] test exp_tests::test_json::test_read_asterix_json_spec_from_file ... FAILED
[INFO] [stdout] test exp_tests::test_asterix_parse_from_json_uap::test_asterix_parse ... ok
[INFO] [stdout] 
[INFO] [stdout] failures:
[INFO] [stdout] 
[INFO] [stdout] ---- exp_tests::test_json::test_read_asterix_json_spec_from_file stdout ----
[INFO] [stdout] thread 'exp_tests::test_json::test_read_asterix_json_spec_from_file' panicked at tests/exp_tests/test_json.rs:22:19:
[INFO] [stdout] Error deserializing json file content
[INFO] [stdout] stack backtrace:
[INFO] [stdout]    0:     0x5624b0058caa - std::backtrace_rs::backtrace::libunwind::trace::h207520d6e9873551
[INFO] [stdout]                                at /rustc/df4ca44d3fbc9301ee17f30f4d474e6ae4b05252/library/std/src/../../backtrace/src/backtrace/libunwind.rs:116:5
[INFO] [stdout]    1:     0x5624b0058caa - std::backtrace_rs::backtrace::trace_unsynchronized::h2ed7433f370e3eca
[INFO] [stdout]                                at /rustc/df4ca44d3fbc9301ee17f30f4d474e6ae4b05252/library/std/src/../../backtrace/src/backtrace/mod.rs:66:5
[INFO] [stdout]    2:     0x5624b0058caa - std::sys::backtrace::_print_fmt::h916fac51166b18d7
[INFO] [stdout]                                at /rustc/df4ca44d3fbc9301ee17f30f4d474e6ae4b05252/library/std/src/sys/backtrace.rs:66:9
[INFO] [stdout]    3:     0x5624b0058caa - <std::sys::backtrace::BacktraceLock::print::DisplayBacktrace as core::fmt::Display>::fmt::ha0a4c9b8ce3802e6
[INFO] [stdout]                                at /rustc/df4ca44d3fbc9301ee17f30f4d474e6ae4b05252/library/std/src/sys/backtrace.rs:39:26
[INFO] [stdout]    4:     0x5624b0080bc3 - core::fmt::rt::Argument::fmt::h4cfc8587d52b3eb5
[INFO] [stdout]                                at /rustc/df4ca44d3fbc9301ee17f30f4d474e6ae4b05252/library/core/src/fmt/rt.rs:177:76
[INFO] [stdout]    5:     0x5624b0080bc3 - core::fmt::write::h522cc39e5b36ae9f
[INFO] [stdout]                                at /rustc/df4ca44d3fbc9301ee17f30f4d474e6ae4b05252/library/core/src/fmt/mod.rs:1190:21
[INFO] [stdout]    6:     0x5624b00556b3 - std::io::Write::write_fmt::h7d3c26752da97734
[INFO] [stdout]                                at /rustc/df4ca44d3fbc9301ee17f30f4d474e6ae4b05252/library/std/src/io/mod.rs:1839:15
[INFO] [stdout]    7:     0x5624b0058af2 - std::sys::backtrace::BacktraceLock::print::h4b9e00b29e9c0942
[INFO] [stdout]                                at /rustc/df4ca44d3fbc9301ee17f30f4d474e6ae4b05252/library/std/src/sys/backtrace.rs:42:9
[INFO] [stdout]    8:     0x5624b005a13a - std::panicking::default_hook::{{closure}}::hb59b88280d0324d9
[INFO] [stdout]                                at /rustc/df4ca44d3fbc9301ee17f30f4d474e6ae4b05252/library/std/src/panicking.rs:268:22
[INFO] [stdout]    9:     0x5624b0059f44 - std::panicking::default_hook::he1dd496665be4a29
[INFO] [stdout]                                at /rustc/df4ca44d3fbc9301ee17f30f4d474e6ae4b05252/library/std/src/panicking.rs:292:9
[INFO] [stdout]   10:     0x5624afec8ed9 - <alloc::boxed::Box<F,A> as core::ops::function::Fn<Args>>::call::h4ff71de18744e1dc
[INFO] [stdout]                                at /rustc/df4ca44d3fbc9301ee17f30f4d474e6ae4b05252/library/alloc/src/boxed.rs:2468:9
[INFO] [stdout]   11:     0x5624afec8ed9 - test::test_main::{{closure}}::hcf7c055ce117aa81
[INFO] [stdout]                                at /rustc/df4ca44d3fbc9301ee17f30f4d474e6ae4b05252/library/test/src/lib.rs:133:21
[INFO] [stdout]   12:     0x5624b005a838 - <alloc::boxed::Box<F,A> as core::ops::function::Fn<Args>>::call::h1d66c6bbd60c9692
[INFO] [stdout]                                at /rustc/df4ca44d3fbc9301ee17f30f4d474e6ae4b05252/library/alloc/src/boxed.rs:2468:9
[INFO] [stdout]   13:     0x5624b005a838 - std::panicking::rust_panic_with_hook::h2ff17fe8f26dfcf8
[INFO] [stdout]                                at /rustc/df4ca44d3fbc9301ee17f30f4d474e6ae4b05252/library/std/src/panicking.rs:809:13
[INFO] [stdout]   14:     0x5624b005a5c6 - std::panicking::begin_panic_handler::{{closure}}::h4fad77951c07e101
[INFO] [stdout]                                at /rustc/df4ca44d3fbc9301ee17f30f4d474e6ae4b05252/library/std/src/panicking.rs:667:13
[INFO] [stdout]   15:     0x5624b0059189 - std::sys::backtrace::__rust_end_short_backtrace::hb1a25b3da5d0ea08
[INFO] [stdout]                                at /rustc/df4ca44d3fbc9301ee17f30f4d474e6ae4b05252/library/std/src/sys/backtrace.rs:170:18
[INFO] [stdout]   16:     0x5624b005a28c - rust_begin_unwind
[INFO] [stdout]                                at /rustc/df4ca44d3fbc9301ee17f30f4d474e6ae4b05252/library/std/src/panicking.rs:665:5
[INFO] [stdout]   17:     0x5624b007ec40 - core::panicking::panic_fmt::ha9db07b529f9b256
[INFO] [stdout]                                at /rustc/df4ca44d3fbc9301ee17f30f4d474e6ae4b05252/library/core/src/panicking.rs:75:14
[INFO] [stdout]   18:     0x5624afe61cb0 - experiments::exp_tests::test_json::test_read_asterix_json_spec_from_file::h0d7e42b70e21d8ac
[INFO] [stdout]                                at /opt/rustwide/workdir/tests/exp_tests/test_json.rs:22:19
[INFO] [stdout]   19:     0x5624afe61127 - experiments::exp_tests::test_json::test_read_asterix_json_spec_from_file::{{closure}}::h2da8ca91c0f39f5f
[INFO] [stdout]                                at /opt/rustwide/workdir/tests/exp_tests/test_json.rs:7:54
[INFO] [stdout]   20:     0x5624afe7ceb6 - core::ops::function::FnOnce::call_once::hdeecfb5db9a4ea05
[INFO] [stdout]                                at /rustc/df4ca44d3fbc9301ee17f30f4d474e6ae4b05252/library/core/src/ops/function.rs:250:5
[INFO] [stdout]   21:     0x5624afecd7ab - core::ops::function::FnOnce::call_once::h22c3ba5715e93f05
[INFO] [stdout]                                at /rustc/df4ca44d3fbc9301ee17f30f4d474e6ae4b05252/library/core/src/ops/function.rs:250:5
[INFO] [stdout]   22:     0x5624afecd7ab - test::__rust_begin_short_backtrace::h8e82d8113d0da17f
[INFO] [stdout]                                at /rustc/df4ca44d3fbc9301ee17f30f4d474e6ae4b05252/library/test/src/lib.rs:621:18
[INFO] [stdout]   23:     0x5624afecd127 - test::run_test_in_process::{{closure}}::h33235f4f20b7b7c7
[INFO] [stdout]                                at /rustc/df4ca44d3fbc9301ee17f30f4d474e6ae4b05252/library/test/src/lib.rs:644:60
[INFO] [stdout]   24:     0x5624afecd127 - <core::panic::unwind_safe::AssertUnwindSafe<F> as core::ops::function::FnOnce<()>>::call_once::hb5043206310c586f
[INFO] [stdout]                                at /rustc/df4ca44d3fbc9301ee17f30f4d474e6ae4b05252/library/core/src/panic/unwind_safe.rs:272:9
[INFO] [stdout]   25:     0x5624afecd127 - std::panicking::try::do_call::h9ad4731a60ab23e2
[INFO] [stdout]                                at /rustc/df4ca44d3fbc9301ee17f30f4d474e6ae4b05252/library/std/src/panicking.rs:557:40
[INFO] [stdout]   26:     0x5624afecd127 - std::panicking::try::h3824d23db772a716
[INFO] [stdout]                                at /rustc/df4ca44d3fbc9301ee17f30f4d474e6ae4b05252/library/std/src/panicking.rs:520:19
[INFO] [stdout]   27:     0x5624afecd127 - std::panic::catch_unwind::h5afd514605fde46b
[INFO] [stdout]                                at /rustc/df4ca44d3fbc9301ee17f30f4d474e6ae4b05252/library/std/src/panic.rs:358:14
[INFO] [stdout]   28:     0x5624afecd127 - test::run_test_in_process::h0d5cbfa7067d1720
[INFO] [stdout]                                at /rustc/df4ca44d3fbc9301ee17f30f4d474e6ae4b05252/library/test/src/lib.rs:644:27
[INFO] [stdout]   29:     0x5624afecd127 - test::run_test::{{closure}}::h708eb8872708115d
[INFO] [stdout]                                at /rustc/df4ca44d3fbc9301ee17f30f4d474e6ae4b05252/library/test/src/lib.rs:565:43
[INFO] [stdout]   30:     0x5624afe90844 - test::run_test::{{closure}}::h392c51cee94713ab
[INFO] [stdout]                                at /rustc/df4ca44d3fbc9301ee17f30f4d474e6ae4b05252/library/test/src/lib.rs:595:41
[INFO] [stdout]   31:     0x5624afe90844 - std::sys::backtrace::__rust_begin_short_backtrace::h2f40290710935a8b
[INFO] [stdout]                                at /rustc/df4ca44d3fbc9301ee17f30f4d474e6ae4b05252/library/std/src/sys/backtrace.rs:154:18
[INFO] [stdout]   32:     0x5624afe93fee - std::thread::Builder::spawn_unchecked_::{{closure}}::{{closure}}::h3fd968d89053a903
[INFO] [stdout]                                at /rustc/df4ca44d3fbc9301ee17f30f4d474e6ae4b05252/library/std/src/thread/mod.rs:541:17
[INFO] [stdout]   33:     0x5624afe93fee - <core::panic::unwind_safe::AssertUnwindSafe<F> as core::ops::function::FnOnce<()>>::call_once::h743f637ba4229880
[INFO] [stdout]                                at /rustc/df4ca44d3fbc9301ee17f30f4d474e6ae4b05252/library/core/src/panic/unwind_safe.rs:272:9
[INFO] [stdout]   34:     0x5624afe93fee - std::panicking::try::do_call::h07440897322525a6
[INFO] [stdout]                                at /rustc/df4ca44d3fbc9301ee17f30f4d474e6ae4b05252/library/std/src/panicking.rs:557:40
[INFO] [stdout]   35:     0x5624afe93fee - std::panicking::try::he5a2e00188156637
[INFO] [stdout]                                at /rustc/df4ca44d3fbc9301ee17f30f4d474e6ae4b05252/library/std/src/panicking.rs:520:19
[INFO] [stdout]   36:     0x5624afe93fee - std::panic::catch_unwind::hbaf3cae49b3c6433
[INFO] [stdout]                                at /rustc/df4ca44d3fbc9301ee17f30f4d474e6ae4b05252/library/std/src/panic.rs:358:14
[INFO] [stdout]   37:     0x5624afe93fee - std::thread::Builder::spawn_unchecked_::{{closure}}::h8e141ea224820bce
[INFO] [stdout]                                at /rustc/df4ca44d3fbc9301ee17f30f4d474e6ae4b05252/library/std/src/thread/mod.rs:540:30
[INFO] [stdout]   38:     0x5624afe93fee - core::ops::function::FnOnce::call_once{{vtable.shim}}::h90d312fedd7b8ea8
[INFO] [stdout]                                at /rustc/df4ca44d3fbc9301ee17f30f4d474e6ae4b05252/library/core/src/ops/function.rs:250:5
[INFO] [stdout]   39:     0x5624b005ea8b - <alloc::boxed::Box<F,A> as core::ops::function::FnOnce<Args>>::call_once::h69aa08ddb6adb8b6
[INFO] [stdout]                                at /rustc/df4ca44d3fbc9301ee17f30f4d474e6ae4b05252/library/alloc/src/boxed.rs:2454:9
[INFO] [stdout]   40:     0x5624b005ea8b - <alloc::boxed::Box<F,A> as core::ops::function::FnOnce<Args>>::call_once::h5aa36efdb79c806f
[INFO] [stdout]                                at /rustc/df4ca44d3fbc9301ee17f30f4d474e6ae4b05252/library/alloc/src/boxed.rs:2454:9
[INFO] [stdout]   41:     0x5624b005ea8b - std::sys::pal::unix::thread::Thread::new::thread_start::h6cd80a1b4be5158d
[INFO] [stdout]                                at /rustc/df4ca44d3fbc9301ee17f30f4d474e6ae4b05252/library/std/src/sys/pal/unix/thread.rs:105:17
[INFO] [stdout]   42:     0x7d9872defac3 - <unknown>
[INFO] [stdout]   43:     0x7d9872e80a04 - clone
[INFO] [stdout]   44:                0x0 - <unknown>
[INFO] [stdout] 
[INFO] [stdout] 
[INFO] [stdout] failures:
[INFO] [stdout]     exp_tests::test_json::test_read_asterix_json_spec_from_file
[INFO] [stdout] 
[INFO] [stdout] test result: FAILED. 19 passed; 1 failed; 0 ignored; 0 measured; 0 filtered out; finished in 0.05s
[INFO] [stdout] 
[INFO] [stderr] error: test failed, to rerun pass `--test experiments`
[INFO] running `Command { std: "docker" "inspect" "94383fabd7f9dff036c754f82fc5fb4b2ba10c9b711e4ec99dfe6d3a35f246e8", kill_on_drop: false }`
[INFO] running `Command { std: "docker" "rm" "-f" "94383fabd7f9dff036c754f82fc5fb4b2ba10c9b711e4ec99dfe6d3a35f246e8", kill_on_drop: false }`
[INFO] [stdout] 94383fabd7f9dff036c754f82fc5fb4b2ba10c9b711e4ec99dfe6d3a35f246e8
