[INFO] fetching crate assets_manager 0.12.3...
[INFO] testing assets_manager-0.12.3 against nightly-2024-10-28 for randomize-layout
[INFO] extracting crate assets_manager 0.12.3 into /workspace/builds/worker-0-tc1/source
[INFO] validating manifest of crates.io crate assets_manager 0.12.3 on toolchain nightly-2024-10-28
[INFO] running `Command { std: CARGO_HOME="/workspace/cargo-home" RUSTUP_HOME="/workspace/rustup-home" "/workspace/cargo-home/bin/cargo" "+nightly-2024-10-28" "metadata" "--manifest-path" "Cargo.toml" "--no-deps", kill_on_drop: false }`
[INFO] started tweaking crates.io crate assets_manager 0.12.3
[INFO] removed 0 missing examples
[INFO] finished tweaking crates.io crate assets_manager 0.12.3
[INFO] tweaked toml for crates.io crate assets_manager 0.12.3 written to /workspace/builds/worker-0-tc1/source/Cargo.toml
[INFO] crate crates.io crate assets_manager 0.12.3 already has a lockfile, it will not be regenerated
[INFO] running `Command { std: CARGO_HOME="/workspace/cargo-home" RUSTUP_HOME="/workspace/rustup-home" "/workspace/cargo-home/bin/cargo" "+nightly-2024-10-28" "fetch" "--manifest-path" "Cargo.toml", kill_on_drop: false }`
[INFO] [stderr]     Updating crates.io index
[INFO] [stderr]     Blocking waiting for file lock on package cache
[INFO] [stderr]  Downloading crates ...
[INFO] [stderr]   Downloaded zstd-safe v5.0.2+zstd.1.5.2
[INFO] [stderr]   Downloaded anstyle-query v1.1.1
[INFO] [stderr]   Downloaded inflections v1.1.1
[INFO] [stderr]   Downloaded fsevent-sys v4.1.0
[INFO] [stderr]   Downloaded inotify-sys v0.1.5
[INFO] [stderr]   Downloaded assets_manager_macros v0.2.5
[INFO] [stderr]   Downloaded kqueue-sys v1.0.4
[INFO] [stderr]   Downloaded gltf-derive v1.4.1
[INFO] [stderr]   Downloaded byteorder-lite v0.1.0
[INFO] [stderr]   Downloaded anstyle-parse v0.2.5
[INFO] [stderr]   Downloaded ab_glyph v0.2.28
[INFO] [stderr]   Downloaded bzip2 v0.4.4
[INFO] [stderr]   Downloaded anstyle-wincon v3.0.4
[INFO] [stderr]   Downloaded anstream v0.6.15
[INFO] [stderr]   Downloaded fdeflate v0.3.5
[INFO] [stderr]   Downloaded basic-toml v0.1.9
[INFO] [stderr]   Downloaded zune-jpeg v0.4.13
[INFO] [stderr]   Downloaded serde v1.0.210
[INFO] [stderr]   Downloaded cc v1.1.24
[INFO] [stderr]   Downloaded ron v0.8.1
[INFO] [stderr]   Downloaded serde_json v1.0.128
[INFO] [stderr]   Downloaded owned_ttf_parser v0.24.0
[INFO] [stderr]   Downloaded portable-atomic v1.9.0
[INFO] [stderr]   Downloaded ttf-parser v0.24.1
[INFO] [stderr]   Downloaded gltf-json v1.4.1
[INFO] [stderr]   Downloaded image v0.25.2
[INFO] [stderr]   Downloaded regex v1.11.0
[INFO] [stderr]   Downloaded syn v2.0.79
[INFO] [stderr]   Downloaded gltf v1.4.1
[INFO] [stderr]   Downloaded bytemuck v1.18.0
[INFO] [stderr]   Downloaded image-webp v0.1.3
[INFO] [stderr]   Downloaded rmp v0.8.14
[INFO] [stderr]   Downloaded serde_derive v1.0.210
[INFO] [stderr]   Downloaded zstd v0.11.2+zstd.1.5.2
[INFO] [stderr]   Downloaded notify v6.1.1
[INFO] [stderr]   Downloaded once_cell v1.20.1
[INFO] [stderr]   Downloaded rmp-serde v1.3.0
[INFO] [stderr]   Downloaded colorchoice v1.0.2
[INFO] [stderr]   Downloaded anstyle v1.0.8
[INFO] [stderr]   Downloaded inotify v0.9.6
[INFO] [stderr]   Downloaded kqueue v1.0.8
[INFO] [stderr]   Downloaded zune-core v0.4.12
[INFO] [stderr]   Downloaded sync_file v0.2.9
[INFO] [stderr]   Downloaded zip v0.6.6
[INFO] [stderr]   Downloaded bzip2-sys v0.1.11+1.0.8
[INFO] [stderr]   Downloaded zstd-sys v2.0.13+zstd.1.5.6
[INFO] [stderr]   Downloaded libc v0.2.159
[INFO] running `Command { std: "docker" "create" "-v" "/var/lib/crater-agent-workspace/builds/worker-0-tc1/target:/opt/rustwide/target:rw,Z" "-v" "/var/lib/crater-agent-workspace/builds/worker-0-tc1/source:/opt/rustwide/workdir:ro,Z" "-v" "/var/lib/crater-agent-workspace/cargo-home:/opt/rustwide/cargo-home:ro,Z" "-v" "/var/lib/crater-agent-workspace/rustup-home:/opt/rustwide/rustup-home:ro,Z" "-e" "SOURCE_DIR=/opt/rustwide/workdir" "-e" "CARGO_TARGET_DIR=/opt/rustwide/target" "-e" "CARGO_HOME=/opt/rustwide/cargo-home" "-e" "RUSTUP_HOME=/opt/rustwide/rustup-home" "-w" "/opt/rustwide/workdir" "-m" "1610612736" "--user" "0:0" "--network" "none" "ghcr.io/rust-lang/crates-build-env/linux@sha256:4a844ea9eb2546a2d2c7022eacef16ef2e8229c7fbb2c7d4d55a9ceca922f72d" "/opt/rustwide/cargo-home/bin/cargo" "+nightly-2024-10-28" "metadata" "--no-deps" "--format-version=1", kill_on_drop: false }`
[INFO] [stdout] 1b40b393a2d0c77a41c73c9b2f255d10fe9cc5fce5c79ae89b74a8ab64b2caca
[INFO] running `Command { std: "docker" "start" "-a" "1b40b393a2d0c77a41c73c9b2f255d10fe9cc5fce5c79ae89b74a8ab64b2caca", kill_on_drop: false }`
[INFO] running `Command { std: "docker" "inspect" "1b40b393a2d0c77a41c73c9b2f255d10fe9cc5fce5c79ae89b74a8ab64b2caca", kill_on_drop: false }`
[INFO] running `Command { std: "docker" "rm" "-f" "1b40b393a2d0c77a41c73c9b2f255d10fe9cc5fce5c79ae89b74a8ab64b2caca", kill_on_drop: false }`
[INFO] [stdout] 1b40b393a2d0c77a41c73c9b2f255d10fe9cc5fce5c79ae89b74a8ab64b2caca
[INFO] running `Command { std: "docker" "create" "-v" "/var/lib/crater-agent-workspace/builds/worker-0-tc1/target:/opt/rustwide/target:rw,Z" "-v" "/var/lib/crater-agent-workspace/builds/worker-0-tc1/source:/opt/rustwide/workdir:ro,Z" "-v" "/var/lib/crater-agent-workspace/cargo-home:/opt/rustwide/cargo-home:ro,Z" "-v" "/var/lib/crater-agent-workspace/rustup-home:/opt/rustwide/rustup-home:ro,Z" "-e" "SOURCE_DIR=/opt/rustwide/workdir" "-e" "CARGO_TARGET_DIR=/opt/rustwide/target" "-e" "CARGO_INCREMENTAL=0" "-e" "RUST_BACKTRACE=full" "-e" "RUSTFLAGS=--cap-lints=forbid" "-e" "RUSTDOCFLAGS=--cap-lints=forbid" "-e" "CARGO_HOME=/opt/rustwide/cargo-home" "-e" "RUSTUP_HOME=/opt/rustwide/rustup-home" "-w" "/opt/rustwide/workdir" "-m" "1610612736" "--user" "0:0" "--network" "none" "ghcr.io/rust-lang/crates-build-env/linux@sha256:4a844ea9eb2546a2d2c7022eacef16ef2e8229c7fbb2c7d4d55a9ceca922f72d" "/opt/rustwide/cargo-home/bin/cargo" "+nightly-2024-10-28" "build" "--frozen" "--message-format=json", kill_on_drop: false }`
[INFO] [stdout] 9048847e2f857bd7e5894f74f11397c695cf05348ba191044198af61746f5b15
[INFO] running `Command { std: "docker" "start" "-a" "9048847e2f857bd7e5894f74f11397c695cf05348ba191044198af61746f5b15", kill_on_drop: false }`
[INFO] [stderr]    Compiling libc v0.2.159
[INFO] [stderr]    Compiling version_check v0.9.5
[INFO] [stderr]    Compiling cfg-if v1.0.0
[INFO] [stderr]    Compiling zerocopy v0.7.35
[INFO] [stderr]    Compiling once_cell v1.20.1
[INFO] [stderr]    Compiling log v0.4.22
[INFO] [stderr]    Compiling hashbrown v0.15.0
[INFO] [stderr]    Compiling ahash v0.8.11
[INFO] [stderr]    Compiling getrandom v0.2.15
[INFO] [stderr]    Compiling assets_manager v0.12.3 (/opt/rustwide/workdir)
[INFO] [stderr]     Finished `dev` profile [unoptimized] target(s) in 1.08s
[INFO] running `Command { std: "docker" "inspect" "9048847e2f857bd7e5894f74f11397c695cf05348ba191044198af61746f5b15", kill_on_drop: false }`
[INFO] running `Command { std: "docker" "rm" "-f" "9048847e2f857bd7e5894f74f11397c695cf05348ba191044198af61746f5b15", kill_on_drop: false }`
[INFO] [stdout] 9048847e2f857bd7e5894f74f11397c695cf05348ba191044198af61746f5b15
[INFO] running `Command { std: "docker" "create" "-v" "/var/lib/crater-agent-workspace/builds/worker-0-tc1/target:/opt/rustwide/target:rw,Z" "-v" "/var/lib/crater-agent-workspace/builds/worker-0-tc1/source:/opt/rustwide/workdir:ro,Z" "-v" "/var/lib/crater-agent-workspace/cargo-home:/opt/rustwide/cargo-home:ro,Z" "-v" "/var/lib/crater-agent-workspace/rustup-home:/opt/rustwide/rustup-home:ro,Z" "-e" "SOURCE_DIR=/opt/rustwide/workdir" "-e" "CARGO_TARGET_DIR=/opt/rustwide/target" "-e" "CARGO_INCREMENTAL=0" "-e" "RUST_BACKTRACE=full" "-e" "RUSTFLAGS=--cap-lints=forbid" "-e" "RUSTDOCFLAGS=--cap-lints=forbid" "-e" "CARGO_HOME=/opt/rustwide/cargo-home" "-e" "RUSTUP_HOME=/opt/rustwide/rustup-home" "-w" "/opt/rustwide/workdir" "-m" "1610612736" "--user" "0:0" "--network" "none" "ghcr.io/rust-lang/crates-build-env/linux@sha256:4a844ea9eb2546a2d2c7022eacef16ef2e8229c7fbb2c7d4d55a9ceca922f72d" "/opt/rustwide/cargo-home/bin/cargo" "+nightly-2024-10-28" "test" "--frozen" "--no-run" "--message-format=json", kill_on_drop: false }`
[INFO] [stdout] 0f941c4e0f1987f5f2f3497828f3e96f9019f5fcf9205c83658f76b6d10dbf9c
[INFO] running `Command { std: "docker" "start" "-a" "0f941c4e0f1987f5f2f3497828f3e96f9019f5fcf9205c83658f76b6d10dbf9c", kill_on_drop: false }`
[INFO] [stderr]    Compiling proc-macro2 v1.0.86
[INFO] [stderr]    Compiling unicode-ident v1.0.13
[INFO] [stderr]    Compiling byteorder v1.5.0
[INFO] [stderr]    Compiling memchr v2.7.4
[INFO] [stderr]    Compiling regex-syntax v0.8.5
[INFO] [stderr]    Compiling utf8parse v0.2.2
[INFO] [stderr]    Compiling log v0.4.22
[INFO] [stderr]    Compiling is_terminal_polyfill v1.70.1
[INFO] [stderr]    Compiling colorchoice v1.0.2
[INFO] [stderr]    Compiling anstyle v1.0.8
[INFO] [stderr]    Compiling anstyle-query v1.1.1
[INFO] [stderr]    Compiling serde v1.0.210
[INFO] [stderr]    Compiling humantime v2.1.0
[INFO] [stderr]    Compiling getrandom v0.2.15
[INFO] [stderr]    Compiling anstyle-parse v0.2.5
[INFO] [stderr]    Compiling rand_core v0.6.4
[INFO] [stderr]    Compiling anstream v0.6.15
[INFO] [stderr]    Compiling aho-corasick v1.1.3
[INFO] [stderr]    Compiling quote v1.0.37
[INFO] [stderr]    Compiling syn v2.0.79
[INFO] [stderr]    Compiling regex-automata v0.4.8
[INFO] [stderr]    Compiling zerocopy-derive v0.7.35
[INFO] [stderr]    Compiling serde_derive v1.0.210
[INFO] [stderr]    Compiling zerocopy v0.7.35
[INFO] [stderr]    Compiling ppv-lite86 v0.2.20
[INFO] [stderr]    Compiling ahash v0.8.11
[INFO] [stderr]    Compiling regex v1.11.0
[INFO] [stderr]    Compiling assets_manager v0.12.3 (/opt/rustwide/workdir)
[INFO] [stderr]    Compiling rand_chacha v0.3.1
[INFO] [stderr]    Compiling env_filter v0.1.2
[INFO] [stderr]    Compiling rand v0.8.5
[INFO] [stderr]    Compiling env_logger v0.11.5
[INFO] [stdout] warning: field `0` is never read
[INFO] [stdout]   --> src/tests.rs:41:14
[INFO] [stdout]    |
[INFO] [stdout] 41 | pub struct Z(pub i32);
[INFO] [stdout]    |            - ^^^^^^^
[INFO] [stdout]    |            |
[INFO] [stdout]    |            field in this struct
[INFO] [stdout]    |
[INFO] [stdout]    = help: consider removing this field
[INFO] [stdout]    = note: `#[warn(dead_code)]` on by default
[INFO] [stdout] 
[INFO] [stdout] 
[INFO] [stderr]     Finished `test` profile [unoptimized] target(s) in 7.56s
[INFO] running `Command { std: "docker" "inspect" "0f941c4e0f1987f5f2f3497828f3e96f9019f5fcf9205c83658f76b6d10dbf9c", kill_on_drop: false }`
[INFO] running `Command { std: "docker" "rm" "-f" "0f941c4e0f1987f5f2f3497828f3e96f9019f5fcf9205c83658f76b6d10dbf9c", kill_on_drop: false }`
[INFO] [stdout] 0f941c4e0f1987f5f2f3497828f3e96f9019f5fcf9205c83658f76b6d10dbf9c
[INFO] running `Command { std: "docker" "create" "-v" "/var/lib/crater-agent-workspace/builds/worker-0-tc1/target:/opt/rustwide/target:rw,Z" "-v" "/var/lib/crater-agent-workspace/builds/worker-0-tc1/source:/opt/rustwide/workdir:ro,Z" "-v" "/var/lib/crater-agent-workspace/cargo-home:/opt/rustwide/cargo-home:ro,Z" "-v" "/var/lib/crater-agent-workspace/rustup-home:/opt/rustwide/rustup-home:ro,Z" "-e" "SOURCE_DIR=/opt/rustwide/workdir" "-e" "CARGO_TARGET_DIR=/opt/rustwide/target" "-e" "CARGO_INCREMENTAL=0" "-e" "RUST_BACKTRACE=full" "-e" "RUSTFLAGS=--cap-lints=forbid" "-e" "RUSTDOCFLAGS=--cap-lints=forbid" "-e" "CARGO_HOME=/opt/rustwide/cargo-home" "-e" "RUSTUP_HOME=/opt/rustwide/rustup-home" "-w" "/opt/rustwide/workdir" "-m" "1610612736" "--user" "0:0" "--network" "none" "ghcr.io/rust-lang/crates-build-env/linux@sha256:4a844ea9eb2546a2d2c7022eacef16ef2e8229c7fbb2c7d4d55a9ceca922f72d" "/opt/rustwide/cargo-home/bin/cargo" "+nightly-2024-10-28" "test" "--frozen", kill_on_drop: false }`
[INFO] [stdout] 07070adcd24e9447474fc4dff4003af3f384335ecc64ab75944e22bf43b7eb4d
[INFO] running `Command { std: "docker" "start" "-a" "07070adcd24e9447474fc4dff4003af3f384335ecc64ab75944e22bf43b7eb4d", kill_on_drop: false }`
[INFO] [stderr] warning: field `0` is never read
[INFO] [stderr]   --> src/tests.rs:41:14
[INFO] [stderr]    |
[INFO] [stderr] 41 | pub struct Z(pub i32);
[INFO] [stderr]    |            - ^^^^^^^
[INFO] [stderr]    |            |
[INFO] [stderr]    |            field in this struct
[INFO] [stderr]    |
[INFO] [stderr]    = help: consider removing this field
[INFO] [stderr]    = note: `#[warn(dead_code)]` on by default
[INFO] [stderr] 
[INFO] [stderr] warning: `assets_manager` (lib test) generated 1 warning
[INFO] [stderr]     Finished `test` profile [unoptimized] target(s) in 0.06s
[INFO] [stderr]      Running unittests src/lib.rs (/opt/rustwide/target/debug/deps/assets_manager-76daa99f87863980)
[INFO] [stdout] 
[INFO] [stdout] running 29 tests
[INFO] [stdout] test loader::tests::bytes_loader_ok ... ok
[INFO] [stdout] test loader::tests::parse_loader_err ... ok
[INFO] [stdout] test loader::tests::from_other ... ok
[INFO] [stdout] test loader::tests::parse_loader_ok ... ok
[INFO] [stdout] test loader::tests::string_loader_ok ... ok
[INFO] [stdout] test loader::tests::string_loader_utf8_err ... ok
[INFO] [stdout] test tests::asset_cache::new_with_invalid_path ... ok
[INFO] [stdout] test tests::asset_cache::new_with_valid_file ... ok
[INFO] [stdout] test source::tests::filesystem::errors ... FAILED
[INFO] [stdout] test source::tests::filesystem::path_of ... FAILED
[INFO] [stdout] test source::tests::filesystem::read_err ... FAILED
[INFO] [stdout] test source::tests::filesystem::read_dir ... FAILED
[INFO] [stdout] test tests::asset_cache::take ... FAILED
[INFO] [stdout] test source::tests::filesystem::read_root ... FAILED
[INFO] [stdout] test tests::handle::same_handle ... FAILED
[INFO] [stdout] test utils::tests::shared_bytes::vec ... ok
[INFO] [stdout] test utils::tests::shared_bytes::slice ... ok
[INFO] [stdout] test tests::asset_cache::get_cached ... FAILED
[INFO] [stdout] test tests::asset_cache::get_or_insert ... FAILED
[INFO] [stdout] test tests::asset_cache::load ... FAILED
[INFO] [stdout] test tests::asset_cache::load_dir_all ... FAILED
[INFO] [stdout] test tests::asset_cache::load_dir_ok ... FAILED
[INFO] [stdout] test tests::asset_cache::load_owned ... FAILED
[INFO] [stdout] test tests::asset_cache::new_with_valid_path ... FAILED
[INFO] [stdout] test tests::asset_cache::remove ... FAILED
[INFO] [stdout] test source::tests::filesystem::read_ok ... FAILED
[INFO] [stdout] test tests::handle::id ... FAILED
[INFO] [stdout] test tests::asset_cache::errors ... FAILED
[INFO] [stdout] test tests::handle::untyped ... FAILED
[INFO] [stdout] 
[INFO] [stdout] failures:
[INFO] [stdout] 
[INFO] [stdout] ---- source::tests::filesystem::errors stdout ----
[INFO] [stdout] thread 'source::tests::filesystem::errors' panicked at src/source/tests.rs:85:44:
[INFO] [stdout] called `Result::unwrap()` on an `Err` value: Os { code: 2, kind: NotFound, message: "No such file or directory" }
[INFO] [stdout] stack backtrace:
[INFO] [stdout]    0:     0x59999d59b77a - <std::sys::backtrace::BacktraceLock::print::DisplayBacktrace as core::fmt::Display>::fmt::ha0a4c9b8ce3802e6
[INFO] [stdout]    1:     0x59999d5c2863 - core::fmt::write::h522cc39e5b36ae9f
[INFO] [stdout]    2:     0x59999d597fd3 - std::io::Write::write_fmt::h7d3c26752da97734
[INFO] [stdout]    3:     0x59999d59b5c2 - std::sys::backtrace::BacktraceLock::print::h4b9e00b29e9c0942
[INFO] [stdout]    4:     0x59999d59cc0a - std::panicking::default_hook::{{closure}}::hb59b88280d0324d9
[INFO] [stdout]    5:     0x59999d59ca14 - std::panicking::default_hook::he1dd496665be4a29
[INFO] [stdout]    6:     0x59999d561e89 - test::test_main::{{closure}}::hcf7c055ce117aa81
[INFO] [stdout]    7:     0x59999d59d308 - std::panicking::rust_panic_with_hook::h2ff17fe8f26dfcf8
[INFO] [stdout]    8:     0x59999d59d0ca - std::panicking::begin_panic_handler::{{closure}}::h4fad77951c07e101
[INFO] [stdout]    9:     0x59999d59bc59 - std::sys::backtrace::__rust_end_short_backtrace::hb1a25b3da5d0ea08
[INFO] [stdout]   10:     0x59999d59cd5c - rust_begin_unwind
[INFO] [stdout]   11:     0x59999d5c1260 - core::panicking::panic_fmt::ha9db07b529f9b256
[INFO] [stdout]   12:     0x59999d5c16a6 - core::result::unwrap_failed::h5e8218e4d4338b8a
[INFO] [stdout]   13:     0x59999d4ce192 - assets_manager::source::tests::filesystem::errors::h41582e5d9b0c1585
[INFO] [stdout]   14:     0x59999d4ce0f3 - assets_manager::source::tests::filesystem::errors::{{closure}}::h7f6c8384cc0bab85
[INFO] [stdout]   15:     0x59999d4cf406 - core::ops::function::FnOnce::call_once::hb000f40b01dbc5ed
[INFO] [stdout]   16:     0x59999d56675b - test::__rust_begin_short_backtrace::h8e82d8113d0da17f
[INFO] [stdout]   17:     0x59999d5660d7 - test::run_test::{{closure}}::h708eb8872708115d
[INFO] [stdout]   18:     0x59999d5297f4 - std::sys::backtrace::__rust_begin_short_backtrace::h2f40290710935a8b
[INFO] [stdout]   19:     0x59999d52cf9e - core::ops::function::FnOnce::call_once{{vtable.shim}}::h90d312fedd7b8ea8
[INFO] [stdout]   20:     0x59999d5a15db - std::sys::pal::unix::thread::Thread::new::thread_start::h6cd80a1b4be5158d
[INFO] [stdout]   21:     0x73263609fac3 - <unknown>
[INFO] [stdout]   22:     0x732636130a04 - clone
[INFO] [stdout]   23:                0x0 - <unknown>
[INFO] [stdout] 
[INFO] [stdout] ---- source::tests::filesystem::path_of stdout ----
[INFO] [stdout] thread 'source::tests::filesystem::path_of' panicked at src/source/tests.rs:70:44:
[INFO] [stdout] called `Result::unwrap()` on an `Err` value: Os { code: 2, kind: NotFound, message: "No such file or directory" }
[INFO] [stdout] stack backtrace:
[INFO] [stdout]    0:     0x59999d59b77a - <std::sys::backtrace::BacktraceLock::print::DisplayBacktrace as core::fmt::Display>::fmt::ha0a4c9b8ce3802e6
[INFO] [stdout]    1:     0x59999d5c2863 - core::fmt::write::h522cc39e5b36ae9f
[INFO] [stdout]    2:     0x59999d597fd3 - std::io::Write::write_fmt::h7d3c26752da97734
[INFO] [stdout]    3:     0x59999d59b5c2 - std::sys::backtrace::BacktraceLock::print::h4b9e00b29e9c0942
[INFO] [stdout]    4:     0x59999d59cc0a - std::panicking::default_hook::{{closure}}::hb59b88280d0324d9
[INFO] [stdout]    5:     0x59999d59ca14 - std::panicking::default_hook::he1dd496665be4a29
[INFO] [stdout]    6:     0x59999d561e89 - test::test_main::{{closure}}::hcf7c055ce117aa81
[INFO] [stdout]    7:     0x59999d59d308 - std::panicking::rust_panic_with_hook::h2ff17fe8f26dfcf8
[INFO] [stdout]    8:     0x59999d59d0ca - std::panicking::begin_panic_handler::{{closure}}::h4fad77951c07e101
[INFO] [stdout]    9:     0x59999d59bc59 - std::sys::backtrace::__rust_end_short_backtrace::hb1a25b3da5d0ea08
[INFO] [stdout]   10:     0x59999d59cd5c - rust_begin_unwind
[INFO] [stdout]   11:     0x59999d5c1260 - core::panicking::panic_fmt::ha9db07b529f9b256
[INFO] [stdout]   12:     0x59999d5c16a6 - core::result::unwrap_failed::h5e8218e4d4338b8a
[INFO] [stdout]   13:     0x59999d4cde45 - assets_manager::source::tests::filesystem::path_of::hb40d41373bd789f4
[INFO] [stdout]   14:     0x59999d4cddb3 - assets_manager::source::tests::filesystem::path_of::{{closure}}::hfe480870679ac079
[INFO] [stdout]   15:     0x59999d4cf046 - core::ops::function::FnOnce::call_once::h5c98deabca7487f6
[INFO] [stdout]   16:     0x59999d56675b - test::__rust_begin_short_backtrace::h8e82d8113d0da17f
[INFO] [stdout]   17:     0x59999d5660d7 - test::run_test::{{closure}}::h708eb8872708115d
[INFO] [stdout]   18:     0x59999d5297f4 - std::sys::backtrace::__rust_begin_short_backtrace::h2f40290710935a8b
[INFO] [stdout]   19:     0x59999d52cf9e - core::ops::function::FnOnce::call_once{{vtable.shim}}::h90d312fedd7b8ea8
[INFO] [stdout]   20:     0x59999d5a15db - std::sys::pal::unix::thread::Thread::new::thread_start::h6cd80a1b4be5158d
[INFO] [stdout]   21:     0x73263609fac3 - <unknown>
[INFO] [stdout]   22:     0x732636130a04 - clone
[INFO] [stdout]   23:                0x0 - <unknown>
[INFO] [stdout] 
[INFO] [stdout] ---- source::tests::filesystem::read_err stdout ----
[INFO] [stdout] thread 'source::tests::filesystem::read_err' panicked at src/source/tests.rs:66:44:
[INFO] [stdout] called `Result::unwrap()` on an `Err` value: Os { code: 2, kind: NotFound, message: "No such file or directory" }
[INFO] [stdout] stack backtrace:
[INFO] [stdout]    0:     0x59999d59b77a - <std::sys::backtrace::BacktraceLock::print::DisplayBacktrace as core::fmt::Display>::fmt::ha0a4c9b8ce3802e6
[INFO] [stdout]    1:     0x59999d5c2863 - core::fmt::write::h522cc39e5b36ae9f
[INFO] [stdout]    2:     0x59999d597fd3 - std::io::Write::write_fmt::h7d3c26752da97734
[INFO] [stdout]    3:     0x59999d59b5c2 - std::sys::backtrace::BacktraceLock::print::h4b9e00b29e9c0942
[INFO] [stdout]    4:     0x59999d59cc0a - std::panicking::default_hook::{{closure}}::hb59b88280d0324d9
[INFO] [stdout]    5:     0x59999d59ca14 - std::panicking::default_hook::he1dd496665be4a29
[INFO] [stdout]    6:     0x59999d561e89 - test::test_main::{{closure}}::hcf7c055ce117aa81
[INFO] [stdout]    7:     0x59999d59d308 - std::panicking::rust_panic_with_hook::h2ff17fe8f26dfcf8
[INFO] [stdout]    8:     0x59999d59d0ca - std::panicking::begin_panic_handler::{{closure}}::h4fad77951c07e101
[INFO] [stdout]    9:     0x59999d59bc59 - std::sys::backtrace::__rust_end_short_backtrace::hb1a25b3da5d0ea08
[INFO] [stdout]   10:     0x59999d59cd5c - rust_begin_unwind
[INFO] [stdout]   11:     0x59999d5c1260 - core::panicking::panic_fmt::ha9db07b529f9b256
[INFO] [stdout]   12:     0x59999d5c16a6 - core::result::unwrap_failed::h5e8218e4d4338b8a
[INFO] [stdout]   13:     0x59999d4cd16f - assets_manager::source::tests::filesystem::read_err::h6818d0acf272488b
[INFO] [stdout]   14:     0x59999d4cd0e3 - assets_manager::source::tests::filesystem::read_err::{{closure}}::h58d5d8bbda6b2e1f
[INFO] [stdout]   15:     0x59999d4cf1c6 - core::ops::function::FnOnce::call_once::h85f4330e06291801
[INFO] [stdout]   16:     0x59999d56675b - test::__rust_begin_short_backtrace::h8e82d8113d0da17f
[INFO] [stdout]   17:     0x59999d5660d7 - test::run_test::{{closure}}::h708eb8872708115d
[INFO] [stdout]   18:     0x59999d5297f4 - std::sys::backtrace::__rust_begin_short_backtrace::h2f40290710935a8b
[INFO] [stdout]   19:     0x59999d52cf9e - core::ops::function::FnOnce::call_once{{vtable.shim}}::h90d312fedd7b8ea8
[INFO] [stdout]   20:     0x59999d5a15db - std::sys::pal::unix::thread::Thread::new::thread_start::h6cd80a1b4be5158d
[INFO] [stdout]   21:     0x73263609fac3 - <unknown>
[INFO] [stdout]   22:     0x732636130a04 - clone
[INFO] [stdout]   23:                0x0 - <unknown>
[INFO] [stdout] 
[INFO] [stdout] ---- source::tests::filesystem::read_dir stdout ----
[INFO] [stdout] thread 'source::tests::filesystem::read_dir' panicked at src/source/tests.rs:66:44:
[INFO] [stdout] called `Result::unwrap()` on an `Err` value: Os { code: 2, kind: NotFound, message: "No such file or directory" }
[INFO] [stdout] stack backtrace:
[INFO] [stdout]    0:     0x59999d59b77a - <std::sys::backtrace::BacktraceLock::print::DisplayBacktrace as core::fmt::Display>::fmt::ha0a4c9b8ce3802e6
[INFO] [stdout]    1:     0x59999d5c2863 - core::fmt::write::h522cc39e5b36ae9f
[INFO] [stdout]    2:     0x59999d597fd3 - std::io::Write::write_fmt::h7d3c26752da97734
[INFO] [stdout]    3:     0x59999d59b5c2 - std::sys::backtrace::BacktraceLock::print::h4b9e00b29e9c0942
[INFO] [stdout]    4:     0x59999d59cc0a - std::panicking::default_hook::{{closure}}::hb59b88280d0324d9
[INFO] [stdout]    5:     0x59999d59ca14 - std::panicking::default_hook::he1dd496665be4a29
[INFO] [stdout]    6:     0x59999d561e89 - test::test_main::{{closure}}::hcf7c055ce117aa81
[INFO] [stdout]    7:     0x59999d59d308 - std::panicking::rust_panic_with_hook::h2ff17fe8f26dfcf8
[INFO] [stdout]    8:     0x59999d59d0ca - std::panicking::begin_panic_handler::{{closure}}::h4fad77951c07e101
[INFO] [stdout]    9:     0x59999d59bc59 - std::sys::backtrace::__rust_end_short_backtrace::hb1a25b3da5d0ea08
[INFO] [stdout]   10:     0x59999d59cd5c - rust_begin_unwind
[INFO] [stdout]   11:     0x59999d5c1260 - core::panicking::panic_fmt::ha9db07b529f9b256
[INFO] [stdout]   12:     0x59999d5c16a6 - core::result::unwrap_failed::h5e8218e4d4338b8a
[INFO] [stdout]   13:     0x59999d4cd355 - assets_manager::source::tests::filesystem::read_dir::hbe46fec44bcc0b33
[INFO] [stdout]   14:     0x59999d4cd2c3 - assets_manager::source::tests::filesystem::read_dir::{{closure}}::he3d7c68b58f4ceee
[INFO] [stdout]   15:     0x59999d4cefd6 - core::ops::function::FnOnce::call_once::h5680707333209e69
[INFO] [stdout]   16:     0x59999d56675b - test::__rust_begin_short_backtrace::h8e82d8113d0da17f
[INFO] [stdout]   17:     0x59999d5660d7 - test::run_test::{{closure}}::h708eb8872708115d
[INFO] [stdout]   18:     0x59999d5297f4 - std::sys::backtrace::__rust_begin_short_backtrace::h2f40290710935a8b
[INFO] [stdout]   19:     0x59999d52cf9e - core::ops::function::FnOnce::call_once{{vtable.shim}}::h90d312fedd7b8ea8
[INFO] [stdout]   20:     0x59999d5a15db - std::sys::pal::unix::thread::Thread::new::thread_start::h6cd80a1b4be5158d
[INFO] [stdout]   21:     0x73263609fac3 - <unknown>
[INFO] [stdout]   22:     0x732636130a04 - clone
[INFO] [stdout]   23:                0x0 - <unknown>
[INFO] [stdout] 
[INFO] [stdout] ---- tests::asset_cache::take stdout ----
[INFO] [stdout] thread 'tests::asset_cache::take' panicked at src/tests.rs:173:51:
[INFO] [stdout] called `Result::unwrap()` on an `Err` value: Os { code: 2, kind: NotFound, message: "No such file or directory" }
[INFO] [stdout] stack backtrace:
[INFO] [stdout]    0:     0x59999d59b77a - <std::sys::backtrace::BacktraceLock::print::DisplayBacktrace as core::fmt::Display>::fmt::ha0a4c9b8ce3802e6
[INFO] [stdout]    1:     0x59999d5c2863 - core::fmt::write::h522cc39e5b36ae9f
[INFO] [stdout]    2:     0x59999d597fd3 - std::io::Write::write_fmt::h7d3c26752da97734
[INFO] [stdout]    3:     0x59999d59b5c2 - std::sys::backtrace::BacktraceLock::print::h4b9e00b29e9c0942
[INFO] [stdout]    4:     0x59999d59cc0a - std::panicking::default_hook::{{closure}}::hb59b88280d0324d9
[INFO] [stdout]    5:     0x59999d59ca14 - std::panicking::default_hook::he1dd496665be4a29
[INFO] [stdout]    6:     0x59999d561e89 - test::test_main::{{closure}}::hcf7c055ce117aa81
[INFO] [stdout]    7:     0x59999d59d308 - std::panicking::rust_panic_with_hook::h2ff17fe8f26dfcf8
[INFO] [stdout]    8:     0x59999d59d0ca - std::panicking::begin_panic_handler::{{closure}}::h4fad77951c07e101
[INFO] [stdout]    9:     0x59999d59bc59 - std::sys::backtrace::__rust_end_short_backtrace::hb1a25b3da5d0ea08
[INFO] [stdout]   10:     0x59999d59cd5c - rust_begin_unwind
[INFO] [stdout]   11:     0x59999d5c1260 - core::panicking::panic_fmt::ha9db07b529f9b256
[INFO] [stdout]   12:     0x59999d5c16a6 - core::result::unwrap_failed::h5e8218e4d4338b8a
[INFO] [stdout]   13:     0x59999d4dab52 - assets_manager::tests::asset_cache::take::hcd745c63a70d8a6d
[INFO] [stdout]   14:     0x59999d4daab3 - assets_manager::tests::asset_cache::take::{{closure}}::h8f01717fe12d1c34
[INFO] [stdout]   15:     0x59999d4cf516 - core::ops::function::FnOnce::call_once::hbc94fa475c9f6777
[INFO] [stdout]   16:     0x59999d56675b - test::__rust_begin_short_backtrace::h8e82d8113d0da17f
[INFO] [stdout]   17:     0x59999d5660d7 - test::run_test::{{closure}}::h708eb8872708115d
[INFO] [stdout]   18:     0x59999d5297f4 - std::sys::backtrace::__rust_begin_short_backtrace::h2f40290710935a8b
[INFO] [stdout]   19:     0x59999d52cf9e - core::ops::function::FnOnce::call_once{{vtable.shim}}::h90d312fedd7b8ea8
[INFO] [stdout]   20:     0x59999d5a15db - std::sys::pal::unix::thread::Thread::new::thread_start::h6cd80a1b4be5158d
[INFO] [stdout]   21:     0x73263609fac3 - <unknown>
[INFO] [stdout]   22:     0x732636130a04 - clone
[INFO] [stdout]   23:                0x0 - <unknown>
[INFO] [stdout] 
[INFO] [stdout] ---- source::tests::filesystem::read_root stdout ----
[INFO] [stdout] thread 'source::tests::filesystem::read_root' panicked at src/source/tests.rs:66:44:
[INFO] [stdout] called `Result::unwrap()` on an `Err` value: Os { code: 2, kind: NotFound, message: "No such file or directory" }
[INFO] [stdout] stack backtrace:
[INFO] [stdout]    0:     0x59999d59b77a - <std::sys::backtrace::BacktraceLock::print::DisplayBacktrace as core::fmt::Display>::fmt::ha0a4c9b8ce3802e6
[INFO] [stdout]    1:     0x59999d5c2863 - core::fmt::write::h522cc39e5b36ae9f
[INFO] [stdout]    2:     0x59999d597fd3 - std::io::Write::write_fmt::h7d3c26752da97734
[INFO] [stdout]    3:     0x59999d59b5c2 - std::sys::backtrace::BacktraceLock::print::h4b9e00b29e9c0942
[INFO] [stdout]    4:     0x59999d59cc0a - std::panicking::default_hook::{{closure}}::hb59b88280d0324d9
[INFO] [stdout]    5:     0x59999d59ca14 - std::panicking::default_hook::he1dd496665be4a29
[INFO] [stdout]    6:     0x59999d561e89 - test::test_main::{{closure}}::hcf7c055ce117aa81
[INFO] [stdout]    7:     0x59999d59d308 - std::panicking::rust_panic_with_hook::h2ff17fe8f26dfcf8
[INFO] [stdout]    8:     0x59999d59d0ca - std::panicking::begin_panic_handler::{{closure}}::h4fad77951c07e101
[INFO] [stdout]    9:     0x59999d59bc59 - std::sys::backtrace::__rust_end_short_backtrace::hb1a25b3da5d0ea08
[INFO] [stdout]   10:     0x59999d59cd5c - rust_begin_unwind
[INFO] [stdout]   11:     0x59999d5c1260 - core::panicking::panic_fmt::ha9db07b529f9b256
[INFO] [stdout]   12:     0x59999d5c16a6 - core::result::unwrap_failed::h5e8218e4d4338b8a
[INFO] [stdout]   13:     0x59999d4cdab5 - assets_manager::source::tests::filesystem::read_root::h09a3299af51101d9
[INFO] [stdout]   14:     0x59999d4cda23 - assets_manager::source::tests::filesystem::read_root::{{closure}}::h15ddf874f0887809
[INFO] [stdout]   15:     0x59999d4cf586 - core::ops::function::FnOnce::call_once::hc59008eef7e8f53f
[INFO] [stdout]   16:     0x59999d56675b - test::__rust_begin_short_backtrace::h8e82d8113d0da17f
[INFO] [stdout]   17:     0x59999d5660d7 - test::run_test::{{closure}}::h708eb8872708115d
[INFO] [stdout]   18:     0x59999d5297f4 - std::sys::backtrace::__rust_begin_short_backtrace::h2f40290710935a8b
[INFO] [stdout]   19:     0x59999d52cf9e - core::ops::function::FnOnce::call_once{{vtable.shim}}::h90d312fedd7b8ea8
[INFO] [stdout]   20:     0x59999d5a15db - std::sys::pal::unix::thread::Thread::new::thread_start::h6cd80a1b4be5158d
[INFO] [stdout]   21:     0x73263609fac3 - <unknown>
[INFO] [stdout]   22:     0x732636130a04 - clone
[INFO] [stdout]   23:                0x0 - <unknown>
[INFO] [stdout] 
[INFO] [stdout] ---- tests::handle::same_handle stdout ----
[INFO] [stdout] thread 'tests::handle::same_handle' panicked at src/tests.rs:204:47:
[INFO] [stdout] called `Result::unwrap()` on an `Err` value: Os { code: 2, kind: NotFound, message: "No such file or directory" }
[INFO] [stdout] stack backtrace:
[INFO] [stdout]    0:     0x59999d59b77a - <std::sys::backtrace::BacktraceLock::print::DisplayBacktrace as core::fmt::Display>::fmt::ha0a4c9b8ce3802e6
[INFO] [stdout]    1:     0x59999d5c2863 - core::fmt::write::h522cc39e5b36ae9f
[INFO] [stdout]    2:     0x59999d597fd3 - std::io::Write::write_fmt::h7d3c26752da97734
[INFO] [stdout]    3:     0x59999d59b5c2 - std::sys::backtrace::BacktraceLock::print::h4b9e00b29e9c0942
[INFO] [stdout]    4:     0x59999d59cc0a - std::panicking::default_hook::{{closure}}::hb59b88280d0324d9
[INFO] [stdout]    5:     0x59999d59ca14 - std::panicking::default_hook::he1dd496665be4a29
[INFO] [stdout]    6:     0x59999d561e89 - test::test_main::{{closure}}::hcf7c055ce117aa81
[INFO] [stdout]    7:     0x59999d59d308 - std::panicking::rust_panic_with_hook::h2ff17fe8f26dfcf8
[INFO] [stdout]    8:     0x59999d59d0ca - std::panicking::begin_panic_handler::{{closure}}::h4fad77951c07e101
[INFO] [stdout]    9:     0x59999d59bc59 - std::sys::backtrace::__rust_end_short_backtrace::hb1a25b3da5d0ea08
[INFO] [stdout]   10:     0x59999d59cd5c - rust_begin_unwind
[INFO] [stdout]   11:     0x59999d5c1260 - core::panicking::panic_fmt::ha9db07b529f9b256
[INFO] [stdout]   12:     0x59999d5c16a6 - core::result::unwrap_failed::h5e8218e4d4338b8a
[INFO] [stdout]   13:     0x59999d4db532 - assets_manager::tests::handle::same_handle::h6f2e513dc19780f6
[INFO] [stdout]   14:     0x59999d4db493 - assets_manager::tests::handle::same_handle::{{closure}}::h56f9bbcda5a7b4d6
[INFO] [stdout]   15:     0x59999d4cef96 - core::ops::function::FnOnce::call_once::h3e3b9ed23f73f0de
[INFO] [stdout]   16:     0x59999d56675b - test::__rust_begin_short_backtrace::h8e82d8113d0da17f
[INFO] [stdout]   17:     0x59999d5660d7 - test::run_test::{{closure}}::h708eb8872708115d
[INFO] [stdout]   18:     0x59999d5297f4 - std::sys::backtrace::__rust_begin_short_backtrace::h2f40290710935a8b
[INFO] [stdout]   19:     0x59999d52cf9e - core::ops::function::FnOnce::call_once{{vtable.shim}}::h90d312fedd7b8ea8
[INFO] [stdout]   20:     0x59999d5a15db - std::sys::pal::unix::thread::Thread::new::thread_start::h6cd80a1b4be5158d
[INFO] [stdout]   21:     0x73263609fac3 - <unknown>
[INFO] [stdout]   22:     0x732636130a04 - clone
[INFO] [stdout]   23:                0x0 - <unknown>
[INFO] [stdout] 
[INFO] [stdout] ---- tests::asset_cache::get_cached stdout ----
[INFO] [stdout] thread 'tests::asset_cache::get_cached' panicked at src/tests.rs:89:47:
[INFO] [stdout] called `Result::unwrap()` on an `Err` value: Os { code: 2, kind: NotFound, message: "No such file or directory" }
[INFO] [stdout] stack backtrace:
[INFO] [stdout]    0:     0x59999d59b77a - <std::sys::backtrace::BacktraceLock::print::DisplayBacktrace as core::fmt::Display>::fmt::ha0a4c9b8ce3802e6
[INFO] [stdout]    1:     0x59999d5c2863 - core::fmt::write::h522cc39e5b36ae9f
[INFO] [stdout]    2:     0x59999d597fd3 - std::io::Write::write_fmt::h7d3c26752da97734
[INFO] [stdout]    3:     0x59999d59b5c2 - std::sys::backtrace::BacktraceLock::print::h4b9e00b29e9c0942
[INFO] [stdout]    4:     0x59999d59cc0a - std::panicking::default_hook::{{closure}}::hb59b88280d0324d9
[INFO] [stdout]    5:     0x59999d59ca14 - std::panicking::default_hook::he1dd496665be4a29
[INFO] [stdout]    6:     0x59999d561e89 - test::test_main::{{closure}}::hcf7c055ce117aa81
[INFO] [stdout]    7:     0x59999d59d308 - std::panicking::rust_panic_with_hook::h2ff17fe8f26dfcf8
[INFO] [stdout]    8:     0x59999d59d0ca - std::panicking::begin_panic_handler::{{closure}}::h4fad77951c07e101
[INFO] [stdout]    9:     0x59999d59bc59 - std::sys::backtrace::__rust_end_short_backtrace::hb1a25b3da5d0ea08
[INFO] [stdout]   10:     0x59999d59cd5c - rust_begin_unwind
[INFO] [stdout]   11:     0x59999d5c1260 - core::panicking::panic_fmt::ha9db07b529f9b256
[INFO] [stdout]   12:     0x59999d5c16a6 - core::result::unwrap_failed::h5e8218e4d4338b8a
[INFO] [stdout]   13:     0x59999d4d8c52 - assets_manager::tests::asset_cache::get_cached::h1c4927f0f31dc68b
[INFO] [stdout]   14:     0x59999d4d8bb3 - assets_manager::tests::asset_cache::get_cached::{{closure}}::hbb6b397d70167a8b
[INFO] [stdout]   15:     0x59999d4cf736 - core::ops::function::FnOnce::call_once::he570e66ed9f17111
[INFO] [stdout]   16:     0x59999d56675b - test::__rust_begin_short_backtrace::h8e82d8113d0da17f
[INFO] [stdout]   17:     0x59999d5660d7 - test::run_test::{{closure}}::h708eb8872708115d
[INFO] [stderr] error: test failed, to rerun pass `--lib`
[INFO] [stdout]   18:     0x59999d5297f4 - std::sys::backtrace::__rust_begin_short_backtrace::h2f40290710935a8b
[INFO] [stdout]   19:     0x59999d52cf9e - core::ops::function::FnOnce::call_once{{vtable.shim}}::h90d312fedd7b8ea8
[INFO] [stdout]   20:     0x59999d5a15db - std::sys::pal::unix::thread::Thread::new::thread_start::h6cd80a1b4be5158d
[INFO] [stdout]   21:     0x73263609fac3 - <unknown>
[INFO] [stdout]   22:     0x732636130a04 - clone
[INFO] [stdout]   23:                0x0 - <unknown>
[INFO] [stdout] 
[INFO] [stdout] ---- tests::asset_cache::get_or_insert stdout ----
[INFO] [stdout] thread 'tests::asset_cache::get_or_insert' panicked at src/tests.rs:98:47:
[INFO] [stdout] called `Result::unwrap()` on an `Err` value: Os { code: 2, kind: NotFound, message: "No such file or directory" }
[INFO] [stdout] stack backtrace:
[INFO] [stdout]    0:     0x59999d59b77a - <std::sys::backtrace::BacktraceLock::print::DisplayBacktrace as core::fmt::Display>::fmt::ha0a4c9b8ce3802e6
[INFO] [stdout]    1:     0x59999d5c2863 - core::fmt::write::h522cc39e5b36ae9f
[INFO] [stdout]    2:     0x59999d597fd3 - std::io::Write::write_fmt::h7d3c26752da97734
[INFO] [stdout]    3:     0x59999d59b5c2 - std::sys::backtrace::BacktraceLock::print::h4b9e00b29e9c0942
[INFO] [stdout]    4:     0x59999d59cc0a - std::panicking::default_hook::{{closure}}::hb59b88280d0324d9
[INFO] [stdout]    5:     0x59999d59ca14 - std::panicking::default_hook::he1dd496665be4a29
[INFO] [stdout]    6:     0x59999d561e89 - test::test_main::{{closure}}::hcf7c055ce117aa81
[INFO] [stdout]    7:     0x59999d59d308 - std::panicking::rust_panic_with_hook::h2ff17fe8f26dfcf8
[INFO] [stdout]    8:     0x59999d59d0ca - std::panicking::begin_panic_handler::{{closure}}::h4fad77951c07e101
[INFO] [stdout]    9:     0x59999d59bc59 - std::sys::backtrace::__rust_end_short_backtrace::hb1a25b3da5d0ea08
[INFO] [stdout]   10:     0x59999d59cd5c - rust_begin_unwind
[INFO] [stdout]   11:     0x59999d5c1260 - core::panicking::panic_fmt::ha9db07b529f9b256
[INFO] [stdout]   12:     0x59999d5c16a6 - core::result::unwrap_failed::h5e8218e4d4338b8a
[INFO] [stdout]   13:     0x59999d4d9032 - assets_manager::tests::asset_cache::get_or_insert::h6b1b1b98a3a54beb
[INFO] [stdout]   14:     0x59999d4d8f93 - assets_manager::tests::asset_cache::get_or_insert::{{closure}}::h0603964fd21e53b8
[INFO] [stdout]   15:     0x59999d4cf106 - core::ops::function::FnOnce::call_once::h7193e5f1e8627245
[INFO] [stdout]   16:     0x59999d56675b - test::__rust_begin_short_backtrace::h8e82d8113d0da17f
[INFO] [stdout]   17:     0x59999d5660d7 - test::run_test::{{closure}}::h708eb8872708115d
[INFO] [stdout]   18:     0x59999d5297f4 - std::sys::backtrace::__rust_begin_short_backtrace::h2f40290710935a8b
[INFO] [stdout]   19:     0x59999d52cf9e - core::ops::function::FnOnce::call_once{{vtable.shim}}::h90d312fedd7b8ea8
[INFO] [stdout]   20:     0x59999d5a15db - std::sys::pal::unix::thread::Thread::new::thread_start::h6cd80a1b4be5158d
[INFO] [stdout]   21:     0x73263609fac3 - <unknown>
[INFO] [stdout]   22:     0x732636130a04 - clone
[INFO] [stdout]   23:                0x0 - <unknown>
[INFO] [stdout] 
[INFO] [stdout] ---- tests::asset_cache::load stdout ----
[INFO] [stdout] thread 'tests::asset_cache::load' panicked at src/tests.rs:73:47:
[INFO] [stdout] called `Result::unwrap()` on an `Err` value: Os { code: 2, kind: NotFound, message: "No such file or directory" }
[INFO] [stdout] stack backtrace:
[INFO] [stdout]    0:     0x59999d59b77a - <std::sys::backtrace::BacktraceLock::print::DisplayBacktrace as core::fmt::Display>::fmt::ha0a4c9b8ce3802e6
[INFO] [stdout]    1:     0x59999d5c2863 - core::fmt::write::h522cc39e5b36ae9f
[INFO] [stdout]    2:     0x59999d597fd3 - std::io::Write::write_fmt::h7d3c26752da97734
[INFO] [stdout]    3:     0x59999d59b5c2 - std::sys::backtrace::BacktraceLock::print::h4b9e00b29e9c0942
[INFO] [stdout]    4:     0x59999d59cc0a - std::panicking::default_hook::{{closure}}::hb59b88280d0324d9
[INFO] [stdout]    5:     0x59999d59ca14 - std::panicking::default_hook::he1dd496665be4a29
[INFO] [stdout]    6:     0x59999d561e89 - test::test_main::{{closure}}::hcf7c055ce117aa81
[INFO] [stdout]    7:     0x59999d59d308 - std::panicking::rust_panic_with_hook::h2ff17fe8f26dfcf8
[INFO] [stdout]    8:     0x59999d59d0ca - std::panicking::begin_panic_handler::{{closure}}::h4fad77951c07e101
[INFO] [stdout]    9:     0x59999d59bc59 - std::sys::backtrace::__rust_end_short_backtrace::hb1a25b3da5d0ea08
[INFO] [stdout]   10:     0x59999d59cd5c - rust_begin_unwind
[INFO] [stdout]   11:     0x59999d5c1260 - core::panicking::panic_fmt::ha9db07b529f9b256
[INFO] [stdout]   12:     0x59999d5c16a6 - core::result::unwrap_failed::h5e8218e4d4338b8a
[INFO] [stdout]   13:     0x59999d4d85d2 - assets_manager::tests::asset_cache::load::h35c6c6a30d93aa80
[INFO] [stdout]   14:     0x59999d4d8533 - assets_manager::tests::asset_cache::load::{{closure}}::h1ac2c7e2ae011c20
[INFO] [stdout]   15:     0x59999d4cee06 - core::ops::function::FnOnce::call_once::h1f82698a25b62b1e
[INFO] [stdout]   16:     0x59999d56675b - test::__rust_begin_short_backtrace::h8e82d8113d0da17f
[INFO] [stdout]   17:     0x59999d5660d7 - test::run_test::{{closure}}::h708eb8872708115d
[INFO] [stdout]   18:     0x59999d5297f4 - std::sys::backtrace::__rust_begin_short_backtrace::h2f40290710935a8b
[INFO] [stdout]   19:     0x59999d52cf9e - core::ops::function::FnOnce::call_once{{vtable.shim}}::h90d312fedd7b8ea8
[INFO] [stdout]   20:     0x59999d5a15db - std::sys::pal::unix::thread::Thread::new::thread_start::h6cd80a1b4be5158d
[INFO] [stdout]   21:     0x73263609fac3 - <unknown>
[INFO] [stdout]   22:     0x732636130a04 - clone
[INFO] [stdout]   23:                0x0 - <unknown>
[INFO] [stdout] 
[INFO] [stdout] ---- tests::asset_cache::load_dir_all stdout ----
[INFO] [stdout] thread 'tests::asset_cache::load_dir_all' panicked at src/tests.rs:149:47:
[INFO] [stdout] called `Result::unwrap()` on an `Err` value: Os { code: 2, kind: NotFound, message: "No such file or directory" }
[INFO] [stdout] stack backtrace:
[INFO] [stdout]    0:     0x59999d59b77a - <std::sys::backtrace::BacktraceLock::print::DisplayBacktrace as core::fmt::Display>::fmt::ha0a4c9b8ce3802e6
[INFO] [stdout]    1:     0x59999d5c2863 - core::fmt::write::h522cc39e5b36ae9f
[INFO] [stdout]    2:     0x59999d597fd3 - std::io::Write::write_fmt::h7d3c26752da97734
[INFO] [stdout]    3:     0x59999d59b5c2 - std::sys::backtrace::BacktraceLock::print::h4b9e00b29e9c0942
[INFO] [stdout]    4:     0x59999d59cc0a - std::panicking::default_hook::{{closure}}::hb59b88280d0324d9
[INFO] [stdout]    5:     0x59999d59ca14 - std::panicking::default_hook::he1dd496665be4a29
[INFO] [stdout]    6:     0x59999d561e89 - test::test_main::{{closure}}::hcf7c055ce117aa81
[INFO] [stdout]    7:     0x59999d59d308 - std::panicking::rust_panic_with_hook::h2ff17fe8f26dfcf8
[INFO] [stdout]    8:     0x59999d59d0ca - std::panicking::begin_panic_handler::{{closure}}::h4fad77951c07e101
[INFO] [stdout]    9:     0x59999d59bc59 - std::sys::backtrace::__rust_end_short_backtrace::hb1a25b3da5d0ea08
[INFO] [stdout]   10:     0x59999d59cd5c - rust_begin_unwind
[INFO] [stdout]   11:     0x59999d5c1260 - core::panicking::panic_fmt::ha9db07b529f9b256
[INFO] [stdout]   12:     0x59999d5c16a6 - core::result::unwrap_failed::h5e8218e4d4338b8a
[INFO] [stdout]   13:     0x59999d4d9efa - assets_manager::tests::asset_cache::load_dir_all::h127e4f854f33eee9
[INFO] [stdout]   14:     0x59999d4d9e43 - assets_manager::tests::asset_cache::load_dir_all::{{closure}}::h997bd60a7d317069
[INFO] [stdout]   15:     0x59999d4cf5f6 - core::ops::function::FnOnce::call_once::hdd190c2452a8d3a8
[INFO] [stdout]   16:     0x59999d56675b - test::__rust_begin_short_backtrace::h8e82d8113d0da17f
[INFO] [stdout]   17:     0x59999d5660d7 - test::run_test::{{closure}}::h708eb8872708115d
[INFO] [stdout]   18:     0x59999d5297f4 - std::sys::backtrace::__rust_begin_short_backtrace::h2f40290710935a8b
[INFO] [stdout]   19:     0x59999d52cf9e - core::ops::function::FnOnce::call_once{{vtable.shim}}::h90d312fedd7b8ea8
[INFO] [stdout]   20:     0x59999d5a15db - std::sys::pal::unix::thread::Thread::new::thread_start::h6cd80a1b4be5158d
[INFO] [stdout]   21:     0x73263609fac3 - <unknown>
[INFO] [stdout]   22:     0x732636130a04 - clone
[INFO] [stdout]   23:                0x0 - <unknown>
[INFO] [stdout] 
[INFO] [stdout] ---- tests::asset_cache::load_dir_ok stdout ----
[INFO] [stdout] thread 'tests::asset_cache::load_dir_ok' panicked at src/tests.rs:131:47:
[INFO] [stdout] called `Result::unwrap()` on an `Err` value: Os { code: 2, kind: NotFound, message: "No such file or directory" }
[INFO] [stdout] stack backtrace:
[INFO] [stdout]    0:     0x59999d59b77a - <std::sys::backtrace::BacktraceLock::print::DisplayBacktrace as core::fmt::Display>::fmt::ha0a4c9b8ce3802e6
[INFO] [stdout]    1:     0x59999d5c2863 - core::fmt::write::h522cc39e5b36ae9f
[INFO] [stdout]    2:     0x59999d597fd3 - std::io::Write::write_fmt::h7d3c26752da97734
[INFO] [stdout]    3:     0x59999d59b5c2 - std::sys::backtrace::BacktraceLock::print::h4b9e00b29e9c0942
[INFO] [stdout]    4:     0x59999d59cc0a - std::panicking::default_hook::{{closure}}::hb59b88280d0324d9
[INFO] [stdout]    5:     0x59999d59ca14 - std::panicking::default_hook::he1dd496665be4a29
[INFO] [stdout]    6:     0x59999d561e89 - test::test_main::{{closure}}::hcf7c055ce117aa81
[INFO] [stdout]    7:     0x59999d59d308 - std::panicking::rust_panic_with_hook::h2ff17fe8f26dfcf8
[INFO] [stdout]    8:     0x59999d59d0ca - std::panicking::begin_panic_handler::{{closure}}::h4fad77951c07e101
[INFO] [stdout]    9:     0x59999d59bc59 - std::sys::backtrace::__rust_end_short_backtrace::hb1a25b3da5d0ea08
[INFO] [stdout]   10:     0x59999d59cd5c - rust_begin_unwind
[INFO] [stdout]   11:     0x59999d5c1260 - core::panicking::panic_fmt::ha9db07b529f9b256
[INFO] [stdout]   12:     0x59999d5c16a6 - core::result::unwrap_failed::h5e8218e4d4338b8a
[INFO] [stdout]   13:     0x59999d4d99d2 - assets_manager::tests::asset_cache::load_dir_ok::h04ceae9aeb5ea7a4
[INFO] [stdout]   14:     0x59999d4d9933 - assets_manager::tests::asset_cache::load_dir_ok::{{closure}}::hce486df3e12f022b
[INFO] [stdout]   15:     0x59999d4cf2d6 - core::ops::function::FnOnce::call_once::h9e5114665a8dd7e4
[INFO] [stdout]   16:     0x59999d56675b - test::__rust_begin_short_backtrace::h8e82d8113d0da17f
[INFO] [stdout]   17:     0x59999d5660d7 - test::run_test::{{closure}}::h708eb8872708115d
[INFO] [stdout]   18:     0x59999d5297f4 - std::sys::backtrace::__rust_begin_short_backtrace::h2f40290710935a8b
[INFO] [stdout]   19:     0x59999d52cf9e - core::ops::function::FnOnce::call_once{{vtable.shim}}::h90d312fedd7b8ea8
[INFO] [stdout]   20:     0x59999d5a15db - std::sys::pal::unix::thread::Thread::new::thread_start::h6cd80a1b4be5158d
[INFO] [stdout]   21:     0x73263609fac3 - <unknown>
[INFO] [stdout]   22:     0x732636130a04 - clone
[INFO] [stdout]   23:                0x0 - <unknown>
[INFO] [stdout] 
[INFO] [stdout] ---- tests::asset_cache::load_owned stdout ----
[INFO] [stdout] thread 'tests::asset_cache::load_owned' panicked at src/tests.rs:81:47:
[INFO] [stdout] called `Result::unwrap()` on an `Err` value: Os { code: 2, kind: NotFound, message: "No such file or directory" }
[INFO] [stdout] stack backtrace:
[INFO] [stdout]    0:     0x59999d59b77a - <std::sys::backtrace::BacktraceLock::print::DisplayBacktrace as core::fmt::Display>::fmt::ha0a4c9b8ce3802e6
[INFO] [stdout]    1:     0x59999d5c2863 - core::fmt::write::h522cc39e5b36ae9f
[INFO] [stdout]    2:     0x59999d597fd3 - std::io::Write::write_fmt::h7d3c26752da97734
[INFO] [stdout]    3:     0x59999d59b5c2 - std::sys::backtrace::BacktraceLock::print::h4b9e00b29e9c0942
[INFO] [stdout]    4:     0x59999d59cc0a - std::panicking::default_hook::{{closure}}::hb59b88280d0324d9
[INFO] [stdout]    5:     0x59999d59ca14 - std::panicking::default_hook::he1dd496665be4a29
[INFO] [stdout]    6:     0x59999d561e89 - test::test_main::{{closure}}::hcf7c055ce117aa81
[INFO] [stdout]    7:     0x59999d59d308 - std::panicking::rust_panic_with_hook::h2ff17fe8f26dfcf8
[INFO] [stdout]    8:     0x59999d59d0ca - std::panicking::begin_panic_handler::{{closure}}::h4fad77951c07e101
[INFO] [stdout]    9:     0x59999d59bc59 - std::sys::backtrace::__rust_end_short_backtrace::hb1a25b3da5d0ea08
[INFO] [stdout]   10:     0x59999d59cd5c - rust_begin_unwind
[INFO] [stdout]   11:     0x59999d5c1260 - core::panicking::panic_fmt::ha9db07b529f9b256
[INFO] [stdout]   12:     0x59999d5c16a6 - core::result::unwrap_failed::h5e8218e4d4338b8a
[INFO] [stdout]   13:     0x59999d4d8935 - assets_manager::tests::asset_cache::load_owned::h5fae4535e49f1826
[INFO] [stdout]   14:     0x59999d4d88a3 - assets_manager::tests::asset_cache::load_owned::{{closure}}::h2bc82628ce270c54
[INFO] [stdout]   15:     0x59999d4cf6f6 - core::ops::function::FnOnce::call_once::he3cda989fd742390
[INFO] [stdout]   16:     0x59999d56675b - test::__rust_begin_short_backtrace::h8e82d8113d0da17f
[INFO] [stdout]   17:     0x59999d5660d7 - test::run_test::{{closure}}::h708eb8872708115d
[INFO] [stdout]   18:     0x59999d5297f4 - std::sys::backtrace::__rust_begin_short_backtrace::h2f40290710935a8b
[INFO] [stdout]   19:     0x59999d52cf9e - core::ops::function::FnOnce::call_once{{vtable.shim}}::h90d312fedd7b8ea8
[INFO] [stdout]   20:     0x59999d5a15db - std::sys::pal::unix::thread::Thread::new::thread_start::h6cd80a1b4be5158d
[INFO] [stdout]   21:     0x73263609fac3 - <unknown>
[INFO] [stdout]   22:     0x732636130a04 - clone
[INFO] [stdout]   23:                0x0 - <unknown>
[INFO] [stdout] 
[INFO] [stdout] ---- tests::asset_cache::new_with_valid_path stdout ----
[INFO] [stdout] thread 'tests::asset_cache::new_with_valid_path' panicked at src/tests.rs:56:9:
[INFO] [stdout] assertion failed: cache.is_ok()
[INFO] [stdout] stack backtrace:
[INFO] [stdout]    0:     0x59999d59b77a - <std::sys::backtrace::BacktraceLock::print::DisplayBacktrace as core::fmt::Display>::fmt::ha0a4c9b8ce3802e6
[INFO] [stdout]    1:     0x59999d5c2863 - core::fmt::write::h522cc39e5b36ae9f
[INFO] [stdout]    2:     0x59999d597fd3 - std::io::Write::write_fmt::h7d3c26752da97734
[INFO] [stdout]    3:     0x59999d59b5c2 - std::sys::backtrace::BacktraceLock::print::h4b9e00b29e9c0942
[INFO] [stdout]    4:     0x59999d59cc0a - std::panicking::default_hook::{{closure}}::hb59b88280d0324d9
[INFO] [stdout]    5:     0x59999d59ca14 - std::panicking::default_hook::he1dd496665be4a29
[INFO] [stdout]    6:     0x59999d561e89 - test::test_main::{{closure}}::hcf7c055ce117aa81
[INFO] [stdout]    7:     0x59999d59d308 - std::panicking::rust_panic_with_hook::h2ff17fe8f26dfcf8
[INFO] [stdout]    8:     0x59999d59d096 - std::panicking::begin_panic_handler::{{closure}}::h4fad77951c07e101
[INFO] [stdout]    9:     0x59999d59bc59 - std::sys::backtrace::__rust_end_short_backtrace::hb1a25b3da5d0ea08
[INFO] [stdout]   10:     0x59999d59cd5c - rust_begin_unwind
[INFO] [stdout]   11:     0x59999d5c1260 - core::panicking::panic_fmt::ha9db07b529f9b256
[INFO] [stdout]   12:     0x59999d5c12ec - core::panicking::panic::h993086813d94accc
[INFO] [stdout]   13:     0x59999d4d834f - assets_manager::tests::asset_cache::new_with_valid_path::hdf3848f0abfca42d
[INFO] [stdout]   14:     0x59999d4d82c3 - assets_manager::tests::asset_cache::new_with_valid_path::{{closure}}::h5733407e762b9ad2
[INFO] [stdout]   15:     0x59999d4cf3c6 - core::ops::function::FnOnce::call_once::haf0e4d63236cc58c
[INFO] [stdout]   16:     0x59999d56675b - test::__rust_begin_short_backtrace::h8e82d8113d0da17f
[INFO] [stdout]   17:     0x59999d5660d7 - test::run_test::{{closure}}::h708eb8872708115d
[INFO] [stdout]   18:     0x59999d5297f4 - std::sys::backtrace::__rust_begin_short_backtrace::h2f40290710935a8b
[INFO] [stdout]   19:     0x59999d52cf9e - core::ops::function::FnOnce::call_once{{vtable.shim}}::h90d312fedd7b8ea8
[INFO] [stdout]   20:     0x59999d5a15db - std::sys::pal::unix::thread::Thread::new::thread_start::h6cd80a1b4be5158d
[INFO] [stdout]   21:     0x73263609fac3 - <unknown>
[INFO] [stdout]   22:     0x732636130a04 - clone
[INFO] [stdout]   23:                0x0 - <unknown>
[INFO] [stdout] 
[INFO] [stdout] ---- tests::asset_cache::remove stdout ----
[INFO] [stdout] thread 'tests::asset_cache::remove' panicked at src/tests.rs:183:51:
[INFO] [stdout] called `Result::unwrap()` on an `Err` value: Os { code: 2, kind: NotFound, message: "No such file or directory" }
[INFO] [stdout] stack backtrace:
[INFO] [stdout]    0:     0x59999d59b77a - <std::sys::backtrace::BacktraceLock::print::DisplayBacktrace as core::fmt::Display>::fmt::ha0a4c9b8ce3802e6
[INFO] [stdout]    1:     0x59999d5c2863 - core::fmt::write::h522cc39e5b36ae9f
[INFO] [stdout]    2:     0x59999d597fd3 - std::io::Write::write_fmt::h7d3c26752da97734
[INFO] [stdout]    3:     0x59999d59b5c2 - std::sys::backtrace::BacktraceLock::print::h4b9e00b29e9c0942
[INFO] [stdout]    4:     0x59999d59cc0a - std::panicking::default_hook::{{closure}}::hb59b88280d0324d9
[INFO] [stdout]    5:     0x59999d59ca14 - std::panicking::default_hook::he1dd496665be4a29
[INFO] [stdout]    6:     0x59999d561e89 - test::test_main::{{closure}}::hcf7c055ce117aa81
[INFO] [stdout]    7:     0x59999d59d308 - std::panicking::rust_panic_with_hook::h2ff17fe8f26dfcf8
[INFO] [stdout]    8:     0x59999d59d0ca - std::panicking::begin_panic_handler::{{closure}}::h4fad77951c07e101
[INFO] [stdout]    9:     0x59999d59bc59 - std::sys::backtrace::__rust_end_short_backtrace::hb1a25b3da5d0ea08
[INFO] [stdout]   10:     0x59999d59cd5c - rust_begin_unwind
[INFO] [stdout]   11:     0x59999d5c1260 - core::panicking::panic_fmt::ha9db07b529f9b256
[INFO] [stdout]   12:     0x59999d5c16a6 - core::result::unwrap_failed::h5e8218e4d4338b8a
[INFO] [stdout]   13:     0x59999d4daf02 - assets_manager::tests::asset_cache::remove::ha80eaede56232db0
[INFO] [stdout]   14:     0x59999d4dae63 - assets_manager::tests::asset_cache::remove::{{closure}}::h760963f2b48c54d7
[INFO] [stdout]   15:     0x59999d4cf316 - core::ops::function::FnOnce::call_once::ha9bd5fb35415a62d
[INFO] [stdout]   16:     0x59999d56675b - test::__rust_begin_short_backtrace::h8e82d8113d0da17f
[INFO] [stdout]   17:     0x59999d5660d7 - test::run_test::{{closure}}::h708eb8872708115d
[INFO] [stdout]   18:     0x59999d5297f4 - std::sys::backtrace::__rust_begin_short_backtrace::h2f40290710935a8b
[INFO] [stdout]   19:     0x59999d52cf9e - core::ops::function::FnOnce::call_once{{vtable.shim}}::h90d312fedd7b8ea8
[INFO] [stdout]   20:     0x59999d5a15db - std::sys::pal::unix::thread::Thread::new::thread_start::h6cd80a1b4be5158d
[INFO] [stdout]   21:     0x73263609fac3 - <unknown>
[INFO] [stdout]   22:     0x732636130a04 - clone
[INFO] [stdout]   23:                0x0 - <unknown>
[INFO] [stdout] 
[INFO] [stdout] ---- source::tests::filesystem::read_ok stdout ----
[INFO] [stdout] thread 'source::tests::filesystem::read_ok' panicked at src/source/tests.rs:66:44:
[INFO] [stdout] called `Result::unwrap()` on an `Err` value: Os { code: 2, kind: NotFound, message: "No such file or directory" }
[INFO] [stdout] stack backtrace:
[INFO] [stdout]    0:     0x59999d59b77a - <std::sys::backtrace::BacktraceLock::print::DisplayBacktrace as core::fmt::Display>::fmt::ha0a4c9b8ce3802e6
[INFO] [stdout]    1:     0x59999d5c2863 - core::fmt::write::h522cc39e5b36ae9f
[INFO] [stdout]    2:     0x59999d597fd3 - std::io::Write::write_fmt::h7d3c26752da97734
[INFO] [stdout]    3:     0x59999d59b5c2 - std::sys::backtrace::BacktraceLock::print::h4b9e00b29e9c0942
[INFO] [stdout]    4:     0x59999d59cc0a - std::panicking::default_hook::{{closure}}::hb59b88280d0324d9
[INFO] [stdout]    5:     0x59999d59ca14 - std::panicking::default_hook::he1dd496665be4a29
[INFO] [stdout]    6:     0x59999d561e89 - test::test_main::{{closure}}::hcf7c055ce117aa81
[INFO] [stdout]    7:     0x59999d59d308 - std::panicking::rust_panic_with_hook::h2ff17fe8f26dfcf8
[INFO] [stdout]    8:     0x59999d59d0ca - std::panicking::begin_panic_handler::{{closure}}::h4fad77951c07e101
[INFO] [stdout]    9:     0x59999d59bc59 - std::sys::backtrace::__rust_end_short_backtrace::hb1a25b3da5d0ea08
[INFO] [stdout]   10:     0x59999d59cd5c - rust_begin_unwind
[INFO] [stdout]   11:     0x59999d5c1260 - core::panicking::panic_fmt::ha9db07b529f9b256
[INFO] [stdout]   12:     0x59999d5c16a6 - core::result::unwrap_failed::h5e8218e4d4338b8a
[INFO] [stdout]   13:     0x59999d4cce45 - assets_manager::source::tests::filesystem::read_ok::h88e69eb48b63da75
[INFO] [stdout]   14:     0x59999d4ccdb3 - assets_manager::source::tests::filesystem::read_ok::{{closure}}::ha011ef403a531888
[INFO] [stdout]   15:     0x59999d4cf7a6 - core::ops::function::FnOnce::call_once::hefdcd63c51c9d464
[INFO] [stdout]   16:     0x59999d56675b - test::__rust_begin_short_backtrace::h8e82d8113d0da17f
[INFO] [stdout]   17:     0x59999d5660d7 - test::run_test::{{closure}}::h708eb8872708115d
[INFO] [stdout]   18:     0x59999d5297f4 - std::sys::backtrace::__rust_begin_short_backtrace::h2f40290710935a8b
[INFO] [stdout]   19:     0x59999d52cf9e - core::ops::function::FnOnce::call_once{{vtable.shim}}::h90d312fedd7b8ea8
[INFO] [stdout]   20:     0x59999d5a15db - std::sys::pal::unix::thread::Thread::new::thread_start::h6cd80a1b4be5158d
[INFO] [stdout]   21:     0x73263609fac3 - <unknown>
[INFO] [stdout]   22:     0x732636130a04 - clone
[INFO] [stdout]   23:                0x0 - <unknown>
[INFO] [stdout] 
[INFO] [stdout] ---- tests::handle::id stdout ----
[INFO] [stdout] thread 'tests::handle::id' panicked at src/tests.rs:197:47:
[INFO] [stdout] called `Result::unwrap()` on an `Err` value: Os { code: 2, kind: NotFound, message: "No such file or directory" }
[INFO] [stdout] stack backtrace:
[INFO] [stdout]    0:     0x59999d59b77a - <std::sys::backtrace::BacktraceLock::print::DisplayBacktrace as core::fmt::Display>::fmt::ha0a4c9b8ce3802e6
[INFO] [stdout]    1:     0x59999d5c2863 - core::fmt::write::h522cc39e5b36ae9f
[INFO] [stdout]    2:     0x59999d597fd3 - std::io::Write::write_fmt::h7d3c26752da97734
[INFO] [stdout]    3:     0x59999d59b5c2 - std::sys::backtrace::BacktraceLock::print::h4b9e00b29e9c0942
[INFO] [stdout]    4:     0x59999d59cc0a - std::panicking::default_hook::{{closure}}::hb59b88280d0324d9
[INFO] [stdout]    5:     0x59999d59ca14 - std::panicking::default_hook::he1dd496665be4a29
[INFO] [stdout]    6:     0x59999d561e89 - test::test_main::{{closure}}::hcf7c055ce117aa81
[INFO] [stdout]    7:     0x59999d59d308 - std::panicking::rust_panic_with_hook::h2ff17fe8f26dfcf8
[INFO] [stdout]    8:     0x59999d59d0ca - std::panicking::begin_panic_handler::{{closure}}::h4fad77951c07e101
[INFO] [stdout]    9:     0x59999d59bc59 - std::sys::backtrace::__rust_end_short_backtrace::hb1a25b3da5d0ea08
[INFO] [stdout]   10:     0x59999d59cd5c - rust_begin_unwind
[INFO] [stdout]   11:     0x59999d5c1260 - core::panicking::panic_fmt::ha9db07b529f9b256
[INFO] [stdout]   12:     0x59999d5c16a6 - core::result::unwrap_failed::h5e8218e4d4338b8a
[INFO] [stdout]   13:     0x59999d4db222 - assets_manager::tests::handle::id::hd083e05e85187ffd
[INFO] [stdout]   14:     0x59999d4db183 - assets_manager::tests::handle::id::{{closure}}::h6c251cb75f34ba0a
[INFO] [stdout]   15:     0x59999d4cf876 - core::ops::function::FnOnce::call_once::hfa4d3ac9bcfdb588
[INFO] [stdout]   16:     0x59999d56675b - test::__rust_begin_short_backtrace::h8e82d8113d0da17f
[INFO] [stdout]   17:     0x59999d5660d7 - test::run_test::{{closure}}::h708eb8872708115d
[INFO] [stdout]   18:     0x59999d5297f4 - std::sys::backtrace::__rust_begin_short_backtrace::h2f40290710935a8b
[INFO] [stdout]   19:     0x59999d52cf9e - core::ops::function::FnOnce::call_once{{vtable.shim}}::h90d312fedd7b8ea8
[INFO] [stdout]   20:     0x59999d5a15db - std::sys::pal::unix::thread::Thread::new::thread_start::h6cd80a1b4be5158d
[INFO] [stdout]   21:     0x73263609fac3 - <unknown>
[INFO] [stdout]   22:     0x732636130a04 - clone
[INFO] [stdout]   23:                0x0 - <unknown>
[INFO] [stdout] 
[INFO] [stdout] ---- tests::asset_cache::errors stdout ----
[INFO] [stdout] thread 'tests::asset_cache::errors' panicked at src/tests.rs:107:47:
[INFO] [stdout] called `Result::unwrap()` on an `Err` value: Os { code: 2, kind: NotFound, message: "No such file or directory" }
[INFO] [stdout] stack backtrace:
[INFO] [stdout]    0:     0x59999d59b77a - <std::sys::backtrace::BacktraceLock::print::DisplayBacktrace as core::fmt::Display>::fmt::ha0a4c9b8ce3802e6
[INFO] [stdout]    1:     0x59999d5c2863 - core::fmt::write::h522cc39e5b36ae9f
[INFO] [stdout]    2:     0x59999d597fd3 - std::io::Write::write_fmt::h7d3c26752da97734
[INFO] [stdout]    3:     0x59999d59b5c2 - std::sys::backtrace::BacktraceLock::print::h4b9e00b29e9c0942
[INFO] [stdout]    4:     0x59999d59cc0a - std::panicking::default_hook::{{closure}}::hb59b88280d0324d9
[INFO] [stdout]    5:     0x59999d59ca14 - std::panicking::default_hook::he1dd496665be4a29
[INFO] [stdout]    6:     0x59999d561e89 - test::test_main::{{closure}}::hcf7c055ce117aa81
[INFO] [stdout]    7:     0x59999d59d308 - std::panicking::rust_panic_with_hook::h2ff17fe8f26dfcf8
[INFO] [stdout]    8:     0x59999d59d0ca - std::panicking::begin_panic_handler::{{closure}}::h4fad77951c07e101
[INFO] [stdout]    9:     0x59999d59bc59 - std::sys::backtrace::__rust_end_short_backtrace::hb1a25b3da5d0ea08
[INFO] [stdout]   10:     0x59999d59cd5c - rust_begin_unwind
[INFO] [stdout]   11:     0x59999d5c1260 - core::panicking::panic_fmt::ha9db07b529f9b256
[INFO] [stdout]   12:     0x59999d5c16a6 - core::result::unwrap_failed::h5e8218e4d4338b8a
[INFO] [stdout]   13:     0x59999d4d92d2 - assets_manager::tests::asset_cache::errors::hb11acfa94afc512f
[INFO] [stdout]   14:     0x59999d4d9233 - assets_manager::tests::asset_cache::errors::{{closure}}::h1f0e07f07b551c28
[INFO] [stdout]   15:     0x59999d4cf826 - core::ops::function::FnOnce::call_once::hf3a189fd0a163c07
[INFO] [stdout]   16:     0x59999d56675b - test::__rust_begin_short_backtrace::h8e82d8113d0da17f
[INFO] [stdout]   17:     0x59999d5660d7 - test::run_test::{{closure}}::h708eb8872708115d
[INFO] [stdout]   18:     0x59999d5297f4 - std::sys::backtrace::__rust_begin_short_backtrace::h2f40290710935a8b
[INFO] [stdout]   19:     0x59999d52cf9e - core::ops::function::FnOnce::call_once{{vtable.shim}}::h90d312fedd7b8ea8
[INFO] [stdout]   20:     0x59999d5a15db - std::sys::pal::unix::thread::Thread::new::thread_start::h6cd80a1b4be5158d
[INFO] [stdout]   21:     0x73263609fac3 - <unknown>
[INFO] [stdout]   22:     0x732636130a04 - clone
[INFO] [stdout]   23:                0x0 - <unknown>
[INFO] [stdout] 
[INFO] [stdout] ---- tests::handle::untyped stdout ----
[INFO] [stdout] thread 'tests::handle::untyped' panicked at src/tests.rs:212:47:
[INFO] [stdout] called `Result::unwrap()` on an `Err` value: Os { code: 2, kind: NotFound, message: "No such file or directory" }
[INFO] [stdout] stack backtrace:
[INFO] [stdout]    0:     0x59999d59b77a - <std::sys::backtrace::BacktraceLock::print::DisplayBacktrace as core::fmt::Display>::fmt::ha0a4c9b8ce3802e6
[INFO] [stdout]    1:     0x59999d5c2863 - core::fmt::write::h522cc39e5b36ae9f
[INFO] [stdout]    2:     0x59999d597fd3 - std::io::Write::write_fmt::h7d3c26752da97734
[INFO] [stdout]    3:     0x59999d59b5c2 - std::sys::backtrace::BacktraceLock::print::h4b9e00b29e9c0942
[INFO] [stdout]    4:     0x59999d59cc0a - std::panicking::default_hook::{{closure}}::hb59b88280d0324d9
[INFO] [stdout]    5:     0x59999d59ca14 - std::panicking::default_hook::he1dd496665be4a29
[INFO] [stdout]    6:     0x59999d561e89 - test::test_main::{{closure}}::hcf7c055ce117aa81
[INFO] [stdout]    7:     0x59999d59d308 - std::panicking::rust_panic_with_hook::h2ff17fe8f26dfcf8
[INFO] [stdout]    8:     0x59999d59d0ca - std::panicking::begin_panic_handler::{{closure}}::h4fad77951c07e101
[INFO] [stdout]    9:     0x59999d59bc59 - std::sys::backtrace::__rust_end_short_backtrace::hb1a25b3da5d0ea08
[INFO] [stdout]   10:     0x59999d59cd5c - rust_begin_unwind
[INFO] [stdout]   11:     0x59999d5c1260 - core::panicking::panic_fmt::ha9db07b529f9b256
[INFO] [stdout]   12:     0x59999d5c16a6 - core::result::unwrap_failed::h5e8218e4d4338b8a
[INFO] [stdout]   13:     0x59999d4db8f2 - assets_manager::tests::handle::untyped::h9262800db92f98ca
[INFO] [stdout]   14:     0x59999d4db853 - assets_manager::tests::handle::untyped::{{closure}}::h80aec9f5a70e5724
[INFO] [stdout]   15:     0x59999d4cf8b6 - core::ops::function::FnOnce::call_once::hfe787794919ab5cc
[INFO] [stdout]   16:     0x59999d56675b - test::__rust_begin_short_backtrace::h8e82d8113d0da17f
[INFO] [stdout]   17:     0x59999d5660d7 - test::run_test::{{closure}}::h708eb8872708115d
[INFO] [stdout]   18:     0x59999d5297f4 - std::sys::backtrace::__rust_begin_short_backtrace::h2f40290710935a8b
[INFO] [stdout]   19:     0x59999d52cf9e - core::ops::function::FnOnce::call_once{{vtable.shim}}::h90d312fedd7b8ea8
[INFO] [stdout]   20:     0x59999d5a15db - std::sys::pal::unix::thread::Thread::new::thread_start::h6cd80a1b4be5158d
[INFO] [stdout]   21:     0x73263609fac3 - <unknown>
[INFO] [stdout]   22:     0x732636130a04 - clone
[INFO] [stdout]   23:                0x0 - <unknown>
[INFO] [stdout] 
[INFO] [stdout] 
[INFO] [stdout] failures:
[INFO] [stdout]     source::tests::filesystem::errors
[INFO] [stdout]     source::tests::filesystem::path_of
[INFO] [stdout]     source::tests::filesystem::read_dir
[INFO] [stdout]     source::tests::filesystem::read_err
[INFO] [stdout]     source::tests::filesystem::read_ok
[INFO] [stdout]     source::tests::filesystem::read_root
[INFO] [stdout]     tests::asset_cache::errors
[INFO] [stdout]     tests::asset_cache::get_cached
[INFO] [stdout]     tests::asset_cache::get_or_insert
[INFO] [stdout]     tests::asset_cache::load
[INFO] [stdout]     tests::asset_cache::load_dir_all
[INFO] [stdout]     tests::asset_cache::load_dir_ok
[INFO] [stdout]     tests::asset_cache::load_owned
[INFO] [stdout]     tests::asset_cache::new_with_valid_path
[INFO] [stdout]     tests::asset_cache::remove
[INFO] [stdout]     tests::asset_cache::take
[INFO] [stdout]     tests::handle::id
[INFO] [stdout]     tests::handle::same_handle
[INFO] [stdout]     tests::handle::untyped
[INFO] [stdout] 
[INFO] [stdout] test result: FAILED. 10 passed; 19 failed; 0 ignored; 0 measured; 0 filtered out; finished in 0.00s
[INFO] [stdout] 
[INFO] running `Command { std: "docker" "inspect" "07070adcd24e9447474fc4dff4003af3f384335ecc64ab75944e22bf43b7eb4d", kill_on_drop: false }`
[INFO] running `Command { std: "docker" "rm" "-f" "07070adcd24e9447474fc4dff4003af3f384335ecc64ab75944e22bf43b7eb4d", kill_on_drop: false }`
[INFO] [stdout] 07070adcd24e9447474fc4dff4003af3f384335ecc64ab75944e22bf43b7eb4d
