[INFO] fetching crate asset 0.0.1...
[INFO] testing asset-0.0.1 against nightly-2024-10-28 for randomize-layout
[INFO] extracting crate asset 0.0.1 into /workspace/builds/worker-2-tc1/source
[INFO] validating manifest of crates.io crate asset 0.0.1 on toolchain nightly-2024-10-28
[INFO] running `Command { std: CARGO_HOME="/workspace/cargo-home" RUSTUP_HOME="/workspace/rustup-home" "/workspace/cargo-home/bin/cargo" "+nightly-2024-10-28" "metadata" "--manifest-path" "Cargo.toml" "--no-deps", kill_on_drop: false }`
[INFO] started tweaking crates.io crate asset 0.0.1
[INFO] finished tweaking crates.io crate asset 0.0.1
[INFO] tweaked toml for crates.io crate asset 0.0.1 written to /workspace/builds/worker-2-tc1/source/Cargo.toml
[INFO] running `Command { std: CARGO_HOME="/workspace/cargo-home" RUSTUP_HOME="/workspace/rustup-home" "/workspace/cargo-home/bin/cargo" "+nightly-2024-10-28" "generate-lockfile" "--manifest-path" "Cargo.toml", kill_on_drop: false }`
[INFO] [stderr]     Updating crates.io index
[INFO] [stderr]     Blocking waiting for file lock on package cache
[INFO] [stderr]      Locking 319 packages to latest compatible versions
[INFO] running `Command { std: CARGO_HOME="/workspace/cargo-home" RUSTUP_HOME="/workspace/rustup-home" "/workspace/cargo-home/bin/cargo" "+nightly-2024-10-28" "fetch" "--manifest-path" "Cargo.toml", kill_on_drop: false }`
[INFO] [stderr]     Blocking waiting for file lock on package cache
[INFO] [stderr]  Downloading crates ...
[INFO] [stderr]   Downloaded manganis-macro v0.2.2
[INFO] [stderr]   Downloaded manganis-common v0.2.4
[INFO] [stderr]   Downloaded phf_macros v0.11.2
[INFO] [stderr]   Downloaded infer v0.11.0
[INFO] [stderr]   Downloaded phf v0.10.1
[INFO] [stderr]   Downloaded phf_generator v0.10.0
[INFO] [stderr]   Downloaded pathdiff v0.2.2
[INFO] [stderr]   Downloaded const-str-proc-macro v0.3.2
[INFO] [stderr]   Downloaded lightningcss-derive v1.0.0-alpha.43
[INFO] [stderr]   Downloaded fxhash v0.2.1
[INFO] [stderr]   Downloaded outref v0.1.0
[INFO] [stderr]   Downloaded mozjpeg v0.10.10
[INFO] [stderr]   Downloaded railwind v0.1.5
[INFO] [stderr]   Downloaded generational-box v0.5.6
[INFO] [stderr]   Downloaded cargo-lock v9.0.0
[INFO] [stderr]   Downloaded cssparser v0.33.0
[INFO] [stderr]   Downloaded dioxus-core v0.5.6
[INFO] [stderr]   Downloaded parcel_selectors v0.27.0
[INFO] [stderr]   Downloaded cfb v0.7.3
[INFO] [stderr]   Downloaded cargo_toml v0.16.3
[INFO] [stderr]   Downloaded imagequant v4.3.3
[INFO] [stderr]   Downloaded dtoa v1.0.9
[INFO] [stderr]   Downloaded simd-abstraction v0.7.1
[INFO] [stderr]   Downloaded data-url v0.1.1
[INFO] [stderr]   Downloaded dunce v1.0.5
[INFO] [stderr]   Downloaded manganis-cli-support v0.2.4
[INFO] [stderr]   Downloaded longest-increasing-subsequence v0.1.0
[INFO] [stderr]   Downloaded cargo-platform v0.1.8
[INFO] [stderr]   Downloaded cargo_metadata v0.17.0
[INFO] [stderr]   Downloaded const-str v0.3.2
[INFO] [stderr]   Downloaded cssparser-color v0.1.0
[INFO] [stderr]   Downloaded cssparser-macros v0.6.1
[INFO] [stderr]   Downloaded dtoa-short v0.3.5
[INFO] [stderr]   Downloaded base64-simd v0.7.0
[INFO] [stderr]   Downloaded vlq v0.5.1
[INFO] [stderr]   Downloaded parcel_sourcemap v2.1.1
[INFO] [stderr]   Downloaded nasm-rs v0.3.0
[INFO] [stderr]   Downloaded phf_codegen v0.10.0
[INFO] [stderr]   Downloaded matches v0.1.10
[INFO] [stderr]   Downloaded mozjpeg-sys v2.2.1
[INFO] [stderr]   Downloaded lightningcss v1.0.0-alpha.59
[INFO] [stderr]   Downloaded serde_regex v1.1.0
[INFO] running `Command { std: "docker" "create" "-v" "/var/lib/crater-agent-workspace/builds/worker-2-tc1/target:/opt/rustwide/target:rw,Z" "-v" "/var/lib/crater-agent-workspace/builds/worker-2-tc1/source:/opt/rustwide/workdir:ro,Z" "-v" "/var/lib/crater-agent-workspace/cargo-home:/opt/rustwide/cargo-home:ro,Z" "-v" "/var/lib/crater-agent-workspace/rustup-home:/opt/rustwide/rustup-home:ro,Z" "-e" "SOURCE_DIR=/opt/rustwide/workdir" "-e" "CARGO_TARGET_DIR=/opt/rustwide/target" "-e" "CARGO_HOME=/opt/rustwide/cargo-home" "-e" "RUSTUP_HOME=/opt/rustwide/rustup-home" "-w" "/opt/rustwide/workdir" "-m" "1610612736" "--user" "0:0" "--network" "none" "ghcr.io/rust-lang/crates-build-env/linux@sha256:4a844ea9eb2546a2d2c7022eacef16ef2e8229c7fbb2c7d4d55a9ceca922f72d" "/opt/rustwide/cargo-home/bin/cargo" "+nightly-2024-10-28" "metadata" "--no-deps" "--format-version=1", kill_on_drop: false }`
[INFO] [stdout] 96172da691e2c989e746467a5dec20f6f01c5139c1b6051e88c4833d946d9567
[INFO] running `Command { std: "docker" "start" "-a" "96172da691e2c989e746467a5dec20f6f01c5139c1b6051e88c4833d946d9567", kill_on_drop: false }`
[INFO] running `Command { std: "docker" "inspect" "96172da691e2c989e746467a5dec20f6f01c5139c1b6051e88c4833d946d9567", kill_on_drop: false }`
[INFO] running `Command { std: "docker" "rm" "-f" "96172da691e2c989e746467a5dec20f6f01c5139c1b6051e88c4833d946d9567", kill_on_drop: false }`
[INFO] [stdout] 96172da691e2c989e746467a5dec20f6f01c5139c1b6051e88c4833d946d9567
[INFO] running `Command { std: "docker" "create" "-v" "/var/lib/crater-agent-workspace/builds/worker-2-tc1/target:/opt/rustwide/target:rw,Z" "-v" "/var/lib/crater-agent-workspace/builds/worker-2-tc1/source:/opt/rustwide/workdir:ro,Z" "-v" "/var/lib/crater-agent-workspace/cargo-home:/opt/rustwide/cargo-home:ro,Z" "-v" "/var/lib/crater-agent-workspace/rustup-home:/opt/rustwide/rustup-home:ro,Z" "-e" "SOURCE_DIR=/opt/rustwide/workdir" "-e" "CARGO_TARGET_DIR=/opt/rustwide/target" "-e" "CARGO_INCREMENTAL=0" "-e" "RUST_BACKTRACE=full" "-e" "RUSTFLAGS=--cap-lints=forbid" "-e" "RUSTDOCFLAGS=--cap-lints=forbid" "-e" "CARGO_HOME=/opt/rustwide/cargo-home" "-e" "RUSTUP_HOME=/opt/rustwide/rustup-home" "-w" "/opt/rustwide/workdir" "-m" "1610612736" "--user" "0:0" "--network" "none" "ghcr.io/rust-lang/crates-build-env/linux@sha256:4a844ea9eb2546a2d2c7022eacef16ef2e8229c7fbb2c7d4d55a9ceca922f72d" "/opt/rustwide/cargo-home/bin/cargo" "+nightly-2024-10-28" "build" "--frozen" "--message-format=json", kill_on_drop: false }`
[INFO] [stdout] 9084ebe8adbd167f035f3a4dcf1be29ac80a537da79a94c91e88d528d572f734
[INFO] running `Command { std: "docker" "start" "-a" "9084ebe8adbd167f035f3a4dcf1be29ac80a537da79a94c91e88d528d572f734", kill_on_drop: false }`
[INFO] [stderr]    Compiling bytes v1.8.0
[INFO] [stderr]    Compiling openssl-sys v0.9.104
[INFO] [stderr]    Compiling serde v1.0.214
[INFO] [stderr]    Compiling tracing-core v0.1.32
[INFO] [stderr]    Compiling mio v1.0.2
[INFO] [stderr]    Compiling socket2 v0.5.7
[INFO] [stderr]    Compiling serde_derive v1.0.214
[INFO] [stderr]    Compiling futures-core v0.3.31
[INFO] [stderr]    Compiling equivalent v1.0.1
[INFO] [stderr]    Compiling hashbrown v0.15.0
[INFO] [stderr]    Compiling itoa v1.0.11
[INFO] [stderr]    Compiling tracing-attributes v0.1.27
[INFO] [stderr]    Compiling tokio v1.41.0
[INFO] [stderr]    Compiling foreign-types-shared v0.1.1
[INFO] [stderr]    Compiling foreign-types v0.3.2
[INFO] [stderr]    Compiling http v0.2.12
[INFO] [stderr]    Compiling openssl v0.10.68
[INFO] [stderr]    Compiling openssl-macros v0.1.1
[INFO] [stderr]    Compiling futures-sink v0.3.31
[INFO] [stderr]    Compiling indexmap v2.6.0
[INFO] [stderr]    Compiling bitflags v2.6.0
[INFO] [stderr]    Compiling futures-io v0.3.31
[INFO] [stderr]    Compiling memchr v2.7.4
[INFO] [stderr]    Compiling tinyvec_macros v0.1.1
[INFO] [stderr]    Compiling tinyvec v1.8.0
[INFO] [stderr]    Compiling httparse v1.9.5
[INFO] [stderr]    Compiling native-tls v0.2.12
[INFO] [stderr]    Compiling openssl-probe v0.1.5
[INFO] [stderr]    Compiling futures-util v0.3.31
[INFO] [stderr]    Compiling try-lock v0.2.5
[INFO] [stderr]    Compiling percent-encoding v2.3.1
[INFO] [stderr]    Compiling want v0.3.1
[INFO] [stderr]    Compiling unicode-normalization v0.1.24
[INFO] [stderr]    Compiling form_urlencoded v1.2.1
[INFO] [stderr]    Compiling tracing v0.1.40
[INFO] [stderr]    Compiling http-body v0.4.6
[INFO] [stderr]    Compiling futures-channel v0.3.31
[INFO] [stderr]    Compiling lock_api v0.4.12
[INFO] [stderr]    Compiling unicode-bidi v0.3.17
[INFO] [stderr]    Compiling httpdate v1.0.3
[INFO] [stderr]    Compiling tower-service v0.3.3
[INFO] [stderr]    Compiling byteorder v1.5.0
[INFO] [stderr]    Compiling winnow v0.5.40
[INFO] [stderr]    Compiling uuid v1.11.0
[INFO] [stderr]    Compiling overload v0.1.1
[INFO] [stderr]    Compiling base64 v0.21.7
[INFO] [stderr]    Compiling idna v0.5.0
[INFO] [stderr]    Compiling ryu v1.0.18
[INFO] [stderr]    Compiling sharded-slab v0.1.7
[INFO] [stderr]    Compiling slotmap v1.0.7
[INFO] [stderr]    Compiling rustls-pemfile v1.0.4
[INFO] [stderr]    Compiling anyhow v1.0.92
[INFO] [stderr]    Compiling cfb v0.7.3
[INFO] [stderr]    Compiling nu-ansi-term v0.46.0
[INFO] [stderr]    Compiling tokio-util v0.7.12
[INFO] [stderr]    Compiling tracing-log v0.2.0
[INFO] [stderr]    Compiling encoding_rs v0.8.35
[INFO] [stderr]    Compiling thread_local v1.1.8
[INFO] [stderr]    Compiling h2 v0.3.26
[INFO] [stderr]    Compiling mime v0.3.17
[INFO] [stderr]    Compiling sync_wrapper v0.1.2
[INFO] [stderr]    Compiling ipnet v2.10.1
[INFO] [stderr]    Compiling infer v0.11.0
[INFO] [stderr]    Compiling tracing-subscriber v0.3.18
[INFO] [stderr]    Compiling parking_lot v0.12.3
[INFO] [stderr]    Compiling tokio-native-tls v0.3.1
[INFO] [stderr]    Compiling home v0.5.9
[INFO] [stderr]    Compiling manganis-macro v0.2.2
[INFO] [stderr]    Compiling generational-box v0.5.6
[INFO] [stderr]    Compiling longest-increasing-subsequence v0.1.0
[INFO] [stderr]    Compiling rustc-hash v1.1.0
[INFO] [stderr]    Compiling serde_spanned v0.6.8
[INFO] [stderr]    Compiling toml_datetime v0.6.8
[INFO] [stderr]    Compiling url v2.5.2
[INFO] [stderr]    Compiling serde_urlencoded v0.7.1
[INFO] [stderr]    Compiling toml_edit v0.19.15
[INFO] [stderr]    Compiling hyper v0.14.31
[INFO] [stderr]    Compiling dioxus-core v0.5.6
[INFO] [stderr]    Compiling toml v0.7.8
[INFO] [stderr]    Compiling hyper-tls v0.5.0
[INFO] [stderr]    Compiling reqwest v0.11.27
[INFO] [stderr]    Compiling manganis-common v0.2.4
[INFO] [stderr]    Compiling asset v0.0.1 (/opt/rustwide/workdir)
[INFO] [stderr]     Finished `dev` profile [unoptimized + debuginfo] target(s) in 20.05s
[INFO] running `Command { std: "docker" "inspect" "9084ebe8adbd167f035f3a4dcf1be29ac80a537da79a94c91e88d528d572f734", kill_on_drop: false }`
[INFO] running `Command { std: "docker" "rm" "-f" "9084ebe8adbd167f035f3a4dcf1be29ac80a537da79a94c91e88d528d572f734", kill_on_drop: false }`
[INFO] [stdout] 9084ebe8adbd167f035f3a4dcf1be29ac80a537da79a94c91e88d528d572f734
[INFO] running `Command { std: "docker" "create" "-v" "/var/lib/crater-agent-workspace/builds/worker-2-tc1/target:/opt/rustwide/target:rw,Z" "-v" "/var/lib/crater-agent-workspace/builds/worker-2-tc1/source:/opt/rustwide/workdir:ro,Z" "-v" "/var/lib/crater-agent-workspace/cargo-home:/opt/rustwide/cargo-home:ro,Z" "-v" "/var/lib/crater-agent-workspace/rustup-home:/opt/rustwide/rustup-home:ro,Z" "-e" "SOURCE_DIR=/opt/rustwide/workdir" "-e" "CARGO_TARGET_DIR=/opt/rustwide/target" "-e" "CARGO_INCREMENTAL=0" "-e" "RUST_BACKTRACE=full" "-e" "RUSTFLAGS=--cap-lints=forbid" "-e" "RUSTDOCFLAGS=--cap-lints=forbid" "-e" "CARGO_HOME=/opt/rustwide/cargo-home" "-e" "RUSTUP_HOME=/opt/rustwide/rustup-home" "-w" "/opt/rustwide/workdir" "-m" "1610612736" "--user" "0:0" "--network" "none" "ghcr.io/rust-lang/crates-build-env/linux@sha256:4a844ea9eb2546a2d2c7022eacef16ef2e8229c7fbb2c7d4d55a9ceca922f72d" "/opt/rustwide/cargo-home/bin/cargo" "+nightly-2024-10-28" "test" "--frozen" "--no-run" "--message-format=json", kill_on_drop: false }`
[INFO] [stdout] 7b8ac8c241566d339cce9ca013ee5f9ca2c16a77fdbff05391e586c9deff9210
[INFO] running `Command { std: "docker" "start" "-a" "7b8ac8c241566d339cce9ca013ee5f9ca2c16a77fdbff05391e586c9deff9210", kill_on_drop: false }`
[INFO] [stderr]    Compiling asset v0.0.1 (/opt/rustwide/workdir)
[INFO] [stderr]     Finished `test` profile [unoptimized + debuginfo] target(s) in 0.51s
[INFO] running `Command { std: "docker" "inspect" "7b8ac8c241566d339cce9ca013ee5f9ca2c16a77fdbff05391e586c9deff9210", kill_on_drop: false }`
[INFO] running `Command { std: "docker" "rm" "-f" "7b8ac8c241566d339cce9ca013ee5f9ca2c16a77fdbff05391e586c9deff9210", kill_on_drop: false }`
[INFO] [stdout] 7b8ac8c241566d339cce9ca013ee5f9ca2c16a77fdbff05391e586c9deff9210
[INFO] running `Command { std: "docker" "create" "-v" "/var/lib/crater-agent-workspace/builds/worker-2-tc1/target:/opt/rustwide/target:rw,Z" "-v" "/var/lib/crater-agent-workspace/builds/worker-2-tc1/source:/opt/rustwide/workdir:ro,Z" "-v" "/var/lib/crater-agent-workspace/cargo-home:/opt/rustwide/cargo-home:ro,Z" "-v" "/var/lib/crater-agent-workspace/rustup-home:/opt/rustwide/rustup-home:ro,Z" "-e" "SOURCE_DIR=/opt/rustwide/workdir" "-e" "CARGO_TARGET_DIR=/opt/rustwide/target" "-e" "CARGO_INCREMENTAL=0" "-e" "RUST_BACKTRACE=full" "-e" "RUSTFLAGS=--cap-lints=forbid" "-e" "RUSTDOCFLAGS=--cap-lints=forbid" "-e" "CARGO_HOME=/opt/rustwide/cargo-home" "-e" "RUSTUP_HOME=/opt/rustwide/rustup-home" "-w" "/opt/rustwide/workdir" "-m" "1610612736" "--user" "0:0" "--network" "none" "ghcr.io/rust-lang/crates-build-env/linux@sha256:4a844ea9eb2546a2d2c7022eacef16ef2e8229c7fbb2c7d4d55a9ceca922f72d" "/opt/rustwide/cargo-home/bin/cargo" "+nightly-2024-10-28" "test" "--frozen", kill_on_drop: false }`
[INFO] [stdout] 3b1f181f1ef0c884746bface32d9d9c01379bb8e679d2a5a2c7d3c49a9d61d89
[INFO] running `Command { std: "docker" "start" "-a" "3b1f181f1ef0c884746bface32d9d9c01379bb8e679d2a5a2c7d3c49a9d61d89", kill_on_drop: false }`
[INFO] [stderr]     Finished `test` profile [unoptimized + debuginfo] target(s) in 0.16s
[INFO] [stderr]      Running unittests src/lib.rs (/opt/rustwide/target/debug/deps/asset-276a90abf1c1c160)
[INFO] [stderr]    Doc-tests asset
[INFO] [stdout] 
[INFO] [stdout] running 0 tests
[INFO] [stdout] 
[INFO] [stdout] test result: ok. 0 passed; 0 failed; 0 ignored; 0 measured; 0 filtered out; finished in 0.00s
[INFO] [stdout] 
[INFO] [stdout] 
[INFO] [stdout] running 20 tests
[INFO] [stdout] test src/lib.rs - FontAssetBuilder::display (line 235) ... FAILED
[INFO] [stdout] test src/lib.rs - FontAssetBuilder::families (line 199) ... FAILED
[INFO] [stdout] test src/../README.md - (line 6) ... FAILED
[INFO] [stdout] test src/lib.rs - FontAssetBuilder::weights (line 211) ... FAILED
[INFO] [stdout] test src/lib.rs - FontAssetBuilder::text (line 223) ... FAILED
[INFO] [stdout] test src/lib.rs - ImageAssetBuilder::low_quality_preview (line 127) ... FAILED
[INFO] [stdout] test src/lib.rs - ImageAssetBuilder::format (line 99) ... FAILED
[INFO] [stdout] test src/lib.rs - ImageAssetBuilder::preload (line 141) ... FAILED
[INFO] [stdout] test src/../README.md - (line 12) ... FAILED
[INFO] [stdout] test src/lib.rs - ImageAssetBuilder::size (line 113) ... FAILED
[INFO] [stdout] test src/lib.rs - file (line 270) ... FAILED
[INFO] [stdout] test src/lib.rs - ImageAssetBuilder::url_encoded (line 155) ... FAILED
[INFO] [stdout] test src/lib.rs - font (line 249) ... FAILED
[INFO] [stdout] test src/lib.rs - file (line 274) ... FAILED
[INFO] [stdout] test src/lib.rs - font (line 253) ... FAILED
[INFO] [stdout] test src/lib.rs - font (line 257) ... FAILED
[INFO] [stdout] test src/lib.rs - image (line 181) ... FAILED
[INFO] [stdout] test src/lib.rs - image (line 177) ... FAILED
[INFO] [stdout] test src/lib.rs - image (line 173) ... FAILED
[INFO] [stdout] test src/lib.rs - image (line 169) ... FAILED
[INFO] [stdout] 
[INFO] [stdout] failures:
[INFO] [stdout] 
[INFO] [stdout] ---- src/lib.rs - FontAssetBuilder::display (line 235) stdout ----
[INFO] [stdout] error[E0433]: failed to resolve: use of undeclared crate or module `manganis`
[INFO] [stdout]  --> src/lib.rs:236:17
[INFO] [stdout]   |
[INFO] [stdout] 3 | const _: &str = manganis::mg!(font().families(["Roboto"]).weights([200]).text("Hello, world!").display("swap"));
[INFO] [stdout]   |                 ^^^^^^^^ use of undeclared crate or module `manganis`
[INFO] [stdout] 
[INFO] [stdout] error: aborting due to 1 previous error
[INFO] [stdout] 
[INFO] [stdout] For more information about this error, try `rustc --explain E0433`.
[INFO] [stdout] Couldn't compile the test.
[INFO] [stdout] ---- src/lib.rs - FontAssetBuilder::families (line 199) stdout ----
[INFO] [stdout] error[E0433]: failed to resolve: use of undeclared crate or module `manganis`
[INFO] [stdout]  --> src/lib.rs:200:17
[INFO] [stdout]   |
[INFO] [stdout] 3 | const _: &str = manganis::mg!(font().families(["Roboto"]));
[INFO] [stdout]   |                 ^^^^^^^^ use of undeclared crate or module `manganis`
[INFO] [stdout] 
[INFO] [stdout] error: aborting due to 1 previous error
[INFO] [stdout] 
[INFO] [stdout] For more information about this error, try `rustc --explain E0433`.
[INFO] [stdout] Couldn't compile the test.
[INFO] [stdout] ---- src/../README.md - (line 6) stdout ----
[INFO] [stdout] error[E0433]: failed to resolve: use of undeclared crate or module `manganis`
[INFO] [stdout]  --> src/../README.md:7:26
[INFO] [stdout]   |
[INFO] [stdout] 3 | const AVIF_ASSET: &str = manganis::mg!(file("rustacean-flat-gesture.png"));
[INFO] [stdout]   |                          ^^^^^^^^ use of undeclared crate or module `manganis`
[INFO] [stdout] 
[INFO] [stdout] error: aborting due to 1 previous error
[INFO] [stdout] 
[INFO] [stdout] For more information about this error, try `rustc --explain E0433`.
[INFO] [stdout] Couldn't compile the test.
[INFO] [stdout] ---- src/lib.rs - FontAssetBuilder::weights (line 211) stdout ----
[INFO] [stdout] error[E0433]: failed to resolve: use of undeclared crate or module `manganis`
[INFO] [stdout]  --> src/lib.rs:212:17
[INFO] [stdout]   |
[INFO] [stdout] 3 | const _: &str = manganis::mg!(font().families(["Roboto"]).weights([200]));
[INFO] [stdout]   |                 ^^^^^^^^ use of undeclared crate or module `manganis`
[INFO] [stdout] 
[INFO] [stdout] error: aborting due to 1 previous error
[INFO] [stdout] 
[INFO] [stdout] For more information about this error, try `rustc --explain E0433`.
[INFO] [stdout] Couldn't compile the test.
[INFO] [stdout] ---- src/lib.rs - FontAssetBuilder::text (line 223) stdout ----
[INFO] [stdout] error[E0433]: failed to resolve: use of undeclared crate or module `manganis`
[INFO] [stdout]  --> src/lib.rs:224:17
[INFO] [stdout]   |
[INFO] [stdout] 3 | const _: &str = manganis::mg!(font().families(["Roboto"]).weights([200]).text("Hello, world!"));
[INFO] [stdout]   |                 ^^^^^^^^ use of undeclared crate or module `manganis`
[INFO] [stdout] 
[INFO] [stdout] error: aborting due to 1 previous error
[INFO] [stdout] 
[INFO] [stdout] For more information about this error, try `rustc --explain E0433`.
[INFO] [stdout] Couldn't compile the test.
[INFO] [stdout] ---- src/lib.rs - ImageAssetBuilder::low_quality_preview (line 127) stdout ----
[INFO] [stdout] error[E0433]: failed to resolve: use of undeclared crate or module `manganis`
[INFO] [stdout]  --> src/lib.rs:128:33
[INFO] [stdout]   |
[INFO] [stdout] 3 | const _: manganis::ImageAsset = manganis::mg!(image("https://avatars.githubusercontent.com/u/79236386?s=48&v=4").low_quality_preview());
[INFO] [stdout]   |                                 ^^^^^^^^ use of undeclared crate or module `manganis`
[INFO] [stdout] 
[INFO] [stdout] error[E0433]: failed to resolve: use of undeclared crate or module `manganis`
[INFO] [stdout]  --> src/lib.rs:128:10
[INFO] [stdout]   |
[INFO] [stdout] 3 | const _: manganis::ImageAsset = manganis::mg!(image("https://avatars.githubusercontent.com/u/79236386?s=48&v=4").low_quality_preview());
[INFO] [stdout]   |          ^^^^^^^^ use of undeclared crate or module `manganis`
[INFO] [stdout] 
[INFO] [stdout] error: aborting due to 2 previous errors
[INFO] [stdout] 
[INFO] [stdout] For more information about this error, try `rustc --explain E0433`.
[INFO] [stdout] Couldn't compile the test.
[INFO] [stdout] ---- src/lib.rs - ImageAssetBuilder::format (line 99) stdout ----
[INFO] [stdout] error[E0433]: failed to resolve: use of undeclared crate or module `manganis`
[INFO] [stdout]  --> src/lib.rs:100:33
[INFO] [stdout]   |
[INFO] [stdout] 3 | const _: manganis::ImageAsset = manganis::mg!(image("https://avatars.githubusercontent.com/u/79236386?s=48&v=4").format(ImageType::Webp));
[INFO] [stdout]   |                                 ^^^^^^^^ use of undeclared crate or module `manganis`
[INFO] [stdout] 
[INFO] [stdout] error[E0433]: failed to resolve: use of undeclared crate or module `manganis`
[INFO] [stdout]  --> src/lib.rs:100:10
[INFO] [stdout]   |
[INFO] [stdout] 3 | const _: manganis::ImageAsset = manganis::mg!(image("https://avatars.githubusercontent.com/u/79236386?s=48&v=4").format(ImageType::Webp));
[INFO] [stdout]   |          ^^^^^^^^ use of undeclared crate or module `manganis`
[INFO] [stdout] 
[INFO] [stdout] error: aborting due to 2 previous errors
[INFO] [stdout] 
[INFO] [stdout] For more information about this error, try `rustc --explain E0433`.
[INFO] [stdout] Couldn't compile the test.
[INFO] [stdout] ---- src/lib.rs - ImageAssetBuilder::preload (line 141) stdout ----
[INFO] [stdout] error[E0433]: failed to resolve: use of undeclared crate or module `manganis`
[INFO] [stdout]  --> src/lib.rs:142:33
[INFO] [stdout]   |
[INFO] [stdout] 3 | const _: manganis::ImageAsset = manganis::mg!(image("https://avatars.githubusercontent.com/u/79236386?s=48&v=4").preload());
[INFO] [stdout]   |                                 ^^^^^^^^ use of undeclared crate or module `manganis`
[INFO] [stdout] 
[INFO] [stdout] error[E0433]: failed to resolve: use of undeclared crate or module `manganis`
[INFO] [stdout]  --> src/lib.rs:142:10
[INFO] [stdout]   |
[INFO] [stdout] 3 | const _: manganis::ImageAsset = manganis::mg!(image("https://avatars.githubusercontent.com/u/79236386?s=48&v=4").preload());
[INFO] [stdout]   |          ^^^^^^^^ use of undeclared crate or module `manganis`
[INFO] [stdout] 
[INFO] [stdout] error: aborting due to 2 previous errors
[INFO] [stdout] 
[INFO] [stdout] For more information about this error, try `rustc --explain E0433`.
[INFO] [stdout] Couldn't compile the test.
[INFO] [stdout] ---- src/../README.md - (line 12) stdout ----
[INFO] [stdout] error[E0433]: failed to resolve: use of undeclared crate or module `manganis`
[INFO] [stdout]  --> src/../README.md:15:32
[INFO] [stdout]   |
[INFO] [stdout] 6 | const TAILWIND_CLASSES: &str = manganis::classes!("flex flex-col p-5");
[INFO] [stdout]   |                                ^^^^^^^^ use of undeclared crate or module `manganis`
[INFO] [stdout] 
[INFO] [stdout] error[E0433]: failed to resolve: use of undeclared crate or module `manganis`
[INFO] [stdout]  --> src/../README.md:18:17
[INFO] [stdout]   |
[INFO] [stdout] 9 | const _: &str = manganis::mg!(file("test-package-dependency/src/asset.txt"));
[INFO] [stdout]   |                 ^^^^^^^^ use of undeclared crate or module `manganis`
[INFO] [stdout] 
[INFO] [stdout] error[E0433]: failed to resolve: use of undeclared crate or module `manganis`
[INFO] [stdout]   --> src/../README.md:20:17
[INFO] [stdout]    |
[INFO] [stdout] 11 | const _: &str = manganis::mg!(file("https://rustacean.net/assets/rustacean-flat-happy.png"));
[INFO] [stdout]    |                 ^^^^^^^^ use of undeclared crate or module `manganis`
[INFO] [stdout] 
[INFO] [stdout] error[E0433]: failed to resolve: use of undeclared crate or module `manganis`
[INFO] [stdout]   --> src/../README.md:24:5
[INFO] [stdout]    |
[INFO] [stdout] 15 |     manganis::mg!(image("rustacean-flat-gesture.png"));
[INFO] [stdout]    |     ^^^^^^^^ use of undeclared crate or module `manganis`
[INFO] [stdout] 
[INFO] [stdout] error[E0433]: failed to resolve: use of undeclared crate or module `manganis`
[INFO] [stdout]   --> src/../README.md:27:5
[INFO] [stdout]    |
[INFO] [stdout] 18 |     manganis::mg!(image("rustacean-flat-gesture.png").size(52, 52));
[INFO] [stdout]    |     ^^^^^^^^ use of undeclared crate or module `manganis`
[INFO] [stdout] 
[INFO] [stdout] error[E0433]: failed to resolve: use of undeclared crate or module `manganis`
[INFO] [stdout]   --> src/../README.md:29:46
[INFO] [stdout]    |
[INFO] [stdout] 20 | pub const AVIF_ASSET: manganis::ImageAsset = manganis::mg!(image("rustacean-flat-gesture.png")
[INFO] [stdout]    |                                              ^^^^^^^^ use of undeclared crate or module `manganis`
[INFO] [stdout] 
[INFO] [stdout] error[E0433]: failed to resolve: use of undeclared crate or module `manganis`
[INFO] [stdout]   --> src/../README.md:32:50
[INFO] [stdout]    |
[INFO] [stdout] 23 | pub const AVIF_ASSET_LOW: manganis::ImageAsset = manganis::mg!(image("rustacean-flat-gesture.png")
[INFO] [stdout]    |                                                  ^^^^^^^^ use of undeclared crate or module `manganis`
[INFO] [stdout] 
[INFO] [stdout] error[E0433]: failed to resolve: use of undeclared crate or module `manganis`
[INFO] [stdout]   --> src/../README.md:37:31
[INFO] [stdout]    |
[INFO] [stdout] 28 | pub const ROBOTO_FONT: &str = manganis::mg!(font()
[INFO] [stdout]    |                               ^^^^^^^^ use of undeclared crate or module `manganis`
[INFO] [stdout] 
[INFO] [stdout] error[E0433]: failed to resolve: use of undeclared crate or module `manganis`
[INFO] [stdout]   --> src/../README.md:40:34
[INFO] [stdout]    |
[INFO] [stdout] 31 | pub const COMFORTAA_FONT: &str = manganis::mg!(font()
[INFO] [stdout]    |                                  ^^^^^^^^ use of undeclared crate or module `manganis`
[INFO] [stdout] 
[INFO] [stdout] error[E0433]: failed to resolve: use of undeclared crate or module `manganis`
[INFO] [stdout]   --> src/../README.md:44:42
[INFO] [stdout]    |
[INFO] [stdout] 35 | pub const ROBOTO_FONT_LIGHT_FONT: &str = manganis::mg!(font()
[INFO] [stdout]    |                                          ^^^^^^^^ use of undeclared crate or module `manganis`
[INFO] [stdout] 
[INFO] [stdout] error[E0433]: failed to resolve: use of undeclared crate or module `manganis`
[INFO] [stdout]   --> src/../README.md:23:22
[INFO] [stdout]    |
[INFO] [stdout] 14 | pub const PNG_ASSET: manganis::ImageAsset =
[INFO] [stdout]    |                      ^^^^^^^^ use of undeclared crate or module `manganis`
[INFO] [stdout] 
[INFO] [stdout] error[E0433]: failed to resolve: use of undeclared crate or module `manganis`
[INFO] [stdout]   --> src/../README.md:26:30
[INFO] [stdout]    |
[INFO] [stdout] 17 | pub const RESIZED_PNG_ASSET: manganis::ImageAsset =
[INFO] [stdout]    |                              ^^^^^^^^ use of undeclared crate or module `manganis`
[INFO] [stdout] 
[INFO] [stdout] error[E0433]: failed to resolve: use of undeclared crate or module `manganis`
[INFO] [stdout]   --> src/../README.md:29:23
[INFO] [stdout]    |
[INFO] [stdout] 20 | pub const AVIF_ASSET: manganis::ImageAsset = manganis::mg!(image("rustacean-flat-gesture.png")
[INFO] [stdout]    |                       ^^^^^^^^ use of undeclared crate or module `manganis`
[INFO] [stdout] 
[INFO] [stdout] error[E0433]: failed to resolve: use of undeclared crate or module `manganis`
[INFO] [stdout]   --> src/../README.md:32:27
[INFO] [stdout]    |
[INFO] [stdout] 23 | pub const AVIF_ASSET_LOW: manganis::ImageAsset = manganis::mg!(image("rustacean-flat-gesture.png")
[INFO] [stdout]    |                           ^^^^^^^^ use of undeclared crate or module `manganis`
[INFO] [stdout] 
[INFO] [stdout] error: aborting due to 14 previous errors
[INFO] [stdout] 
[INFO] [stdout] For more information about this error, try `rustc --explain E0433`.
[INFO] [stdout] Couldn't compile the test.
[INFO] [stdout] ---- src/lib.rs - ImageAssetBuilder::size (line 113) stdout ----
[INFO] [stdout] error[E0433]: failed to resolve: use of undeclared crate or module `manganis`
[INFO] [stdout]  --> src/lib.rs:114:33
[INFO] [stdout]   |
[INFO] [stdout] 3 | const _: manganis::ImageAsset = manganis::mg!(image("https://avatars.githubusercontent.com/u/79236386?s=48&v=4").size(512, 512));
[INFO] [stdout]   |                                 ^^^^^^^^ use of undeclared crate or module `manganis`
[INFO] [stdout] 
[INFO] [stdout] error[E0433]: failed to resolve: use of undeclared crate or module `manganis`
[INFO] [stdout]  --> src/lib.rs:114:10
[INFO] [stdout]   |
[INFO] [stdout] 3 | const _: manganis::ImageAsset = manganis::mg!(image("https://avatars.githubusercontent.com/u/79236386?s=48&v=4").size(512, 512));
[INFO] [stdout]   |          ^^^^^^^^ use of undeclared crate or module `manganis`
[INFO] [stdout] 
[INFO] [stdout] error: aborting due to 2 previous errors
[INFO] [stdout] 
[INFO] [stdout] For more information about this error, try `rustc --explain E0433`.
[INFO] [stdout] Couldn't compile the test.
[INFO] [stdout] ---- src/lib.rs - file (line 270) stdout ----
[INFO] [stdout] error[E0433]: failed to resolve: use of undeclared crate or module `manganis`
[INFO] [stdout]  --> src/lib.rs:272:17
[INFO] [stdout]   |
[INFO] [stdout] 5 | const _: &str = manganis::mg!(file("src/asset.txt"));
[INFO] [stdout]   |                 ^^^^^^^^ use of undeclared crate or module `manganis`
[INFO] [stdout] 
[INFO] [stdout] error: aborting due to 1 previous error
[INFO] [stdout] 
[INFO] [stdout] For more information about this error, try `rustc --explain E0433`.
[INFO] [stdout] Couldn't compile the test.
[INFO] [stdout] ---- src/lib.rs - ImageAssetBuilder::url_encoded (line 155) stdout ----
[INFO] [stdout] error[E0433]: failed to resolve: use of undeclared crate or module `manganis`
[INFO] [stdout]  --> src/lib.rs:156:33
[INFO] [stdout]   |
[INFO] [stdout] 3 | const _: manganis::ImageAsset = manganis::mg!(image("https://avatars.githubusercontent.com/u/79236386?s=48&v=4").url_encoded());
[INFO] [stdout]   |                                 ^^^^^^^^ use of undeclared crate or module `manganis`
[INFO] [stdout] 
[INFO] [stdout] error[E0433]: failed to resolve: use of undeclared crate or module `manganis`
[INFO] [stdout]  --> src/lib.rs:156:10
[INFO] [stdout]   |
[INFO] [stdout] 3 | const _: manganis::ImageAsset = manganis::mg!(image("https://avatars.githubusercontent.com/u/79236386?s=48&v=4").url_encoded());
[INFO] [stdout]   |          ^^^^^^^^ use of undeclared crate or module `manganis`
[INFO] [stdout] 
[INFO] [stdout] error: aborting due to 2 previous errors
[INFO] [stdout] 
[INFO] [stdout] For more information about this error, try `rustc --explain E0433`.
[INFO] [stdout] Couldn't compile the test.
[INFO] [stdout] ---- src/lib.rs - font (line 249) stdout ----
[INFO] [stdout] error[E0433]: failed to resolve: use of undeclared crate or module `manganis`
[INFO] [stdout]  --> src/lib.rs:250:17
[INFO] [stdout]   |
[INFO] [stdout] 3 | const _: &str = manganis::mg!(font().families(["Roboto"]));
[INFO] [stdout]   |                 ^^^^^^^^ use of undeclared crate or module `manganis`
[INFO] [stdout] 
[INFO] [stdout] error: aborting due to 1 previous error
[INFO] [stdout] 
[INFO] [stdout] For more information about this error, try `rustc --explain E0433`.
[INFO] [stdout] Couldn't compile the test.
[INFO] [stdout] ---- src/lib.rs - file (line 274) stdout ----
[INFO] [stdout] error[E0433]: failed to resolve: use of undeclared crate or module `manganis`
[INFO] [stdout]  --> src/lib.rs:276:17
[INFO] [stdout]   |
[INFO] [stdout] 5 | const _: &str = manganis::mg!(file("https://rustacean.net/assets/rustacean-flat-happy.png"));
[INFO] [stdout]   |                 ^^^^^^^^ use of undeclared crate or module `manganis`
[INFO] [stdout] 
[INFO] [stdout] error: aborting due to 1 previous error
[INFO] [stdout] 
[INFO] [stdout] For more information about this error, try `rustc --explain E0433`.
[INFO] [stdout] Couldn't compile the test.
[INFO] [stdout] ---- src/lib.rs - font (line 253) stdout ----
[INFO] [stdout] error[E0433]: failed to resolve: use of undeclared crate or module `manganis`
[INFO] [stdout]  --> src/lib.rs:254:17
[INFO] [stdout]   |
[INFO] [stdout] 3 | const _: &str = manganis::mg!(font().families(["Roboto"]).weights([200]));
[INFO] [stdout]   |                 ^^^^^^^^ use of undeclared crate or module `manganis`
[INFO] [stdout] 
[INFO] [stdout] error: aborting due to 1 previous error
[INFO] [stdout] 
[INFO] [stdout] For more information about this error, try `rustc --explain E0433`.
[INFO] [stdout] Couldn't compile the test.
[INFO] [stdout] ---- src/lib.rs - font (line 257) stdout ----
[INFO] [stdout] error[E0433]: failed to resolve: use of undeclared crate or module `manganis`
[INFO] [stdout]  --> src/lib.rs:258:17
[INFO] [stdout]   |
[INFO] [stdout] 3 | const _: &str = manganis::mg!(font().families(["Roboto"]).weights([200]).text("Hello, world!"));
[INFO] [stdout]   |                 ^^^^^^^^ use of undeclared crate or module `manganis`
[INFO] [stdout] 
[INFO] [stdout] error: aborting due to 1 previous error
[INFO] [stdout] 
[INFO] [stdout] For more information about this error, try `rustc --explain E0433`.
[INFO] [stdout] Couldn't compile the test.
[INFO] [stdout] ---- src/lib.rs - image (line 181) stdout ----
[INFO] [stdout] error[E0433]: failed to resolve: use of undeclared crate or module `manganis`
[INFO] [stdout]  --> src/lib.rs:182:33
[INFO] [stdout]   |
[INFO] [stdout] 3 | const _: manganis::ImageAsset = manganis::mg!(image("rustacean-flat-gesture.png").preload());
[INFO] [stdout]   |                                 ^^^^^^^^ use of undeclared crate or module `manganis`
[INFO] [stdout] 
[INFO] [stdout] error[E0433]: failed to resolve: use of undeclared crate or module `manganis`
[INFO] [stdout]  --> src/lib.rs:182:10
[INFO] [stdout]   |
[INFO] [stdout] 3 | const _: manganis::ImageAsset = manganis::mg!(image("rustacean-flat-gesture.png").preload());
[INFO] [stdout]   |          ^^^^^^^^ use of undeclared crate or module `manganis`
[INFO] [stdout] 
[INFO] [stdout] error: aborting due to 2 previous errors
[INFO] [stdout] 
[INFO] [stdout] For more information about this error, try `rustc --explain E0433`.
[INFO] [stdout] Couldn't compile the test.
[INFO] [stdout] ---- src/lib.rs - image (line 177) stdout ----
[INFO] [stdout] error[E0433]: failed to resolve: use of undeclared crate or module `manganis`
[INFO] [stdout]  --> src/lib.rs:178:33
[INFO] [stdout]   |
[INFO] [stdout] 3 | const _: manganis::ImageAsset = manganis::mg!(image("rustacean-flat-gesture.png").format(ImageType::Avif).size(52, 52));
[INFO] [stdout]   |                                 ^^^^^^^^ use of undeclared crate or module `manganis`
[INFO] [stdout] 
[INFO] [stdout] error[E0433]: failed to resolve: use of undeclared crate or module `manganis`
[INFO] [stdout]  --> src/lib.rs:178:10
[INFO] [stdout]   |
[INFO] [stdout] 3 | const _: manganis::ImageAsset = manganis::mg!(image("rustacean-flat-gesture.png").format(ImageType::Avif).size(52, 52));
[INFO] [stdout]   |          ^^^^^^^^ use of undeclared crate or module `manganis`
[INFO] [stdout] 
[INFO] [stdout] error: aborting due to 2 previous errors
[INFO] [stdout] 
[INFO] [stdout] For more information about this error, try `rustc --explain E0433`.
[INFO] [stdout] Couldn't compile the test.
[INFO] [stdout] ---- src/lib.rs - image (line 173) stdout ----
[INFO] [stdout] error[E0433]: failed to resolve: use of undeclared crate or module `manganis`
[INFO] [stdout]  --> src/lib.rs:174:33
[INFO] [stdout]   |
[INFO] [stdout] 3 | const _: manganis::ImageAsset = manganis::mg!(image("rustacean-flat-gesture.png").size(52, 52));
[INFO] [stdout]   |                                 ^^^^^^^^ use of undeclared crate or module `manganis`
[INFO] [stdout] 
[INFO] [stdout] error[E0433]: failed to resolve: use of undeclared crate or module `manganis`
[INFO] [stdout]  --> src/lib.rs:174:10
[INFO] [stdout]   |
[INFO] [stdout] 3 | const _: manganis::ImageAsset = manganis::mg!(image("rustacean-flat-gesture.png").size(52, 52));
[INFO] [stdout]   |          ^^^^^^^^ use of undeclared crate or module `manganis`
[INFO] [stdout] 
[INFO] [stdout] error: aborting due to 2 previous errors
[INFO] [stdout] 
[INFO] [stdout] For more information about this error, try `rustc --explain E0433`.
[INFO] [stdout] Couldn't compile the test.
[INFO] [stdout] ---- src/lib.rs - image (line 169) stdout ----
[INFO] [stdout] error[E0433]: failed to resolve: use of undeclared crate or module `manganis`
[INFO] [stdout]  --> src/lib.rs:170:33
[INFO] [stdout]   |
[INFO] [stdout] 3 | const _: manganis::ImageAsset = manganis::mg!(image("rustacean-flat-gesture.png"));
[INFO] [stdout]   |                                 ^^^^^^^^ use of undeclared crate or module `manganis`
[INFO] [stdout] 
[INFO] [stdout] error[E0433]: failed to resolve: use of undeclared crate or module `manganis`
[INFO] [stdout]  --> src/lib.rs:170:10
[INFO] [stdout]   |
[INFO] [stdout] 3 | const _: manganis::ImageAsset = manganis::mg!(image("rustacean-flat-gesture.png"));
[INFO] [stdout]   |          ^^^^^^^^ use of undeclared crate or module `manganis`
[INFO] [stdout] 
[INFO] [stdout] error: aborting due to 2 previous errors
[INFO] [stdout] 
[INFO] [stdout] For more information about this error, try `rustc --explain E0433`.
[INFO] [stdout] Couldn't compile the test.
[INFO] [stdout] 
[INFO] [stdout] failures:
[INFO] [stdout]     src/../README.md - (line 12)
[INFO] [stdout]     src/../README.md - (line 6)
[INFO] [stdout]     src/lib.rs - FontAssetBuilder::display (line 235)
[INFO] [stdout]     src/lib.rs - FontAssetBuilder::families (line 199)
[INFO] [stdout]     src/lib.rs - FontAssetBuilder::text (line 223)
[INFO] [stdout]     src/lib.rs - FontAssetBuilder::weights (line 211)
[INFO] [stdout]     src/lib.rs - ImageAssetBuilder::format (line 99)
[INFO] [stdout]     src/lib.rs - ImageAssetBuilder::low_quality_preview (line 127)
[INFO] [stdout]     src/lib.rs - ImageAssetBuilder::preload (line 141)
[INFO] [stdout]     src/lib.rs - ImageAssetBuilder::size (line 113)
[INFO] [stdout]     src/lib.rs - ImageAssetBuilder::url_encoded (line 155)
[INFO] [stdout]     src/lib.rs - file (line 270)
[INFO] [stdout]     src/lib.rs - file (line 274)
[INFO] [stdout]     src/lib.rs - font (line 249)
[INFO] [stdout]     src/lib.rs - font (line 253)
[INFO] [stdout]     src/lib.rs - font (line 257)
[INFO] [stdout]     src/lib.rs - image (line 169)
[INFO] [stdout]     src/lib.rs - image (line 173)
[INFO] [stdout]     src/lib.rs - image (line 177)
[INFO] [stdout]     src/lib.rs - image (line 181)
[INFO] [stdout] 
[INFO] [stdout] test result: FAILED. 0 passed; 20 failed; 0 ignored; 0 measured; 0 filtered out; finished in 0.43s
[INFO] [stdout] 
[INFO] [stderr] error: doctest failed, to rerun pass `--doc`
[INFO] running `Command { std: "docker" "inspect" "3b1f181f1ef0c884746bface32d9d9c01379bb8e679d2a5a2c7d3c49a9d61d89", kill_on_drop: false }`
[INFO] running `Command { std: "docker" "rm" "-f" "3b1f181f1ef0c884746bface32d9d9c01379bb8e679d2a5a2c7d3c49a9d61d89", kill_on_drop: false }`
[INFO] [stdout] 3b1f181f1ef0c884746bface32d9d9c01379bb8e679d2a5a2c7d3c49a9d61d89
