[INFO] fetching crate assertx 1.1.7...
[INFO] testing assertx-1.1.7 against nightly-2024-10-28+rustflags=-Zrandomize-layout for randomize-layout
[INFO] extracting crate assertx 1.1.7 into /workspace/builds/worker-4-tc2/source
[INFO] validating manifest of crates.io crate assertx 1.1.7 on toolchain nightly-2024-10-28
[INFO] running `Command { std: CARGO_HOME="/workspace/cargo-home" RUSTUP_HOME="/workspace/rustup-home" "/workspace/cargo-home/bin/cargo" "+nightly-2024-10-28" "metadata" "--manifest-path" "Cargo.toml" "--no-deps", kill_on_drop: false }`
[INFO] started tweaking crates.io crate assertx 1.1.7
[INFO] removed 0 missing tests
[INFO] finished tweaking crates.io crate assertx 1.1.7
[INFO] tweaked toml for crates.io crate assertx 1.1.7 written to /workspace/builds/worker-4-tc2/source/Cargo.toml
[INFO] running `Command { std: CARGO_HOME="/workspace/cargo-home" RUSTUP_HOME="/workspace/rustup-home" "/workspace/cargo-home/bin/cargo" "+nightly-2024-10-28" "generate-lockfile" "--manifest-path" "Cargo.toml", kill_on_drop: false }`
[INFO] [stderr]     Updating crates.io index
[INFO] [stderr]      Locking 35 packages to latest compatible versions
[INFO] running `Command { std: CARGO_HOME="/workspace/cargo-home" RUSTUP_HOME="/workspace/rustup-home" "/workspace/cargo-home/bin/cargo" "+nightly-2024-10-28" "fetch" "--manifest-path" "Cargo.toml", kill_on_drop: false }`
[INFO] running `Command { std: "docker" "create" "-v" "/var/lib/crater-agent-workspace/builds/worker-4-tc2/target:/opt/rustwide/target:rw,Z" "-v" "/var/lib/crater-agent-workspace/builds/worker-4-tc2/source:/opt/rustwide/workdir:ro,Z" "-v" "/var/lib/crater-agent-workspace/cargo-home:/opt/rustwide/cargo-home:ro,Z" "-v" "/var/lib/crater-agent-workspace/rustup-home:/opt/rustwide/rustup-home:ro,Z" "-e" "SOURCE_DIR=/opt/rustwide/workdir" "-e" "CARGO_TARGET_DIR=/opt/rustwide/target" "-e" "CARGO_HOME=/opt/rustwide/cargo-home" "-e" "RUSTUP_HOME=/opt/rustwide/rustup-home" "-w" "/opt/rustwide/workdir" "-m" "1610612736" "--user" "0:0" "--network" "none" "ghcr.io/rust-lang/crates-build-env/linux@sha256:4a844ea9eb2546a2d2c7022eacef16ef2e8229c7fbb2c7d4d55a9ceca922f72d" "/opt/rustwide/cargo-home/bin/cargo" "+nightly-2024-10-28" "metadata" "--no-deps" "--format-version=1", kill_on_drop: false }`
[INFO] [stdout] 7ef73dcc89288c5921ae67552bf30f1f89692ee0bff035f0ec805962d3ce79f6
[INFO] running `Command { std: "docker" "start" "-a" "7ef73dcc89288c5921ae67552bf30f1f89692ee0bff035f0ec805962d3ce79f6", kill_on_drop: false }`
[INFO] running `Command { std: "docker" "inspect" "7ef73dcc89288c5921ae67552bf30f1f89692ee0bff035f0ec805962d3ce79f6", kill_on_drop: false }`
[INFO] running `Command { std: "docker" "rm" "-f" "7ef73dcc89288c5921ae67552bf30f1f89692ee0bff035f0ec805962d3ce79f6", kill_on_drop: false }`
[INFO] [stdout] 7ef73dcc89288c5921ae67552bf30f1f89692ee0bff035f0ec805962d3ce79f6
[INFO] running `Command { std: "docker" "create" "-v" "/var/lib/crater-agent-workspace/builds/worker-4-tc2/target:/opt/rustwide/target:rw,Z" "-v" "/var/lib/crater-agent-workspace/builds/worker-4-tc2/source:/opt/rustwide/workdir:ro,Z" "-v" "/var/lib/crater-agent-workspace/cargo-home:/opt/rustwide/cargo-home:ro,Z" "-v" "/var/lib/crater-agent-workspace/rustup-home:/opt/rustwide/rustup-home:ro,Z" "-e" "SOURCE_DIR=/opt/rustwide/workdir" "-e" "CARGO_TARGET_DIR=/opt/rustwide/target" "-e" "CARGO_INCREMENTAL=0" "-e" "RUST_BACKTRACE=full" "-e" "RUSTFLAGS=--cap-lints=forbid -Zrandomize-layout" "-e" "RUSTDOCFLAGS=--cap-lints=forbid" "-e" "CARGO_HOME=/opt/rustwide/cargo-home" "-e" "RUSTUP_HOME=/opt/rustwide/rustup-home" "-w" "/opt/rustwide/workdir" "-m" "1610612736" "--user" "0:0" "--network" "none" "ghcr.io/rust-lang/crates-build-env/linux@sha256:4a844ea9eb2546a2d2c7022eacef16ef2e8229c7fbb2c7d4d55a9ceca922f72d" "/opt/rustwide/cargo-home/bin/cargo" "+nightly-2024-10-28" "build" "--frozen" "--message-format=json", kill_on_drop: false }`
[INFO] [stdout] 841b4f8d829659fdc778efbf7e584bf67348a5a68141f62e26c3485352948a03
[INFO] running `Command { std: "docker" "start" "-a" "841b4f8d829659fdc778efbf7e584bf67348a5a68141f62e26c3485352948a03", kill_on_drop: false }`
[INFO] [stderr]    Compiling once_cell v1.20.2
[INFO] [stderr]    Compiling assertx v1.1.7 (/opt/rustwide/workdir)
[INFO] [stderr]     Finished `dev` profile [unoptimized + debuginfo] target(s) in 0.14s
[INFO] running `Command { std: "docker" "inspect" "841b4f8d829659fdc778efbf7e584bf67348a5a68141f62e26c3485352948a03", kill_on_drop: false }`
[INFO] running `Command { std: "docker" "rm" "-f" "841b4f8d829659fdc778efbf7e584bf67348a5a68141f62e26c3485352948a03", kill_on_drop: false }`
[INFO] [stdout] 841b4f8d829659fdc778efbf7e584bf67348a5a68141f62e26c3485352948a03
[INFO] running `Command { std: "docker" "create" "-v" "/var/lib/crater-agent-workspace/builds/worker-4-tc2/target:/opt/rustwide/target:rw,Z" "-v" "/var/lib/crater-agent-workspace/builds/worker-4-tc2/source:/opt/rustwide/workdir:ro,Z" "-v" "/var/lib/crater-agent-workspace/cargo-home:/opt/rustwide/cargo-home:ro,Z" "-v" "/var/lib/crater-agent-workspace/rustup-home:/opt/rustwide/rustup-home:ro,Z" "-e" "SOURCE_DIR=/opt/rustwide/workdir" "-e" "CARGO_TARGET_DIR=/opt/rustwide/target" "-e" "CARGO_INCREMENTAL=0" "-e" "RUST_BACKTRACE=full" "-e" "RUSTFLAGS=--cap-lints=forbid -Zrandomize-layout" "-e" "RUSTDOCFLAGS=--cap-lints=forbid" "-e" "CARGO_HOME=/opt/rustwide/cargo-home" "-e" "RUSTUP_HOME=/opt/rustwide/rustup-home" "-w" "/opt/rustwide/workdir" "-m" "1610612736" "--user" "0:0" "--network" "none" "ghcr.io/rust-lang/crates-build-env/linux@sha256:4a844ea9eb2546a2d2c7022eacef16ef2e8229c7fbb2c7d4d55a9ceca922f72d" "/opt/rustwide/cargo-home/bin/cargo" "+nightly-2024-10-28" "test" "--frozen" "--no-run" "--message-format=json", kill_on_drop: false }`
[INFO] [stdout] 849dd2dc05814da931e65a8a66b28f83995b101bab46f8ad51dbb7eebe80e948
[INFO] running `Command { std: "docker" "start" "-a" "849dd2dc05814da931e65a8a66b28f83995b101bab46f8ad51dbb7eebe80e948", kill_on_drop: false }`
[INFO] [stderr]    Compiling serde v1.0.214
[INFO] [stderr]    Compiling proc-macro2 v1.0.89
[INFO] [stderr]    Compiling hashbrown v0.15.0
[INFO] [stderr]    Compiling target-triple v0.1.3
[INFO] [stderr]    Compiling winnow v0.6.20
[INFO] [stderr]    Compiling glob v0.3.1
[INFO] [stderr]    Compiling termcolor v1.4.1
[INFO] [stderr]    Compiling log v0.4.22
[INFO] [stderr]    Compiling indexmap v2.6.0
[INFO] [stderr]    Compiling quote v1.0.37
[INFO] [stderr]    Compiling syn v2.0.86
[INFO] [stderr]    Compiling serde_derive v1.0.214
[INFO] [stderr]    Compiling toml_datetime v0.6.8
[INFO] [stderr]    Compiling serde_spanned v0.6.8
[INFO] [stderr]    Compiling serde_json v1.0.132
[INFO] [stderr]    Compiling toml_edit v0.22.22
[INFO] [stderr]    Compiling toml v0.8.19
[INFO] [stderr]    Compiling trybuild v1.0.101
[INFO] [stderr]    Compiling assertx v1.1.7 (/opt/rustwide/workdir)
[INFO] [stdout] warning: field `val` is never read
[INFO] [stdout]   --> src/variants.rs:63:13
[INFO] [stdout]    |
[INFO] [stdout] 63 |         A { val: u8 },
[INFO] [stdout]    |         -   ^^^
[INFO] [stdout]    |         |
[INFO] [stdout]    |         field in this variant
[INFO] [stdout]    |
[INFO] [stdout]    = note: `TestEnum` has a derived impl for the trait `Debug`, but this is intentionally ignored during dead code analysis
[INFO] [stdout]    = note: `#[warn(dead_code)]` on by default
[INFO] [stdout] 
[INFO] [stdout] 
[INFO] [stdout] warning: field `0` is never read
[INFO] [stdout]   --> src/variants.rs:64:11
[INFO] [stdout]    |
[INFO] [stdout] 64 |         B(u32),
[INFO] [stdout]    |         - ^^^
[INFO] [stdout]    |         |
[INFO] [stdout]    |         field in this variant
[INFO] [stdout]    |
[INFO] [stdout]    = note: `TestEnum` has a derived impl for the trait `Debug`, but this is intentionally ignored during dead code analysis
[INFO] [stdout] help: consider changing the field to be of unit type to suppress this warning while preserving the field numbering, or remove the field
[INFO] [stdout]    |
[INFO] [stdout] 64 |         B(()),
[INFO] [stdout]    |           ~~
[INFO] [stdout] 
[INFO] [stdout] 
[INFO] [stderr]     Finished `test` profile [unoptimized + debuginfo] target(s) in 6.05s
[INFO] running `Command { std: "docker" "inspect" "849dd2dc05814da931e65a8a66b28f83995b101bab46f8ad51dbb7eebe80e948", kill_on_drop: false }`
[INFO] running `Command { std: "docker" "rm" "-f" "849dd2dc05814da931e65a8a66b28f83995b101bab46f8ad51dbb7eebe80e948", kill_on_drop: false }`
[INFO] [stdout] 849dd2dc05814da931e65a8a66b28f83995b101bab46f8ad51dbb7eebe80e948
[INFO] running `Command { std: "docker" "create" "-v" "/var/lib/crater-agent-workspace/builds/worker-4-tc2/target:/opt/rustwide/target:rw,Z" "-v" "/var/lib/crater-agent-workspace/builds/worker-4-tc2/source:/opt/rustwide/workdir:ro,Z" "-v" "/var/lib/crater-agent-workspace/cargo-home:/opt/rustwide/cargo-home:ro,Z" "-v" "/var/lib/crater-agent-workspace/rustup-home:/opt/rustwide/rustup-home:ro,Z" "-e" "SOURCE_DIR=/opt/rustwide/workdir" "-e" "CARGO_TARGET_DIR=/opt/rustwide/target" "-e" "CARGO_INCREMENTAL=0" "-e" "RUST_BACKTRACE=full" "-e" "RUSTFLAGS=--cap-lints=forbid -Zrandomize-layout" "-e" "RUSTDOCFLAGS=--cap-lints=forbid" "-e" "CARGO_HOME=/opt/rustwide/cargo-home" "-e" "RUSTUP_HOME=/opt/rustwide/rustup-home" "-w" "/opt/rustwide/workdir" "-m" "1610612736" "--user" "0:0" "--network" "none" "ghcr.io/rust-lang/crates-build-env/linux@sha256:4a844ea9eb2546a2d2c7022eacef16ef2e8229c7fbb2c7d4d55a9ceca922f72d" "/opt/rustwide/cargo-home/bin/cargo" "+nightly-2024-10-28" "test" "--frozen", kill_on_drop: false }`
[INFO] [stdout] c25990b829d78c2b05378a5af19962a272bf7a50cc257ffa6f511ab0affd3136
[INFO] running `Command { std: "docker" "start" "-a" "c25990b829d78c2b05378a5af19962a272bf7a50cc257ffa6f511ab0affd3136", kill_on_drop: false }`
[INFO] [stderr] warning: field `val` is never read
[INFO] [stderr]   --> src/variants.rs:63:13
[INFO] [stderr]    |
[INFO] [stderr] 63 |         A { val: u8 },
[INFO] [stderr]    |         -   ^^^
[INFO] [stderr]    |         |
[INFO] [stderr]    |         field in this variant
[INFO] [stderr]    |
[INFO] [stderr]    = note: `TestEnum` has a derived impl for the trait `Debug`, but this is intentionally ignored during dead code analysis
[INFO] [stderr]    = note: `#[warn(dead_code)]` on by default
[INFO] [stderr] 
[INFO] [stderr] warning: field `0` is never read
[INFO] [stderr]   --> src/variants.rs:64:11
[INFO] [stderr]    |
[INFO] [stderr] 64 |         B(u32),
[INFO] [stderr]    |         - ^^^
[INFO] [stderr]    |         |
[INFO] [stderr]    |         field in this variant
[INFO] [stderr]    |
[INFO] [stderr]    = note: `TestEnum` has a derived impl for the trait `Debug`, but this is intentionally ignored during dead code analysis
[INFO] [stderr] help: consider changing the field to be of unit type to suppress this warning while preserving the field numbering, or remove the field
[INFO] [stderr]    |
[INFO] [stderr] 64 |         B(()),
[INFO] [stderr]    |           ~~
[INFO] [stderr] 
[INFO] [stderr] warning: `assertx` (lib test) generated 2 warnings
[INFO] [stderr]     Finished `test` profile [unoptimized + debuginfo] target(s) in 0.02s
[INFO] [stderr]      Running unittests src/lib.rs (/opt/rustwide/target/debug/deps/assertx-023505317ee56b42)
[INFO] [stdout] 
[INFO] [stdout] running 18 tests
[INFO] [stdout] test collections::assert_contains_exactly::tests::should_succeed_if_both_sides_empty ... ok
[INFO] [stdout] test collections::assert_contains_exactly::tests::should_succeed_if_same_elements_in_same_order ... ok
[INFO] [stdout] test collections::assert_contains_in_order::tests::should_succeed_if_actual_has_duplicate_elememts_but_in_same_order ... ok
[INFO] [stdout] test collections::assert_contains_in_order::tests::should_succeed_if_both_sides_empty ... ok
[INFO] [stdout] test collections::assert_contains_in_order::tests::should_succeed_if_same_duplicate_elements_in_same_order ... ok
[INFO] [stdout] test collections::assert_contains_in_order::tests::should_succeed_if_actual_has_more_elememts_but_in_same_order ... ok
[INFO] [stdout] test collections::assert_contains_in_order::tests::should_succeed_if_same_elements_in_same_order ... ok
[INFO] [stdout] test collections::assert_contains_none::tests::should_succeed_if_both_sides_empty ... ok
[INFO] [stdout] test collections::assert_contains_none::tests::should_succeed_if_no_shared_elements ... ok
[INFO] [stdout] test variants::tests::should_not_panic_if_same_variant ... ok
[INFO] [stdout] test collections::assert_contains_exactly::tests::should_fail_if_different_number_of_elements - should panic ... ok
[INFO] [stdout] test collections::assert_contains_exactly::tests::should_fail_if_elements_are_not_the_same - should panic ... ok
[INFO] [stdout] test collections::assert_contains_exactly::tests::should_fail_if_same_elements_but_different_order - should panic ... ok
[INFO] [stdout] test collections::assert_contains_in_order::tests::should_fail_if_actual_has_fewer_elememts_even_in_same_order - should panic ... ok
[INFO] [stdout] test collections::assert_contains_in_order::tests::should_fail_if_elements_are_not_the_same - should panic ... ok
[INFO] [stdout] test collections::assert_contains_in_order::tests::should_fail_if_same_elements_but_different_order - should panic ... ok
[INFO] [stdout] test collections::assert_contains_none::tests::should_fail_if_any_shared_element - should panic ... ok
[INFO] [stdout] test variants::tests::should_panic_if_not_same_variant - should panic ... ok
[INFO] [stdout] 
[INFO] [stdout] test result: ok. 18 passed; 0 failed; 0 ignored; 0 measured; 0 filtered out; finished in 0.01s
[INFO] [stdout] 
[INFO] [stderr]      Running tests/compile_tests.rs (/opt/rustwide/target/debug/deps/tests-223e6001357285af)
[INFO] [stdout] 
[INFO] [stdout] running 1 test
[INFO] [stderr]    Compiling once_cell v1.20.2
[INFO] [stderr]    Compiling log v0.4.22
[INFO] [stderr]    Compiling assertx v1.1.7 (/opt/rustwide/workdir)
[INFO] [stderr]    Compiling assertx-tests v0.0.0 (/opt/rustwide/target/tests/trybuild/assertx)
[INFO] [stderr]     Finished `dev` profile [unoptimized + debuginfo] target(s) in 0.27s
[INFO] [stderr] 
[INFO] [stderr] 
[INFO] [stderr] test tests/collections/assert_contains_exactly.rs [should pass] ... ok
[INFO] [stderr] test tests/collections/assert_contains_in_order.rs [should pass] ... ok
[INFO] [stderr] test tests/collections/assert_contains_none.rs [should pass] ... ok
[INFO] [stderr] test tests/logging/assert_logs_contain_in_order.rs [should fail to compile] ... mismatch
[INFO] [stderr] 
[INFO] [stderr] EXPECTED:
[INFO] [stderr] ┈┈┈┈┈┈┈┈┈┈┈┈┈┈┈┈┈┈┈┈┈┈┈┈┈┈┈┈┈┈┈┈┈┈┈┈┈┈┈┈┈┈┈┈┈┈┈┈┈┈┈┈┈┈┈┈┈┈┈┈
[INFO] [stderr] error[E0432]: unresolved import `assertx::assert_logs_contain_in_order`
[INFO] [stderr]  --> $DIR/assert_logs_contain_in_order.rs:1:5
[INFO] [stderr]   |
[INFO] [stderr] 1 | use assertx::assert_logs_contain_in_order;
[INFO] [stderr]   |     ^^^^^^^^^----------------------------
[INFO] [stderr]   |     |        |
[INFO] [stderr]   |     |        help: a similar name exists in the module: `assert_contains_in_order`
[INFO] [stderr]   |     no `assert_logs_contain_in_order` in the root
[INFO] [stderr] 
[INFO] [stderr] error: cannot determine resolution for the macro `assert_logs_contain_in_order`
[INFO] [stderr]   --> $DIR/assert_logs_contain_in_order.rs:13:5
[INFO] [stderr]    |
[INFO] [stderr] 13 |     assert_logs_contain_in_order!(
[INFO] [stderr]    |     ^^^^^^^^^^^^^^^^^^^^^^^^^^^^
[INFO] [stderr]    |
[INFO] [stderr]    = note: import resolution is stuck, try simplifying macro imports
[INFO] [stderr] 
[INFO] [stderr] error[E0425]: cannot find function `setup_logging_test` in crate `assertx`
[INFO] [stderr]  --> $DIR/assert_logs_contain_in_order.rs:5:25
[INFO] [stderr]   |
[INFO] [stderr] 5 |     let logs = assertx::setup_logging_test();
[INFO] [stderr]   |                         ^^^^^^^^^^^^^^^^^^ not found in `assertx`
[INFO] [stderr] 
[INFO] [stderr] warning: unused import: `Level`
[INFO] [stderr]  --> $DIR/assert_logs_contain_in_order.rs:2:44
[INFO] [stderr]   |
[INFO] [stderr] 2 | use log::{debug, error, info, trace, warn, Level};
[INFO] [stderr]   |                                            ^^^^^
[INFO] [stderr]   |
[INFO] [stderr]   = note: `#[warn(unused_imports)]` on by default
[INFO] [stderr] ┈┈┈┈┈┈┈┈┈┈┈┈┈┈┈┈┈┈┈┈┈┈┈┈┈┈┈┈┈┈┈┈┈┈┈┈┈┈┈┈┈┈┈┈┈┈┈┈┈┈┈┈┈┈┈┈┈┈┈┈
[INFO] [stderr] 
[INFO] [stderr] ACTUAL OUTPUT:
[INFO] [stderr] ┈┈┈┈┈┈┈┈┈┈┈┈┈┈┈┈┈┈┈┈┈┈┈┈┈┈┈┈┈┈┈┈┈┈┈┈┈┈┈┈┈┈┈┈┈┈┈┈┈┈┈┈┈┈┈┈┈┈┈┈
[INFO] [stderr] error[E0432]: unresolved import `assertx::assert_logs_contain_in_order`
[INFO] [stderr]  --> tests/logging/assert_logs_contain_in_order.rs:1:5
[INFO] [stderr]   |
[INFO] [stderr] 1 | use assertx::assert_logs_contain_in_order;
[INFO] [stderr]   |     ^^^^^^^^^----------------------------
[INFO] [stderr]   |     |        |
[INFO] [stderr]   |     |        help: a similar name exists in the module: `assert_contains_in_order`
[INFO] [stderr]   |     no `assert_logs_contain_in_order` in the root
[INFO] [stderr] 
[INFO] [stderr] error[E0425]: cannot find function `setup_logging_test` in crate `assertx`
[INFO] [stderr]  --> tests/logging/assert_logs_contain_in_order.rs:5:25
[INFO] [stderr]   |
[INFO] [stderr] 5 |     let logs = assertx::setup_logging_test();
[INFO] [stderr]   |                         ^^^^^^^^^^^^^^^^^^ not found in `assertx`
[INFO] [stderr]   |
[INFO] [stderr] note: found an item that was configured out
[INFO] [stderr]  --> src/lib.rs
[INFO] [stderr]   |
[INFO] [stderr]   | pub use logging::setup_logging_test;
[INFO] [stderr]   |                  ^^^^^^^^^^^^^^^^^^
[INFO] [stderr] note: the item is gated behind the `logging` feature
[INFO] [stderr]  --> src/lib.rs
[INFO] [stderr]   |
[INFO] [stderr]   | #[cfg(feature = "logging")]
[INFO] [stderr]   |       ^^^^^^^^^^^^^^^^^^^
[INFO] [stderr] 
[INFO] [stderr] warning: unused import: `Level`
[INFO] [stderr]  --> tests/logging/assert_logs_contain_in_order.rs:2:44
[INFO] [stderr]   |
[INFO] [stderr] 2 | use log::{debug, error, info, trace, warn, Level};
[INFO] [stderr]   |                                            ^^^^^
[INFO] [stderr]   |
[INFO] [stderr]   = note: `#[warn(unused_imports)]` on by default
[INFO] [stderr] ┈┈┈┈┈┈┈┈┈┈┈┈┈┈┈┈┈┈┈┈┈┈┈┈┈┈┈┈┈┈┈┈┈┈┈┈┈┈┈┈┈┈┈┈┈┈┈┈┈┈┈┈┈┈┈┈┈┈┈┈
[INFO] [stderr] note: If the actual output is the correct output you can bless it by rerunning
[INFO] [stderr]       your test with the environment variable TRYBUILD=overwrite
[INFO] [stderr] 
[INFO] [stderr] test tests/logging/assert_logs_contain_none.rs [should fail to compile] ... mismatch
[INFO] [stderr] 
[INFO] [stderr] EXPECTED:
[INFO] [stderr] ┈┈┈┈┈┈┈┈┈┈┈┈┈┈┈┈┈┈┈┈┈┈┈┈┈┈┈┈┈┈┈┈┈┈┈┈┈┈┈┈┈┈┈┈┈┈┈┈┈┈┈┈┈┈┈┈┈┈┈┈
[INFO] [stderr] error[E0432]: unresolved import `assertx::assert_logs_contain_none`
[INFO] [stderr]  --> $DIR/assert_logs_contain_none.rs:1:5
[INFO] [stderr]   |
[INFO] [stderr] 1 | use assertx::assert_logs_contain_none;
[INFO] [stderr]   |     ^^^^^^^^^------------------------
[INFO] [stderr]   |     |        |
[INFO] [stderr]   |     |        help: a similar name exists in the module: `assert_contains_none`
[INFO] [stderr]   |     no `assert_logs_contain_none` in the root
[INFO] [stderr] 
[INFO] [stderr] error: cannot determine resolution for the macro `assert_logs_contain_none`
[INFO] [stderr]  --> $DIR/assert_logs_contain_none.rs:7:5
[INFO] [stderr]   |
[INFO] [stderr] 7 |     assert_logs_contain_none!(logs, Level::Info => "Something");
[INFO] [stderr]   |     ^^^^^^^^^^^^^^^^^^^^^^^^
[INFO] [stderr]   |
[INFO] [stderr]   = note: import resolution is stuck, try simplifying macro imports
[INFO] [stderr] 
[INFO] [stderr] error[E0425]: cannot find function `setup_logging_test` in crate `assertx`
[INFO] [stderr]  --> $DIR/assert_logs_contain_none.rs:5:25
[INFO] [stderr]   |
[INFO] [stderr] 5 |     let logs = assertx::setup_logging_test();
[INFO] [stderr]   |                         ^^^^^^^^^^^^^^^^^^ not found in `assertx`
[INFO] [stderr] 
[INFO] [stderr] warning: unused import: `log::Level`
[INFO] [stderr]  --> $DIR/assert_logs_contain_none.rs:2:5
[INFO] [stderr]   |
[INFO] [stderr] 2 | use log::Level;
[INFO] [stderr]   |     ^^^^^^^^^^
[INFO] [stderr]   |
[INFO] [stderr]   = note: `#[warn(unused_imports)]` on by default
[INFO] [stderr] ┈┈┈┈┈┈┈┈┈┈┈┈┈┈┈┈┈┈┈┈┈┈┈┈┈┈┈┈┈┈┈┈┈┈┈┈┈┈┈┈┈┈┈┈┈┈┈┈┈┈┈┈┈┈┈┈┈┈┈┈
[INFO] [stderr] 
[INFO] [stderr] ACTUAL OUTPUT:
[INFO] [stderr] ┈┈┈┈┈┈┈┈┈┈┈┈┈┈┈┈┈┈┈┈┈┈┈┈┈┈┈┈┈┈┈┈┈┈┈┈┈┈┈┈┈┈┈┈┈┈┈┈┈┈┈┈┈┈┈┈┈┈┈┈
[INFO] [stderr] error[E0432]: unresolved import `assertx::assert_logs_contain_none`
[INFO] [stderr]  --> tests/logging/assert_logs_contain_none.rs:1:5
[INFO] [stderr]   |
[INFO] [stderr] 1 | use assertx::assert_logs_contain_none;
[INFO] [stderr]   |     ^^^^^^^^^------------------------
[INFO] [stderr]   |     |        |
[INFO] [stderr]   |     |        help: a similar name exists in the module: `assert_contains_none`
[INFO] [stderr]   |     no `assert_logs_contain_none` in the root
[INFO] [stderr] 
[INFO] [stderr] error[E0425]: cannot find function `setup_logging_test` in crate `assertx`
[INFO] [stderr]  --> tests/logging/assert_logs_contain_none.rs:5:25
[INFO] [stderr]   |
[INFO] [stderr] 5 |     let logs = assertx::setup_logging_test();
[INFO] [stderr]   |                         ^^^^^^^^^^^^^^^^^^ not found in `assertx`
[INFO] [stderr]   |
[INFO] [stderr] note: found an item that was configured out
[INFO] [stderr]  --> src/lib.rs
[INFO] [stderr]   |
[INFO] [stderr]   | pub use logging::setup_logging_test;
[INFO] [stderr]   |                  ^^^^^^^^^^^^^^^^^^
[INFO] [stderr] note: the item is gated behind the `logging` feature
[INFO] [stderr]  --> src/lib.rs
[INFO] [stderr]   |
[INFO] [stderr]   | #[cfg(feature = "logging")]
[INFO] [stderr]   |       ^^^^^^^^^^^^^^^^^^^
[INFO] [stderr] 
[INFO] [stderr] warning: unused import: `log::Level`
[INFO] [stderr]  --> tests/logging/assert_logs_contain_none.rs:2:5
[INFO] [stderr]   |
[INFO] [stderr] 2 | use log::Level;
[INFO] [stderr]   |     ^^^^^^^^^^
[INFO] [stderr]   |
[INFO] [stderr]   = note: `#[warn(unused_imports)]` on by default
[INFO] [stderr] ┈┈┈┈┈┈┈┈┈┈┈┈┈┈┈┈┈┈┈┈┈┈┈┈┈┈┈┈┈┈┈┈┈┈┈┈┈┈┈┈┈┈┈┈┈┈┈┈┈┈┈┈┈┈┈┈┈┈┈┈
[INFO] [stderr] note: If the actual output is the correct output you can bless it by rerunning
[INFO] [stderr]       your test with the environment variable TRYBUILD=overwrite
[INFO] [stderr] 
[INFO] [stderr] test tests/variants/should_assert_same_variant.rs [should pass] ... ok
[INFO] [stderr] 
[INFO] [stderr] 
[INFO] [stdout] test when_no_features_are_enabled ... FAILED
[INFO] [stdout] 
[INFO] [stdout] failures:
[INFO] [stdout] 
[INFO] [stdout] ---- when_no_features_are_enabled stdout ----
[INFO] [stdout] thread 'when_no_features_are_enabled' panicked at /opt/rustwide/cargo-home/registry/src/index.crates.io-6f17d22bba15001f/trybuild-1.0.101/src/run.rs:101:13:
[INFO] [stdout] 2 of 6 tests failed
[INFO] [stdout] stack backtrace:
[INFO] [stdout]    0:     0x57bddfea4aba - std::backtrace_rs::backtrace::libunwind::trace::h207520d6e9873551
[INFO] [stdout]                                at /rustc/df4ca44d3fbc9301ee17f30f4d474e6ae4b05252/library/std/src/../../backtrace/src/backtrace/libunwind.rs:116:5
[INFO] [stdout]    1:     0x57bddfea4aba - std::backtrace_rs::backtrace::trace_unsynchronized::h2ed7433f370e3eca
[INFO] [stdout]                                at /rustc/df4ca44d3fbc9301ee17f30f4d474e6ae4b05252/library/std/src/../../backtrace/src/backtrace/mod.rs:66:5
[INFO] [stdout]    2:     0x57bddfea4aba - std::sys::backtrace::_print_fmt::h916fac51166b18d7
[INFO] [stdout]                                at /rustc/df4ca44d3fbc9301ee17f30f4d474e6ae4b05252/library/std/src/sys/backtrace.rs:66:9
[INFO] [stdout]    3:     0x57bddfea4aba - <std::sys::backtrace::BacktraceLock::print::DisplayBacktrace as core::fmt::Display>::fmt::ha0a4c9b8ce3802e6
[INFO] [stdout]                                at /rustc/df4ca44d3fbc9301ee17f30f4d474e6ae4b05252/library/std/src/sys/backtrace.rs:39:26
[INFO] [stdout]    4:     0x57bddfecef63 - core::fmt::rt::Argument::fmt::h4cfc8587d52b3eb5
[INFO] [stdout]                                at /rustc/df4ca44d3fbc9301ee17f30f4d474e6ae4b05252/library/core/src/fmt/rt.rs:177:76
[INFO] [stdout]    5:     0x57bddfecef63 - core::fmt::write::h522cc39e5b36ae9f
[INFO] [stdout]                                at /rustc/df4ca44d3fbc9301ee17f30f4d474e6ae4b05252/library/core/src/fmt/mod.rs:1190:21
[INFO] [stdout]    6:     0x57bddfea0af3 - std::io::Write::write_fmt::h7d3c26752da97734
[INFO] [stdout]                                at /rustc/df4ca44d3fbc9301ee17f30f4d474e6ae4b05252/library/std/src/io/mod.rs:1839:15
[INFO] [stdout]    7:     0x57bddfea4902 - std::sys::backtrace::BacktraceLock::print::h4b9e00b29e9c0942
[INFO] [stdout]                                at /rustc/df4ca44d3fbc9301ee17f30f4d474e6ae4b05252/library/std/src/sys/backtrace.rs:42:9
[INFO] [stdout]    8:     0x57bddfea654a - std::panicking::default_hook::{{closure}}::hb59b88280d0324d9
[INFO] [stdout]                                at /rustc/df4ca44d3fbc9301ee17f30f4d474e6ae4b05252/library/std/src/panicking.rs:268:22
[INFO] [stdout]    9:     0x57bddfea6354 - std::panicking::default_hook::he1dd496665be4a29
[INFO] [stdout]                                at /rustc/df4ca44d3fbc9301ee17f30f4d474e6ae4b05252/library/std/src/panicking.rs:292:9
[INFO] [stdout]   10:     0x57bddfe6d049 - <alloc::boxed::Box<F,A> as core::ops::function::Fn<Args>>::call::h4ff71de18744e1dc
[INFO] [stdout]                                at /rustc/df4ca44d3fbc9301ee17f30f4d474e6ae4b05252/library/alloc/src/boxed.rs:2468:9
[INFO] [stdout]   11:     0x57bddfe6d049 - test::test_main::{{closure}}::hcf7c055ce117aa81
[INFO] [stdout]                                at /rustc/df4ca44d3fbc9301ee17f30f4d474e6ae4b05252/library/test/src/lib.rs:133:21
[INFO] [stdout]   12:     0x57bddfea6c48 - <alloc::boxed::Box<F,A> as core::ops::function::Fn<Args>>::call::h1d66c6bbd60c9692
[INFO] [stdout]                                at /rustc/df4ca44d3fbc9301ee17f30f4d474e6ae4b05252/library/alloc/src/boxed.rs:2468:9
[INFO] [stdout]   13:     0x57bddfea6c48 - std::panicking::rust_panic_with_hook::h2ff17fe8f26dfcf8
[INFO] [stdout]                                at /rustc/df4ca44d3fbc9301ee17f30f4d474e6ae4b05252/library/std/src/panicking.rs:809:13
[INFO] [stdout]   14:     0x57bddfea6a0a - std::panicking::begin_panic_handler::{{closure}}::h4fad77951c07e101
[INFO] [stdout]                                at /rustc/df4ca44d3fbc9301ee17f30f4d474e6ae4b05252/library/std/src/panicking.rs:674:13
[INFO] [stdout]   15:     0x57bddfea4f99 - std::sys::backtrace::__rust_end_short_backtrace::hb1a25b3da5d0ea08
[INFO] [stdout]                                at /rustc/df4ca44d3fbc9301ee17f30f4d474e6ae4b05252/library/std/src/sys/backtrace.rs:170:18
[INFO] [stdout]   16:     0x57bddfea669c - rust_begin_unwind
[INFO] [stdout]                                at /rustc/df4ca44d3fbc9301ee17f30f4d474e6ae4b05252/library/std/src/panicking.rs:665:5
[INFO] [stdout]   17:     0x57bddfecd310 - core::panicking::panic_fmt::ha9db07b529f9b256
[INFO] [stdout]                                at /rustc/df4ca44d3fbc9301ee17f30f4d474e6ae4b05252/library/core/src/panicking.rs:75:14
[INFO] [stdout]   18:     0x57bddfc4ab05 - trybuild::run::<impl trybuild::Runner>::run::h0a1341444c95105d
[INFO] [stdout]                                at /opt/rustwide/cargo-home/registry/src/index.crates.io-6f17d22bba15001f/trybuild-1.0.101/src/run.rs:101:13
[INFO] [stdout]   19:     0x57bddfc50038 - <trybuild::TestCases as core::ops::drop::Drop>::drop::h3acbf3988266bbcc
[INFO] [stdout]                                at /opt/rustwide/cargo-home/registry/src/index.crates.io-6f17d22bba15001f/trybuild-1.0.101/src/lib.rs:340:13
[INFO] [stdout]   20:     0x57bddfb7c597 - core::ptr::drop_in_place<trybuild::TestCases>::h1eef9a752657cc5b
[INFO] [stdout]                                at /rustc/df4ca44d3fbc9301ee17f30f4d474e6ae4b05252/library/core/src/ptr/mod.rs:521:1
[INFO] [stdout]   21:     0x57bddfb7ce53 - tests::when_no_features_are_enabled::h0322f37fd6389de3
[INFO] [stdout]                                at /opt/rustwide/workdir/tests/compile_tests.rs:8:1
[INFO] [stdout]   22:     0x57bddfb7cdb7 - tests::when_no_features_are_enabled::{{closure}}::h1304ada098875156
[INFO] [stdout]                                at /opt/rustwide/workdir/tests/compile_tests.rs:3:34
[INFO] [stdout]   23:     0x57bddfb7c546 - core::ops::function::FnOnce::call_once::hf3c1a48fa1d653dc
[INFO] [stdout]                                at /rustc/df4ca44d3fbc9301ee17f30f4d474e6ae4b05252/library/core/src/ops/function.rs:250:5
[INFO] [stdout]   24:     0x57bddfe7191b - core::ops::function::FnOnce::call_once::h22c3ba5715e93f05
[INFO] [stdout]                                at /rustc/df4ca44d3fbc9301ee17f30f4d474e6ae4b05252/library/core/src/ops/function.rs:250:5
[INFO] [stdout]   25:     0x57bddfe7191b - test::__rust_begin_short_backtrace::h8e82d8113d0da17f
[INFO] [stdout]                                at /rustc/df4ca44d3fbc9301ee17f30f4d474e6ae4b05252/library/test/src/lib.rs:621:18
[INFO] [stdout]   26:     0x57bddfe71297 - test::run_test_in_process::{{closure}}::h33235f4f20b7b7c7
[INFO] [stdout]                                at /rustc/df4ca44d3fbc9301ee17f30f4d474e6ae4b05252/library/test/src/lib.rs:644:60
[INFO] [stdout]   27:     0x57bddfe71297 - <core::panic::unwind_safe::AssertUnwindSafe<F> as core::ops::function::FnOnce<()>>::call_once::hb5043206310c586f
[INFO] [stdout]                                at /rustc/df4ca44d3fbc9301ee17f30f4d474e6ae4b05252/library/core/src/panic/unwind_safe.rs:272:9
[INFO] [stdout]   28:     0x57bddfe71297 - std::panicking::try::do_call::h9ad4731a60ab23e2
[INFO] [stdout]                                at /rustc/df4ca44d3fbc9301ee17f30f4d474e6ae4b05252/library/std/src/panicking.rs:557:40
[INFO] [stdout]   29:     0x57bddfe71297 - std::panicking::try::h3824d23db772a716
[INFO] [stdout]                                at /rustc/df4ca44d3fbc9301ee17f30f4d474e6ae4b05252/library/std/src/panicking.rs:520:19
[INFO] [stdout]   30:     0x57bddfe71297 - std::panic::catch_unwind::h5afd514605fde46b
[INFO] [stdout]                                at /rustc/df4ca44d3fbc9301ee17f30f4d474e6ae4b05252/library/std/src/panic.rs:358:14
[INFO] [stdout]   31:     0x57bddfe71297 - test::run_test_in_process::h0d5cbfa7067d1720
[INFO] [stdout]                                at /rustc/df4ca44d3fbc9301ee17f30f4d474e6ae4b05252/library/test/src/lib.rs:644:27
[INFO] [stdout]   32:     0x57bddfe71297 - test::run_test::{{closure}}::h708eb8872708115d
[INFO] [stdout]                                at /rustc/df4ca44d3fbc9301ee17f30f4d474e6ae4b05252/library/test/src/lib.rs:565:43
[INFO] [stdout]   33:     0x57bddfe349b4 - test::run_test::{{closure}}::h392c51cee94713ab
[INFO] [stdout]                                at /rustc/df4ca44d3fbc9301ee17f30f4d474e6ae4b05252/library/test/src/lib.rs:595:41
[INFO] [stdout]   34:     0x57bddfe349b4 - std::sys::backtrace::__rust_begin_short_backtrace::h2f40290710935a8b
[INFO] [stdout]                                at /rustc/df4ca44d3fbc9301ee17f30f4d474e6ae4b05252/library/std/src/sys/backtrace.rs:154:18
[INFO] [stdout]   35:     0x57bddfe3815e - std::thread::Builder::spawn_unchecked_::{{closure}}::{{closure}}::h3fd968d89053a903
[INFO] [stdout]                                at /rustc/df4ca44d3fbc9301ee17f30f4d474e6ae4b05252/library/std/src/thread/mod.rs:541:17
[INFO] [stdout]   36:     0x57bddfe3815e - <core::panic::unwind_safe::AssertUnwindSafe<F> as core::ops::function::FnOnce<()>>::call_once::h743f637ba4229880
[INFO] [stdout]                                at /rustc/df4ca44d3fbc9301ee17f30f4d474e6ae4b05252/library/core/src/panic/unwind_safe.rs:272:9
[INFO] [stdout]   37:     0x57bddfe3815e - std::panicking::try::do_call::h07440897322525a6
[INFO] [stdout]                                at /rustc/df4ca44d3fbc9301ee17f30f4d474e6ae4b05252/library/std/src/panicking.rs:557:40
[INFO] [stdout]   38:     0x57bddfe3815e - std::panicking::try::he5a2e00188156637
[INFO] [stdout]                                at /rustc/df4ca44d3fbc9301ee17f30f4d474e6ae4b05252/library/std/src/panicking.rs:520:19
[INFO] [stdout]   39:     0x57bddfe3815e - std::panic::catch_unwind::hbaf3cae49b3c6433
[INFO] [stdout]                                at /rustc/df4ca44d3fbc9301ee17f30f4d474e6ae4b05252/library/std/src/panic.rs:358:14
[INFO] [stdout]   40:     0x57bddfe3815e - std::thread::Builder::spawn_unchecked_::{{closure}}::h8e141ea224820bce
[INFO] [stdout]                                at /rustc/df4ca44d3fbc9301ee17f30f4d474e6ae4b05252/library/std/src/thread/mod.rs:540:30
[INFO] [stdout]   41:     0x57bddfe3815e - core::ops::function::FnOnce::call_once{{vtable.shim}}::h90d312fedd7b8ea8
[INFO] [stdout]                                at /rustc/df4ca44d3fbc9301ee17f30f4d474e6ae4b05252/library/core/src/ops/function.rs:250:5
[INFO] [stdout]   42:     0x57bddfeaba0b - <alloc::boxed::Box<F,A> as core::ops::function::FnOnce<Args>>::call_once::h69aa08ddb6adb8b6
[INFO] [stdout]                                at /rustc/df4ca44d3fbc9301ee17f30f4d474e6ae4b05252/library/alloc/src/boxed.rs:2454:9
[INFO] [stdout]   43:     0x57bddfeaba0b - <alloc::boxed::Box<F,A> as core::ops::function::FnOnce<Args>>::call_once::h5aa36efdb79c806f
[INFO] [stdout]                                at /rustc/df4ca44d3fbc9301ee17f30f4d474e6ae4b05252/library/alloc/src/boxed.rs:2454:9
[INFO] [stdout]   44:     0x57bddfeaba0b - std::sys::pal::unix::thread::Thread::new::thread_start::h6cd80a1b4be5158d
[INFO] [stdout]                                at /rustc/df4ca44d3fbc9301ee17f30f4d474e6ae4b05252/library/std/src/sys/pal/unix/thread.rs:105:17
[INFO] [stdout]   45:     0x7f8990000ac3 - <unknown>
[INFO] [stdout]   46:     0x7f8990091a04 - clone
[INFO] [stdout]   47:                0x0 - <unknown>
[INFO] [stdout] 
[INFO] [stdout] 
[INFO] [stdout] failures:
[INFO] [stdout]     when_no_features_are_enabled
[INFO] [stdout] 
[INFO] [stdout] test result: FAILED. 0 passed; 1 failed; 0 ignored; 0 measured; 0 filtered out; finished in 1.15s
[INFO] [stdout] 
[INFO] [stderr] error: test failed, to rerun pass `--test tests`
[INFO] running `Command { std: "docker" "inspect" "c25990b829d78c2b05378a5af19962a272bf7a50cc257ffa6f511ab0affd3136", kill_on_drop: false }`
[INFO] running `Command { std: "docker" "rm" "-f" "c25990b829d78c2b05378a5af19962a272bf7a50cc257ffa6f511ab0affd3136", kill_on_drop: false }`
[INFO] [stdout] c25990b829d78c2b05378a5af19962a272bf7a50cc257ffa6f511ab0affd3136
