[INFO] fetching crate assemblage_db 0.1.0...
[INFO] testing assemblage_db-0.1.0 against nightly-2024-10-28 for randomize-layout
[INFO] extracting crate assemblage_db 0.1.0 into /workspace/builds/worker-1-tc1/source
[INFO] validating manifest of crates.io crate assemblage_db 0.1.0 on toolchain nightly-2024-10-28
[INFO] running `Command { std: CARGO_HOME="/workspace/cargo-home" RUSTUP_HOME="/workspace/rustup-home" "/workspace/cargo-home/bin/cargo" "+nightly-2024-10-28" "metadata" "--manifest-path" "Cargo.toml" "--no-deps", kill_on_drop: false }`
[INFO] started tweaking crates.io crate assemblage_db 0.1.0
[INFO] finished tweaking crates.io crate assemblage_db 0.1.0
[INFO] tweaked toml for crates.io crate assemblage_db 0.1.0 written to /workspace/builds/worker-1-tc1/source/Cargo.toml
[INFO] running `Command { std: CARGO_HOME="/workspace/cargo-home" RUSTUP_HOME="/workspace/rustup-home" "/workspace/cargo-home/bin/cargo" "+nightly-2024-10-28" "generate-lockfile" "--manifest-path" "Cargo.toml", kill_on_drop: false }`
[INFO] [stderr]     Blocking waiting for file lock on package cache
[INFO] [stderr]     Updating crates.io index
[INFO] [stderr]      Locking 165 packages to latest compatible versions
[INFO] [stderr]       Adding async-recursion v0.3.2 (available: v1.1.1)
[INFO] [stderr]       Adding console_log v0.2.2 (available: v1.0.0)
[INFO] [stderr]       Adding env_logger v0.8.4 (available: v0.11.5)
[INFO] [stderr]       Adding reqwest v0.11.27 (available: v0.12.9)
[INFO] [stderr]       Adding uuid v0.8.2 (available: v1.11.0)
[INFO] running `Command { std: CARGO_HOME="/workspace/cargo-home" RUSTUP_HOME="/workspace/rustup-home" "/workspace/cargo-home/bin/cargo" "+nightly-2024-10-28" "fetch" "--manifest-path" "Cargo.toml", kill_on_drop: false }`
[INFO] [stderr]  Downloading crates ...
[INFO] [stderr]   Downloaded minicov v0.3.6
[INFO] [stderr]   Downloaded assemblage_kv v0.1.0
[INFO] [stderr]   Downloaded wasm-bindgen-test v0.3.45
[INFO] [stderr]   Downloaded wasm-bindgen-test-macro v0.3.45
[INFO] running `Command { std: "docker" "create" "-v" "/var/lib/crater-agent-workspace/builds/worker-1-tc1/target:/opt/rustwide/target:rw,Z" "-v" "/var/lib/crater-agent-workspace/builds/worker-1-tc1/source:/opt/rustwide/workdir:ro,Z" "-v" "/var/lib/crater-agent-workspace/cargo-home:/opt/rustwide/cargo-home:ro,Z" "-v" "/var/lib/crater-agent-workspace/rustup-home:/opt/rustwide/rustup-home:ro,Z" "-e" "SOURCE_DIR=/opt/rustwide/workdir" "-e" "CARGO_TARGET_DIR=/opt/rustwide/target" "-e" "CARGO_HOME=/opt/rustwide/cargo-home" "-e" "RUSTUP_HOME=/opt/rustwide/rustup-home" "-w" "/opt/rustwide/workdir" "-m" "1610612736" "--user" "0:0" "--network" "none" "ghcr.io/rust-lang/crates-build-env/linux@sha256:4a844ea9eb2546a2d2c7022eacef16ef2e8229c7fbb2c7d4d55a9ceca922f72d" "/opt/rustwide/cargo-home/bin/cargo" "+nightly-2024-10-28" "metadata" "--no-deps" "--format-version=1", kill_on_drop: false }`
[INFO] [stdout] e3c041d80a98044a33b4931a6eb8058831bce2ca2e04d49e7aed1dbfd409afc5
[INFO] running `Command { std: "docker" "start" "-a" "e3c041d80a98044a33b4931a6eb8058831bce2ca2e04d49e7aed1dbfd409afc5", kill_on_drop: false }`
[INFO] running `Command { std: "docker" "inspect" "e3c041d80a98044a33b4931a6eb8058831bce2ca2e04d49e7aed1dbfd409afc5", kill_on_drop: false }`
[INFO] running `Command { std: "docker" "rm" "-f" "e3c041d80a98044a33b4931a6eb8058831bce2ca2e04d49e7aed1dbfd409afc5", kill_on_drop: false }`
[INFO] [stdout] e3c041d80a98044a33b4931a6eb8058831bce2ca2e04d49e7aed1dbfd409afc5
[INFO] running `Command { std: "docker" "create" "-v" "/var/lib/crater-agent-workspace/builds/worker-1-tc1/target:/opt/rustwide/target:rw,Z" "-v" "/var/lib/crater-agent-workspace/builds/worker-1-tc1/source:/opt/rustwide/workdir:ro,Z" "-v" "/var/lib/crater-agent-workspace/cargo-home:/opt/rustwide/cargo-home:ro,Z" "-v" "/var/lib/crater-agent-workspace/rustup-home:/opt/rustwide/rustup-home:ro,Z" "-e" "SOURCE_DIR=/opt/rustwide/workdir" "-e" "CARGO_TARGET_DIR=/opt/rustwide/target" "-e" "CARGO_INCREMENTAL=0" "-e" "RUST_BACKTRACE=full" "-e" "RUSTFLAGS=--cap-lints=forbid" "-e" "RUSTDOCFLAGS=--cap-lints=forbid" "-e" "CARGO_HOME=/opt/rustwide/cargo-home" "-e" "RUSTUP_HOME=/opt/rustwide/rustup-home" "-w" "/opt/rustwide/workdir" "-m" "1610612736" "--user" "0:0" "--network" "none" "ghcr.io/rust-lang/crates-build-env/linux@sha256:4a844ea9eb2546a2d2c7022eacef16ef2e8229c7fbb2c7d4d55a9ceca922f72d" "/opt/rustwide/cargo-home/bin/cargo" "+nightly-2024-10-28" "build" "--frozen" "--message-format=json", kill_on_drop: false }`
[INFO] [stdout] c8db80a267347c9b55b29bec838574ef7019b7d4db4b444d5eef24b443139775
[INFO] running `Command { std: "docker" "start" "-a" "c8db80a267347c9b55b29bec838574ef7019b7d4db4b444d5eef24b443139775", kill_on_drop: false }`
[INFO] [stderr]    Compiling pin-project-lite v0.2.15
[INFO] [stderr]    Compiling shlex v1.3.0
[INFO] [stderr]    Compiling pkg-config v0.3.31
[INFO] [stderr]    Compiling bytes v1.8.0
[INFO] [stderr]    Compiling slab v0.4.9
[INFO] [stderr]    Compiling futures-sink v0.3.31
[INFO] [stderr]    Compiling syn v2.0.86
[INFO] [stderr]    Compiling once_cell v1.20.2
[INFO] [stderr]    Compiling futures-core v0.3.31
[INFO] [stderr]    Compiling socket2 v0.5.7
[INFO] [stderr]    Compiling cc v1.1.31
[INFO] [stderr]    Compiling mio v1.0.2
[INFO] [stderr]    Compiling serde v1.0.214
[INFO] [stderr]    Compiling futures-channel v0.3.31
[INFO] [stderr]    Compiling futures-io v0.3.31
[INFO] [stderr]    Compiling tokio v1.41.0
[INFO] [stderr]    Compiling futures-task v0.3.31
[INFO] [stderr]    Compiling openssl v0.10.68
[INFO] [stderr]    Compiling http v0.2.12
[INFO] [stderr]    Compiling tracing-core v0.1.32
[INFO] [stderr]    Compiling num-traits v0.2.19
[INFO] [stderr]    Compiling httparse v1.9.5
[INFO] [stderr]    Compiling hashbrown v0.15.0
[INFO] [stderr]    Compiling native-tls v0.2.12
[INFO] [stderr]    Compiling bitflags v2.6.0
[INFO] [stderr]    Compiling tracing v0.1.40
[INFO] [stderr]    Compiling tinyvec v1.8.0
[INFO] [stderr]    Compiling indexmap v2.6.0
[INFO] [stderr]    Compiling try-lock v0.2.5
[INFO] [stderr]    Compiling want v0.3.1
[INFO] [stderr]    Compiling openssl-sys v0.9.104
[INFO] [stderr]    Compiling http-body v0.4.6
[INFO] [stderr]    Compiling unicode-normalization v0.1.24
[INFO] [stderr]    Compiling tower-service v0.3.3
[INFO] [stderr]    Compiling unicode-bidi v0.3.17
[INFO] [stderr]    Compiling httpdate v1.0.3
[INFO] [stderr]    Compiling syn v1.0.109
[INFO] [stderr]    Compiling rmp v0.8.14
[INFO] [stderr]    Compiling base64 v0.21.7
[INFO] [stderr]    Compiling idna v0.5.0
[INFO] [stderr]    Compiling rustls-pemfile v1.0.4
[INFO] [stderr]    Compiling getrandom v0.2.15
[INFO] [stderr]    Compiling encoding_rs v0.8.35
[INFO] [stderr]    Compiling sync_wrapper v0.1.2
[INFO] [stderr]    Compiling ipnet v2.10.1
[INFO] [stderr]    Compiling mime v0.3.17
[INFO] [stderr]    Compiling url v2.5.2
[INFO] [stderr]    Compiling futures-macro v0.3.31
[INFO] [stderr]    Compiling serde_derive v1.0.214
[INFO] [stderr]    Compiling openssl-macros v0.1.1
[INFO] [stderr]    Compiling async-trait v0.1.83
[INFO] [stderr]    Compiling futures-util v0.3.31
[INFO] [stderr]    Compiling tokio-util v0.7.12
[INFO] [stderr]    Compiling async-recursion v0.3.2
[INFO] [stderr]    Compiling h2 v0.3.26
[INFO] [stderr]    Compiling tokio-native-tls v0.3.1
[INFO] [stderr]    Compiling futures-executor v0.3.31
[INFO] [stderr]    Compiling futures v0.3.31
[INFO] [stderr]    Compiling rmp-serde v0.15.5
[INFO] [stderr]    Compiling serde_json v1.0.132
[INFO] [stderr]    Compiling serde_urlencoded v0.7.1
[INFO] [stderr]    Compiling uuid v0.8.2
[INFO] [stderr]    Compiling assemblage_kv v0.1.0
[INFO] [stderr]    Compiling hyper v0.14.31
[INFO] [stderr]    Compiling hyper-tls v0.5.0
[INFO] [stderr]    Compiling reqwest v0.11.27
[INFO] [stderr]    Compiling assemblage_db v0.1.0 (/opt/rustwide/workdir)
[INFO] [stdout] warning: variable does not need to be mutable
[INFO] [stdout]    --> src/index.rs:795:29
[INFO] [stdout]     |
[INFO] [stdout] 795 |                         let mut occurrences = diff
[INFO] [stdout]     |                             ----^^^^^^^^^^^
[INFO] [stdout]     |                             |
[INFO] [stdout]     |                             help: remove this `mut`
[INFO] [stdout]     |
[INFO] [stdout]     = note: `#[warn(unused_mut)]` on by default
[INFO] [stdout] 
[INFO] [stdout] 
[INFO] [stderr]     Finished `dev` profile [unoptimized + debuginfo] target(s) in 15.64s
[INFO] running `Command { std: "docker" "inspect" "c8db80a267347c9b55b29bec838574ef7019b7d4db4b444d5eef24b443139775", kill_on_drop: false }`
[INFO] running `Command { std: "docker" "rm" "-f" "c8db80a267347c9b55b29bec838574ef7019b7d4db4b444d5eef24b443139775", kill_on_drop: false }`
[INFO] [stdout] c8db80a267347c9b55b29bec838574ef7019b7d4db4b444d5eef24b443139775
[INFO] running `Command { std: "docker" "create" "-v" "/var/lib/crater-agent-workspace/builds/worker-1-tc1/target:/opt/rustwide/target:rw,Z" "-v" "/var/lib/crater-agent-workspace/builds/worker-1-tc1/source:/opt/rustwide/workdir:ro,Z" "-v" "/var/lib/crater-agent-workspace/cargo-home:/opt/rustwide/cargo-home:ro,Z" "-v" "/var/lib/crater-agent-workspace/rustup-home:/opt/rustwide/rustup-home:ro,Z" "-e" "SOURCE_DIR=/opt/rustwide/workdir" "-e" "CARGO_TARGET_DIR=/opt/rustwide/target" "-e" "CARGO_INCREMENTAL=0" "-e" "RUST_BACKTRACE=full" "-e" "RUSTFLAGS=--cap-lints=forbid" "-e" "RUSTDOCFLAGS=--cap-lints=forbid" "-e" "CARGO_HOME=/opt/rustwide/cargo-home" "-e" "RUSTUP_HOME=/opt/rustwide/rustup-home" "-w" "/opt/rustwide/workdir" "-m" "1610612736" "--user" "0:0" "--network" "none" "ghcr.io/rust-lang/crates-build-env/linux@sha256:4a844ea9eb2546a2d2c7022eacef16ef2e8229c7fbb2c7d4d55a9ceca922f72d" "/opt/rustwide/cargo-home/bin/cargo" "+nightly-2024-10-28" "test" "--frozen" "--no-run" "--message-format=json", kill_on_drop: false }`
[INFO] [stdout] 1be9c63a86c3dfd7a4e110145ca5951fd062f499ca163302ca22813fbba81ce2
[INFO] running `Command { std: "docker" "start" "-a" "1be9c63a86c3dfd7a4e110145ca5951fd062f499ca163302ca22813fbba81ce2", kill_on_drop: false }`
[INFO] [stderr]    Compiling tokio v1.41.0
[INFO] [stderr]    Compiling native-tls v0.2.12
[INFO] [stderr]    Compiling regex-syntax v0.8.5
[INFO] [stderr]    Compiling humantime v2.1.0
[INFO] [stderr]    Compiling regex-automata v0.4.8
[INFO] [stderr]    Compiling regex v1.11.1
[INFO] [stderr]    Compiling env_logger v0.8.4
[INFO] [stderr]    Compiling tokio-util v0.7.12
[INFO] [stderr]    Compiling tokio-native-tls v0.3.1
[INFO] [stderr]    Compiling h2 v0.3.26
[INFO] [stderr]    Compiling assemblage_kv v0.1.0
[INFO] [stderr]    Compiling hyper v0.14.31
[INFO] [stderr]    Compiling hyper-tls v0.5.0
[INFO] [stderr]    Compiling reqwest v0.11.27
[INFO] [stderr]    Compiling assemblage_db v0.1.0 (/opt/rustwide/workdir)
[INFO] [stdout] warning: variable does not need to be mutable
[INFO] [stdout]    --> src/index.rs:795:29
[INFO] [stdout]     |
[INFO] [stdout] 795 |                         let mut occurrences = diff
[INFO] [stdout]     |                             ----^^^^^^^^^^^
[INFO] [stdout]     |                             |
[INFO] [stdout]     |                             help: remove this `mut`
[INFO] [stdout]     |
[INFO] [stdout]     = note: `#[warn(unused_mut)]` on by default
[INFO] [stdout] 
[INFO] [stdout] 
[INFO] [stdout] warning: variable does not need to be mutable
[INFO] [stdout]    --> src/index.rs:795:29
[INFO] [stdout]     |
[INFO] [stdout] 795 |                         let mut occurrences = diff
[INFO] [stdout]     |                             ----^^^^^^^^^^^
[INFO] [stdout]     |                             |
[INFO] [stdout]     |                             help: remove this `mut`
[INFO] [stdout]     |
[INFO] [stdout]     = note: `#[warn(unused_mut)]` on by default
[INFO] [stdout] 
[INFO] [stdout] 
[INFO] [stdout] warning: unexpected `cfg` condition value: `graft-db-tests`
[INFO] [stdout]    --> tests/swap.rs:644:11
[INFO] [stdout]     |
[INFO] [stdout] 644 | #[cfg(not(feature = "graft-db-tests"))]
[INFO] [stdout]     |           ^^^^^^^^^^^^^^^^^^^^^^^^^^
[INFO] [stdout]     |
[INFO] [stdout]     = note: expected values for `feature` are: `assemblage-broadcast-integration-tests`, `console_error_panic_hook`, `wee_alloc`, `workers-env-prod`, and `workers-localhost`
[INFO] [stdout]     = help: consider adding `graft-db-tests` as a feature in `Cargo.toml`
[INFO] [stdout]     = note: see <https://doc.rust-lang.org/nightly/rustc/check-cfg/cargo-specifics.html> for more information about checking conditional configuration
[INFO] [stdout]     = note: `#[warn(unexpected_cfgs)]` on by default
[INFO] [stdout] 
[INFO] [stdout] 
[INFO] [stdout] warning: unexpected `cfg` condition value: `graft-db-tests`
[INFO] [stdout]    --> tests/swap.rs:654:7
[INFO] [stdout]     |
[INFO] [stdout] 654 | #[cfg(feature = "graft-db-tests")]
[INFO] [stdout]     |       ^^^^^^^^^^^^^^^^^^^^^^^^^^
[INFO] [stdout]     |
[INFO] [stdout]     = note: expected values for `feature` are: `assemblage-broadcast-integration-tests`, `console_error_panic_hook`, `wee_alloc`, `workers-env-prod`, and `workers-localhost`
[INFO] [stdout]     = help: consider adding `graft-db-tests` as a feature in `Cargo.toml`
[INFO] [stdout]     = note: see <https://doc.rust-lang.org/nightly/rustc/check-cfg/cargo-specifics.html> for more information about checking conditional configuration
[INFO] [stdout] 
[INFO] [stdout] 
[INFO] [stderr]     Finished `test` profile [unoptimized + debuginfo] target(s) in 27.07s
[INFO] running `Command { std: "docker" "inspect" "1be9c63a86c3dfd7a4e110145ca5951fd062f499ca163302ca22813fbba81ce2", kill_on_drop: false }`
[INFO] running `Command { std: "docker" "rm" "-f" "1be9c63a86c3dfd7a4e110145ca5951fd062f499ca163302ca22813fbba81ce2", kill_on_drop: false }`
[INFO] [stdout] 1be9c63a86c3dfd7a4e110145ca5951fd062f499ca163302ca22813fbba81ce2
[INFO] running `Command { std: "docker" "create" "-v" "/var/lib/crater-agent-workspace/builds/worker-1-tc1/target:/opt/rustwide/target:rw,Z" "-v" "/var/lib/crater-agent-workspace/builds/worker-1-tc1/source:/opt/rustwide/workdir:ro,Z" "-v" "/var/lib/crater-agent-workspace/cargo-home:/opt/rustwide/cargo-home:ro,Z" "-v" "/var/lib/crater-agent-workspace/rustup-home:/opt/rustwide/rustup-home:ro,Z" "-e" "SOURCE_DIR=/opt/rustwide/workdir" "-e" "CARGO_TARGET_DIR=/opt/rustwide/target" "-e" "CARGO_INCREMENTAL=0" "-e" "RUST_BACKTRACE=full" "-e" "RUSTFLAGS=--cap-lints=forbid" "-e" "RUSTDOCFLAGS=--cap-lints=forbid" "-e" "CARGO_HOME=/opt/rustwide/cargo-home" "-e" "RUSTUP_HOME=/opt/rustwide/rustup-home" "-w" "/opt/rustwide/workdir" "-m" "1610612736" "--user" "0:0" "--network" "none" "ghcr.io/rust-lang/crates-build-env/linux@sha256:4a844ea9eb2546a2d2c7022eacef16ef2e8229c7fbb2c7d4d55a9ceca922f72d" "/opt/rustwide/cargo-home/bin/cargo" "+nightly-2024-10-28" "test" "--frozen", kill_on_drop: false }`
[INFO] [stdout] c8666bfe5d785c31cf2bb16935a090421376aa485dc2fff3e75c0a5685c6e1f5
[INFO] running `Command { std: "docker" "start" "-a" "c8666bfe5d785c31cf2bb16935a090421376aa485dc2fff3e75c0a5685c6e1f5", kill_on_drop: false }`
[INFO] [stderr] warning: variable does not need to be mutable
[INFO] [stderr]    --> src/index.rs:795:29
[INFO] [stderr]     |
[INFO] [stderr] 795 |                         let mut occurrences = diff
[INFO] [stderr]     |                             ----^^^^^^^^^^^
[INFO] [stderr]     |                             |
[INFO] [stderr]     |                             help: remove this `mut`
[INFO] [stderr]     |
[INFO] [stderr]     = note: `#[warn(unused_mut)]` on by default
[INFO] [stderr] 
[INFO] [stderr] warning: `assemblage_db` (lib) generated 1 warning (run `cargo fix --lib -p assemblage_db` to apply 1 suggestion)
[INFO] [stderr] warning: `assemblage_db` (lib test) generated 1 warning (1 duplicate)
[INFO] [stderr] warning: unexpected `cfg` condition value: `graft-db-tests`
[INFO] [stderr]    --> tests/swap.rs:644:11
[INFO] [stderr]     |
[INFO] [stderr] 644 | #[cfg(not(feature = "graft-db-tests"))]
[INFO] [stderr]     |           ^^^^^^^^^^^^^^^^^^^^^^^^^^
[INFO] [stderr]     |
[INFO] [stderr]     = note: expected values for `feature` are: `assemblage-broadcast-integration-tests`, `console_error_panic_hook`, `wee_alloc`, `workers-env-prod`, and `workers-localhost`
[INFO] [stderr]     = help: consider adding `graft-db-tests` as a feature in `Cargo.toml`
[INFO] [stderr]     = note: see <https://doc.rust-lang.org/nightly/rustc/check-cfg/cargo-specifics.html> for more information about checking conditional configuration
[INFO] [stderr]     = note: `#[warn(unexpected_cfgs)]` on by default
[INFO] [stderr] 
[INFO] [stderr] warning: unexpected `cfg` condition value: `graft-db-tests`
[INFO] [stderr]    --> tests/swap.rs:654:7
[INFO] [stderr]     |
[INFO] [stderr] 654 | #[cfg(feature = "graft-db-tests")]
[INFO] [stderr]     |       ^^^^^^^^^^^^^^^^^^^^^^^^^^
[INFO] [stderr]     |
[INFO] [stderr]     = note: expected values for `feature` are: `assemblage-broadcast-integration-tests`, `console_error_panic_hook`, `wee_alloc`, `workers-env-prod`, and `workers-localhost`
[INFO] [stderr]     = help: consider adding `graft-db-tests` as a feature in `Cargo.toml`
[INFO] [stderr]     = note: see <https://doc.rust-lang.org/nightly/rustc/check-cfg/cargo-specifics.html> for more information about checking conditional configuration
[INFO] [stderr] 
[INFO] [stderr] warning: `assemblage_db` (test "swap") generated 2 warnings
[INFO] [stderr]     Finished `test` profile [unoptimized + debuginfo] target(s) in 0.18s
[INFO] [stderr]      Running unittests src/lib.rs (/opt/rustwide/target/debug/deps/assemblage_db-162b1097a94bba89)
[INFO] [stdout] 
[INFO] [stdout] running 0 tests
[INFO] [stdout] 
[INFO] [stdout] test result: ok. 0 passed; 0 failed; 0 ignored; 0 measured; 0 filtered out; finished in 0.00s
[INFO] [stdout] 
[INFO] [stderr]      Running tests/basics.rs (/opt/rustwide/target/debug/deps/basics-b1b9d8df62c13f58)
[INFO] [stdout] 
[INFO] [stdout] running 6 tests
[INFO] [stdout] test add_and_get_parent_chains ... FAILED
[INFO] [stdout] test add_and_get_text_with_newlines ... FAILED
[INFO] [stdout] test add_and_get_text_nodes ... FAILED
[INFO] [stdout] test persist_nodes ... FAILED
[INFO] [stdout] test add_parent_that_contains_same_child_multiple_times ... FAILED
[INFO] [stdout] test add_and_get_chains ... FAILED
[INFO] [stdout] 
[INFO] [stdout] failures:
[INFO] [stdout] 
[INFO] [stdout] ---- add_and_get_parent_chains stdout ----
[INFO] [stdout] Error: StoreError { err: StorageError(IoError(Os { code: 30, kind: ReadOnlyFilesystem, message: "Read-only file system" })), operation: "", context: "" }
[INFO] [stdout] 
[INFO] [stdout] ---- add_and_get_text_with_newlines stdout ----
[INFO] [stdout] Error: StoreError { err: StorageError(IoError(Os { code: 30, kind: ReadOnlyFilesystem, message: "Read-only file system" })), operation: "", context: "" }
[INFO] [stdout] 
[INFO] [stdout] ---- add_and_get_text_nodes stdout ----
[INFO] [stdout] Error: StoreError { err: StorageError(IoError(Os { code: 30, kind: ReadOnlyFilesystem, message: "Read-only file system" })), operation: "", context: "" }
[INFO] [stdout] 
[INFO] [stdout] ---- persist_nodes stdout ----
[INFO] [stdout] Error: StoreError { err: StorageError(IoError(Os { code: 30, kind: ReadOnlyFilesystem, message: "Read-only file system" })), operation: "", context: "" }
[INFO] [stdout] 
[INFO] [stdout] ---- add_parent_that_contains_same_child_multiple_times stdout ----
[INFO] [stdout] Error: StoreError { err: StorageError(IoError(Os { code: 30, kind: ReadOnlyFilesystem, message: "Read-only file system" })), operation: "", context: "" }
[INFO] [stdout] 
[INFO] [stdout] ---- add_and_get_chains stdout ----
[INFO] [stdout] Error: StoreError { err: StorageError(IoError(Os { code: 30, kind: ReadOnlyFilesystem, message: "Read-only file system" })), operation: "", context: "" }
[INFO] [stdout] 
[INFO] [stdout] 
[INFO] [stdout] failures:
[INFO] [stdout]     add_and_get_chains
[INFO] [stdout]     add_and_get_parent_chains
[INFO] [stdout]     add_and_get_text_nodes
[INFO] [stdout]     add_and_get_text_with_newlines
[INFO] [stdout]     add_parent_that_contains_same_child_multiple_times
[INFO] [stdout]     persist_nodes
[INFO] [stdout] 
[INFO] [stdout] test result: FAILED. 0 passed; 6 failed; 0 ignored; 0 measured; 0 filtered out; finished in 0.01s
[INFO] [stdout] 
[INFO] [stderr] error: test failed, to rerun pass `--test basics`
[INFO] running `Command { std: "docker" "inspect" "c8666bfe5d785c31cf2bb16935a090421376aa485dc2fff3e75c0a5685c6e1f5", kill_on_drop: false }`
[INFO] running `Command { std: "docker" "rm" "-f" "c8666bfe5d785c31cf2bb16935a090421376aa485dc2fff3e75c0a5685c6e1f5", kill_on_drop: false }`
[INFO] [stdout] c8666bfe5d785c31cf2bb16935a090421376aa485dc2fff3e75c0a5685c6e1f5
