[INFO] fetching crate asp_lib 0.1.12...
[INFO] testing asp_lib-0.1.12 against nightly-2024-10-28+rustflags=-Zrandomize-layout for randomize-layout
[INFO] extracting crate asp_lib 0.1.12 into /workspace/builds/worker-0-tc2/source
[INFO] validating manifest of crates.io crate asp_lib 0.1.12 on toolchain nightly-2024-10-28
[INFO] running `Command { std: CARGO_HOME="/workspace/cargo-home" RUSTUP_HOME="/workspace/rustup-home" "/workspace/cargo-home/bin/cargo" "+nightly-2024-10-28" "metadata" "--manifest-path" "Cargo.toml" "--no-deps", kill_on_drop: false }`
[INFO] started tweaking crates.io crate asp_lib 0.1.12
[INFO] finished tweaking crates.io crate asp_lib 0.1.12
[INFO] tweaked toml for crates.io crate asp_lib 0.1.12 written to /workspace/builds/worker-0-tc2/source/Cargo.toml
[INFO] running `Command { std: CARGO_HOME="/workspace/cargo-home" RUSTUP_HOME="/workspace/rustup-home" "/workspace/cargo-home/bin/cargo" "+nightly-2024-10-28" "generate-lockfile" "--manifest-path" "Cargo.toml", kill_on_drop: false }`
[INFO] [stderr]     Updating crates.io index
[INFO] [stderr]      Locking 30 packages to latest compatible versions
[INFO] [stderr]       Adding itertools v0.10.5 (available: v0.13.0)
[INFO] running `Command { std: CARGO_HOME="/workspace/cargo-home" RUSTUP_HOME="/workspace/rustup-home" "/workspace/cargo-home/bin/cargo" "+nightly-2024-10-28" "fetch" "--manifest-path" "Cargo.toml", kill_on_drop: false }`
[INFO] running `Command { std: "docker" "create" "-v" "/var/lib/crater-agent-workspace/builds/worker-0-tc2/target:/opt/rustwide/target:rw,Z" "-v" "/var/lib/crater-agent-workspace/builds/worker-0-tc2/source:/opt/rustwide/workdir:ro,Z" "-v" "/var/lib/crater-agent-workspace/cargo-home:/opt/rustwide/cargo-home:ro,Z" "-v" "/var/lib/crater-agent-workspace/rustup-home:/opt/rustwide/rustup-home:ro,Z" "-e" "SOURCE_DIR=/opt/rustwide/workdir" "-e" "CARGO_TARGET_DIR=/opt/rustwide/target" "-e" "CARGO_HOME=/opt/rustwide/cargo-home" "-e" "RUSTUP_HOME=/opt/rustwide/rustup-home" "-w" "/opt/rustwide/workdir" "-m" "1610612736" "--user" "0:0" "--network" "none" "ghcr.io/rust-lang/crates-build-env/linux@sha256:4a844ea9eb2546a2d2c7022eacef16ef2e8229c7fbb2c7d4d55a9ceca922f72d" "/opt/rustwide/cargo-home/bin/cargo" "+nightly-2024-10-28" "metadata" "--no-deps" "--format-version=1", kill_on_drop: false }`
[INFO] [stdout] 76295f83d5f8f99d73340843e109219cab2f6f35d05e0ec4caade75570ee1f9f
[INFO] running `Command { std: "docker" "start" "-a" "76295f83d5f8f99d73340843e109219cab2f6f35d05e0ec4caade75570ee1f9f", kill_on_drop: false }`
[INFO] running `Command { std: "docker" "inspect" "76295f83d5f8f99d73340843e109219cab2f6f35d05e0ec4caade75570ee1f9f", kill_on_drop: false }`
[INFO] running `Command { std: "docker" "rm" "-f" "76295f83d5f8f99d73340843e109219cab2f6f35d05e0ec4caade75570ee1f9f", kill_on_drop: false }`
[INFO] [stdout] 76295f83d5f8f99d73340843e109219cab2f6f35d05e0ec4caade75570ee1f9f
[INFO] running `Command { std: "docker" "create" "-v" "/var/lib/crater-agent-workspace/builds/worker-0-tc2/target:/opt/rustwide/target:rw,Z" "-v" "/var/lib/crater-agent-workspace/builds/worker-0-tc2/source:/opt/rustwide/workdir:ro,Z" "-v" "/var/lib/crater-agent-workspace/cargo-home:/opt/rustwide/cargo-home:ro,Z" "-v" "/var/lib/crater-agent-workspace/rustup-home:/opt/rustwide/rustup-home:ro,Z" "-e" "SOURCE_DIR=/opt/rustwide/workdir" "-e" "CARGO_TARGET_DIR=/opt/rustwide/target" "-e" "CARGO_INCREMENTAL=0" "-e" "RUST_BACKTRACE=full" "-e" "RUSTFLAGS=--cap-lints=forbid -Zrandomize-layout" "-e" "RUSTDOCFLAGS=--cap-lints=forbid" "-e" "CARGO_HOME=/opt/rustwide/cargo-home" "-e" "RUSTUP_HOME=/opt/rustwide/rustup-home" "-w" "/opt/rustwide/workdir" "-m" "1610612736" "--user" "0:0" "--network" "none" "ghcr.io/rust-lang/crates-build-env/linux@sha256:4a844ea9eb2546a2d2c7022eacef16ef2e8229c7fbb2c7d4d55a9ceca922f72d" "/opt/rustwide/cargo-home/bin/cargo" "+nightly-2024-10-28" "build" "--frozen" "--message-format=json", kill_on_drop: false }`
[INFO] [stdout] 17509f1b783c8d23ed662f286790107b925674ffd1362a3da9fef5306b871b9e
[INFO] running `Command { std: "docker" "start" "-a" "17509f1b783c8d23ed662f286790107b925674ffd1362a3da9fef5306b871b9e", kill_on_drop: false }`
[INFO] [stderr]    Compiling num-traits v0.2.19
[INFO] [stderr]    Compiling memchr v2.7.4
[INFO] [stderr]    Compiling same-file v1.0.6
[INFO] [stderr]    Compiling either v1.13.0
[INFO] [stderr]    Compiling split-iter v0.1.0
[INFO] [stderr]    Compiling walkdir v2.5.0
[INFO] [stderr]    Compiling itertools v0.10.5
[INFO] [stderr]    Compiling csv-core v0.1.11
[INFO] [stderr]    Compiling csv v1.3.0
[INFO] [stderr]    Compiling itertools-num v0.1.3
[INFO] [stderr]    Compiling asp_lib v0.1.12 (/opt/rustwide/workdir)
[INFO] [stdout] warning: the feature `absolute_path` has been stable since 1.79.0 and no longer requires an attribute to enable
[INFO] [stdout]  --> src/lib.rs:2:12
[INFO] [stdout]   |
[INFO] [stdout] 2 | #![feature(absolute_path)]
[INFO] [stdout]   |            ^^^^^^^^^^^^^
[INFO] [stdout]   |
[INFO] [stdout]   = note: `#[warn(stable_features)]` on by default
[INFO] [stdout] 
[INFO] [stdout] 
[INFO] [stdout] warning: call to `.clone()` on a reference in this situation does nothing
[INFO] [stdout]   --> src/spectrum.rs:26:28
[INFO] [stdout]    |
[INFO] [stdout] 26 |         let folder = orpath.clone().parent().unwrap();
[INFO] [stdout]    |                            ^^^^^^^^
[INFO] [stdout]    |
[INFO] [stdout]    = note: the type `std::path::Path` does not implement `Clone`, so calling `clone` on `&std::path::Path` copies the reference, which does not do anything and can be removed
[INFO] [stdout]    = note: `#[warn(noop_method_call)]` on by default
[INFO] [stdout] help: remove this redundant call
[INFO] [stdout]    |
[INFO] [stdout] 26 -         let folder = orpath.clone().parent().unwrap();
[INFO] [stdout] 26 +         let folder = orpath.parent().unwrap();
[INFO] [stdout]    |
[INFO] [stdout] 
[INFO] [stdout] 
[INFO] [stdout] warning: call to `.clone()` on a reference in this situation does nothing
[INFO] [stdout]   --> src/spectrum.rs:27:30
[INFO] [stdout]    |
[INFO] [stdout] 27 |         let filename = orpath.clone().file_prefix().unwrap();
[INFO] [stdout]    |                              ^^^^^^^^
[INFO] [stdout]    |
[INFO] [stdout]    = note: the type `std::path::Path` does not implement `Clone`, so calling `clone` on `&std::path::Path` copies the reference, which does not do anything and can be removed
[INFO] [stdout] help: remove this redundant call
[INFO] [stdout]    |
[INFO] [stdout] 27 -         let filename = orpath.clone().file_prefix().unwrap();
[INFO] [stdout] 27 +         let filename = orpath.file_prefix().unwrap();
[INFO] [stdout]    |
[INFO] [stdout] 
[INFO] [stdout] 
[INFO] [stderr]     Finished `dev` profile [unoptimized + debuginfo] target(s) in 1.60s
[INFO] running `Command { std: "docker" "inspect" "17509f1b783c8d23ed662f286790107b925674ffd1362a3da9fef5306b871b9e", kill_on_drop: false }`
[INFO] running `Command { std: "docker" "rm" "-f" "17509f1b783c8d23ed662f286790107b925674ffd1362a3da9fef5306b871b9e", kill_on_drop: false }`
[INFO] [stdout] 17509f1b783c8d23ed662f286790107b925674ffd1362a3da9fef5306b871b9e
[INFO] running `Command { std: "docker" "create" "-v" "/var/lib/crater-agent-workspace/builds/worker-0-tc2/target:/opt/rustwide/target:rw,Z" "-v" "/var/lib/crater-agent-workspace/builds/worker-0-tc2/source:/opt/rustwide/workdir:ro,Z" "-v" "/var/lib/crater-agent-workspace/cargo-home:/opt/rustwide/cargo-home:ro,Z" "-v" "/var/lib/crater-agent-workspace/rustup-home:/opt/rustwide/rustup-home:ro,Z" "-e" "SOURCE_DIR=/opt/rustwide/workdir" "-e" "CARGO_TARGET_DIR=/opt/rustwide/target" "-e" "CARGO_INCREMENTAL=0" "-e" "RUST_BACKTRACE=full" "-e" "RUSTFLAGS=--cap-lints=forbid -Zrandomize-layout" "-e" "RUSTDOCFLAGS=--cap-lints=forbid" "-e" "CARGO_HOME=/opt/rustwide/cargo-home" "-e" "RUSTUP_HOME=/opt/rustwide/rustup-home" "-w" "/opt/rustwide/workdir" "-m" "1610612736" "--user" "0:0" "--network" "none" "ghcr.io/rust-lang/crates-build-env/linux@sha256:4a844ea9eb2546a2d2c7022eacef16ef2e8229c7fbb2c7d4d55a9ceca922f72d" "/opt/rustwide/cargo-home/bin/cargo" "+nightly-2024-10-28" "test" "--frozen" "--no-run" "--message-format=json", kill_on_drop: false }`
[INFO] [stdout] f5b27f602d9dcce2348525eacff81d36d7e09f3d7b9f83b19c23a7159ff054d1
[INFO] running `Command { std: "docker" "start" "-a" "f5b27f602d9dcce2348525eacff81d36d7e09f3d7b9f83b19c23a7159ff054d1", kill_on_drop: false }`
[INFO] [stdout] warning: the feature `absolute_path` has been stable since 1.79.0 and no longer requires an attribute to enable
[INFO] [stdout]  --> src/lib.rs:2:12
[INFO] [stdout]   |
[INFO] [stdout] 2 | #![feature(absolute_path)]
[INFO] [stdout]   |            ^^^^^^^^^^^^^
[INFO] [stdout]   |
[INFO] [stdout]   = note: `#[warn(stable_features)]` on by default
[INFO] [stdout] 
[INFO] [stdout] 
[INFO] [stdout] warning: call to `.clone()` on a reference in this situation does nothing
[INFO] [stdout]   --> src/spectrum.rs:26:28
[INFO] [stdout]    |
[INFO] [stdout] 26 |         let folder = orpath.clone().parent().unwrap();
[INFO] [stdout]    |                            ^^^^^^^^
[INFO] [stdout]    |
[INFO] [stdout]    = note: the type `std::path::Path` does not implement `Clone`, so calling `clone` on `&std::path::Path` copies the reference, which does not do anything and can be removed
[INFO] [stdout]    = note: `#[warn(noop_method_call)]` on by default
[INFO] [stdout] help: remove this redundant call
[INFO] [stdout]    |
[INFO] [stdout] 26 -         let folder = orpath.clone().parent().unwrap();
[INFO] [stdout] 26 +         let folder = orpath.parent().unwrap();
[INFO] [stdout]    |
[INFO] [stdout] 
[INFO] [stdout] 
[INFO] [stdout] warning: call to `.clone()` on a reference in this situation does nothing
[INFO] [stdout]   --> src/spectrum.rs:27:30
[INFO] [stdout]    |
[INFO] [stdout] 27 |         let filename = orpath.clone().file_prefix().unwrap();
[INFO] [stdout]    |                              ^^^^^^^^
[INFO] [stdout]    |
[INFO] [stdout]    = note: the type `std::path::Path` does not implement `Clone`, so calling `clone` on `&std::path::Path` copies the reference, which does not do anything and can be removed
[INFO] [stdout] help: remove this redundant call
[INFO] [stdout]    |
[INFO] [stdout] 27 -         let filename = orpath.clone().file_prefix().unwrap();
[INFO] [stdout] 27 +         let filename = orpath.file_prefix().unwrap();
[INFO] [stdout]    |
[INFO] [stdout] 
[INFO] [stdout] 
[INFO] [stderr]    Compiling asp_lib v0.1.12 (/opt/rustwide/workdir)
[INFO] [stdout] warning: the feature `absolute_path` has been stable since 1.79.0 and no longer requires an attribute to enable
[INFO] [stdout]  --> src/lib.rs:2:12
[INFO] [stdout]   |
[INFO] [stdout] 2 | #![feature(absolute_path)]
[INFO] [stdout]   |            ^^^^^^^^^^^^^
[INFO] [stdout]   |
[INFO] [stdout]   = note: `#[warn(stable_features)]` on by default
[INFO] [stdout] 
[INFO] [stdout] 
[INFO] [stdout] warning: call to `.clone()` on a reference in this situation does nothing
[INFO] [stdout]   --> src/spectrum.rs:26:28
[INFO] [stdout]    |
[INFO] [stdout] 26 |         let folder = orpath.clone().parent().unwrap();
[INFO] [stdout]    |                            ^^^^^^^^
[INFO] [stdout]    |
[INFO] [stdout]    = note: the type `std::path::Path` does not implement `Clone`, so calling `clone` on `&std::path::Path` copies the reference, which does not do anything and can be removed
[INFO] [stdout]    = note: `#[warn(noop_method_call)]` on by default
[INFO] [stdout] help: remove this redundant call
[INFO] [stdout]    |
[INFO] [stdout] 26 -         let folder = orpath.clone().parent().unwrap();
[INFO] [stdout] 26 +         let folder = orpath.parent().unwrap();
[INFO] [stdout]    |
[INFO] [stdout] 
[INFO] [stdout] 
[INFO] [stdout] warning: call to `.clone()` on a reference in this situation does nothing
[INFO] [stdout]   --> src/spectrum.rs:27:30
[INFO] [stdout]    |
[INFO] [stdout] 27 |         let filename = orpath.clone().file_prefix().unwrap();
[INFO] [stdout]    |                              ^^^^^^^^
[INFO] [stdout]    |
[INFO] [stdout]    = note: the type `std::path::Path` does not implement `Clone`, so calling `clone` on `&std::path::Path` copies the reference, which does not do anything and can be removed
[INFO] [stdout] help: remove this redundant call
[INFO] [stdout]    |
[INFO] [stdout] 27 -         let filename = orpath.clone().file_prefix().unwrap();
[INFO] [stdout] 27 +         let filename = orpath.file_prefix().unwrap();
[INFO] [stdout]    |
[INFO] [stdout] 
[INFO] [stdout] 
[INFO] [stderr]     Finished `test` profile [unoptimized + debuginfo] target(s) in 0.18s
[INFO] running `Command { std: "docker" "inspect" "f5b27f602d9dcce2348525eacff81d36d7e09f3d7b9f83b19c23a7159ff054d1", kill_on_drop: false }`
[INFO] running `Command { std: "docker" "rm" "-f" "f5b27f602d9dcce2348525eacff81d36d7e09f3d7b9f83b19c23a7159ff054d1", kill_on_drop: false }`
[INFO] [stdout] f5b27f602d9dcce2348525eacff81d36d7e09f3d7b9f83b19c23a7159ff054d1
[INFO] running `Command { std: "docker" "create" "-v" "/var/lib/crater-agent-workspace/builds/worker-0-tc2/target:/opt/rustwide/target:rw,Z" "-v" "/var/lib/crater-agent-workspace/builds/worker-0-tc2/source:/opt/rustwide/workdir:ro,Z" "-v" "/var/lib/crater-agent-workspace/cargo-home:/opt/rustwide/cargo-home:ro,Z" "-v" "/var/lib/crater-agent-workspace/rustup-home:/opt/rustwide/rustup-home:ro,Z" "-e" "SOURCE_DIR=/opt/rustwide/workdir" "-e" "CARGO_TARGET_DIR=/opt/rustwide/target" "-e" "CARGO_INCREMENTAL=0" "-e" "RUST_BACKTRACE=full" "-e" "RUSTFLAGS=--cap-lints=forbid -Zrandomize-layout" "-e" "RUSTDOCFLAGS=--cap-lints=forbid" "-e" "CARGO_HOME=/opt/rustwide/cargo-home" "-e" "RUSTUP_HOME=/opt/rustwide/rustup-home" "-w" "/opt/rustwide/workdir" "-m" "1610612736" "--user" "0:0" "--network" "none" "ghcr.io/rust-lang/crates-build-env/linux@sha256:4a844ea9eb2546a2d2c7022eacef16ef2e8229c7fbb2c7d4d55a9ceca922f72d" "/opt/rustwide/cargo-home/bin/cargo" "+nightly-2024-10-28" "test" "--frozen", kill_on_drop: false }`
[INFO] [stdout] ef5e1a3d12e58ce72e50426c02baad7387391dd833e521fd99500eaffc1deebd
[INFO] running `Command { std: "docker" "start" "-a" "ef5e1a3d12e58ce72e50426c02baad7387391dd833e521fd99500eaffc1deebd", kill_on_drop: false }`
[INFO] [stderr] warning: the feature `absolute_path` has been stable since 1.79.0 and no longer requires an attribute to enable
[INFO] [stderr]  --> src/lib.rs:2:12
[INFO] [stderr]   |
[INFO] [stderr] 2 | #![feature(absolute_path)]
[INFO] [stderr]   |            ^^^^^^^^^^^^^
[INFO] [stderr]   |
[INFO] [stderr]   = note: `#[warn(stable_features)]` on by default
[INFO] [stderr] 
[INFO] [stderr] warning: call to `.clone()` on a reference in this situation does nothing
[INFO] [stderr]   --> src/spectrum.rs:26:28
[INFO] [stderr]    |
[INFO] [stderr] 26 |         let folder = orpath.clone().parent().unwrap();
[INFO] [stderr]    |                            ^^^^^^^^
[INFO] [stderr]    |
[INFO] [stderr]    = note: the type `std::path::Path` does not implement `Clone`, so calling `clone` on `&std::path::Path` copies the reference, which does not do anything and can be removed
[INFO] [stderr]    = note: `#[warn(noop_method_call)]` on by default
[INFO] [stderr] help: remove this redundant call
[INFO] [stderr]    |
[INFO] [stderr] 26 -         let folder = orpath.clone().parent().unwrap();
[INFO] [stderr] 26 +         let folder = orpath.parent().unwrap();
[INFO] [stderr]    |
[INFO] [stderr] 
[INFO] [stderr] warning: call to `.clone()` on a reference in this situation does nothing
[INFO] [stderr]   --> src/spectrum.rs:27:30
[INFO] [stderr]    |
[INFO] [stderr] 27 |         let filename = orpath.clone().file_prefix().unwrap();
[INFO] [stderr]    |                              ^^^^^^^^
[INFO] [stderr]    |
[INFO] [stderr]    = note: the type `std::path::Path` does not implement `Clone`, so calling `clone` on `&std::path::Path` copies the reference, which does not do anything and can be removed
[INFO] [stderr] help: remove this redundant call
[INFO] [stderr]    |
[INFO] [stderr] 27 -         let filename = orpath.clone().file_prefix().unwrap();
[INFO] [stderr] 27 +         let filename = orpath.file_prefix().unwrap();
[INFO] [stderr]    |
[INFO] [stderr] 
[INFO] [stderr] warning: `asp_lib` (lib) generated 3 warnings (run `cargo fix --lib -p asp_lib` to apply 2 suggestions)
[INFO] [stderr] warning: `asp_lib` (lib test) generated 3 warnings (3 duplicates)
[INFO] [stderr]     Finished `test` profile [unoptimized + debuginfo] target(s) in 0.01s
[INFO] [stderr]      Running unittests src/lib.rs (/opt/rustwide/target/debug/deps/asp_lib-a075b5054a90ede1)
[INFO] [stdout] 
[INFO] [stdout] running 0 tests
[INFO] [stdout] 
[INFO] [stdout] test result: ok. 0 passed; 0 failed; 0 ignored; 0 measured; 0 filtered out; finished in 0.00s
[INFO] [stdout] 
[INFO] [stderr]    Doc-tests asp_lib
[INFO] [stdout] 
[INFO] [stdout] running 2 tests
[INFO] [stdout] test src/lib.rs - handle_single_spectrum (line 34) ... FAILED
[INFO] [stdout] test src/lib.rs - handle_many_spectra (line 18) ... FAILED
[INFO] [stdout] 
[INFO] [stdout] failures:
[INFO] [stdout] 
[INFO] [stdout] ---- src/lib.rs - handle_single_spectrum (line 34) stdout ----
[INFO] [stdout] error: expected one of `!`, `.`, `::`, `;`, `?`, `{`, `}`, or an operator, found `generate`
[INFO] [stdout]  --> src/lib.rs:37:4
[INFO] [stdout]   |
[INFO] [stdout] 6 | to generate ./exported/file.csv
[INFO] [stdout]   |    ^^^^^^^^ expected one of 8 possible tokens
[INFO] [stdout] 
[INFO] [stdout] error: aborting due to 1 previous error
[INFO] [stdout] 
[INFO] [stdout] Couldn't compile the test.
[INFO] [stdout] ---- src/lib.rs - handle_many_spectra (line 18) stdout ----
[INFO] [stdout] error[E0308]: mismatched types
[INFO] [stdout]  --> src/lib.rs:21:1
[INFO] [stdout]   |
[INFO] [stdout] 6 | handle_many_spectra(".", "./exported files")
[INFO] [stdout]   | ^^^^^^^^^^^^^^^^^^^^^^^^^^^^^^^^^^^^^^^^^^^^ expected `()`, found `Result<String, Box<dyn Error>>`
[INFO] [stdout]   |
[INFO] [stdout]   = note: expected unit type `()`
[INFO] [stdout]                   found enum `Result<String, Box<(dyn std::error::Error + 'static)>>`
[INFO] [stdout] help: consider using a semicolon here
[INFO] [stdout]   |
[INFO] [stdout] 6 | handle_many_spectra(".", "./exported files");
[INFO] [stdout]   |                                             +
[INFO] [stdout] help: try adding a return type
[INFO] [stdout]   |
[INFO] [stdout] 4 | fn main() { #[allow(non_snake_case)] fn _doctest_main_src_lib_rs_18_0() -> Result<String, Box<(dyn std::error::Error + 'static)>> {
[INFO] [stdout]   |                                                                         +++++++++++++++++++++++++++++++++++++++++++++++++++++++++
[INFO] [stdout] 
[INFO] [stdout] error: aborting due to 1 previous error
[INFO] [stdout] 
[INFO] [stdout] For more information about this error, try `rustc --explain E0308`.
[INFO] [stdout] Couldn't compile the test.
[INFO] [stdout] 
[INFO] [stdout] failures:
[INFO] [stdout]     src/lib.rs - handle_many_spectra (line 18)
[INFO] [stdout]     src/lib.rs - handle_single_spectrum (line 34)
[INFO] [stdout] 
[INFO] [stdout] test result: FAILED. 0 passed; 2 failed; 0 ignored; 0 measured; 0 filtered out; finished in 0.05s
[INFO] [stdout] 
[INFO] [stderr] error: doctest failed, to rerun pass `--doc`
[INFO] running `Command { std: "docker" "inspect" "ef5e1a3d12e58ce72e50426c02baad7387391dd833e521fd99500eaffc1deebd", kill_on_drop: false }`
[INFO] running `Command { std: "docker" "rm" "-f" "ef5e1a3d12e58ce72e50426c02baad7387391dd833e521fd99500eaffc1deebd", kill_on_drop: false }`
[INFO] [stdout] ef5e1a3d12e58ce72e50426c02baad7387391dd833e521fd99500eaffc1deebd
