[INFO] fetching crate asn1-compiler 0.7.0...
[INFO] testing asn1-compiler-0.7.0 against nightly-2024-10-28 for randomize-layout
[INFO] extracting crate asn1-compiler 0.7.0 into /workspace/builds/worker-6-tc1/source
[INFO] validating manifest of crates.io crate asn1-compiler 0.7.0 on toolchain nightly-2024-10-28
[INFO] running `Command { std: CARGO_HOME="/workspace/cargo-home" RUSTUP_HOME="/workspace/rustup-home" "/workspace/cargo-home/bin/cargo" "+nightly-2024-10-28" "metadata" "--manifest-path" "Cargo.toml" "--no-deps", kill_on_drop: false }`
[INFO] started tweaking crates.io crate asn1-compiler 0.7.0
[INFO] removed 0 missing tests
[INFO] finished tweaking crates.io crate asn1-compiler 0.7.0
[INFO] tweaked toml for crates.io crate asn1-compiler 0.7.0 written to /workspace/builds/worker-6-tc1/source/Cargo.toml
[INFO] crate crates.io crate asn1-compiler 0.7.0 already has a lockfile, it will not be regenerated
[INFO] running `Command { std: CARGO_HOME="/workspace/cargo-home" RUSTUP_HOME="/workspace/rustup-home" "/workspace/cargo-home/bin/cargo" "+nightly-2024-10-28" "fetch" "--manifest-path" "Cargo.toml", kill_on_drop: false }`
[INFO] [stderr]     Updating crates.io index
[INFO] [stderr]  Downloading crates ...
[INFO] [stderr]   Downloaded errno v0.3.5
[INFO] [stderr]   Downloaded topological-sort v0.2.2
[INFO] [stderr]   Downloaded termcolor v1.3.0
[INFO] [stderr]   Downloaded env_logger v0.10.0
[INFO] [stderr]   Downloaded fdeflate v0.3.1
[INFO] [stderr]   Downloaded clap v4.4.7
[INFO] [stderr]   Downloaded bytemuck v1.14.0
[INFO] [stderr]   Downloaded png v0.17.10
[INFO] [stderr]   Downloaded serde v1.0.190
[INFO] [stderr]   Downloaded regex v1.10.2
[INFO] [stderr]   Downloaded zip v0.6.6
[INFO] [stderr]   Downloaded clap_builder v4.4.7
[INFO] [stderr]   Downloaded weezl v0.1.7
[INFO] [stderr]   Downloaded docx-rs v0.4.7
[INFO] [stderr]   Downloaded serde_derive v1.0.190
[INFO] [stderr]   Downloaded is-terminal v0.4.9
[INFO] [stderr]   Downloaded image v0.24.7
[INFO] [stderr]   Downloaded rustix v0.38.21
[INFO] [stderr]   Downloaded regex-automata v0.4.3
[INFO] [stderr]   Downloaded gif v0.12.0
[INFO] [stderr]   Downloaded jpeg-decoder v0.3.0
[INFO] [stderr]   Downloaded linux-raw-sys v0.4.10
[INFO] [stderr]   Downloaded tiff v0.9.0
[INFO] running `Command { std: "docker" "create" "-v" "/var/lib/crater-agent-workspace/builds/worker-6-tc1/target:/opt/rustwide/target:rw,Z" "-v" "/var/lib/crater-agent-workspace/builds/worker-6-tc1/source:/opt/rustwide/workdir:ro,Z" "-v" "/var/lib/crater-agent-workspace/cargo-home:/opt/rustwide/cargo-home:ro,Z" "-v" "/var/lib/crater-agent-workspace/rustup-home:/opt/rustwide/rustup-home:ro,Z" "-e" "SOURCE_DIR=/opt/rustwide/workdir" "-e" "CARGO_TARGET_DIR=/opt/rustwide/target" "-e" "CARGO_HOME=/opt/rustwide/cargo-home" "-e" "RUSTUP_HOME=/opt/rustwide/rustup-home" "-w" "/opt/rustwide/workdir" "-m" "1610612736" "--user" "0:0" "--network" "none" "ghcr.io/rust-lang/crates-build-env/linux@sha256:4a844ea9eb2546a2d2c7022eacef16ef2e8229c7fbb2c7d4d55a9ceca922f72d" "/opt/rustwide/cargo-home/bin/cargo" "+nightly-2024-10-28" "metadata" "--no-deps" "--format-version=1", kill_on_drop: false }`
[INFO] [stdout] 5db7300266f7638f7b7698c875a41f83f72cf89a333c1232e457861d5e816425
[INFO] running `Command { std: "docker" "start" "-a" "5db7300266f7638f7b7698c875a41f83f72cf89a333c1232e457861d5e816425", kill_on_drop: false }`
[INFO] running `Command { std: "docker" "inspect" "5db7300266f7638f7b7698c875a41f83f72cf89a333c1232e457861d5e816425", kill_on_drop: false }`
[INFO] running `Command { std: "docker" "rm" "-f" "5db7300266f7638f7b7698c875a41f83f72cf89a333c1232e457861d5e816425", kill_on_drop: false }`
[INFO] [stdout] 5db7300266f7638f7b7698c875a41f83f72cf89a333c1232e457861d5e816425
[INFO] running `Command { std: "docker" "create" "-v" "/var/lib/crater-agent-workspace/builds/worker-6-tc1/target:/opt/rustwide/target:rw,Z" "-v" "/var/lib/crater-agent-workspace/builds/worker-6-tc1/source:/opt/rustwide/workdir:ro,Z" "-v" "/var/lib/crater-agent-workspace/cargo-home:/opt/rustwide/cargo-home:ro,Z" "-v" "/var/lib/crater-agent-workspace/rustup-home:/opt/rustwide/rustup-home:ro,Z" "-e" "SOURCE_DIR=/opt/rustwide/workdir" "-e" "CARGO_TARGET_DIR=/opt/rustwide/target" "-e" "CARGO_INCREMENTAL=0" "-e" "RUST_BACKTRACE=full" "-e" "RUSTFLAGS=--cap-lints=forbid" "-e" "RUSTDOCFLAGS=--cap-lints=forbid" "-e" "CARGO_HOME=/opt/rustwide/cargo-home" "-e" "RUSTUP_HOME=/opt/rustwide/rustup-home" "-w" "/opt/rustwide/workdir" "-m" "1610612736" "--user" "0:0" "--network" "none" "ghcr.io/rust-lang/crates-build-env/linux@sha256:4a844ea9eb2546a2d2c7022eacef16ef2e8229c7fbb2c7d4d55a9ceca922f72d" "/opt/rustwide/cargo-home/bin/cargo" "+nightly-2024-10-28" "build" "--frozen" "--message-format=json", kill_on_drop: false }`
[INFO] [stdout] 1f7bfdba52942c18b90b450d946a4f27c6b8fd54aaca8ba78b2e3d3669418f1a
[INFO] running `Command { std: "docker" "start" "-a" "1f7bfdba52942c18b90b450d946a4f27c6b8fd54aaca8ba78b2e3d3669418f1a", kill_on_drop: false }`
[INFO] [stderr]    Compiling proc-macro2 v1.0.69
[INFO] [stderr]    Compiling unicode-ident v1.0.12
[INFO] [stderr]    Compiling rustix v0.38.21
[INFO] [stderr]    Compiling memchr v2.6.4
[INFO] [stderr]    Compiling utf8parse v0.2.1
[INFO] [stderr]    Compiling linux-raw-sys v0.4.10
[INFO] [stderr]    Compiling colorchoice v1.0.0
[INFO] [stderr]    Compiling radium v0.7.0
[INFO] [stderr]    Compiling regex-syntax v0.8.2
[INFO] [stderr]    Compiling anstyle v1.0.4
[INFO] [stderr]    Compiling bitflags v2.4.1
[INFO] [stderr]    Compiling anstyle-query v1.0.0
[INFO] [stderr]    Compiling anyhow v1.0.86
[INFO] [stderr]    Compiling clap_lex v0.6.0
[INFO] [stderr]    Compiling tap v1.0.1
[INFO] [stderr]    Compiling heck v0.4.1
[INFO] [stderr]    Compiling anstyle-parse v0.2.2
[INFO] [stderr]    Compiling strsim v0.10.0
[INFO] [stderr]    Compiling funty v2.0.0
[INFO] [stderr]    Compiling termcolor v1.3.0
[INFO] [stderr]    Compiling wyz v0.5.1
[INFO] [stderr]    Compiling log v0.4.20
[INFO] [stderr]    Compiling humantime v2.1.0
[INFO] [stderr]    Compiling topological-sort v0.2.2
[INFO] [stderr]    Compiling lazy_static v1.4.0
[INFO] [stderr]    Compiling anstream v0.6.4
[INFO] [stderr]    Compiling clap_builder v4.4.7
[INFO] [stderr]    Compiling bitvec v1.0.1
[INFO] [stderr]    Compiling quote v1.0.33
[INFO] [stderr]    Compiling aho-corasick v1.1.2
[INFO] [stderr]    Compiling syn v2.0.38
[INFO] [stderr]    Compiling is-terminal v0.4.9
[INFO] [stderr]    Compiling regex-automata v0.4.3
[INFO] [stderr]    Compiling clap_derive v4.4.7
[INFO] [stderr]    Compiling regex v1.10.2
[INFO] [stderr]    Compiling env_logger v0.10.0
[INFO] [stderr]    Compiling clap v4.4.7
[INFO] [stderr]    Compiling asn1-compiler v0.7.0 (/opt/rustwide/workdir)
[INFO] [stderr]     Finished `dev` profile [unoptimized + debuginfo] target(s) in 21.20s
[INFO] running `Command { std: "docker" "inspect" "1f7bfdba52942c18b90b450d946a4f27c6b8fd54aaca8ba78b2e3d3669418f1a", kill_on_drop: false }`
[INFO] running `Command { std: "docker" "rm" "-f" "1f7bfdba52942c18b90b450d946a4f27c6b8fd54aaca8ba78b2e3d3669418f1a", kill_on_drop: false }`
[INFO] [stdout] 1f7bfdba52942c18b90b450d946a4f27c6b8fd54aaca8ba78b2e3d3669418f1a
[INFO] running `Command { std: "docker" "create" "-v" "/var/lib/crater-agent-workspace/builds/worker-6-tc1/target:/opt/rustwide/target:rw,Z" "-v" "/var/lib/crater-agent-workspace/builds/worker-6-tc1/source:/opt/rustwide/workdir:ro,Z" "-v" "/var/lib/crater-agent-workspace/cargo-home:/opt/rustwide/cargo-home:ro,Z" "-v" "/var/lib/crater-agent-workspace/rustup-home:/opt/rustwide/rustup-home:ro,Z" "-e" "SOURCE_DIR=/opt/rustwide/workdir" "-e" "CARGO_TARGET_DIR=/opt/rustwide/target" "-e" "CARGO_INCREMENTAL=0" "-e" "RUST_BACKTRACE=full" "-e" "RUSTFLAGS=--cap-lints=forbid" "-e" "RUSTDOCFLAGS=--cap-lints=forbid" "-e" "CARGO_HOME=/opt/rustwide/cargo-home" "-e" "RUSTUP_HOME=/opt/rustwide/rustup-home" "-w" "/opt/rustwide/workdir" "-m" "1610612736" "--user" "0:0" "--network" "none" "ghcr.io/rust-lang/crates-build-env/linux@sha256:4a844ea9eb2546a2d2c7022eacef16ef2e8229c7fbb2c7d4d55a9ceca922f72d" "/opt/rustwide/cargo-home/bin/cargo" "+nightly-2024-10-28" "test" "--frozen" "--no-run" "--message-format=json", kill_on_drop: false }`
[INFO] [stdout] 9a56992c30b1566f44344eda7658488ce39489db412bbe90ee4460b9ea974735
[INFO] running `Command { std: "docker" "start" "-a" "9a56992c30b1566f44344eda7658488ce39489db412bbe90ee4460b9ea974735", kill_on_drop: false }`
[INFO] [stderr]    Compiling asn1-compiler v0.7.0 (/opt/rustwide/workdir)
[INFO] [stderr]     Finished `test` profile [unoptimized + debuginfo] target(s) in 3.63s
[INFO] running `Command { std: "docker" "inspect" "9a56992c30b1566f44344eda7658488ce39489db412bbe90ee4460b9ea974735", kill_on_drop: false }`
[INFO] running `Command { std: "docker" "rm" "-f" "9a56992c30b1566f44344eda7658488ce39489db412bbe90ee4460b9ea974735", kill_on_drop: false }`
[INFO] [stdout] 9a56992c30b1566f44344eda7658488ce39489db412bbe90ee4460b9ea974735
[INFO] running `Command { std: "docker" "create" "-v" "/var/lib/crater-agent-workspace/builds/worker-6-tc1/target:/opt/rustwide/target:rw,Z" "-v" "/var/lib/crater-agent-workspace/builds/worker-6-tc1/source:/opt/rustwide/workdir:ro,Z" "-v" "/var/lib/crater-agent-workspace/cargo-home:/opt/rustwide/cargo-home:ro,Z" "-v" "/var/lib/crater-agent-workspace/rustup-home:/opt/rustwide/rustup-home:ro,Z" "-e" "SOURCE_DIR=/opt/rustwide/workdir" "-e" "CARGO_TARGET_DIR=/opt/rustwide/target" "-e" "CARGO_INCREMENTAL=0" "-e" "RUST_BACKTRACE=full" "-e" "RUSTFLAGS=--cap-lints=forbid" "-e" "RUSTDOCFLAGS=--cap-lints=forbid" "-e" "CARGO_HOME=/opt/rustwide/cargo-home" "-e" "RUSTUP_HOME=/opt/rustwide/rustup-home" "-w" "/opt/rustwide/workdir" "-m" "1610612736" "--user" "0:0" "--network" "none" "ghcr.io/rust-lang/crates-build-env/linux@sha256:4a844ea9eb2546a2d2c7022eacef16ef2e8229c7fbb2c7d4d55a9ceca922f72d" "/opt/rustwide/cargo-home/bin/cargo" "+nightly-2024-10-28" "test" "--frozen", kill_on_drop: false }`
[INFO] [stdout] b182de01f79e5de405032177ca4fa0bdcecf6dcbb7054db00a03ab7fab406365
[INFO] running `Command { std: "docker" "start" "-a" "b182de01f79e5de405032177ca4fa0bdcecf6dcbb7054db00a03ab7fab406365", kill_on_drop: false }`
[INFO] [stderr]     Finished `test` profile [unoptimized + debuginfo] target(s) in 0.07s
[INFO] [stderr]      Running unittests src/lib.rs (/opt/rustwide/target/debug/deps/asn1_compiler-e359338b05930e41)
[INFO] [stdout] 
[INFO] [stdout] running 31 tests
[INFO] [stdout] test generator::int::tests::test_capitalize_first_empty ... ok
[INFO] [stdout] test generator::int::tests::test_capitalize_first_word ... ok
[INFO] [stdout] test parser::asn::module::tests::empty_module_success ... ok
[INFO] [stdout] test parser::asn::module::tests::parse_module_name_tests ... ok
[INFO] [stdout] test generator::int::tests::test_capitalize_first_single_letter ... ok
[INFO] [stdout] test parser::asn::types::constraints::tests::parse_table_constraint_testcases ... ok
[INFO] [stdout] test parser::asn::types::base::bitstring::tests::parse_bitstring_type_tests ... ok
[INFO] [stdout] test tokenizer::tests::tokenize_at_component_list ... ok
[INFO] [stdout] test tokenizer::tests::tokenize_keyword_dot_andkeyword ... ok
[INFO] [stdout] test tokenizer::tests::tokenize_comment_two_lines ... ok
[INFO] [stdout] test tokenizer::tests::tokenize_keywords ... ok
[INFO] [stdout] test tokenizer::tests::tokenize_numbers ... ok
[INFO] [stdout] test tokenizer::tests::tokenize_range ... ok
[INFO] [stdout] test parser::asn::types::base::enumerated::tests::parse_enumerated_type_tests ... ok
[INFO] [stdout] test tokenizer::tests::tokenize_two_comments ... ok
[INFO] [stdout] test parser::asn::types::constructed::utils::tests::parse_component_test ... ok
[INFO] [stdout] test tokenizer::tests::tokenize_small_tokens ... ok
[INFO] [stdout] test tokenizer::tests::tokenize_string ... ok
[INFO] [stdout] test parser::asn::types::base::integer::tests::parse_integer_tests ... ok
[INFO] [stdout] test tokenizer::tests::tokenize_bitstring ... ok
[INFO] [stdout] test parser::asn::oid::tests::object_identifier_cases ... ok
[INFO] [stdout] test tokenizer::tests::tokenize_and_tokens ... ok
[INFO] [stdout] test tokenizer::tests::tokenize_comment_no_trailing_newline ... ok
[INFO] [stdout] test parser::asn::types::constraints::tests::parse_subtype_constraint_testcase ... ok
[INFO] [stdout] test parser::asn::defs::tests::parse_definition_tests ... ok
[INFO] [stdout] test tokenizer::tests::tokenizer_test_object_class_reference ... ok
[INFO] [stdout] test parser::asn::types::constructed::choice::tests::parse_choice_type_tests ... ok
[INFO] [stdout] test resolver::asn::types::constructed::tests::e2sm_kpm_with_seq_additions ... ok
[INFO] [stdout] test parser::asn::types::int::tests::parse_type_test ... ok
[INFO] [stdout] test parser::asn::types::constructed::seq::tests::parse_sequence_test_cases ... ok
[INFO] [stdout] test tokenizer::tests::tokenize_identifier_tokens ... ok
[INFO] [stderr]      Running unittests src/bin/hampi-rs-asn1c.rs (/opt/rustwide/target/debug/deps/rs_asn1c-bae15c31f065099c)
[INFO] [stdout] 
[INFO] [stdout] test result: ok. 31 passed; 0 failed; 0 ignored; 0 measured; 0 filtered out; finished in 0.04s
[INFO] [stdout] 
[INFO] [stdout] 
[INFO] [stdout] running 0 tests
[INFO] [stdout] 
[INFO] [stdout] test result: ok. 0 passed; 0 failed; 0 ignored; 0 measured; 0 filtered out; finished in 0.00s
[INFO] [stdout] 
[INFO] [stderr]      Running tests/mod.rs (/opt/rustwide/target/debug/deps/mod-6ed281e2d578e541)
[INFO] [stdout] 
[INFO] [stdout] running 4 tests
[INFO] [stdout] test tests::compile_example_from_rrc_spec ... ok
[INFO] [stderr] error: 'rustfmt' is not installed for the toolchain 'nightly-2024-10-28-x86_64-unknown-linux-gnu'.
[INFO] [stderr] To install, run `rustup component add --toolchain nightly-2024-10-28-x86_64-unknown-linux-gnu rustfmt`
[INFO] [stderr] error: 'rustfmt' is not installed for the toolchain 'nightly-2024-10-28-x86_64-unknown-linux-gnu'.
[INFO] [stderr] To install, run `rustup component add --toolchain nightly-2024-10-28-x86_64-unknown-linux-gnu rustfmt`
[INFO] [stdout] test tests::compile_example_from_x691_spec ... FAILED
[INFO] [stdout] test tests::failing_enumerated_empty_named_root_49 ... FAILED
[INFO] [stderr] error: 'rustfmt' is not installed for the toolchain 'nightly-2024-10-28-x86_64-unknown-linux-gnu'.
[INFO] [stderr] To install, run `rustup component add --toolchain nightly-2024-10-28-x86_64-unknown-linux-gnu rustfmt`
[INFO] [stdout] test tests::fix_support_exports_definitions_46 ... FAILED
[INFO] [stdout] 
[INFO] [stdout] failures:
[INFO] [stderr] error: test failed, to rerun pass `--test mod`
[INFO] [stdout] 
[INFO] [stdout] ---- tests::compile_example_from_x691_spec stdout ----
[INFO] [stdout] [2024-11-01T06:05:37Z DEBUG asn1_compiler::compiler] Parsing 102 tokens.
[INFO] [stdout] [2024-11-01T06:05:37Z TRACE asn1_compiler::parser::asn::module] Parsed module name 'ExampleFromX691'. Consumed 41 tokens
[INFO] [stdout] [2024-11-01T06:05:37Z TRACE asn1_compiler::parser::asn::module] Parsed Header Tags 'Explicit'.  Consumed 42 tokens
[INFO] [stdout] [2024-11-01T06:05:37Z TRACE asn1_compiler::parser::asn::module] Parsed EXPORTS. Consumed 44 tokens.
[INFO] [stdout] [2024-11-01T06:05:37Z TRACE asn1_compiler::parser::asn::module] Parsed IMPORTS. Consumed 44 tokens. Parsing Definitions Now
[INFO] [stdout] [2024-11-01T06:05:37Z TRACE asn1_compiler::parser::asn::defs] Parsing a Type like definition. Current Token Token {
[INFO] [stdout]         type: Identifier,
[INFO] [stdout]         span: Span {
[INFO] [stdout]             start: LineColumn {
[INFO] [stdout]                 line: 9,
[INFO] [stdout]                 column: 0,
[INFO] [stdout]             },
[INFO] [stdout]             end: LineColumn {
[INFO] [stdout]                 line: 9,
[INFO] [stdout]                 column: 15,
[INFO] [stdout]             },
[INFO] [stdout]         },
[INFO] [stdout]         text: "PersonnelRecord",
[INFO] [stdout]     }
[INFO] [stdout] [2024-11-01T06:05:37Z TRACE asn1_compiler::parser::asn::types::int] Parsing `SEQUENCE or SET` type.
[INFO] [stdout] [2024-11-01T06:05:37Z TRACE asn1_compiler::parser::asn::types::int] Parsing a Reference type.
[INFO] [stdout] [2024-11-01T06:05:37Z TRACE asn1_compiler::parser::asn::types::int] Parsing constraint
[INFO] [stdout] [2024-11-01T06:05:37Z TRACE asn1_compiler::parser::asn::types::constructed::utils] parse_component returns
[INFO] [stdout] [2024-11-01T06:05:37Z TRACE asn1_compiler::parser::asn::types::int] Parsing `String` type.
[INFO] [stdout] [2024-11-01T06:05:37Z TRACE asn1_compiler::parser::asn::types::int] Parsing constraint
[INFO] [stdout] [2024-11-01T06:05:37Z TRACE asn1_compiler::parser::asn::types::constructed::utils] parse_component returns
[INFO] [stdout] [2024-11-01T06:05:37Z TRACE asn1_compiler::parser::asn::types::int] Parsing a Reference type.
[INFO] [stdout] [2024-11-01T06:05:37Z TRACE asn1_compiler::parser::asn::types::int] Parsing constraint
[INFO] [stdout] [2024-11-01T06:05:37Z TRACE asn1_compiler::parser::asn::types::constructed::utils] parse_component returns
[INFO] [stdout] [2024-11-01T06:05:37Z TRACE asn1_compiler::parser::asn::types::int] Parsing a Reference type.
[INFO] [stdout] [2024-11-01T06:05:37Z TRACE asn1_compiler::parser::asn::types::int] Parsing constraint
[INFO] [stdout] [2024-11-01T06:05:37Z TRACE asn1_compiler::parser::asn::types::constructed::utils] parse_component returns
[INFO] [stdout] [2024-11-01T06:05:37Z TRACE asn1_compiler::parser::asn::types::int] Parsing a Reference type.
[INFO] [stdout] [2024-11-01T06:05:37Z TRACE asn1_compiler::parser::asn::types::int] Parsing constraint
[INFO] [stdout] [2024-11-01T06:05:37Z TRACE asn1_compiler::parser::asn::types::constructed::utils] parse_component returns
[INFO] [stdout] [2024-11-01T06:05:37Z TRACE asn1_compiler::parser::asn::types::int] Parsing `SEQUENCE or SET` type.
[INFO] [stdout] [2024-11-01T06:05:37Z TRACE asn1_compiler::parser::asn::types::int] Parsing a Reference type.
[INFO] [stdout] [2024-11-01T06:05:37Z TRACE asn1_compiler::parser::asn::types::int] Parsing constraint
[INFO] [stdout] [2024-11-01T06:05:37Z TRACE asn1_compiler::parser::asn::types::int] Parsing constraint
[INFO] [stdout] [2024-11-01T06:05:37Z TRACE asn1_compiler::parser::asn::types::constructed::utils] parse_component returns
[INFO] [stdout] [2024-11-01T06:05:37Z TRACE asn1_compiler::parser::asn::types::int] Parsing constraint
[INFO] [stdout] [2024-11-01T06:05:37Z TRACE asn1_compiler::parser::asn::defs] Parsed Type Assignment.
[INFO] [stdout] [2024-11-01T06:05:37Z TRACE asn1_compiler::parser::asn::module] Parsed 'PersonnelRecord' Definition. Consumed 71 tokens so far
[INFO] [stdout] [2024-11-01T06:05:37Z TRACE asn1_compiler::parser::asn::defs] Parsing a Type like definition. Current Token Token {
[INFO] [stdout]         type: Identifier,
[INFO] [stdout]         span: Span {
[INFO] [stdout]             start: LineColumn {
[INFO] [stdout]                 line: 17,
[INFO] [stdout]                 column: 0,
[INFO] [stdout]             },
[INFO] [stdout]             end: LineColumn {
[INFO] [stdout]                 line: 17,
[INFO] [stdout]                 column: 16,
[INFO] [stdout]             },
[INFO] [stdout]         },
[INFO] [stdout]         text: "ChildInformation",
[INFO] [stdout]     }
[INFO] [stdout] [2024-11-01T06:05:37Z TRACE asn1_compiler::parser::asn::types::int] Parsing `SEQUENCE or SET` type.
[INFO] [stdout] [2024-11-01T06:05:37Z TRACE asn1_compiler::parser::asn::types::int] Parsing a Reference type.
[INFO] [stdout] [2024-11-01T06:05:37Z TRACE asn1_compiler::parser::asn::types::int] Parsing constraint
[INFO] [stdout] [2024-11-01T06:05:37Z TRACE asn1_compiler::parser::asn::types::constructed::utils] parse_component returns
[INFO] [stdout] [2024-11-01T06:05:37Z TRACE asn1_compiler::parser::asn::types::int] Parsing a Reference type.
[INFO] [stdout] [2024-11-01T06:05:37Z TRACE asn1_compiler::parser::asn::types::int] Parsing constraint
[INFO] [stdout] [2024-11-01T06:05:37Z TRACE asn1_compiler::parser::asn::types::constructed::utils] parse_component returns
[INFO] [stdout] [2024-11-01T06:05:37Z TRACE asn1_compiler::parser::asn::types::int] Parsing constraint
[INFO] [stdout] [2024-11-01T06:05:37Z TRACE asn1_compiler::parser::asn::defs] Parsed Type Assignment.
[INFO] [stdout] [2024-11-01T06:05:37Z TRACE asn1_compiler::parser::asn::module] Parsed 'ChildInformation' Definition. Consumed 81 tokens so far
[INFO] [stdout] [2024-11-01T06:05:37Z TRACE asn1_compiler::parser::asn::defs] Parsing a Type like definition. Current Token Token {
[INFO] [stdout]         type: Identifier,
[INFO] [stdout]         span: Span {
[INFO] [stdout]             start: LineColumn {
[INFO] [stdout]                 line: 22,
[INFO] [stdout]                 column: 0,
[INFO] [stdout]             },
[INFO] [stdout]             end: LineColumn {
[INFO] [stdout]                 line: 22,
[INFO] [stdout]                 column: 4,
[INFO] [stdout]             },
[INFO] [stdout]         },
[INFO] [stdout]         text: "Name",
[INFO] [stdout]     }
[INFO] [stdout] [2024-11-01T06:05:37Z TRACE asn1_compiler::parser::asn::types::int] Parsing `SEQUENCE or SET` type.
[INFO] [stdout] [2024-11-01T06:05:37Z TRACE asn1_compiler::parser::asn::types::int] Parsing `String` type.
[INFO] [stdout] [2024-11-01T06:05:37Z TRACE asn1_compiler::parser::asn::types::int] Parsing constraint
[INFO] [stdout] [2024-11-01T06:05:37Z TRACE asn1_compiler::parser::asn::types::constructed::utils] parse_component returns
[INFO] [stdout] [2024-11-01T06:05:37Z TRACE asn1_compiler::parser::asn::types::int] Parsing `String` type.
[INFO] [stdout] [2024-11-01T06:05:37Z TRACE asn1_compiler::parser::asn::types::int] Parsing constraint
[INFO] [stdout] [2024-11-01T06:05:37Z TRACE asn1_compiler::parser::asn::types::constructed::utils] parse_component returns
[INFO] [stdout] [2024-11-01T06:05:37Z TRACE asn1_compiler::parser::asn::types::int] Parsing `String` type.
[INFO] [stdout] [2024-11-01T06:05:37Z TRACE asn1_compiler::parser::asn::types::int] Parsing constraint
[INFO] [stdout] [2024-11-01T06:05:37Z TRACE asn1_compiler::parser::asn::types::constructed::utils] parse_component returns
[INFO] [stdout] [2024-11-01T06:05:37Z TRACE asn1_compiler::parser::asn::types::int] Parsing constraint
[INFO] [stdout] [2024-11-01T06:05:37Z TRACE asn1_compiler::parser::asn::defs] Parsed Type Assignment.
[INFO] [stdout] [2024-11-01T06:05:37Z TRACE asn1_compiler::parser::asn::module] Parsed 'Name' Definition. Consumed 94 tokens so far
[INFO] [stdout] [2024-11-01T06:05:37Z TRACE asn1_compiler::parser::asn::defs] Parsing a Type like definition. Current Token Token {
[INFO] [stdout]         type: Identifier,
[INFO] [stdout]         span: Span {
[INFO] [stdout]             start: LineColumn {
[INFO] [stdout]                 line: 27,
[INFO] [stdout]                 column: 0,
[INFO] [stdout]             },
[INFO] [stdout]             end: LineColumn {
[INFO] [stdout]                 line: 27,
[INFO] [stdout]                 column: 14,
[INFO] [stdout]             },
[INFO] [stdout]         },
[INFO] [stdout]         text: "EmployeeNumber",
[INFO] [stdout]     }
[INFO] [stdout] [2024-11-01T06:05:37Z TRACE asn1_compiler::parser::asn::types::int] Parsing `INTEGER` type.
[INFO] [stdout] [2024-11-01T06:05:37Z TRACE asn1_compiler::parser::asn::types::int] Parsing constraint
[INFO] [stdout] [2024-11-01T06:05:37Z TRACE asn1_compiler::parser::asn::defs] Parsed Type Assignment.
[INFO] [stdout] [2024-11-01T06:05:37Z TRACE asn1_compiler::parser::asn::module] Parsed 'EmployeeNumber' Definition. Consumed 97 tokens so far
[INFO] [stdout] [2024-11-01T06:05:37Z TRACE asn1_compiler::parser::asn::defs] Parsing a Type like definition. Current Token Token {
[INFO] [stdout]         type: Identifier,
[INFO] [stdout]         span: Span {
[INFO] [stdout]             start: LineColumn {
[INFO] [stdout]                 line: 28,
[INFO] [stdout]                 column: 0,
[INFO] [stdout]             },
[INFO] [stdout]             end: LineColumn {
[INFO] [stdout]                 line: 28,
[INFO] [stdout]                 column: 4,
[INFO] [stdout]             },
[INFO] [stdout]         },
[INFO] [stdout]         text: "Date",
[INFO] [stdout]     }
[INFO] [stdout] [2024-11-01T06:05:37Z TRACE asn1_compiler::parser::asn::types::int] Parsing `String` type.
[INFO] [stdout] [2024-11-01T06:05:37Z TRACE asn1_compiler::parser::asn::types::int] Parsing constraint
[INFO] [stdout] [2024-11-01T06:05:37Z TRACE asn1_compiler::parser::asn::defs] Parsed Type Assignment.
[INFO] [stdout] [2024-11-01T06:05:37Z TRACE asn1_compiler::parser::asn::module] Parsed 'Date' Definition. Consumed 100 tokens so far
[INFO] [stdout] [2024-11-01T06:05:37Z TRACE asn1_compiler::parser::int] Module 'ExampleFromX691' parsed, adding to the list of modules to be compiled...
[INFO] [stdout] [2024-11-01T06:05:37Z DEBUG asn1_compiler::compiler] Adding module : ExampleFromX691
[INFO] [stdout] [2024-11-01T06:05:37Z DEBUG asn1_compiler::compiler] Adding module: ExampleFromX691
[INFO] [stdout] [2024-11-01T06:05:37Z INFO  asn1_compiler::compiler] Resolving imports from all modules.
[INFO] [stdout] [2024-11-01T06:05:37Z DEBUG asn1_compiler::compiler] Resolving imports.
[INFO] [stdout] [2024-11-01T06:05:37Z DEBUG asn1_compiler::compiler] All IMPORTS in All Modules Resolved!
[INFO] [stdout] [2024-11-01T06:05:37Z INFO  asn1_compiler::compiler] Resolving definitions from all modules.
[INFO] [stdout] [2024-11-01T06:05:37Z TRACE asn1_compiler::compiler] Topologically sorting modules.
[INFO] [stdout] [2024-11-01T06:05:37Z DEBUG asn1_compiler::resolver::int] Resolving Definitions in module: ExampleFromX691
[INFO] [stdout] [2024-11-01T06:05:37Z TRACE asn1_compiler::resolver::int] Resolving definition : Asn1Definition {
[INFO] [stdout]         kind: Type(
[INFO] [stdout]             Asn1TypeAssignment {
[INFO] [stdout]                 id: "Date",
[INFO] [stdout]                 typeref: Asn1Type {
[INFO] [stdout]                     kind: Builtin(
[INFO] [stdout]                         CharacterString {
[INFO] [stdout]                             str_type: "VisibleString",
[INFO] [stdout]                         },
[INFO] [stdout]                     ),
[INFO] [stdout]                     constraints: Some(
[INFO] [stdout]                         [],
[INFO] [stdout]                     ),
[INFO] [stdout]                     tag: None,
[INFO] [stdout]                 },
[INFO] [stdout]             },
[INFO] [stdout]         ),
[INFO] [stdout]         params: None,
[INFO] [stdout]         resolved: false,
[INFO] [stdout]     }
[INFO] [stdout] [2024-11-01T06:05:37Z TRACE asn1_compiler::resolver::int] Resolving definition : Asn1Definition {
[INFO] [stdout]         kind: Type(
[INFO] [stdout]             Asn1TypeAssignment {
[INFO] [stdout]                 id: "Name",
[INFO] [stdout]                 typeref: Asn1Type {
[INFO] [stdout]                     kind: Constructed(
[INFO] [stdout]                         Sequence(
[INFO] [stdout]                             Asn1TypeSequence {
[INFO] [stdout]                                 root_components: [
[INFO] [stdout]                                     SeqComponent {
[INFO] [stdout]                                         component: Component {
[INFO] [stdout]                                             id: "givenName",
[INFO] [stdout]                                             ty: Asn1Type {
[INFO] [stdout]                                                 kind: Builtin(
[INFO] [stdout]                                                     CharacterString {
[INFO] [stdout]                                                         str_type: "VisibleString",
[INFO] [stdout]                                                     },
[INFO] [stdout]                                                 ),
[INFO] [stdout]                                                 constraints: Some(
[INFO] [stdout]                                                     [],
[INFO] [stdout]                                                 ),
[INFO] [stdout]                                                 tag: None,
[INFO] [stdout]                                             },
[INFO] [stdout]                                         },
[INFO] [stdout]                                         optional: false,
[INFO] [stdout]                                         default: None,
[INFO] [stdout]                                     },
[INFO] [stdout]                                     SeqComponent {
[INFO] [stdout]                                         component: Component {
[INFO] [stdout]                                             id: "initial",
[INFO] [stdout]                                             ty: Asn1Type {
[INFO] [stdout]                                                 kind: Builtin(
[INFO] [stdout]                                                     CharacterString {
[INFO] [stdout]                                                         str_type: "VisibleString",
[INFO] [stdout]                                                     },
[INFO] [stdout]                                                 ),
[INFO] [stdout]                                                 constraints: Some(
[INFO] [stdout]                                                     [],
[INFO] [stdout]                                                 ),
[INFO] [stdout]                                                 tag: None,
[INFO] [stdout]                                             },
[INFO] [stdout]                                         },
[INFO] [stdout]                                         optional: false,
[INFO] [stdout]                                         default: None,
[INFO] [stdout]                                     },
[INFO] [stdout]                                     SeqComponent {
[INFO] [stdout]                                         component: Component {
[INFO] [stdout]                                             id: "familyName",
[INFO] [stdout]                                             ty: Asn1Type {
[INFO] [stdout]                                                 kind: Builtin(
[INFO] [stdout]                                                     CharacterString {
[INFO] [stdout]                                                         str_type: "VisibleString",
[INFO] [stdout]                                                     },
[INFO] [stdout]                                                 ),
[INFO] [stdout]                                                 constraints: Some(
[INFO] [stdout]                                                     [],
[INFO] [stdout]                                                 ),
[INFO] [stdout]                                                 tag: None,
[INFO] [stdout]                                             },
[INFO] [stdout]                                         },
[INFO] [stdout]                                         optional: false,
[INFO] [stdout]                                         default: None,
[INFO] [stdout]                                     },
[INFO] [stdout]                                 ],
[INFO] [stdout]                                 additions: [],
[INFO] [stdout]                                 extensible: false,
[INFO] [stdout]                             },
[INFO] [stdout]                         ),
[INFO] [stdout]                     ),
[INFO] [stdout]                     constraints: Some(
[INFO] [stdout]                         [],
[INFO] [stdout]                     ),
[INFO] [stdout]                     tag: None,
[INFO] [stdout]                 },
[INFO] [stdout]             },
[INFO] [stdout]         ),
[INFO] [stdout]         params: None,
[INFO] [stdout]         resolved: false,
[INFO] [stdout]     }
[INFO] [stdout] sequence: Asn1TypeSequence {
[INFO] [stdout]     root_components: [
[INFO] [stdout]         SeqComponent {
[INFO] [stdout]             component: Component {
[INFO] [stdout]                 id: "givenName",
[INFO] [stdout]                 ty: Asn1Type {
[INFO] [stdout]                     kind: Builtin(
[INFO] [stdout]                         CharacterString {
[INFO] [stdout]                             str_type: "VisibleString",
[INFO] [stdout]                         },
[INFO] [stdout]                     ),
[INFO] [stdout]                     constraints: Some(
[INFO] [stdout]                         [],
[INFO] [stdout]                     ),
[INFO] [stdout]                     tag: None,
[INFO] [stdout]                 },
[INFO] [stdout]             },
[INFO] [stdout]             optional: false,
[INFO] [stdout]             default: None,
[INFO] [stdout]         },
[INFO] [stdout]         SeqComponent {
[INFO] [stdout]             component: Component {
[INFO] [stdout]                 id: "initial",
[INFO] [stdout]                 ty: Asn1Type {
[INFO] [stdout]                     kind: Builtin(
[INFO] [stdout]                         CharacterString {
[INFO] [stdout]                             str_type: "VisibleString",
[INFO] [stdout]                         },
[INFO] [stdout]                     ),
[INFO] [stdout]                     constraints: Some(
[INFO] [stdout]                         [],
[INFO] [stdout]                     ),
[INFO] [stdout]                     tag: None,
[INFO] [stdout]                 },
[INFO] [stdout]             },
[INFO] [stdout]             optional: false,
[INFO] [stdout]             default: None,
[INFO] [stdout]         },
[INFO] [stdout]         SeqComponent {
[INFO] [stdout]             component: Component {
[INFO] [stdout]                 id: "familyName",
[INFO] [stdout]                 ty: Asn1Type {
[INFO] [stdout]                     kind: Builtin(
[INFO] [stdout]                         CharacterString {
[INFO] [stdout]                             str_type: "VisibleString",
[INFO] [stdout]                         },
[INFO] [stdout]                     ),
[INFO] [stdout]                     constraints: Some(
[INFO] [stdout]                         [],
[INFO] [stdout]                     ),
[INFO] [stdout]                     tag: None,
[INFO] [stdout]                 },
[INFO] [stdout]             },
[INFO] [stdout]             optional: false,
[INFO] [stdout]             default: None,
[INFO] [stdout]         },
[INFO] [stdout]     ],
[INFO] [stdout]     additions: [],
[INFO] [stdout]     extensible: false,
[INFO] [stdout] }
[INFO] [stdout] [2024-11-01T06:05:37Z TRACE asn1_compiler::resolver::int] Resolving definition : Asn1Definition {
[INFO] [stdout]         kind: Type(
[INFO] [stdout]             Asn1TypeAssignment {
[INFO] [stdout]                 id: "EmployeeNumber",
[INFO] [stdout]                 typeref: Asn1Type {
[INFO] [stdout]                     kind: Builtin(
[INFO] [stdout]                         Integer(
[INFO] [stdout]                             Asn1TypeInteger {
[INFO] [stdout]                                 named_values: None,
[INFO] [stdout]                             },
[INFO] [stdout]                         ),
[INFO] [stdout]                     ),
[INFO] [stdout]                     constraints: Some(
[INFO] [stdout]                         [],
[INFO] [stdout]                     ),
[INFO] [stdout]                     tag: None,
[INFO] [stdout]                 },
[INFO] [stdout]             },
[INFO] [stdout]         ),
[INFO] [stdout]         params: None,
[INFO] [stdout]         resolved: false,
[INFO] [stdout]     }
[INFO] [stdout] [2024-11-01T06:05:37Z TRACE asn1_compiler::resolver::int] Resolving definition : Asn1Definition {
[INFO] [stdout]         kind: Type(
[INFO] [stdout]             Asn1TypeAssignment {
[INFO] [stdout]                 id: "ChildInformation",
[INFO] [stdout]                 typeref: Asn1Type {
[INFO] [stdout]                     kind: Constructed(
[INFO] [stdout]                         Sequence(
[INFO] [stdout]                             Asn1TypeSequence {
[INFO] [stdout]                                 root_components: [
[INFO] [stdout]                                     SeqComponent {
[INFO] [stdout]                                         component: Component {
[INFO] [stdout]                                             id: "name",
[INFO] [stdout]                                             ty: Asn1Type {
[INFO] [stdout]                                                 kind: Reference(
[INFO] [stdout]                                                     Reference(
[INFO] [stdout]                                                         "Name",
[INFO] [stdout]                                                     ),
[INFO] [stdout]                                                 ),
[INFO] [stdout]                                                 constraints: Some(
[INFO] [stdout]                                                     [],
[INFO] [stdout]                                                 ),
[INFO] [stdout]                                                 tag: None,
[INFO] [stdout]                                             },
[INFO] [stdout]                                         },
[INFO] [stdout]                                         optional: false,
[INFO] [stdout]                                         default: None,
[INFO] [stdout]                                     },
[INFO] [stdout]                                     SeqComponent {
[INFO] [stdout]                                         component: Component {
[INFO] [stdout]                                             id: "dateOfBirth",
[INFO] [stdout]                                             ty: Asn1Type {
[INFO] [stdout]                                                 kind: Reference(
[INFO] [stdout]                                                     Reference(
[INFO] [stdout]                                                         "Date",
[INFO] [stdout]                                                     ),
[INFO] [stdout]                                                 ),
[INFO] [stdout]                                                 constraints: Some(
[INFO] [stdout]                                                     [],
[INFO] [stdout]                                                 ),
[INFO] [stdout]                                                 tag: None,
[INFO] [stdout]                                             },
[INFO] [stdout]                                         },
[INFO] [stdout]                                         optional: false,
[INFO] [stdout]                                         default: None,
[INFO] [stdout]                                     },
[INFO] [stdout]                                 ],
[INFO] [stdout]                                 additions: [],
[INFO] [stdout]                                 extensible: false,
[INFO] [stdout]                             },
[INFO] [stdout]                         ),
[INFO] [stdout]                     ),
[INFO] [stdout]                     constraints: Some(
[INFO] [stdout]                         [],
[INFO] [stdout]                     ),
[INFO] [stdout]                     tag: None,
[INFO] [stdout]                 },
[INFO] [stdout]             },
[INFO] [stdout]         ),
[INFO] [stdout]         params: None,
[INFO] [stdout]         resolved: false,
[INFO] [stdout]     }
[INFO] [stdout] sequence: Asn1TypeSequence {
[INFO] [stdout]     root_components: [
[INFO] [stdout]         SeqComponent {
[INFO] [stdout]             component: Component {
[INFO] [stdout]                 id: "name",
[INFO] [stdout]                 ty: Asn1Type {
[INFO] [stdout]                     kind: Reference(
[INFO] [stdout]                         Reference(
[INFO] [stdout]                             "Name",
[INFO] [stdout]                         ),
[INFO] [stdout]                     ),
[INFO] [stdout]                     constraints: Some(
[INFO] [stdout]                         [],
[INFO] [stdout]                     ),
[INFO] [stdout]                     tag: None,
[INFO] [stdout]                 },
[INFO] [stdout]             },
[INFO] [stdout]             optional: false,
[INFO] [stdout]             default: None,
[INFO] [stdout]         },
[INFO] [stdout]         SeqComponent {
[INFO] [stdout]             component: Component {
[INFO] [stdout]                 id: "dateOfBirth",
[INFO] [stdout]                 ty: Asn1Type {
[INFO] [stdout]                     kind: Reference(
[INFO] [stdout]                         Reference(
[INFO] [stdout]                             "Date",
[INFO] [stdout]                         ),
[INFO] [stdout]                     ),
[INFO] [stdout]                     constraints: Some(
[INFO] [stdout]                         [],
[INFO] [stdout]                     ),
[INFO] [stdout]                     tag: None,
[INFO] [stdout]                 },
[INFO] [stdout]             },
[INFO] [stdout]             optional: false,
[INFO] [stdout]             default: None,
[INFO] [stdout]         },
[INFO] [stdout]     ],
[INFO] [stdout]     additions: [],
[INFO] [stdout]     extensible: false,
[INFO] [stdout] }
[INFO] [stdout] [2024-11-01T06:05:37Z TRACE asn1_compiler::resolver::int] Resolving definition : Asn1Definition {
[INFO] [stdout]         kind: Type(
[INFO] [stdout]             Asn1TypeAssignment {
[INFO] [stdout]                 id: "PersonnelRecord",
[INFO] [stdout]                 typeref: Asn1Type {
[INFO] [stdout]                     kind: Constructed(
[INFO] [stdout]                         Sequence(
[INFO] [stdout]                             Asn1TypeSequence {
[INFO] [stdout]                                 root_components: [
[INFO] [stdout]                                     SeqComponent {
[INFO] [stdout]                                         component: Component {
[INFO] [stdout]                                             id: "name",
[INFO] [stdout]                                             ty: Asn1Type {
[INFO] [stdout]                                                 kind: Reference(
[INFO] [stdout]                                                     Reference(
[INFO] [stdout]                                                         "Name",
[INFO] [stdout]                                                     ),
[INFO] [stdout]                                                 ),
[INFO] [stdout]                                                 constraints: Some(
[INFO] [stdout]                                                     [],
[INFO] [stdout]                                                 ),
[INFO] [stdout]                                                 tag: None,
[INFO] [stdout]                                             },
[INFO] [stdout]                                         },
[INFO] [stdout]                                         optional: false,
[INFO] [stdout]                                         default: None,
[INFO] [stdout]                                     },
[INFO] [stdout]                                     SeqComponent {
[INFO] [stdout]                                         component: Component {
[INFO] [stdout]                                             id: "title",
[INFO] [stdout]                                             ty: Asn1Type {
[INFO] [stdout]                                                 kind: Builtin(
[INFO] [stdout]                                                     CharacterString {
[INFO] [stdout]                                                         str_type: "VisibleString",
[INFO] [stdout]                                                     },
[INFO] [stdout]                                                 ),
[INFO] [stdout]                                                 constraints: Some(
[INFO] [stdout]                                                     [],
[INFO] [stdout]                                                 ),
[INFO] [stdout]                                                 tag: None,
[INFO] [stdout]                                             },
[INFO] [stdout]                                         },
[INFO] [stdout]                                         optional: false,
[INFO] [stdout]                                         default: None,
[INFO] [stdout]                                     },
[INFO] [stdout]                                     SeqComponent {
[INFO] [stdout]                                         component: Component {
[INFO] [stdout]                                             id: "number",
[INFO] [stdout]                                             ty: Asn1Type {
[INFO] [stdout]                                                 kind: Reference(
[INFO] [stdout]                                                     Reference(
[INFO] [stdout]                                                         "EmployeeNumber",
[INFO] [stdout]                                                     ),
[INFO] [stdout]                                                 ),
[INFO] [stdout]                                                 constraints: Some(
[INFO] [stdout]                                                     [],
[INFO] [stdout]                                                 ),
[INFO] [stdout]                                                 tag: None,
[INFO] [stdout]                                             },
[INFO] [stdout]                                         },
[INFO] [stdout]                                         optional: false,
[INFO] [stdout]                                         default: None,
[INFO] [stdout]                                     },
[INFO] [stdout]                                     SeqComponent {
[INFO] [stdout]                                         component: Component {
[INFO] [stdout]                                             id: "dateOfHire",
[INFO] [stdout]                                             ty: Asn1Type {
[INFO] [stdout]                                                 kind: Reference(
[INFO] [stdout]                                                     Reference(
[INFO] [stdout]                                                         "Date",
[INFO] [stdout]                                                     ),
[INFO] [stdout]                                                 ),
[INFO] [stdout]                                                 constraints: Some(
[INFO] [stdout]                                                     [],
[INFO] [stdout]                                                 ),
[INFO] [stdout]                                                 tag: None,
[INFO] [stdout]                                             },
[INFO] [stdout]                                         },
[INFO] [stdout]                                         optional: false,
[INFO] [stdout]                                         default: None,
[INFO] [stdout]                                     },
[INFO] [stdout]                                     SeqComponent {
[INFO] [stdout]                                         component: Component {
[INFO] [stdout]                                             id: "nameOfSpouse",
[INFO] [stdout]                                             ty: Asn1Type {
[INFO] [stdout]                                                 kind: Reference(
[INFO] [stdout]                                                     Reference(
[INFO] [stdout]                                                         "Name",
[INFO] [stdout]                                                     ),
[INFO] [stdout]                                                 ),
[INFO] [stdout]                                                 constraints: Some(
[INFO] [stdout]                                                     [],
[INFO] [stdout]                                                 ),
[INFO] [stdout]                                                 tag: None,
[INFO] [stdout]                                             },
[INFO] [stdout]                                         },
[INFO] [stdout]                                         optional: false,
[INFO] [stdout]                                         default: None,
[INFO] [stdout]                                     },
[INFO] [stdout]                                     SeqComponent {
[INFO] [stdout]                                         component: Component {
[INFO] [stdout]                                             id: "children",
[INFO] [stdout]                                             ty: Asn1Type {
[INFO] [stdout]                                                 kind: Constructed(
[INFO] [stdout]                                                     SequenceOf(
[INFO] [stdout]                                                         Asn1TypeSequenceOf {
[INFO] [stdout]                                                             size: None,
[INFO] [stdout]                                                             ty: Asn1Type {
[INFO] [stdout]                                                                 kind: Reference(
[INFO] [stdout]                                                                     Reference(
[INFO] [stdout]                                                                         "ChildInformation",
[INFO] [stdout]                                                                     ),
[INFO] [stdout]                                                                 ),
[INFO] [stdout]                                                                 constraints: Some(
[INFO] [stdout]                                                                     [],
[INFO] [stdout]                                                                 ),
[INFO] [stdout]                                                                 tag: None,
[INFO] [stdout]                                                             },
[INFO] [stdout]                                                         },
[INFO] [stdout]                                                     ),
[INFO] [stdout]                                                 ),
[INFO] [stdout]                                                 constraints: Some(
[INFO] [stdout]                                                     [],
[INFO] [stdout]                                                 ),
[INFO] [stdout]                                                 tag: None,
[INFO] [stdout]                                             },
[INFO] [stdout]                                         },
[INFO] [stdout]                                         optional: false,
[INFO] [stdout]                                         default: Some(
[INFO] [stdout]                                             "{ }",
[INFO] [stdout]                                         ),
[INFO] [stdout]                                     },
[INFO] [stdout]                                 ],
[INFO] [stdout]                                 additions: [],
[INFO] [stdout]                                 extensible: false,
[INFO] [stdout]                             },
[INFO] [stdout]                         ),
[INFO] [stdout]                     ),
[INFO] [stdout]                     constraints: Some(
[INFO] [stdout]                         [],
[INFO] [stdout]                     ),
[INFO] [stdout]                     tag: None,
[INFO] [stdout]                 },
[INFO] [stdout]             },
[INFO] [stdout]         ),
[INFO] [stdout]         params: None,
[INFO] [stdout]         resolved: false,
[INFO] [stdout]     }
[INFO] [stdout] sequence: Asn1TypeSequence {
[INFO] [stdout]     root_components: [
[INFO] [stdout]         SeqComponent {
[INFO] [stdout]             component: Component {
[INFO] [stdout]                 id: "name",
[INFO] [stdout]                 ty: Asn1Type {
[INFO] [stdout]                     kind: Reference(
[INFO] [stdout]                         Reference(
[INFO] [stdout]                             "Name",
[INFO] [stdout]                         ),
[INFO] [stdout]                     ),
[INFO] [stdout]                     constraints: Some(
[INFO] [stdout]                         [],
[INFO] [stdout]                     ),
[INFO] [stdout]                     tag: None,
[INFO] [stdout]                 },
[INFO] [stdout]             },
[INFO] [stdout]             optional: false,
[INFO] [stdout]             default: None,
[INFO] [stdout]         },
[INFO] [stdout]         SeqComponent {
[INFO] [stdout]             component: Component {
[INFO] [stdout]                 id: "title",
[INFO] [stdout]                 ty: Asn1Type {
[INFO] [stdout]                     kind: Builtin(
[INFO] [stdout]                         CharacterString {
[INFO] [stdout]                             str_type: "VisibleString",
[INFO] [stdout]                         },
[INFO] [stdout]                     ),
[INFO] [stdout]                     constraints: Some(
[INFO] [stdout]                         [],
[INFO] [stdout]                     ),
[INFO] [stdout]                     tag: None,
[INFO] [stdout]                 },
[INFO] [stdout]             },
[INFO] [stdout]             optional: false,
[INFO] [stdout]             default: None,
[INFO] [stdout]         },
[INFO] [stdout]         SeqComponent {
[INFO] [stdout]             component: Component {
[INFO] [stdout]                 id: "number",
[INFO] [stdout]                 ty: Asn1Type {
[INFO] [stdout]                     kind: Reference(
[INFO] [stdout]                         Reference(
[INFO] [stdout]                             "EmployeeNumber",
[INFO] [stdout]                         ),
[INFO] [stdout]                     ),
[INFO] [stdout]                     constraints: Some(
[INFO] [stdout]                         [],
[INFO] [stdout]                     ),
[INFO] [stdout]                     tag: None,
[INFO] [stdout]                 },
[INFO] [stdout]             },
[INFO] [stdout]             optional: false,
[INFO] [stdout]             default: None,
[INFO] [stdout]         },
[INFO] [stdout]         SeqComponent {
[INFO] [stdout]             component: Component {
[INFO] [stdout]                 id: "dateOfHire",
[INFO] [stdout]                 ty: Asn1Type {
[INFO] [stdout]                     kind: Reference(
[INFO] [stdout]                         Reference(
[INFO] [stdout]                             "Date",
[INFO] [stdout]                         ),
[INFO] [stdout]                     ),
[INFO] [stdout]                     constraints: Some(
[INFO] [stdout]                         [],
[INFO] [stdout]                     ),
[INFO] [stdout]                     tag: None,
[INFO] [stdout]                 },
[INFO] [stdout]             },
[INFO] [stdout]             optional: false,
[INFO] [stdout]             default: None,
[INFO] [stdout]         },
[INFO] [stdout]         SeqComponent {
[INFO] [stdout]             component: Component {
[INFO] [stdout]                 id: "nameOfSpouse",
[INFO] [stdout]                 ty: Asn1Type {
[INFO] [stdout]                     kind: Reference(
[INFO] [stdout]                         Reference(
[INFO] [stdout]                             "Name",
[INFO] [stdout]                         ),
[INFO] [stdout]                     ),
[INFO] [stdout]                     constraints: Some(
[INFO] [stdout]                         [],
[INFO] [stdout]                     ),
[INFO] [stdout]                     tag: None,
[INFO] [stdout]                 },
[INFO] [stdout]             },
[INFO] [stdout]             optional: false,
[INFO] [stdout]             default: None,
[INFO] [stdout]         },
[INFO] [stdout]         SeqComponent {
[INFO] [stdout]             component: Component {
[INFO] [stdout]                 id: "children",
[INFO] [stdout]                 ty: Asn1Type {
[INFO] [stdout]                     kind: Constructed(
[INFO] [stdout]                         SequenceOf(
[INFO] [stdout]                             Asn1TypeSequenceOf {
[INFO] [stdout]                                 size: None,
[INFO] [stdout]                                 ty: Asn1Type {
[INFO] [stdout]                                     kind: Reference(
[INFO] [stdout]                                         Reference(
[INFO] [stdout]                                             "ChildInformation",
[INFO] [stdout]                                         ),
[INFO] [stdout]                                     ),
[INFO] [stdout]                                     constraints: Some(
[INFO] [stdout]                                         [],
[INFO] [stdout]                                     ),
[INFO] [stdout]                                     tag: None,
[INFO] [stdout]                                 },
[INFO] [stdout]                             },
[INFO] [stdout]                         ),
[INFO] [stdout]                     ),
[INFO] [stdout]                     constraints: Some(
[INFO] [stdout]                         [],
[INFO] [stdout]                     ),
[INFO] [stdout]                     tag: None,
[INFO] [stdout]                 },
[INFO] [stdout]             },
[INFO] [stdout]             optional: false,
[INFO] [stdout]             default: Some(
[INFO] [stdout]                 "{ }",
[INFO] [stdout]             ),
[INFO] [stdout]         },
[INFO] [stdout]     ],
[INFO] [stdout]     additions: [],
[INFO] [stdout]     extensible: false,
[INFO] [stdout] }
[INFO] [stdout] [2024-11-01T06:05:37Z TRACE asn1_compiler::compiler] Resolved Definitions: [
[INFO] [stdout]         "ChildInformation",
[INFO] [stdout]         "Date",
[INFO] [stdout]         "EmployeeNumber",
[INFO] [stdout]         "Name",
[INFO] [stdout]         "PersonnelRecord",
[INFO] [stdout]     ]
[INFO] [stdout] [2024-11-01T06:05:37Z TRACE asn1_compiler::compiler] Parameterized Types: []
[INFO] [stdout] [2024-11-01T06:05:37Z TRACE asn1_compiler::compiler] Object Classes: []
[INFO] [stdout] [2024-11-01T06:05:37Z INFO  asn1_compiler::compiler] Generating code, writing to file: /dev/null
[INFO] [stdout] [2024-11-01T06:05:37Z DEBUG asn1_compiler::compiler] Runing `rustfmt` on the generated code.
[INFO] [stdout] thread 'tests::compile_example_from_x691_spec' panicked at tests/mod.rs:121:9:
[INFO] [stdout] ResolveError(
[INFO] [stdout]     "`rustfmt` failed to write some bindings.",
[INFO] [stdout] )
[INFO] [stdout] stack backtrace:
[INFO] [stdout]    0:     0x594753f6ff1a - std::backtrace_rs::backtrace::libunwind::trace::h207520d6e9873551
[INFO] [stdout]                                at /rustc/df4ca44d3fbc9301ee17f30f4d474e6ae4b05252/library/std/src/../../backtrace/src/backtrace/libunwind.rs:116:5
[INFO] [stdout]    1:     0x594753f6ff1a - std::backtrace_rs::backtrace::trace_unsynchronized::h2ed7433f370e3eca
[INFO] [stdout]                                at /rustc/df4ca44d3fbc9301ee17f30f4d474e6ae4b05252/library/std/src/../../backtrace/src/backtrace/mod.rs:66:5
[INFO] [stdout]    2:     0x594753f6ff1a - std::sys::backtrace::_print_fmt::h916fac51166b18d7
[INFO] [stdout]                                at /rustc/df4ca44d3fbc9301ee17f30f4d474e6ae4b05252/library/std/src/sys/backtrace.rs:66:9
[INFO] [stdout]    3:     0x594753f6ff1a - <std::sys::backtrace::BacktraceLock::print::DisplayBacktrace as core::fmt::Display>::fmt::ha0a4c9b8ce3802e6
[INFO] [stdout]                                at /rustc/df4ca44d3fbc9301ee17f30f4d474e6ae4b05252/library/std/src/sys/backtrace.rs:39:26
[INFO] [stdout]    4:     0x594753f98773 - core::fmt::rt::Argument::fmt::h4cfc8587d52b3eb5
[INFO] [stdout]                                at /rustc/df4ca44d3fbc9301ee17f30f4d474e6ae4b05252/library/core/src/fmt/rt.rs:177:76
[INFO] [stdout]    5:     0x594753f98773 - core::fmt::write::h522cc39e5b36ae9f
[INFO] [stdout]                                at /rustc/df4ca44d3fbc9301ee17f30f4d474e6ae4b05252/library/core/src/fmt/mod.rs:1190:21
[INFO] [stdout]    6:     0x594753f6c8d3 - std::io::Write::write_fmt::h7d3c26752da97734
[INFO] [stdout]                                at /rustc/df4ca44d3fbc9301ee17f30f4d474e6ae4b05252/library/std/src/io/mod.rs:1839:15
[INFO] [stdout]    7:     0x594753f6fd62 - std::sys::backtrace::BacktraceLock::print::h4b9e00b29e9c0942
[INFO] [stdout]                                at /rustc/df4ca44d3fbc9301ee17f30f4d474e6ae4b05252/library/std/src/sys/backtrace.rs:42:9
[INFO] [stdout]    8:     0x594753f713aa - std::panicking::default_hook::{{closure}}::hb59b88280d0324d9
[INFO] [stdout]                                at /rustc/df4ca44d3fbc9301ee17f30f4d474e6ae4b05252/library/std/src/panicking.rs:268:22
[INFO] [stdout]    9:     0x594753f711b4 - std::panicking::default_hook::he1dd496665be4a29
[INFO] [stdout]                                at /rustc/df4ca44d3fbc9301ee17f30f4d474e6ae4b05252/library/std/src/panicking.rs:292:9
[INFO] [stdout]   10:     0x594753de1169 - <alloc::boxed::Box<F,A> as core::ops::function::Fn<Args>>::call::h4ff71de18744e1dc
[INFO] [stdout]                                at /rustc/df4ca44d3fbc9301ee17f30f4d474e6ae4b05252/library/alloc/src/boxed.rs:2468:9
[INFO] [stdout]   11:     0x594753de1169 - test::test_main::{{closure}}::hcf7c055ce117aa81
[INFO] [stdout]                                at /rustc/df4ca44d3fbc9301ee17f30f4d474e6ae4b05252/library/test/src/lib.rs:133:21
[INFO] [stdout]   12:     0x594753f71aa8 - <alloc::boxed::Box<F,A> as core::ops::function::Fn<Args>>::call::h1d66c6bbd60c9692
[INFO] [stdout]                                at /rustc/df4ca44d3fbc9301ee17f30f4d474e6ae4b05252/library/alloc/src/boxed.rs:2468:9
[INFO] [stdout]   13:     0x594753f71aa8 - std::panicking::rust_panic_with_hook::h2ff17fe8f26dfcf8
[INFO] [stdout]                                at /rustc/df4ca44d3fbc9301ee17f30f4d474e6ae4b05252/library/std/src/panicking.rs:809:13
[INFO] [stdout]   14:     0x594753f7186a - std::panicking::begin_panic_handler::{{closure}}::h4fad77951c07e101
[INFO] [stdout]                                at /rustc/df4ca44d3fbc9301ee17f30f4d474e6ae4b05252/library/std/src/panicking.rs:674:13
[INFO] [stdout]   15:     0x594753f703f9 - std::sys::backtrace::__rust_end_short_backtrace::hb1a25b3da5d0ea08
[INFO] [stdout]                                at /rustc/df4ca44d3fbc9301ee17f30f4d474e6ae4b05252/library/std/src/sys/backtrace.rs:170:18
[INFO] [stdout]   16:     0x594753f714fc - rust_begin_unwind
[INFO] [stdout]                                at /rustc/df4ca44d3fbc9301ee17f30f4d474e6ae4b05252/library/std/src/panicking.rs:665:5
[INFO] [stdout]   17:     0x594753f96850 - core::panicking::panic_fmt::ha9db07b529f9b256
[INFO] [stdout]                                at /rustc/df4ca44d3fbc9301ee17f30f4d474e6ae4b05252/library/core/src/panicking.rs:75:14
[INFO] [stdout]   18:     0x594753af757a - mod::tests::compile_example_from_x691_spec::heb10fc795b06edbe
[INFO] [stdout]                                at /opt/rustwide/workdir/tests/mod.rs:121:9
[INFO] [stdout]   19:     0x594753af6fc7 - mod::tests::compile_example_from_x691_spec::{{closure}}::hdc25b0596431e190
[INFO] [stdout]                                at /opt/rustwide/workdir/tests/mod.rs:87:40
[INFO] [stdout]   20:     0x594753af51c6 - core::ops::function::FnOnce::call_once::h1587c349d86d5d2f
[INFO] [stdout]                                at /rustc/df4ca44d3fbc9301ee17f30f4d474e6ae4b05252/library/core/src/ops/function.rs:250:5
[INFO] [stdout]   21:     0x594753de5a3b - core::ops::function::FnOnce::call_once::h22c3ba5715e93f05
[INFO] [stdout]                                at /rustc/df4ca44d3fbc9301ee17f30f4d474e6ae4b05252/library/core/src/ops/function.rs:250:5
[INFO] [stdout]   22:     0x594753de5a3b - test::__rust_begin_short_backtrace::h8e82d8113d0da17f
[INFO] [stdout]                                at /rustc/df4ca44d3fbc9301ee17f30f4d474e6ae4b05252/library/test/src/lib.rs:621:18
[INFO] [stdout]   23:     0x594753de53b7 - test::run_test_in_process::{{closure}}::h33235f4f20b7b7c7
[INFO] [stdout]                                at /rustc/df4ca44d3fbc9301ee17f30f4d474e6ae4b05252/library/test/src/lib.rs:644:60
[INFO] [stdout]   24:     0x594753de53b7 - <core::panic::unwind_safe::AssertUnwindSafe<F> as core::ops::function::FnOnce<()>>::call_once::hb5043206310c586f
[INFO] [stdout]                                at /rustc/df4ca44d3fbc9301ee17f30f4d474e6ae4b05252/library/core/src/panic/unwind_safe.rs:272:9
[INFO] [stdout]   25:     0x594753de53b7 - std::panicking::try::do_call::h9ad4731a60ab23e2
[INFO] [stdout]                                at /rustc/df4ca44d3fbc9301ee17f30f4d474e6ae4b05252/library/std/src/panicking.rs:557:40
[INFO] [stdout]   26:     0x594753de53b7 - std::panicking::try::h3824d23db772a716
[INFO] [stdout]                                at /rustc/df4ca44d3fbc9301ee17f30f4d474e6ae4b05252/library/std/src/panicking.rs:520:19
[INFO] [stdout]   27:     0x594753de53b7 - std::panic::catch_unwind::h5afd514605fde46b
[INFO] [stdout]                                at /rustc/df4ca44d3fbc9301ee17f30f4d474e6ae4b05252/library/std/src/panic.rs:358:14
[INFO] [stdout]   28:     0x594753de53b7 - test::run_test_in_process::h0d5cbfa7067d1720
[INFO] [stdout]                                at /rustc/df4ca44d3fbc9301ee17f30f4d474e6ae4b05252/library/test/src/lib.rs:644:27
[INFO] [stdout]   29:     0x594753de53b7 - test::run_test::{{closure}}::h708eb8872708115d
[INFO] [stdout]                                at /rustc/df4ca44d3fbc9301ee17f30f4d474e6ae4b05252/library/test/src/lib.rs:565:43
[INFO] [stdout]   30:     0x594753da8ad4 - test::run_test::{{closure}}::h392c51cee94713ab
[INFO] [stdout]                                at /rustc/df4ca44d3fbc9301ee17f30f4d474e6ae4b05252/library/test/src/lib.rs:595:41
[INFO] [stdout]   31:     0x594753da8ad4 - std::sys::backtrace::__rust_begin_short_backtrace::h2f40290710935a8b
[INFO] [stdout]                                at /rustc/df4ca44d3fbc9301ee17f30f4d474e6ae4b05252/library/std/src/sys/backtrace.rs:154:18
[INFO] [stdout]   32:     0x594753dac27e - std::thread::Builder::spawn_unchecked_::{{closure}}::{{closure}}::h3fd968d89053a903
[INFO] [stdout]                                at /rustc/df4ca44d3fbc9301ee17f30f4d474e6ae4b05252/library/std/src/thread/mod.rs:541:17
[INFO] [stdout]   33:     0x594753dac27e - <core::panic::unwind_safe::AssertUnwindSafe<F> as core::ops::function::FnOnce<()>>::call_once::h743f637ba4229880
[INFO] [stdout]                                at /rustc/df4ca44d3fbc9301ee17f30f4d474e6ae4b05252/library/core/src/panic/unwind_safe.rs:272:9
[INFO] [stdout]   34:     0x594753dac27e - std::panicking::try::do_call::h07440897322525a6
[INFO] [stdout]                                at /rustc/df4ca44d3fbc9301ee17f30f4d474e6ae4b05252/library/std/src/panicking.rs:557:40
[INFO] [stdout]   35:     0x594753dac27e - std::panicking::try::he5a2e00188156637
[INFO] [stdout]                                at /rustc/df4ca44d3fbc9301ee17f30f4d474e6ae4b05252/library/std/src/panicking.rs:520:19
[INFO] [stdout]   36:     0x594753dac27e - std::panic::catch_unwind::hbaf3cae49b3c6433
[INFO] [stdout]                                at /rustc/df4ca44d3fbc9301ee17f30f4d474e6ae4b05252/library/std/src/panic.rs:358:14
[INFO] [stdout]   37:     0x594753dac27e - std::thread::Builder::spawn_unchecked_::{{closure}}::h8e141ea224820bce
[INFO] [stdout]                                at /rustc/df4ca44d3fbc9301ee17f30f4d474e6ae4b05252/library/std/src/thread/mod.rs:540:30
[INFO] [stdout]   38:     0x594753dac27e - core::ops::function::FnOnce::call_once{{vtable.shim}}::h90d312fedd7b8ea8
[INFO] [stdout]                                at /rustc/df4ca44d3fbc9301ee17f30f4d474e6ae4b05252/library/core/src/ops/function.rs:250:5
[INFO] [stdout]   39:     0x594753f759eb - <alloc::boxed::Box<F,A> as core::ops::function::FnOnce<Args>>::call_once::h69aa08ddb6adb8b6
[INFO] [stdout]                                at /rustc/df4ca44d3fbc9301ee17f30f4d474e6ae4b05252/library/alloc/src/boxed.rs:2454:9
[INFO] [stdout]   40:     0x594753f759eb - <alloc::boxed::Box<F,A> as core::ops::function::FnOnce<Args>>::call_once::h5aa36efdb79c806f
[INFO] [stdout]                                at /rustc/df4ca44d3fbc9301ee17f30f4d474e6ae4b05252/library/alloc/src/boxed.rs:2454:9
[INFO] [stdout]   41:     0x594753f759eb - std::sys::pal::unix::thread::Thread::new::thread_start::h6cd80a1b4be5158d
[INFO] [stdout]                                at /rustc/df4ca44d3fbc9301ee17f30f4d474e6ae4b05252/library/std/src/sys/pal/unix/thread.rs:105:17
[INFO] [stdout]   42:     0x74ba97f4bac3 - <unknown>
[INFO] [stdout]   43:     0x74ba97fdca04 - clone
[INFO] [stdout]   44:                0x0 - <unknown>
[INFO] [stdout] 
[INFO] [stdout] ---- tests::failing_enumerated_empty_named_root_49 stdout ----
[INFO] [stdout] [2024-11-01T06:05:37Z DEBUG asn1_compiler::compiler] Parsing 61 tokens.
[INFO] [stdout] [2024-11-01T06:05:37Z TRACE asn1_compiler::parser::asn::module] Parsed module name 'EmptyNamedRootEnumeratedFailing'. Consumed 41 tokens
[INFO] [stdout] [2024-11-01T06:05:37Z TRACE asn1_compiler::parser::asn::module] Parsed Header Tags 'Explicit'.  Consumed 42 tokens
[INFO] [stdout] [2024-11-01T06:05:37Z TRACE asn1_compiler::parser::asn::module] Parsed EXPORTS. Consumed 44 tokens.
[INFO] [stdout] [2024-11-01T06:05:37Z TRACE asn1_compiler::parser::asn::module] Parsed IMPORTS. Consumed 44 tokens. Parsing Definitions Now
[INFO] [stdout] [2024-11-01T06:05:37Z TRACE asn1_compiler::parser::asn::defs] Parsing a Type like definition. Current Token Token {
[INFO] [stdout]         type: Identifier,
[INFO] [stdout]         span: Span {
[INFO] [stdout]             start: LineColumn {
[INFO] [stdout]                 line: 8,
[INFO] [stdout]                 column: 0,
[INFO] [stdout]             },
[INFO] [stdout]             end: LineColumn {
[INFO] [stdout]                 line: 8,
[INFO] [stdout]                 column: 20,
[INFO] [stdout]             },
[INFO] [stdout]         },
[INFO] [stdout]         text: "NotificationResponse",
[INFO] [stdout]     }
[INFO] [stdout] [2024-11-01T06:05:37Z TRACE asn1_compiler::parser::asn::types::int] Parsing `ENUMERATED` type.
[INFO] [stdout] [2024-11-01T06:05:37Z TRACE asn1_compiler::parser::asn::types::int] Parsing constraint
[INFO] [stdout] [2024-11-01T06:05:37Z TRACE asn1_compiler::parser::asn::defs] Parsed Type Assignment.
[INFO] [stdout] [2024-11-01T06:05:37Z TRACE asn1_compiler::parser::asn::module] Parsed 'NotificationResponse' Definition. Consumed 60 tokens so far
[INFO] [stdout] [2024-11-01T06:05:37Z TRACE asn1_compiler::parser::int] Module 'EmptyNamedRootEnumeratedFailing' parsed, adding to the list of modules to be compiled...
[INFO] [stdout] [2024-11-01T06:05:37Z DEBUG asn1_compiler::compiler] Adding module : EmptyNamedRootEnumeratedFailing
[INFO] [stdout] [2024-11-01T06:05:37Z DEBUG asn1_compiler::compiler] Adding module: EmptyNamedRootEnumeratedFailing
[INFO] [stdout] [2024-11-01T06:05:37Z INFO  asn1_compiler::compiler] Resolving imports from all modules.
[INFO] [stdout] [2024-11-01T06:05:37Z DEBUG asn1_compiler::compiler] Resolving imports.
[INFO] [stdout] [2024-11-01T06:05:37Z DEBUG asn1_compiler::compiler] All IMPORTS in All Modules Resolved!
[INFO] [stdout] [2024-11-01T06:05:37Z INFO  asn1_compiler::compiler] Resolving definitions from all modules.
[INFO] [stdout] [2024-11-01T06:05:37Z TRACE asn1_compiler::compiler] Topologically sorting modules.
[INFO] [stdout] [2024-11-01T06:05:37Z DEBUG asn1_compiler::resolver::int] Resolving Definitions in module: EmptyNamedRootEnumeratedFailing
[INFO] [stdout] [2024-11-01T06:05:37Z TRACE asn1_compiler::resolver::int] Resolving definition : Asn1Definition {
[INFO] [stdout]         kind: Type(
[INFO] [stdout]             Asn1TypeAssignment {
[INFO] [stdout]                 id: "NotificationResponse",
[INFO] [stdout]                 typeref: Asn1Type {
[INFO] [stdout]                     kind: Builtin(
[INFO] [stdout]                         Enumerated(
[INFO] [stdout]                             Asn1TypeEnumerated {
[INFO] [stdout]                                 root_values: [
[INFO] [stdout]                                     EnumValue {
[INFO] [stdout]                                         name: "allowed",
[INFO] [stdout]                                         value: Some(
[INFO] [stdout]                                             Number(
[INFO] [stdout]                                                 "0",
[INFO] [stdout]                                             ),
[INFO] [stdout]                                         ),
[INFO] [stdout]                                     },
[INFO] [stdout]                                     EnumValue {
[INFO] [stdout]                                         name: "notAllowed",
[INFO] [stdout]                                         value: Some(
[INFO] [stdout]                                             Number(
[INFO] [stdout]                                                 "1",
[INFO] [stdout]                                             ),
[INFO] [stdout]                                         ),
[INFO] [stdout]                                     },
[INFO] [stdout]                                 ],
[INFO] [stdout]                                 ext_marker_index: Some(
[INFO] [stdout]                                     3,
[INFO] [stdout]                                 ),
[INFO] [stdout]                                 ext_values: [],
[INFO] [stdout]                             },
[INFO] [stdout]                         ),
[INFO] [stdout]                     ),
[INFO] [stdout]                     constraints: Some(
[INFO] [stdout]                         [],
[INFO] [stdout]                     ),
[INFO] [stdout]                     tag: None,
[INFO] [stdout]                 },
[INFO] [stdout]             },
[INFO] [stdout]         ),
[INFO] [stdout]         params: None,
[INFO] [stdout]         resolved: false,
[INFO] [stdout]     }
[INFO] [stdout] [2024-11-01T06:05:37Z TRACE asn1_compiler::compiler] Resolved Definitions: [
[INFO] [stdout]         "NotificationResponse",
[INFO] [stdout]     ]
[INFO] [stdout] [2024-11-01T06:05:37Z TRACE asn1_compiler::compiler] Parameterized Types: []
[INFO] [stdout] [2024-11-01T06:05:37Z TRACE asn1_compiler::compiler] Object Classes: []
[INFO] [stdout] [2024-11-01T06:05:37Z INFO  asn1_compiler::compiler] Generating code, writing to file: /dev/null
[INFO] [stdout] [2024-11-01T06:05:37Z DEBUG asn1_compiler::compiler] Runing `rustfmt` on the generated code.
[INFO] [stdout] thread 'tests::failing_enumerated_empty_named_root_49' panicked at tests/mod.rs:65:9:
[INFO] [stdout] Compilation Error: Resolve: `rustfmt` failed to write some bindings.
[INFO] [stdout] 
[INFO] [stdout] Stack backtrace:
[INFO] [stdout]    0: anyhow::error::<impl core::convert::From<E> for anyhow::Error>::from
[INFO] [stdout]              at /opt/rustwide/cargo-home/registry/src/index.crates.io-6f17d22bba15001f/anyhow-1.0.86/src/backtrace.rs:27:14
[INFO] [stdout]    1: <T as core::convert::Into<U>>::into
[INFO] [stdout]              at /rustc/df4ca44d3fbc9301ee17f30f4d474e6ae4b05252/library/core/src/convert/mod.rs:759:9
[INFO] [stdout]    2: asn1_compiler::compiler::Asn1Compiler::rustfmt_generated_code
[INFO] [stdout]              at ./src/compiler.rs:178:26
[INFO] [stdout]    3: asn1_compiler::compiler::Asn1Compiler::generate
[INFO] [stdout]              at ./src/compiler.rs:96:27
[INFO] [stdout]    4: asn1_compiler::compiler::Asn1Compiler::compile_string
[INFO] [stdout]              at ./src/compiler.rs:118:13
[INFO] [stdout]    5: mod::tests::failing_enumerated_empty_named_root_49
[INFO] [stdout]              at ./tests/mod.rs:63:22
[INFO] [stdout]    6: mod::tests::failing_enumerated_empty_named_root_49::{{closure}}
[INFO] [stdout]              at ./tests/mod.rs:51:48
[INFO] [stdout]    7: core::ops::function::FnOnce::call_once
[INFO] [stdout]              at /rustc/df4ca44d3fbc9301ee17f30f4d474e6ae4b05252/library/core/src/ops/function.rs:250:5
[INFO] [stdout]    8: core::ops::function::FnOnce::call_once
[INFO] [stdout]              at /rustc/df4ca44d3fbc9301ee17f30f4d474e6ae4b05252/library/core/src/ops/function.rs:250:5
[INFO] [stdout]    9: test::__rust_begin_short_backtrace
[INFO] [stdout]              at /rustc/df4ca44d3fbc9301ee17f30f4d474e6ae4b05252/library/test/src/lib.rs:621:18
[INFO] [stdout]   10: test::run_test_in_process::{{closure}}
[INFO] [stdout]              at /rustc/df4ca44d3fbc9301ee17f30f4d474e6ae4b05252/library/test/src/lib.rs:644:60
[INFO] [stdout]   11: <core::panic::unwind_safe::AssertUnwindSafe<F> as core::ops::function::FnOnce<()>>::call_once
[INFO] [stdout]              at /rustc/df4ca44d3fbc9301ee17f30f4d474e6ae4b05252/library/core/src/panic/unwind_safe.rs:272:9
[INFO] [stdout]   12: std::panicking::try::do_call
[INFO] [stdout]              at /rustc/df4ca44d3fbc9301ee17f30f4d474e6ae4b05252/library/std/src/panicking.rs:557:40
[INFO] [stdout]   13: std::panicking::try
[INFO] [stdout]              at /rustc/df4ca44d3fbc9301ee17f30f4d474e6ae4b05252/library/std/src/panicking.rs:520:19
[INFO] [stdout]   14: std::panic::catch_unwind
[INFO] [stdout]              at /rustc/df4ca44d3fbc9301ee17f30f4d474e6ae4b05252/library/std/src/panic.rs:358:14
[INFO] [stdout]   15: test::run_test_in_process
[INFO] [stdout]              at /rustc/df4ca44d3fbc9301ee17f30f4d474e6ae4b05252/library/test/src/lib.rs:644:27
[INFO] [stdout]   16: test::run_test::{{closure}}
[INFO] [stdout]              at /rustc/df4ca44d3fbc9301ee17f30f4d474e6ae4b05252/library/test/src/lib.rs:565:43
[INFO] [stdout]   17: test::run_test::{{closure}}
[INFO] [stdout]              at /rustc/df4ca44d3fbc9301ee17f30f4d474e6ae4b05252/library/test/src/lib.rs:595:41
[INFO] [stdout]   18: std::sys::backtrace::__rust_begin_short_backtrace
[INFO] [stdout]              at /rustc/df4ca44d3fbc9301ee17f30f4d474e6ae4b05252/library/std/src/sys/backtrace.rs:154:18
[INFO] [stdout]   19: std::thread::Builder::spawn_unchecked_::{{closure}}::{{closure}}
[INFO] [stdout]              at /rustc/df4ca44d3fbc9301ee17f30f4d474e6ae4b05252/library/std/src/thread/mod.rs:541:17
[INFO] [stdout]   20: <core::panic::unwind_safe::AssertUnwindSafe<F> as core::ops::function::FnOnce<()>>::call_once
[INFO] [stdout]              at /rustc/df4ca44d3fbc9301ee17f30f4d474e6ae4b05252/library/core/src/panic/unwind_safe.rs:272:9
[INFO] [stdout]   21: std::panicking::try::do_call
[INFO] [stdout]              at /rustc/df4ca44d3fbc9301ee17f30f4d474e6ae4b05252/library/std/src/panicking.rs:557:40
[INFO] [stdout]   22: std::panicking::try
[INFO] [stdout]              at /rustc/df4ca44d3fbc9301ee17f30f4d474e6ae4b05252/library/std/src/panicking.rs:520:19
[INFO] [stdout]   23: std::panic::catch_unwind
[INFO] [stdout]              at /rustc/df4ca44d3fbc9301ee17f30f4d474e6ae4b05252/library/std/src/panic.rs:358:14
[INFO] [stdout]   24: std::thread::Builder::spawn_unchecked_::{{closure}}
[INFO] [stdout]              at /rustc/df4ca44d3fbc9301ee17f30f4d474e6ae4b05252/library/std/src/thread/mod.rs:540:30
[INFO] [stdout]   25: core::ops::function::FnOnce::call_once{{vtable.shim}}
[INFO] [stdout]              at /rustc/df4ca44d3fbc9301ee17f30f4d474e6ae4b05252/library/core/src/ops/function.rs:250:5
[INFO] [stdout]   26: <alloc::boxed::Box<F,A> as core::ops::function::FnOnce<Args>>::call_once
[INFO] [stdout]              at /rustc/df4ca44d3fbc9301ee17f30f4d474e6ae4b05252/library/alloc/src/boxed.rs:2454:9
[INFO] [stdout]   27: <alloc::boxed::Box<F,A> as core::ops::function::FnOnce<Args>>::call_once
[INFO] [stdout]              at /rustc/df4ca44d3fbc9301ee17f30f4d474e6ae4b05252/library/alloc/src/boxed.rs:2454:9
[INFO] [stdout]   28: std::sys::pal::unix::thread::Thread::new::thread_start
[INFO] [stdout]              at /rustc/df4ca44d3fbc9301ee17f30f4d474e6ae4b05252/library/std/src/sys/pal/unix/thread.rs:105:17
[INFO] [stdout]   29: <unknown>
[INFO] [stdout]   30: clone
[INFO] [stdout] stack backtrace:
[INFO] [stdout]    0:     0x594753f6ff1a - std::backtrace_rs::backtrace::libunwind::trace::h207520d6e9873551
[INFO] [stdout]                                at /rustc/df4ca44d3fbc9301ee17f30f4d474e6ae4b05252/library/std/src/../../backtrace/src/backtrace/libunwind.rs:116:5
[INFO] [stdout]    1:     0x594753f6ff1a - std::backtrace_rs::backtrace::trace_unsynchronized::h2ed7433f370e3eca
[INFO] [stdout]                                at /rustc/df4ca44d3fbc9301ee17f30f4d474e6ae4b05252/library/std/src/../../backtrace/src/backtrace/mod.rs:66:5
[INFO] [stdout]    2:     0x594753f6ff1a - std::sys::backtrace::_print_fmt::h916fac51166b18d7
[INFO] [stdout]                                at /rustc/df4ca44d3fbc9301ee17f30f4d474e6ae4b05252/library/std/src/sys/backtrace.rs:66:9
[INFO] [stdout]    3:     0x594753f6ff1a - <std::sys::backtrace::BacktraceLock::print::DisplayBacktrace as core::fmt::Display>::fmt::ha0a4c9b8ce3802e6
[INFO] [stdout]                                at /rustc/df4ca44d3fbc9301ee17f30f4d474e6ae4b05252/library/std/src/sys/backtrace.rs:39:26
[INFO] [stdout]    4:     0x594753f98773 - core::fmt::rt::Argument::fmt::h4cfc8587d52b3eb5
[INFO] [stdout]                                at /rustc/df4ca44d3fbc9301ee17f30f4d474e6ae4b05252/library/core/src/fmt/rt.rs:177:76
[INFO] [stdout]    5:     0x594753f98773 - core::fmt::write::h522cc39e5b36ae9f
[INFO] [stdout]                                at /rustc/df4ca44d3fbc9301ee17f30f4d474e6ae4b05252/library/core/src/fmt/mod.rs:1190:21
[INFO] [stdout]    6:     0x594753f6c8d3 - std::io::Write::write_fmt::h7d3c26752da97734
[INFO] [stdout]                                at /rustc/df4ca44d3fbc9301ee17f30f4d474e6ae4b05252/library/std/src/io/mod.rs:1839:15
[INFO] [stdout]    7:     0x594753f6fd62 - std::sys::backtrace::BacktraceLock::print::h4b9e00b29e9c0942
[INFO] [stdout]                                at /rustc/df4ca44d3fbc9301ee17f30f4d474e6ae4b05252/library/std/src/sys/backtrace.rs:42:9
[INFO] [stdout]    8:     0x594753f713aa - std::panicking::default_hook::{{closure}}::hb59b88280d0324d9
[INFO] [stdout]                                at /rustc/df4ca44d3fbc9301ee17f30f4d474e6ae4b05252/library/std/src/panicking.rs:268:22
[INFO] [stdout]    9:     0x594753f711b4 - std::panicking::default_hook::he1dd496665be4a29
[INFO] [stdout]                                at /rustc/df4ca44d3fbc9301ee17f30f4d474e6ae4b05252/library/std/src/panicking.rs:292:9
[INFO] [stdout]   10:     0x594753de1169 - <alloc::boxed::Box<F,A> as core::ops::function::Fn<Args>>::call::h4ff71de18744e1dc
[INFO] [stdout]                                at /rustc/df4ca44d3fbc9301ee17f30f4d474e6ae4b05252/library/alloc/src/boxed.rs:2468:9
[INFO] [stdout]   11:     0x594753de1169 - test::test_main::{{closure}}::hcf7c055ce117aa81
[INFO] [stdout]                                at /rustc/df4ca44d3fbc9301ee17f30f4d474e6ae4b05252/library/test/src/lib.rs:133:21
[INFO] [stdout]   12:     0x594753f71aa8 - <alloc::boxed::Box<F,A> as core::ops::function::Fn<Args>>::call::h1d66c6bbd60c9692
[INFO] [stdout]                                at /rustc/df4ca44d3fbc9301ee17f30f4d474e6ae4b05252/library/alloc/src/boxed.rs:2468:9
[INFO] [stdout]   13:     0x594753f71aa8 - std::panicking::rust_panic_with_hook::h2ff17fe8f26dfcf8
[INFO] [stdout]                                at /rustc/df4ca44d3fbc9301ee17f30f4d474e6ae4b05252/library/std/src/panicking.rs:809:13
[INFO] [stdout]   14:     0x594753f7186a - std::panicking::begin_panic_handler::{{closure}}::h4fad77951c07e101
[INFO] [stdout]                                at /rustc/df4ca44d3fbc9301ee17f30f4d474e6ae4b05252/library/std/src/panicking.rs:674:13
[INFO] [stdout]   15:     0x594753f703f9 - std::sys::backtrace::__rust_end_short_backtrace::hb1a25b3da5d0ea08
[INFO] [stdout]                                at /rustc/df4ca44d3fbc9301ee17f30f4d474e6ae4b05252/library/std/src/sys/backtrace.rs:170:18
[INFO] [stdout]   16:     0x594753f714fc - rust_begin_unwind
[INFO] [stdout]                                at /rustc/df4ca44d3fbc9301ee17f30f4d474e6ae4b05252/library/std/src/panicking.rs:665:5
[INFO] [stdout]   17:     0x594753f96850 - core::panicking::panic_fmt::ha9db07b529f9b256
[INFO] [stdout]                                at /rustc/df4ca44d3fbc9301ee17f30f4d474e6ae4b05252/library/core/src/panicking.rs:75:14
[INFO] [stdout]   18:     0x594753af69fd - mod::tests::failing_enumerated_empty_named_root_49::h47037ba5b44bab4c
[INFO] [stdout]                                at /opt/rustwide/workdir/tests/mod.rs:65:9
[INFO] [stdout]   19:     0x594753af6567 - mod::tests::failing_enumerated_empty_named_root_49::{{closure}}::h6bdc472f87da8449
[INFO] [stdout]                                at /opt/rustwide/workdir/tests/mod.rs:51:48
[INFO] [stdout]   20:     0x594753af5296 - core::ops::function::FnOnce::call_once::hc873699e6b4290bc
[INFO] [stdout]                                at /rustc/df4ca44d3fbc9301ee17f30f4d474e6ae4b05252/library/core/src/ops/function.rs:250:5
[INFO] [stdout]   21:     0x594753de5a3b - core::ops::function::FnOnce::call_once::h22c3ba5715e93f05
[INFO] [stdout]                                at /rustc/df4ca44d3fbc9301ee17f30f4d474e6ae4b05252/library/core/src/ops/function.rs:250:5
[INFO] [stdout]   22:     0x594753de5a3b - test::__rust_begin_short_backtrace::h8e82d8113d0da17f
[INFO] [stdout]                                at /rustc/df4ca44d3fbc9301ee17f30f4d474e6ae4b05252/library/test/src/lib.rs:621:18
[INFO] [stdout]   23:     0x594753de53b7 - test::run_test_in_process::{{closure}}::h33235f4f20b7b7c7
[INFO] [stdout]                                at /rustc/df4ca44d3fbc9301ee17f30f4d474e6ae4b05252/library/test/src/lib.rs:644:60
[INFO] [stdout]   24:     0x594753de53b7 - <core::panic::unwind_safe::AssertUnwindSafe<F> as core::ops::function::FnOnce<()>>::call_once::hb5043206310c586f
[INFO] [stdout]                                at /rustc/df4ca44d3fbc9301ee17f30f4d474e6ae4b05252/library/core/src/panic/unwind_safe.rs:272:9
[INFO] [stdout]   25:     0x594753de53b7 - std::panicking::try::do_call::h9ad4731a60ab23e2
[INFO] [stdout]                                at /rustc/df4ca44d3fbc9301ee17f30f4d474e6ae4b05252/library/std/src/panicking.rs:557:40
[INFO] [stdout]   26:     0x594753de53b7 - std::panicking::try::h3824d23db772a716
[INFO] [stdout]                                at /rustc/df4ca44d3fbc9301ee17f30f4d474e6ae4b05252/library/std/src/panicking.rs:520:19
[INFO] [stdout]   27:     0x594753de53b7 - std::panic::catch_unwind::h5afd514605fde46b
[INFO] [stdout]                                at /rustc/df4ca44d3fbc9301ee17f30f4d474e6ae4b05252/library/std/src/panic.rs:358:14
[INFO] [stdout]   28:     0x594753de53b7 - test::run_test_in_process::h0d5cbfa7067d1720
[INFO] [stdout]                                at /rustc/df4ca44d3fbc9301ee17f30f4d474e6ae4b05252/library/test/src/lib.rs:644:27
[INFO] [stdout]   29:     0x594753de53b7 - test::run_test::{{closure}}::h708eb8872708115d
[INFO] [stdout]                                at /rustc/df4ca44d3fbc9301ee17f30f4d474e6ae4b05252/library/test/src/lib.rs:565:43
[INFO] [stdout]   30:     0x594753da8ad4 - test::run_test::{{closure}}::h392c51cee94713ab
[INFO] [stdout]                                at /rustc/df4ca44d3fbc9301ee17f30f4d474e6ae4b05252/library/test/src/lib.rs:595:41
[INFO] [stdout]   31:     0x594753da8ad4 - std::sys::backtrace::__rust_begin_short_backtrace::h2f40290710935a8b
[INFO] [stdout]                                at /rustc/df4ca44d3fbc9301ee17f30f4d474e6ae4b05252/library/std/src/sys/backtrace.rs:154:18
[INFO] [stdout]   32:     0x594753dac27e - std::thread::Builder::spawn_unchecked_::{{closure}}::{{closure}}::h3fd968d89053a903
[INFO] [stdout]                                at /rustc/df4ca44d3fbc9301ee17f30f4d474e6ae4b05252/library/std/src/thread/mod.rs:541:17
[INFO] [stdout]   33:     0x594753dac27e - <core::panic::unwind_safe::AssertUnwindSafe<F> as core::ops::function::FnOnce<()>>::call_once::h743f637ba4229880
[INFO] [stdout]                                at /rustc/df4ca44d3fbc9301ee17f30f4d474e6ae4b05252/library/core/src/panic/unwind_safe.rs:272:9
[INFO] [stdout]   34:     0x594753dac27e - std::panicking::try::do_call::h07440897322525a6
[INFO] [stdout]                                at /rustc/df4ca44d3fbc9301ee17f30f4d474e6ae4b05252/library/std/src/panicking.rs:557:40
[INFO] [stdout]   35:     0x594753dac27e - std::panicking::try::he5a2e00188156637
[INFO] [stdout]                                at /rustc/df4ca44d3fbc9301ee17f30f4d474e6ae4b05252/library/std/src/panicking.rs:520:19
[INFO] [stdout]   36:     0x594753dac27e - std::panic::catch_unwind::hbaf3cae49b3c6433
[INFO] [stdout]                                at /rustc/df4ca44d3fbc9301ee17f30f4d474e6ae4b05252/library/std/src/panic.rs:358:14
[INFO] [stdout]   37:     0x594753dac27e - std::thread::Builder::spawn_unchecked_::{{closure}}::h8e141ea224820bce
[INFO] [stdout]                                at /rustc/df4ca44d3fbc9301ee17f30f4d474e6ae4b05252/library/std/src/thread/mod.rs:540:30
[INFO] [stdout]   38:     0x594753dac27e - core::ops::function::FnOnce::call_once{{vtable.shim}}::h90d312fedd7b8ea8
[INFO] [stdout]                                at /rustc/df4ca44d3fbc9301ee17f30f4d474e6ae4b05252/library/core/src/ops/function.rs:250:5
[INFO] [stdout]   39:     0x594753f759eb - <alloc::boxed::Box<F,A> as core::ops::function::FnOnce<Args>>::call_once::h69aa08ddb6adb8b6
[INFO] [stdout]                                at /rustc/df4ca44d3fbc9301ee17f30f4d474e6ae4b05252/library/alloc/src/boxed.rs:2454:9
[INFO] [stdout]   40:     0x594753f759eb - <alloc::boxed::Box<F,A> as core::ops::function::FnOnce<Args>>::call_once::h5aa36efdb79c806f
[INFO] [stdout]                                at /rustc/df4ca44d3fbc9301ee17f30f4d474e6ae4b05252/library/alloc/src/boxed.rs:2454:9
[INFO] [stdout]   41:     0x594753f759eb - std::sys::pal::unix::thread::Thread::new::thread_start::h6cd80a1b4be5158d
[INFO] [stdout]                                at /rustc/df4ca44d3fbc9301ee17f30f4d474e6ae4b05252/library/std/src/sys/pal/unix/thread.rs:105:17
[INFO] [stdout]   42:     0x74ba97f4bac3 - <unknown>
[INFO] [stdout]   43:     0x74ba97fdca04 - clone
[INFO] [stdout]   44:                0x0 - <unknown>
[INFO] [stdout] 
[INFO] [stdout] ---- tests::fix_support_exports_definitions_46 stdout ----
[INFO] [stdout] [2024-11-01T06:05:37Z DEBUG asn1_compiler::compiler] Parsing 55 tokens.
[INFO] [stdout] [2024-11-01T06:05:37Z TRACE asn1_compiler::parser::asn::module] Parsed module name 'ModuleExportsDefinitions'. Consumed 41 tokens
[INFO] [stdout] [2024-11-01T06:05:37Z TRACE asn1_compiler::parser::asn::module] Parsed Header Tags 'Explicit'.  Consumed 42 tokens
[INFO] [stdout] [2024-11-01T06:05:37Z TRACE asn1_compiler::parser::asn::module] Parsed EXPORTS. Consumed 47 tokens.
[INFO] [stdout] [2024-11-01T06:05:37Z TRACE asn1_compiler::parser::asn::module] Parsed IMPORTS. Consumed 47 tokens. Parsing Definitions Now
[INFO] [stdout] [2024-11-01T06:05:37Z TRACE asn1_compiler::parser::asn::defs] Parsing a Type like definition. Current Token Token {
[INFO] [stdout]         type: Identifier,
[INFO] [stdout]         span: Span {
[INFO] [stdout]             start: LineColumn {
[INFO] [stdout]                 line: 8,
[INFO] [stdout]                 column: 19,
[INFO] [stdout]             },
[INFO] [stdout]             end: LineColumn {
[INFO] [stdout]                 line: 8,
[INFO] [stdout]                 column: 28,
[INFO] [stdout]             },
[INFO] [stdout]         },
[INFO] [stdout]         text: "ExportedA",
[INFO] [stdout]     }
[INFO] [stdout] [2024-11-01T06:05:37Z TRACE asn1_compiler::parser::asn::types::int] Parsing `SEQUENCE or SET` type.
[INFO] [stdout] [2024-11-01T06:05:37Z TRACE asn1_compiler::parser::asn::types::int] Parsing `INTEGER` type.
[INFO] [stdout] [2024-11-01T06:05:37Z TRACE asn1_compiler::parser::asn::types::int] Parsing constraint
[INFO] [stdout] [2024-11-01T06:05:37Z TRACE asn1_compiler::parser::asn::types::constructed::utils] parse_component returns
[INFO] [stdout] [2024-11-01T06:05:37Z TRACE asn1_compiler::parser::asn::types::int] Parsing constraint
[INFO] [stdout] [2024-11-01T06:05:37Z TRACE asn1_compiler::parser::asn::defs] Parsed Type Assignment.
[INFO] [stdout] [2024-11-01T06:05:37Z TRACE asn1_compiler::parser::asn::module] Parsed 'ExportedA' Definition. Consumed 54 tokens so far
[INFO] [stdout] [2024-11-01T06:05:37Z TRACE asn1_compiler::parser::int] Module 'ModuleExportsDefinitions' parsed, adding to the list of modules to be compiled...
[INFO] [stdout] [2024-11-01T06:05:37Z DEBUG asn1_compiler::compiler] Adding module : ModuleExportsDefinitions
[INFO] [stdout] [2024-11-01T06:05:37Z DEBUG asn1_compiler::compiler] Adding module: ModuleExportsDefinitions
[INFO] [stdout] [2024-11-01T06:05:37Z INFO  asn1_compiler::compiler] Resolving imports from all modules.
[INFO] [stdout] [2024-11-01T06:05:37Z DEBUG asn1_compiler::compiler] Resolving imports.
[INFO] [stdout] [2024-11-01T06:05:37Z DEBUG asn1_compiler::compiler] All IMPORTS in All Modules Resolved!
[INFO] [stdout] [2024-11-01T06:05:37Z INFO  asn1_compiler::compiler] Resolving definitions from all modules.
[INFO] [stdout] [2024-11-01T06:05:37Z TRACE asn1_compiler::compiler] Topologically sorting modules.
[INFO] [stdout] [2024-11-01T06:05:37Z DEBUG asn1_compiler::resolver::int] Resolving Definitions in module: ModuleExportsDefinitions
[INFO] [stdout] [2024-11-01T06:05:37Z TRACE asn1_compiler::resolver::int] Resolving definition : Asn1Definition {
[INFO] [stdout]         kind: Type(
[INFO] [stdout]             Asn1TypeAssignment {
[INFO] [stdout]                 id: "ExportedA",
[INFO] [stdout]                 typeref: Asn1Type {
[INFO] [stdout]                     kind: Constructed(
[INFO] [stdout]                         Sequence(
[INFO] [stdout]                             Asn1TypeSequence {
[INFO] [stdout]                                 root_components: [
[INFO] [stdout]                                     SeqComponent {
[INFO] [stdout]                                         component: Component {
[INFO] [stdout]                                             id: "a",
[INFO] [stdout]                                             ty: Asn1Type {
[INFO] [stdout]                                                 kind: Builtin(
[INFO] [stdout]                                                     Integer(
[INFO] [stdout]                                                         Asn1TypeInteger {
[INFO] [stdout]                                                             named_values: None,
[INFO] [stdout]                                                         },
[INFO] [stdout]                                                     ),
[INFO] [stdout]                                                 ),
[INFO] [stdout]                                                 constraints: Some(
[INFO] [stdout]                                                     [],
[INFO] [stdout]                                                 ),
[INFO] [stdout]                                                 tag: None,
[INFO] [stdout]                                             },
[INFO] [stdout]                                         },
[INFO] [stdout]                                         optional: false,
[INFO] [stdout]                                         default: None,
[INFO] [stdout]                                     },
[INFO] [stdout]                                 ],
[INFO] [stdout]                                 additions: [],
[INFO] [stdout]                                 extensible: false,
[INFO] [stdout]                             },
[INFO] [stdout]                         ),
[INFO] [stdout]                     ),
[INFO] [stdout]                     constraints: Some(
[INFO] [stdout]                         [],
[INFO] [stdout]                     ),
[INFO] [stdout]                     tag: None,
[INFO] [stdout]                 },
[INFO] [stdout]             },
[INFO] [stdout]         ),
[INFO] [stdout]         params: None,
[INFO] [stdout]         resolved: false,
[INFO] [stdout]     }
[INFO] [stdout] sequence: Asn1TypeSequence {
[INFO] [stdout]     root_components: [
[INFO] [stdout]         SeqComponent {
[INFO] [stdout]             component: Component {
[INFO] [stdout]                 id: "a",
[INFO] [stdout]                 ty: Asn1Type {
[INFO] [stdout]                     kind: Builtin(
[INFO] [stdout]                         Integer(
[INFO] [stdout]                             Asn1TypeInteger {
[INFO] [stdout]                                 named_values: None,
[INFO] [stdout]                             },
[INFO] [stdout]                         ),
[INFO] [stdout]                     ),
[INFO] [stdout]                     constraints: Some(
[INFO] [stdout]                         [],
[INFO] [stdout]                     ),
[INFO] [stdout]                     tag: None,
[INFO] [stdout]                 },
[INFO] [stdout]             },
[INFO] [stdout]             optional: false,
[INFO] [stdout]             default: None,
[INFO] [stdout]         },
[INFO] [stdout]     ],
[INFO] [stdout]     additions: [],
[INFO] [stdout]     extensible: false,
[INFO] [stdout] }
[INFO] [stdout] [2024-11-01T06:05:37Z TRACE asn1_compiler::compiler] Resolved Definitions: [
[INFO] [stdout]         "ExportedA",
[INFO] [stdout]     ]
[INFO] [stdout] [2024-11-01T06:05:37Z TRACE asn1_compiler::compiler] Parameterized Types: []
[INFO] [stdout] [2024-11-01T06:05:37Z TRACE asn1_compiler::compiler] Object Classes: []
[INFO] [stdout] [2024-11-01T06:05:37Z INFO  asn1_compiler::compiler] Generating code, writing to file: /dev/null
[INFO] [stdout] [2024-11-01T06:05:37Z DEBUG asn1_compiler::compiler] Runing `rustfmt` on the generated code.
[INFO] [stdout] thread 'tests::fix_support_exports_definitions_46' panicked at tests/mod.rs:83:9:
[INFO] [stdout] Compilation Error: Resolve: `rustfmt` failed to write some bindings.
[INFO] [stdout] 
[INFO] [stdout] Stack backtrace:
[INFO] [stdout]    0: anyhow::error::<impl core::convert::From<E> for anyhow::Error>::from
[INFO] [stdout]              at /opt/rustwide/cargo-home/registry/src/index.crates.io-6f17d22bba15001f/anyhow-1.0.86/src/backtrace.rs:27:14
[INFO] [stdout]    1: <T as core::convert::Into<U>>::into
[INFO] [stdout]              at /rustc/df4ca44d3fbc9301ee17f30f4d474e6ae4b05252/library/core/src/convert/mod.rs:759:9
[INFO] [stdout]    2: asn1_compiler::compiler::Asn1Compiler::rustfmt_generated_code
[INFO] [stdout]              at ./src/compiler.rs:178:26
[INFO] [stdout]    3: asn1_compiler::compiler::Asn1Compiler::generate
[INFO] [stdout]              at ./src/compiler.rs:96:27
[INFO] [stdout]    4: asn1_compiler::compiler::Asn1Compiler::compile_string
[INFO] [stdout]              at ./src/compiler.rs:118:13
[INFO] [stdout]    5: mod::tests::fix_support_exports_definitions_46
[INFO] [stdout]              at ./tests/mod.rs:81:22
[INFO] [stdout]    6: mod::tests::fix_support_exports_definitions_46::{{closure}}
[INFO] [stdout]              at ./tests/mod.rs:69:44
[INFO] [stdout]    7: core::ops::function::FnOnce::call_once
[INFO] [stdout]              at /rustc/df4ca44d3fbc9301ee17f30f4d474e6ae4b05252/library/core/src/ops/function.rs:250:5
[INFO] [stdout]    8: core::ops::function::FnOnce::call_once
[INFO] [stdout]              at /rustc/df4ca44d3fbc9301ee17f30f4d474e6ae4b05252/library/core/src/ops/function.rs:250:5
[INFO] [stdout]    9: test::__rust_begin_short_backtrace
[INFO] [stdout]              at /rustc/df4ca44d3fbc9301ee17f30f4d474e6ae4b05252/library/test/src/lib.rs:621:18
[INFO] [stdout]   10: test::run_test_in_process::{{closure}}
[INFO] [stdout]              at /rustc/df4ca44d3fbc9301ee17f30f4d474e6ae4b05252/library/test/src/lib.rs:644:60
[INFO] [stdout]   11: <core::panic::unwind_safe::AssertUnwindSafe<F> as core::ops::function::FnOnce<()>>::call_once
[INFO] [stdout]              at /rustc/df4ca44d3fbc9301ee17f30f4d474e6ae4b05252/library/core/src/panic/unwind_safe.rs:272:9
[INFO] [stdout]   12: std::panicking::try::do_call
[INFO] [stdout]              at /rustc/df4ca44d3fbc9301ee17f30f4d474e6ae4b05252/library/std/src/panicking.rs:557:40
[INFO] [stdout]   13: std::panicking::try
[INFO] [stdout]              at /rustc/df4ca44d3fbc9301ee17f30f4d474e6ae4b05252/library/std/src/panicking.rs:520:19
[INFO] [stdout]   14: std::panic::catch_unwind
[INFO] [stdout]              at /rustc/df4ca44d3fbc9301ee17f30f4d474e6ae4b05252/library/std/src/panic.rs:358:14
[INFO] [stdout]   15: test::run_test_in_process
[INFO] [stdout]              at /rustc/df4ca44d3fbc9301ee17f30f4d474e6ae4b05252/library/test/src/lib.rs:644:27
[INFO] [stdout]   16: test::run_test::{{closure}}
[INFO] [stdout]              at /rustc/df4ca44d3fbc9301ee17f30f4d474e6ae4b05252/library/test/src/lib.rs:565:43
[INFO] [stdout]   17: test::run_test::{{closure}}
[INFO] [stdout]              at /rustc/df4ca44d3fbc9301ee17f30f4d474e6ae4b05252/library/test/src/lib.rs:595:41
[INFO] [stdout]   18: std::sys::backtrace::__rust_begin_short_backtrace
[INFO] [stdout]              at /rustc/df4ca44d3fbc9301ee17f30f4d474e6ae4b05252/library/std/src/sys/backtrace.rs:154:18
[INFO] [stdout]   19: std::thread::Builder::spawn_unchecked_::{{closure}}::{{closure}}
[INFO] [stdout]              at /rustc/df4ca44d3fbc9301ee17f30f4d474e6ae4b05252/library/std/src/thread/mod.rs:541:17
[INFO] [stdout]   20: <core::panic::unwind_safe::AssertUnwindSafe<F> as core::ops::function::FnOnce<()>>::call_once
[INFO] [stdout]              at /rustc/df4ca44d3fbc9301ee17f30f4d474e6ae4b05252/library/core/src/panic/unwind_safe.rs:272:9
[INFO] [stdout]   21: std::panicking::try::do_call
[INFO] [stdout]              at /rustc/df4ca44d3fbc9301ee17f30f4d474e6ae4b05252/library/std/src/panicking.rs:557:40
[INFO] [stdout]   22: std::panicking::try
[INFO] [stdout]              at /rustc/df4ca44d3fbc9301ee17f30f4d474e6ae4b05252/library/std/src/panicking.rs:520:19
[INFO] [stdout]   23: std::panic::catch_unwind
[INFO] [stdout]              at /rustc/df4ca44d3fbc9301ee17f30f4d474e6ae4b05252/library/std/src/panic.rs:358:14
[INFO] [stdout]   24: std::thread::Builder::spawn_unchecked_::{{closure}}
[INFO] [stdout]              at /rustc/df4ca44d3fbc9301ee17f30f4d474e6ae4b05252/library/std/src/thread/mod.rs:540:30
[INFO] [stdout]   25: core::ops::function::FnOnce::call_once{{vtable.shim}}
[INFO] [stdout]              at /rustc/df4ca44d3fbc9301ee17f30f4d474e6ae4b05252/library/core/src/ops/function.rs:250:5
[INFO] [stdout]   26: <alloc::boxed::Box<F,A> as core::ops::function::FnOnce<Args>>::call_once
[INFO] [stdout]              at /rustc/df4ca44d3fbc9301ee17f30f4d474e6ae4b05252/library/alloc/src/boxed.rs:2454:9
[INFO] [stdout]   27: <alloc::boxed::Box<F,A> as core::ops::function::FnOnce<Args>>::call_once
[INFO] [stdout]              at /rustc/df4ca44d3fbc9301ee17f30f4d474e6ae4b05252/library/alloc/src/boxed.rs:2454:9
[INFO] [stdout]   28: std::sys::pal::unix::thread::Thread::new::thread_start
[INFO] [stdout]              at /rustc/df4ca44d3fbc9301ee17f30f4d474e6ae4b05252/library/std/src/sys/pal/unix/thread.rs:105:17
[INFO] [stdout]   29: <unknown>
[INFO] [stdout]   30: clone
[INFO] [stdout] stack backtrace:
[INFO] [stdout]    0:     0x594753f6ff1a - std::backtrace_rs::backtrace::libunwind::trace::h207520d6e9873551
[INFO] [stdout]                                at /rustc/df4ca44d3fbc9301ee17f30f4d474e6ae4b05252/library/std/src/../../backtrace/src/backtrace/libunwind.rs:116:5
[INFO] [stdout]    1:     0x594753f6ff1a - std::backtrace_rs::backtrace::trace_unsynchronized::h2ed7433f370e3eca
[INFO] [stdout]                                at /rustc/df4ca44d3fbc9301ee17f30f4d474e6ae4b05252/library/std/src/../../backtrace/src/backtrace/mod.rs:66:5
[INFO] [stdout]    2:     0x594753f6ff1a - std::sys::backtrace::_print_fmt::h916fac51166b18d7
[INFO] [stdout]                                at /rustc/df4ca44d3fbc9301ee17f30f4d474e6ae4b05252/library/std/src/sys/backtrace.rs:66:9
[INFO] [stdout]    3:     0x594753f6ff1a - <std::sys::backtrace::BacktraceLock::print::DisplayBacktrace as core::fmt::Display>::fmt::ha0a4c9b8ce3802e6
[INFO] [stdout]                                at /rustc/df4ca44d3fbc9301ee17f30f4d474e6ae4b05252/library/std/src/sys/backtrace.rs:39:26
[INFO] [stdout]    4:     0x594753f98773 - core::fmt::rt::Argument::fmt::h4cfc8587d52b3eb5
[INFO] [stdout]                                at /rustc/df4ca44d3fbc9301ee17f30f4d474e6ae4b05252/library/core/src/fmt/rt.rs:177:76
[INFO] [stdout]    5:     0x594753f98773 - core::fmt::write::h522cc39e5b36ae9f
[INFO] [stdout]                                at /rustc/df4ca44d3fbc9301ee17f30f4d474e6ae4b05252/library/core/src/fmt/mod.rs:1190:21
[INFO] [stdout]    6:     0x594753f6c8d3 - std::io::Write::write_fmt::h7d3c26752da97734
[INFO] [stdout]                                at /rustc/df4ca44d3fbc9301ee17f30f4d474e6ae4b05252/library/std/src/io/mod.rs:1839:15
[INFO] [stdout]    7:     0x594753f6fd62 - std::sys::backtrace::BacktraceLock::print::h4b9e00b29e9c0942
[INFO] [stdout]                                at /rustc/df4ca44d3fbc9301ee17f30f4d474e6ae4b05252/library/std/src/sys/backtrace.rs:42:9
[INFO] [stdout]    8:     0x594753f713aa - std::panicking::default_hook::{{closure}}::hb59b88280d0324d9
[INFO] [stdout]                                at /rustc/df4ca44d3fbc9301ee17f30f4d474e6ae4b05252/library/std/src/panicking.rs:268:22
[INFO] [stdout]    9:     0x594753f711b4 - std::panicking::default_hook::he1dd496665be4a29
[INFO] [stdout]                                at /rustc/df4ca44d3fbc9301ee17f30f4d474e6ae4b05252/library/std/src/panicking.rs:292:9
[INFO] [stdout]   10:     0x594753de1169 - <alloc::boxed::Box<F,A> as core::ops::function::Fn<Args>>::call::h4ff71de18744e1dc
[INFO] [stdout]                                at /rustc/df4ca44d3fbc9301ee17f30f4d474e6ae4b05252/library/alloc/src/boxed.rs:2468:9
[INFO] [stdout]   11:     0x594753de1169 - test::test_main::{{closure}}::hcf7c055ce117aa81
[INFO] [stdout]                                at /rustc/df4ca44d3fbc9301ee17f30f4d474e6ae4b05252/library/test/src/lib.rs:133:21
[INFO] [stdout]   12:     0x594753f71aa8 - <alloc::boxed::Box<F,A> as core::ops::function::Fn<Args>>::call::h1d66c6bbd60c9692
[INFO] [stdout]                                at /rustc/df4ca44d3fbc9301ee17f30f4d474e6ae4b05252/library/alloc/src/boxed.rs:2468:9
[INFO] [stdout]   13:     0x594753f71aa8 - std::panicking::rust_panic_with_hook::h2ff17fe8f26dfcf8
[INFO] [stdout]                                at /rustc/df4ca44d3fbc9301ee17f30f4d474e6ae4b05252/library/std/src/panicking.rs:809:13
[INFO] [stdout]   14:     0x594753f7186a - std::panicking::begin_panic_handler::{{closure}}::h4fad77951c07e101
[INFO] [stdout]                                at /rustc/df4ca44d3fbc9301ee17f30f4d474e6ae4b05252/library/std/src/panicking.rs:674:13
[INFO] [stdout]   15:     0x594753f703f9 - std::sys::backtrace::__rust_end_short_backtrace::hb1a25b3da5d0ea08
[INFO] [stdout]                                at /rustc/df4ca44d3fbc9301ee17f30f4d474e6ae4b05252/library/std/src/sys/backtrace.rs:170:18
[INFO] [stdout]   16:     0x594753f714fc - rust_begin_unwind
[INFO] [stdout]                                at /rustc/df4ca44d3fbc9301ee17f30f4d474e6ae4b05252/library/std/src/panicking.rs:665:5
[INFO] [stdout]   17:     0x594753f96850 - core::panicking::panic_fmt::ha9db07b529f9b256
[INFO] [stdout]                                at /rustc/df4ca44d3fbc9301ee17f30f4d474e6ae4b05252/library/core/src/panicking.rs:75:14
[INFO] [stdout]   18:     0x594753af6f2d - mod::tests::fix_support_exports_definitions_46::ha247726e520bbf48
[INFO] [stdout]                                at /opt/rustwide/workdir/tests/mod.rs:83:9
[INFO] [stdout]   19:     0x594753af6a97 - mod::tests::fix_support_exports_definitions_46::{{closure}}::hc30b50c145e0322a
[INFO] [stdout]                                at /opt/rustwide/workdir/tests/mod.rs:69:44
[INFO] [stdout]   20:     0x594753af5186 - core::ops::function::FnOnce::call_once::h0f7585163526d48c
[INFO] [stdout]                                at /rustc/df4ca44d3fbc9301ee17f30f4d474e6ae4b05252/library/core/src/ops/function.rs:250:5
[INFO] [stdout]   21:     0x594753de5a3b - core::ops::function::FnOnce::call_once::h22c3ba5715e93f05
[INFO] [stdout]                                at /rustc/df4ca44d3fbc9301ee17f30f4d474e6ae4b05252/library/core/src/ops/function.rs:250:5
[INFO] [stdout]   22:     0x594753de5a3b - test::__rust_begin_short_backtrace::h8e82d8113d0da17f
[INFO] [stdout]                                at /rustc/df4ca44d3fbc9301ee17f30f4d474e6ae4b05252/library/test/src/lib.rs:621:18
[INFO] [stdout]   23:     0x594753de53b7 - test::run_test_in_process::{{closure}}::h33235f4f20b7b7c7
[INFO] [stdout]                                at /rustc/df4ca44d3fbc9301ee17f30f4d474e6ae4b05252/library/test/src/lib.rs:644:60
[INFO] [stdout]   24:     0x594753de53b7 - <core::panic::unwind_safe::AssertUnwindSafe<F> as core::ops::function::FnOnce<()>>::call_once::hb5043206310c586f
[INFO] [stdout]                                at /rustc/df4ca44d3fbc9301ee17f30f4d474e6ae4b05252/library/core/src/panic/unwind_safe.rs:272:9
[INFO] [stdout]   25:     0x594753de53b7 - std::panicking::try::do_call::h9ad4731a60ab23e2
[INFO] [stdout]                                at /rustc/df4ca44d3fbc9301ee17f30f4d474e6ae4b05252/library/std/src/panicking.rs:557:40
[INFO] [stdout]   26:     0x594753de53b7 - std::panicking::try::h3824d23db772a716
[INFO] [stdout]                                at /rustc/df4ca44d3fbc9301ee17f30f4d474e6ae4b05252/library/std/src/panicking.rs:520:19
[INFO] [stdout]   27:     0x594753de53b7 - std::panic::catch_unwind::h5afd514605fde46b
[INFO] [stdout]                                at /rustc/df4ca44d3fbc9301ee17f30f4d474e6ae4b05252/library/std/src/panic.rs:358:14
[INFO] [stdout]   28:     0x594753de53b7 - test::run_test_in_process::h0d5cbfa7067d1720
[INFO] [stdout]                                at /rustc/df4ca44d3fbc9301ee17f30f4d474e6ae4b05252/library/test/src/lib.rs:644:27
[INFO] [stdout]   29:     0x594753de53b7 - test::run_test::{{closure}}::h708eb8872708115d
[INFO] [stdout]                                at /rustc/df4ca44d3fbc9301ee17f30f4d474e6ae4b05252/library/test/src/lib.rs:565:43
[INFO] [stdout]   30:     0x594753da8ad4 - test::run_test::{{closure}}::h392c51cee94713ab
[INFO] [stdout]                                at /rustc/df4ca44d3fbc9301ee17f30f4d474e6ae4b05252/library/test/src/lib.rs:595:41
[INFO] [stdout]   31:     0x594753da8ad4 - std::sys::backtrace::__rust_begin_short_backtrace::h2f40290710935a8b
[INFO] [stdout]                                at /rustc/df4ca44d3fbc9301ee17f30f4d474e6ae4b05252/library/std/src/sys/backtrace.rs:154:18
[INFO] [stdout]   32:     0x594753dac27e - std::thread::Builder::spawn_unchecked_::{{closure}}::{{closure}}::h3fd968d89053a903
[INFO] [stdout]                                at /rustc/df4ca44d3fbc9301ee17f30f4d474e6ae4b05252/library/std/src/thread/mod.rs:541:17
[INFO] [stdout]   33:     0x594753dac27e - <core::panic::unwind_safe::AssertUnwindSafe<F> as core::ops::function::FnOnce<()>>::call_once::h743f637ba4229880
[INFO] [stdout]                                at /rustc/df4ca44d3fbc9301ee17f30f4d474e6ae4b05252/library/core/src/panic/unwind_safe.rs:272:9
[INFO] [stdout]   34:     0x594753dac27e - std::panicking::try::do_call::h07440897322525a6
[INFO] [stdout]                                at /rustc/df4ca44d3fbc9301ee17f30f4d474e6ae4b05252/library/std/src/panicking.rs:557:40
[INFO] [stdout]   35:     0x594753dac27e - std::panicking::try::he5a2e00188156637
[INFO] [stdout]                                at /rustc/df4ca44d3fbc9301ee17f30f4d474e6ae4b05252/library/std/src/panicking.rs:520:19
[INFO] [stdout]   36:     0x594753dac27e - std::panic::catch_unwind::hbaf3cae49b3c6433
[INFO] [stdout]                                at /rustc/df4ca44d3fbc9301ee17f30f4d474e6ae4b05252/library/std/src/panic.rs:358:14
[INFO] [stdout]   37:     0x594753dac27e - std::thread::Builder::spawn_unchecked_::{{closure}}::h8e141ea224820bce
[INFO] [stdout]                                at /rustc/df4ca44d3fbc9301ee17f30f4d474e6ae4b05252/library/std/src/thread/mod.rs:540:30
[INFO] [stdout]   38:     0x594753dac27e - core::ops::function::FnOnce::call_once{{vtable.shim}}::h90d312fedd7b8ea8
[INFO] [stdout]                                at /rustc/df4ca44d3fbc9301ee17f30f4d474e6ae4b05252/library/core/src/ops/function.rs:250:5
[INFO] [stdout]   39:     0x594753f759eb - <alloc::boxed::Box<F,A> as core::ops::function::FnOnce<Args>>::call_once::h69aa08ddb6adb8b6
[INFO] [stdout]                                at /rustc/df4ca44d3fbc9301ee17f30f4d474e6ae4b05252/library/alloc/src/boxed.rs:2454:9
[INFO] [stdout]   40:     0x594753f759eb - <alloc::boxed::Box<F,A> as core::ops::function::FnOnce<Args>>::call_once::h5aa36efdb79c806f
[INFO] [stdout]                                at /rustc/df4ca44d3fbc9301ee17f30f4d474e6ae4b05252/library/alloc/src/boxed.rs:2454:9
[INFO] [stdout]   41:     0x594753f759eb - std::sys::pal::unix::thread::Thread::new::thread_start::h6cd80a1b4be5158d
[INFO] [stdout]                                at /rustc/df4ca44d3fbc9301ee17f30f4d474e6ae4b05252/library/std/src/sys/pal/unix/thread.rs:105:17
[INFO] [stdout]   42:     0x74ba97f4bac3 - <unknown>
[INFO] [stdout]   43:     0x74ba97fdca04 - clone
[INFO] [stdout]   44:                0x0 - <unknown>
[INFO] [stdout] 
[INFO] [stdout] 
[INFO] [stdout] failures:
[INFO] [stdout]     tests::compile_example_from_x691_spec
[INFO] [stdout]     tests::failing_enumerated_empty_named_root_49
[INFO] [stdout]     tests::fix_support_exports_definitions_46
[INFO] [stdout] 
[INFO] [stdout] test result: FAILED. 1 passed; 3 failed; 0 ignored; 0 measured; 0 filtered out; finished in 2.03s
[INFO] [stdout] 
[INFO] running `Command { std: "docker" "inspect" "b182de01f79e5de405032177ca4fa0bdcecf6dcbb7054db00a03ab7fab406365", kill_on_drop: false }`
[INFO] running `Command { std: "docker" "rm" "-f" "b182de01f79e5de405032177ca4fa0bdcecf6dcbb7054db00a03ab7fab406365", kill_on_drop: false }`
[INFO] [stdout] b182de01f79e5de405032177ca4fa0bdcecf6dcbb7054db00a03ab7fab406365
