[INFO] fetching crate asmov-testing 2.1.4...
[INFO] testing asmov-testing-2.1.4 against nightly-2024-10-28 for randomize-layout
[INFO] extracting crate asmov-testing 2.1.4 into /workspace/builds/worker-1-tc1/source
[INFO] validating manifest of crates.io crate asmov-testing 2.1.4 on toolchain nightly-2024-10-28
[INFO] running `Command { std: CARGO_HOME="/workspace/cargo-home" RUSTUP_HOME="/workspace/rustup-home" "/workspace/cargo-home/bin/cargo" "+nightly-2024-10-28" "metadata" "--manifest-path" "Cargo.toml" "--no-deps", kill_on_drop: false }`
[INFO] started tweaking crates.io crate asmov-testing 2.1.4
[INFO] removed 0 missing examples
[INFO] finished tweaking crates.io crate asmov-testing 2.1.4
[INFO] tweaked toml for crates.io crate asmov-testing 2.1.4 written to /workspace/builds/worker-1-tc1/source/Cargo.toml
[INFO] crate crates.io crate asmov-testing 2.1.4 already has a lockfile, it will not be regenerated
[INFO] running `Command { std: CARGO_HOME="/workspace/cargo-home" RUSTUP_HOME="/workspace/rustup-home" "/workspace/cargo-home/bin/cargo" "+nightly-2024-10-28" "fetch" "--manifest-path" "Cargo.toml", kill_on_drop: false }`
[INFO] [stderr]     Updating crates.io index
[INFO] [stderr]  Downloading crates ...
[INFO] [stderr]   Downloaded proc-macro2 v1.0.85
[INFO] [stderr]   Downloaded function_name-proc-macro v0.3.0
[INFO] [stderr]   Downloaded function_name v0.3.0
[INFO] [stderr]   Downloaded shutdown_hooks v0.1.0
[INFO] [stderr]   Downloaded anyhow v1.0.86
[INFO] [stderr]   Downloaded sysinfo v0.30.12
[INFO] [stderr]   Downloaded syn v2.0.66
[INFO] [stderr]   Downloaded windows v0.52.0
[INFO] running `Command { std: "docker" "create" "-v" "/var/lib/crater-agent-workspace/builds/worker-1-tc1/target:/opt/rustwide/target:rw,Z" "-v" "/var/lib/crater-agent-workspace/builds/worker-1-tc1/source:/opt/rustwide/workdir:ro,Z" "-v" "/var/lib/crater-agent-workspace/cargo-home:/opt/rustwide/cargo-home:ro,Z" "-v" "/var/lib/crater-agent-workspace/rustup-home:/opt/rustwide/rustup-home:ro,Z" "-e" "SOURCE_DIR=/opt/rustwide/workdir" "-e" "CARGO_TARGET_DIR=/opt/rustwide/target" "-e" "CARGO_HOME=/opt/rustwide/cargo-home" "-e" "RUSTUP_HOME=/opt/rustwide/rustup-home" "-w" "/opt/rustwide/workdir" "-m" "1610612736" "--user" "0:0" "--network" "none" "ghcr.io/rust-lang/crates-build-env/linux@sha256:4a844ea9eb2546a2d2c7022eacef16ef2e8229c7fbb2c7d4d55a9ceca922f72d" "/opt/rustwide/cargo-home/bin/cargo" "+nightly-2024-10-28" "metadata" "--no-deps" "--format-version=1", kill_on_drop: false }`
[INFO] [stdout] 5d751a5ff779c2c18d6704b65f70e11239900297e76446903f5c605d25b4ca11
[INFO] running `Command { std: "docker" "start" "-a" "5d751a5ff779c2c18d6704b65f70e11239900297e76446903f5c605d25b4ca11", kill_on_drop: false }`
[INFO] running `Command { std: "docker" "inspect" "5d751a5ff779c2c18d6704b65f70e11239900297e76446903f5c605d25b4ca11", kill_on_drop: false }`
[INFO] running `Command { std: "docker" "rm" "-f" "5d751a5ff779c2c18d6704b65f70e11239900297e76446903f5c605d25b4ca11", kill_on_drop: false }`
[INFO] [stdout] 5d751a5ff779c2c18d6704b65f70e11239900297e76446903f5c605d25b4ca11
[INFO] running `Command { std: "docker" "create" "-v" "/var/lib/crater-agent-workspace/builds/worker-1-tc1/target:/opt/rustwide/target:rw,Z" "-v" "/var/lib/crater-agent-workspace/builds/worker-1-tc1/source:/opt/rustwide/workdir:ro,Z" "-v" "/var/lib/crater-agent-workspace/cargo-home:/opt/rustwide/cargo-home:ro,Z" "-v" "/var/lib/crater-agent-workspace/rustup-home:/opt/rustwide/rustup-home:ro,Z" "-e" "SOURCE_DIR=/opt/rustwide/workdir" "-e" "CARGO_TARGET_DIR=/opt/rustwide/target" "-e" "CARGO_INCREMENTAL=0" "-e" "RUST_BACKTRACE=full" "-e" "RUSTFLAGS=--cap-lints=forbid" "-e" "RUSTDOCFLAGS=--cap-lints=forbid" "-e" "CARGO_HOME=/opt/rustwide/cargo-home" "-e" "RUSTUP_HOME=/opt/rustwide/rustup-home" "-w" "/opt/rustwide/workdir" "-m" "1610612736" "--user" "0:0" "--network" "none" "ghcr.io/rust-lang/crates-build-env/linux@sha256:4a844ea9eb2546a2d2c7022eacef16ef2e8229c7fbb2c7d4d55a9ceca922f72d" "/opt/rustwide/cargo-home/bin/cargo" "+nightly-2024-10-28" "build" "--frozen" "--message-format=json", kill_on_drop: false }`
[INFO] [stdout] cd93547af166e08aa8ec4020c8aedc50d6e21b96cce9596b03cbbb9f31182bd8
[INFO] running `Command { std: "docker" "start" "-a" "cd93547af166e08aa8ec4020c8aedc50d6e21b96cce9596b03cbbb9f31182bd8", kill_on_drop: false }`
[INFO] [stderr]    Compiling autocfg v1.3.0
[INFO] [stderr]    Compiling rand_core v0.4.2
[INFO] [stderr]    Compiling proc-macro2 v1.0.85
[INFO] [stderr]    Compiling libc v0.2.155
[INFO] [stderr]    Compiling futures-core v0.3.30
[INFO] [stderr]    Compiling futures-sink v0.3.30
[INFO] [stderr]    Compiling futures-task v0.3.30
[INFO] [stderr]    Compiling pin-project-lite v0.2.14
[INFO] [stderr]    Compiling futures-io v0.3.30
[INFO] [stderr]    Compiling regex-syntax v0.8.4
[INFO] [stderr]    Compiling either v1.12.0
[INFO] [stderr]    Compiling aho-corasick v1.1.3
[INFO] [stderr]    Compiling anyhow v1.0.86
[INFO] [stderr]    Compiling function_name-proc-macro v0.3.0
[INFO] [stderr]    Compiling once_cell v1.19.0
[INFO] [stderr]    Compiling shutdown_hooks v0.1.0
[INFO] [stderr]    Compiling futures-channel v0.3.30
[INFO] [stderr]    Compiling rand_core v0.3.1
[INFO] [stderr]    Compiling rand_jitter v0.1.4
[INFO] [stderr]    Compiling rand_hc v0.1.0
[INFO] [stderr]    Compiling rand_isaac v0.1.1
[INFO] [stderr]    Compiling rand_xorshift v0.1.1
[INFO] [stderr]    Compiling rayon v1.10.0
[INFO] [stderr]    Compiling autocfg v0.1.8
[INFO] [stderr]    Compiling function_name v0.3.0
[INFO] [stderr]    Compiling slab v0.4.9
[INFO] [stderr]    Compiling rand_chacha v0.1.1
[INFO] [stderr]    Compiling rand_pcg v0.1.2
[INFO] [stderr]    Compiling rand v0.6.5
[INFO] [stderr]    Compiling quote v1.0.36
[INFO] [stderr]    Compiling syn v2.0.66
[INFO] [stderr]    Compiling rand_os v0.1.3
[INFO] [stderr]    Compiling regex-automata v0.4.7
[INFO] [stderr]    Compiling sysinfo v0.30.12
[INFO] [stderr]    Compiling futures-macro v0.3.30
[INFO] [stderr]    Compiling regex v1.10.5
[INFO] [stderr]    Compiling futures-util v0.3.30
[INFO] [stderr]    Compiling futures-executor v0.3.30
[INFO] [stderr]    Compiling futures v0.3.30
[INFO] [stderr]    Compiling asmov-testing v2.1.4 (/opt/rustwide/workdir)
[INFO] [stderr]     Finished `dev` profile [unoptimized + debuginfo] target(s) in 15.35s
[INFO] running `Command { std: "docker" "inspect" "cd93547af166e08aa8ec4020c8aedc50d6e21b96cce9596b03cbbb9f31182bd8", kill_on_drop: false }`
[INFO] running `Command { std: "docker" "rm" "-f" "cd93547af166e08aa8ec4020c8aedc50d6e21b96cce9596b03cbbb9f31182bd8", kill_on_drop: false }`
[INFO] [stdout] cd93547af166e08aa8ec4020c8aedc50d6e21b96cce9596b03cbbb9f31182bd8
[INFO] running `Command { std: "docker" "create" "-v" "/var/lib/crater-agent-workspace/builds/worker-1-tc1/target:/opt/rustwide/target:rw,Z" "-v" "/var/lib/crater-agent-workspace/builds/worker-1-tc1/source:/opt/rustwide/workdir:ro,Z" "-v" "/var/lib/crater-agent-workspace/cargo-home:/opt/rustwide/cargo-home:ro,Z" "-v" "/var/lib/crater-agent-workspace/rustup-home:/opt/rustwide/rustup-home:ro,Z" "-e" "SOURCE_DIR=/opt/rustwide/workdir" "-e" "CARGO_TARGET_DIR=/opt/rustwide/target" "-e" "CARGO_INCREMENTAL=0" "-e" "RUST_BACKTRACE=full" "-e" "RUSTFLAGS=--cap-lints=forbid" "-e" "RUSTDOCFLAGS=--cap-lints=forbid" "-e" "CARGO_HOME=/opt/rustwide/cargo-home" "-e" "RUSTUP_HOME=/opt/rustwide/rustup-home" "-w" "/opt/rustwide/workdir" "-m" "1610612736" "--user" "0:0" "--network" "none" "ghcr.io/rust-lang/crates-build-env/linux@sha256:4a844ea9eb2546a2d2c7022eacef16ef2e8229c7fbb2c7d4d55a9ceca922f72d" "/opt/rustwide/cargo-home/bin/cargo" "+nightly-2024-10-28" "test" "--frozen" "--no-run" "--message-format=json", kill_on_drop: false }`
[INFO] [stdout] b85003b74852e54de08624754ce35e2990df5c33057c99430d20507810468563
[INFO] running `Command { std: "docker" "start" "-a" "b85003b74852e54de08624754ce35e2990df5c33057c99430d20507810468563", kill_on_drop: false }`
[INFO] [stderr]    Compiling asmov-testing v2.1.4 (/opt/rustwide/workdir)
[INFO] [stderr]     Finished `test` profile [unoptimized + debuginfo] target(s) in 1.64s
[INFO] running `Command { std: "docker" "inspect" "b85003b74852e54de08624754ce35e2990df5c33057c99430d20507810468563", kill_on_drop: false }`
[INFO] running `Command { std: "docker" "rm" "-f" "b85003b74852e54de08624754ce35e2990df5c33057c99430d20507810468563", kill_on_drop: false }`
[INFO] [stdout] b85003b74852e54de08624754ce35e2990df5c33057c99430d20507810468563
[INFO] running `Command { std: "docker" "create" "-v" "/var/lib/crater-agent-workspace/builds/worker-1-tc1/target:/opt/rustwide/target:rw,Z" "-v" "/var/lib/crater-agent-workspace/builds/worker-1-tc1/source:/opt/rustwide/workdir:ro,Z" "-v" "/var/lib/crater-agent-workspace/cargo-home:/opt/rustwide/cargo-home:ro,Z" "-v" "/var/lib/crater-agent-workspace/rustup-home:/opt/rustwide/rustup-home:ro,Z" "-e" "SOURCE_DIR=/opt/rustwide/workdir" "-e" "CARGO_TARGET_DIR=/opt/rustwide/target" "-e" "CARGO_INCREMENTAL=0" "-e" "RUST_BACKTRACE=full" "-e" "RUSTFLAGS=--cap-lints=forbid" "-e" "RUSTDOCFLAGS=--cap-lints=forbid" "-e" "CARGO_HOME=/opt/rustwide/cargo-home" "-e" "RUSTUP_HOME=/opt/rustwide/rustup-home" "-w" "/opt/rustwide/workdir" "-m" "1610612736" "--user" "0:0" "--network" "none" "ghcr.io/rust-lang/crates-build-env/linux@sha256:4a844ea9eb2546a2d2c7022eacef16ef2e8229c7fbb2c7d4d55a9ceca922f72d" "/opt/rustwide/cargo-home/bin/cargo" "+nightly-2024-10-28" "test" "--frozen", kill_on_drop: false }`
[INFO] [stdout] 02bc5c0019b86b7a9a214954fb87702693d612f66de1f47507d305650186bd31
[INFO] running `Command { std: "docker" "start" "-a" "02bc5c0019b86b7a9a214954fb87702693d612f66de1f47507d305650186bd31", kill_on_drop: false }`
[INFO] [stderr]     Finished `test` profile [unoptimized + debuginfo] target(s) in 0.07s
[INFO] [stderr]      Running unittests src/lib.rs (/opt/rustwide/target/debug/deps/asmov_testing-316a35cc64b1c993)
[INFO] [stdout] 
[INFO] [stdout] running 74 tests
[INFO] [stdout] test group::tests::test_module_lookup_imported_fixture_dir ... ok
[INFO] [stdout] test group::tests::test_fixture_dir_inherited ... ok
[INFO] [stdout] test group::tests::test_fixture_dir_using ... ok
[INFO] [stdout] test group::tests::test_teardown_function ... ok
[INFO] [stdout] test group::tests::test_teardown_static ... ok
[INFO] [stdout] test group::tests::test_name ... ok
[INFO] [stdout] test group::tests::test_teardown_closure ... ok
[INFO] [stdout] test group::tests::test_module ... ok
[INFO] [stdout] test group::tests::test_namepath ... ok
[INFO] [stdout] test group::tests::test_setup_closure ... ok
[INFO] [stdout] test group::tests::test_import_fixture_dir ... ok
[INFO] [stdout] test group::tests::test_setup_function ... ok
[INFO] [stdout] test group::tests::test_temp_dir_inherited ... ok
[INFO] [stdout] test group::tests::test_temp_dir_using ... ok
[INFO] [stdout] test module::tests::test_base_temp_dir ... ok
[INFO] [stdout] test module::tests::test_group ... ok
[INFO] [stdout] test module::tests::test_import_fixture_dir ... ok
[INFO] [stdout] test module::tests::test_fixture_dir_using ... ok
[INFO] [stdout] test module::tests::test_namepath ... ok
[INFO] [stdout] test module::tests::test_setup_closure ... ok
[INFO] [stdout] test module::tests::test_setup_function ... ok
[INFO] [stdout] test module::tests::test_teardown ... ok
[INFO] [stdout] test module::tests::test_teardown_static ... ok
[INFO] [stdout] test group::tests::test_teardown_static_local_mismatch - should panic ... ok
[INFO] [stdout] test group::tests::test_fixture_dir_inherited_unconfigured_module - should panic ... ok
[INFO] [stdout] test group::tests::test_teardown_local_static_mismatch - should panic ... ok
[INFO] [stdout] test group::tests::test_temp_dir_inherited_unconfigured_module - should panic ... ok
[INFO] [stdout] test namepath::tests::test_join ... ok
[INFO] [stdout] test module::tests::test_use_case ... ok
[INFO] [stdout] test namepath::tests::test_join_heirarchy ... ok
[INFO] [stdout] test namepath::tests::test_split ... ok
[INFO] [stdout] test group::tests::test_temp_dir_unconfigured_access - should panic ... ok
[INFO] [stdout] test module::tests::test_temp_dir_using ... ok
[INFO] [stdout] test test::tests::test_fixture_dir_inherited ... ok
[INFO] [stdout] test group::tests::test_name_invalid - should panic ... ok
[INFO] [stdout] test namepath::tests::test_squash ... ok
[INFO] [stdout] test module::tests::test_base_temp_dir_relative - should panic ... ok
[INFO] [stdout] test test::tests::test_fixture_dir_using ... ok
[INFO] [stdout] test module::tests::test_base_temp_dir_unconfigured_temp_dir - should panic ... ok
[INFO] [stdout] test test::tests::test_fixture_dir_using_unconfigured_group - should panic ... ok
[INFO] [stdout] test namepath::tests::test_dir ... ok
[INFO] [stdout] test test::tests::test_fixture_dir_unconfigured_access - should panic ... ok
[INFO] [stdout] test test::tests::test_group ... ok
[INFO] [stdout] test module::tests::test_temp_dir_unconfigured - should panic ... ok
[INFO] [stdout] test test::tests::test_group_lookup_imported_fixture_dir ... ok
[INFO] [stdout] test group::tests::test_import_fixture_dir_fail - should panic ... ok
[INFO] [stdout] test group::tests::test_temp_dir_using_unconfigured_module - should panic ... ok
[INFO] [stdout] test test::tests::test_fixture_dir_inherited_unconfigured_group - should panic ... ok
[INFO] [stdout] test test::tests::test_fixture_dir_inherited_unconfigured_module - should panic ... ok
[INFO] [stdout] test module::tests::test_import_fixture_dir_fail - should panic ... ok
[INFO] [stdout] test test::tests::test_import_fixture_dir ... ok
[INFO] [stdout] test module::tests::test_fixture_dir_unconfigured - should panic ... ok
[INFO] [stdout] test test::tests::test_import_fixture_dir_fail - should panic ... ok
[INFO] [stdout] test module::tests::test_base_temp_dir_nonexistant - should panic ... ok
[INFO] [stdout] test test::tests::test_module ... ok
[INFO] [stdout] test test::tests::test_fixture_dir_using_unconfigured_module - should panic ... ok
[INFO] [stdout] test group::tests::test_fixture_dir_unconfigured_access - should panic ... ok
[INFO] [stdout] test group::tests::test_fixture_dir_using_unconfigured_module - should panic ... ok
[INFO] [stdout] test test::tests::test_module_lookup_imported_fixture_dir ... ok
[INFO] [stdout] test test::tests::test_name ... ok
[INFO] [stdout] test test::tests::test_namepath ... ok
[INFO] [stdout] test test::tests::test_parent ... ok
[INFO] [stdout] test test::tests::test_setup_closure ... ok
[INFO] [stdout] test test::tests::test_setup_function ... ok
[INFO] [stdout] test test::tests::test_teardown_closure ... ok
[INFO] [stdout] test test::tests::test_teardown_function ... ok
[INFO] [stdout] test test::tests::test_temp_dir_inherited ... ok
[INFO] [stdout] test test::tests::test_temp_dir_inherited_unconfigured_group - should panic ... ok
[INFO] [stdout] test test::tests::test_temp_dir_unconfigured_access - should panic ... ok
[INFO] [stdout] test test::tests::test_name_invalid - should panic ... ok
[INFO] [stdout] test test::tests::test_temp_dir_using_unconfigured_module - should panic ... ok
[INFO] [stdout] test test::tests::test_temp_dir_inherited_unconfigured_module - should panic ... ok
[INFO] [stdout] test test::tests::test_temp_dir_using_unconfigured_group - should panic ... ok
[INFO] [stdout] test test::tests::test_temp_dir_using ... ok
[INFO] [stdout] 
[INFO] [stdout] test result: ok. 74 passed; 0 failed; 0 ignored; 0 measured; 0 filtered out; finished in 0.11s
[INFO] [stdout] 
[INFO] [stdout] STATIC_MODULE: teardown_static() ran
[INFO] [stdout] STATIC_GROUP: asmov_testing::group::tests::group_basic::teardown_static() ran
[INFO] [stderr]      Running tests/sharing.rs (/opt/rustwide/target/debug/deps/sharing-aa61e8ae01e2289b)
[INFO] [stdout] 
[INFO] [stdout] running 2 tests
[INFO] [stdout] test tests::test_shared_imported_fixture_dir_fail - should panic ... ok
[INFO] [stdout] test tests::test_shared_imported_fixture_dir ... FAILED
[INFO] [stdout] 
[INFO] [stdout] failures:
[INFO] [stdout] 
[INFO] [stdout] ---- tests::test_shared_imported_fixture_dir stdout ----
[INFO] [stdout] thread 'tests::test_shared_imported_fixture_dir' panicked at src/lib.rs:249:10:
[INFO] [stdout] called `Result::unwrap()` on an `Err` value: Module `fixture directory` does not exist: testing/fixtures/integration/shared
[INFO] [stdout] 
[INFO] [stdout] Caused by:
[INFO] [stdout]     No such file or directory (os error 2)
[INFO] [stdout] 
[INFO] [stdout] Stack backtrace:
[INFO] [stdout]    0: <E as anyhow::context::ext::StdError>::ext_context
[INFO] [stdout]              at /opt/rustwide/cargo-home/registry/src/index.crates.io-6f17d22bba15001f/anyhow-1.0.86/src/backtrace.rs:27:14
[INFO] [stdout]    1: anyhow::context::<impl anyhow::Context<T,E> for core::result::Result<T,E>>::context
[INFO] [stdout]              at /opt/rustwide/cargo-home/registry/src/index.crates.io-6f17d22bba15001f/anyhow-1.0.86/src/context.rs:54:31
[INFO] [stdout]    2: asmov_testing::build_fixture_dir
[INFO] [stdout]              at ./src/lib.rs:247:23
[INFO] [stdout]    3: asmov_testing::module::ModuleBuilder::import_fixture_dir
[INFO] [stdout]              at ./src/module.rs:226:19
[INFO] [stdout]    4: sharing::tests::test_shared_imported_fixture_dir
[INFO] [stdout]              at ./tests/sharing.rs:10:27
[INFO] [stdout]    5: sharing::tests::test_shared_imported_fixture_dir::{{closure}}
[INFO] [stdout]              at ./tests/sharing.rs:9:42
[INFO] [stdout]    6: core::ops::function::FnOnce::call_once
[INFO] [stdout]              at /rustc/df4ca44d3fbc9301ee17f30f4d474e6ae4b05252/library/core/src/ops/function.rs:250:5
[INFO] [stdout]    7: core::ops::function::FnOnce::call_once
[INFO] [stdout]              at /rustc/df4ca44d3fbc9301ee17f30f4d474e6ae4b05252/library/core/src/ops/function.rs:250:5
[INFO] [stdout]    8: test::__rust_begin_short_backtrace
[INFO] [stdout]              at /rustc/df4ca44d3fbc9301ee17f30f4d474e6ae4b05252/library/test/src/lib.rs:621:18
[INFO] [stdout]    9: test::run_test_in_process::{{closure}}
[INFO] [stdout]              at /rustc/df4ca44d3fbc9301ee17f30f4d474e6ae4b05252/library/test/src/lib.rs:644:60
[INFO] [stdout]   10: <core::panic::unwind_safe::AssertUnwindSafe<F> as core::ops::function::FnOnce<()>>::call_once
[INFO] [stdout]              at /rustc/df4ca44d3fbc9301ee17f30f4d474e6ae4b05252/library/core/src/panic/unwind_safe.rs:272:9
[INFO] [stdout]   11: std::panicking::try::do_call
[INFO] [stdout]              at /rustc/df4ca44d3fbc9301ee17f30f4d474e6ae4b05252/library/std/src/panicking.rs:557:40
[INFO] [stdout]   12: std::panicking::try
[INFO] [stdout]              at /rustc/df4ca44d3fbc9301ee17f30f4d474e6ae4b05252/library/std/src/panicking.rs:520:19
[INFO] [stdout]   13: std::panic::catch_unwind
[INFO] [stdout]              at /rustc/df4ca44d3fbc9301ee17f30f4d474e6ae4b05252/library/std/src/panic.rs:358:14
[INFO] [stdout]   14: test::run_test_in_process
[INFO] [stdout]              at /rustc/df4ca44d3fbc9301ee17f30f4d474e6ae4b05252/library/test/src/lib.rs:644:27
[INFO] [stdout]   15: test::run_test::{{closure}}
[INFO] [stdout]              at /rustc/df4ca44d3fbc9301ee17f30f4d474e6ae4b05252/library/test/src/lib.rs:565:43
[INFO] [stdout]   16: test::run_test::{{closure}}
[INFO] [stdout]              at /rustc/df4ca44d3fbc9301ee17f30f4d474e6ae4b05252/library/test/src/lib.rs:595:41
[INFO] [stdout]   17: std::sys::backtrace::__rust_begin_short_backtrace
[INFO] [stdout]              at /rustc/df4ca44d3fbc9301ee17f30f4d474e6ae4b05252/library/std/src/sys/backtrace.rs:154:18
[INFO] [stdout]   18: std::thread::Builder::spawn_unchecked_::{{closure}}::{{closure}}
[INFO] [stdout]              at /rustc/df4ca44d3fbc9301ee17f30f4d474e6ae4b05252/library/std/src/thread/mod.rs:541:17
[INFO] [stdout]   19: <core::panic::unwind_safe::AssertUnwindSafe<F> as core::ops::function::FnOnce<()>>::call_once
[INFO] [stdout]              at /rustc/df4ca44d3fbc9301ee17f30f4d474e6ae4b05252/library/core/src/panic/unwind_safe.rs:272:9
[INFO] [stdout]   20: std::panicking::try::do_call
[INFO] [stdout]              at /rustc/df4ca44d3fbc9301ee17f30f4d474e6ae4b05252/library/std/src/panicking.rs:557:40
[INFO] [stdout]   21: std::panicking::try
[INFO] [stdout]              at /rustc/df4ca44d3fbc9301ee17f30f4d474e6ae4b05252/library/std/src/panicking.rs:520:19
[INFO] [stdout]   22: std::panic::catch_unwind
[INFO] [stdout]              at /rustc/df4ca44d3fbc9301ee17f30f4d474e6ae4b05252/library/std/src/panic.rs:358:14
[INFO] [stdout]   23: std::thread::Builder::spawn_unchecked_::{{closure}}
[INFO] [stdout]              at /rustc/df4ca44d3fbc9301ee17f30f4d474e6ae4b05252/library/std/src/thread/mod.rs:540:30
[INFO] [stdout]   24: core::ops::function::FnOnce::call_once{{vtable.shim}}
[INFO] [stdout]              at /rustc/df4ca44d3fbc9301ee17f30f4d474e6ae4b05252/library/core/src/ops/function.rs:250:5
[INFO] [stdout]   25: <alloc::boxed::Box<F,A> as core::ops::function::FnOnce<Args>>::call_once
[INFO] [stdout]              at /rustc/df4ca44d3fbc9301ee17f30f4d474e6ae4b05252/library/alloc/src/boxed.rs:2454:9
[INFO] [stdout]   26: <alloc::boxed::Box<F,A> as core::ops::function::FnOnce<Args>>::call_once
[INFO] [stdout]              at /rustc/df4ca44d3fbc9301ee17f30f4d474e6ae4b05252/library/alloc/src/boxed.rs:2454:9
[INFO] [stdout]   27: std::sys::pal::unix::thread::Thread::new::thread_start
[INFO] [stdout]              at /rustc/df4ca44d3fbc9301ee17f30f4d474e6ae4b05252/library/std/src/sys/pal/unix/thread.rs:105:17
[INFO] [stdout]   28: <unknown>
[INFO] [stdout]   29: clone
[INFO] [stdout] stack backtrace:
[INFO] [stdout]    0:     0x57d394d68c2a - std::backtrace_rs::backtrace::libunwind::trace::h207520d6e9873551
[INFO] [stdout]                                at /rustc/df4ca44d3fbc9301ee17f30f4d474e6ae4b05252/library/std/src/../../backtrace/src/backtrace/libunwind.rs:116:5
[INFO] [stdout]    1:     0x57d394d68c2a - std::backtrace_rs::backtrace::trace_unsynchronized::h2ed7433f370e3eca
[INFO] [stdout]                                at /rustc/df4ca44d3fbc9301ee17f30f4d474e6ae4b05252/library/std/src/../../backtrace/src/backtrace/mod.rs:66:5
[INFO] [stdout]    2:     0x57d394d68c2a - std::sys::backtrace::_print_fmt::h916fac51166b18d7
[INFO] [stdout]                                at /rustc/df4ca44d3fbc9301ee17f30f4d474e6ae4b05252/library/std/src/sys/backtrace.rs:66:9
[INFO] [stdout]    3:     0x57d394d68c2a - <std::sys::backtrace::BacktraceLock::print::DisplayBacktrace as core::fmt::Display>::fmt::ha0a4c9b8ce3802e6
[INFO] [stdout]                                at /rustc/df4ca44d3fbc9301ee17f30f4d474e6ae4b05252/library/std/src/sys/backtrace.rs:39:26
[INFO] [stdout]    4:     0x57d394d90843 - core::fmt::rt::Argument::fmt::h4cfc8587d52b3eb5
[INFO] [stdout]                                at /rustc/df4ca44d3fbc9301ee17f30f4d474e6ae4b05252/library/core/src/fmt/rt.rs:177:76
[INFO] [stdout]    5:     0x57d394d90843 - core::fmt::write::h522cc39e5b36ae9f
[INFO] [stdout]                                at /rustc/df4ca44d3fbc9301ee17f30f4d474e6ae4b05252/library/core/src/fmt/mod.rs:1190:21
[INFO] [stdout]    6:     0x57d394d65443 - std::io::Write::write_fmt::h7d3c26752da97734
[INFO] [stdout]                                at /rustc/df4ca44d3fbc9301ee17f30f4d474e6ae4b05252/library/std/src/io/mod.rs:1839:15
[INFO] [stdout]    7:     0x57d394d68a72 - std::sys::backtrace::BacktraceLock::print::h4b9e00b29e9c0942
[INFO] [stdout]                                at /rustc/df4ca44d3fbc9301ee17f30f4d474e6ae4b05252/library/std/src/sys/backtrace.rs:42:9
[INFO] [stdout]    8:     0x57d394d6a0ba - std::panicking::default_hook::{{closure}}::hb59b88280d0324d9
[INFO] [stdout]                                at /rustc/df4ca44d3fbc9301ee17f30f4d474e6ae4b05252/library/std/src/panicking.rs:268:22
[INFO] [stdout]    9:     0x57d394d69ec4 - std::panicking::default_hook::he1dd496665be4a29
[INFO] [stdout]                                at /rustc/df4ca44d3fbc9301ee17f30f4d474e6ae4b05252/library/std/src/panicking.rs:292:9
[INFO] [stdout]   10:     0x57d394a5fe09 - <alloc::boxed::Box<F,A> as core::ops::function::Fn<Args>>::call::h4ff71de18744e1dc
[INFO] [stdout]                                at /rustc/df4ca44d3fbc9301ee17f30f4d474e6ae4b05252/library/alloc/src/boxed.rs:2468:9
[INFO] [stdout]   11:     0x57d394a5fe09 - test::test_main::{{closure}}::hcf7c055ce117aa81
[INFO] [stdout]                                at /rustc/df4ca44d3fbc9301ee17f30f4d474e6ae4b05252/library/test/src/lib.rs:133:21
[INFO] [stdout]   12:     0x57d394d6a7b8 - <alloc::boxed::Box<F,A> as core::ops::function::Fn<Args>>::call::h1d66c6bbd60c9692
[INFO] [stdout]                                at /rustc/df4ca44d3fbc9301ee17f30f4d474e6ae4b05252/library/alloc/src/boxed.rs:2468:9
[INFO] [stdout]   13:     0x57d394d6a7b8 - std::panicking::rust_panic_with_hook::h2ff17fe8f26dfcf8
[INFO] [stdout]                                at /rustc/df4ca44d3fbc9301ee17f30f4d474e6ae4b05252/library/std/src/panicking.rs:809:13
[INFO] [stdout]   14:     0x57d394d6a57a - std::panicking::begin_panic_handler::{{closure}}::h4fad77951c07e101
[INFO] [stdout]                                at /rustc/df4ca44d3fbc9301ee17f30f4d474e6ae4b05252/library/std/src/panicking.rs:674:13
[INFO] [stdout]   15:     0x57d394d69109 - std::sys::backtrace::__rust_end_short_backtrace::hb1a25b3da5d0ea08
[INFO] [stdout]                                at /rustc/df4ca44d3fbc9301ee17f30f4d474e6ae4b05252/library/std/src/sys/backtrace.rs:170:18
[INFO] [stdout]   16:     0x57d394d6a20c - rust_begin_unwind
[INFO] [stdout]                                at /rustc/df4ca44d3fbc9301ee17f30f4d474e6ae4b05252/library/std/src/panicking.rs:665:5
[INFO] [stdout]   17:     0x57d394d8ee70 - core::panicking::panic_fmt::ha9db07b529f9b256
[INFO] [stdout]                                at /rustc/df4ca44d3fbc9301ee17f30f4d474e6ae4b05252/library/core/src/panicking.rs:75:14
[INFO] [stdout]   18:     0x57d394d8f2f6 - core::result::unwrap_failed::h5e8218e4d4338b8a
[INFO] [stdout]                                at /rustc/df4ca44d3fbc9301ee17f30f4d474e6ae4b05252/library/core/src/result.rs:1698:5
[INFO] [stdout]   19:     0x57d394a7bc89 - core::result::Result<T,E>::unwrap::ha4db8813a2da7f21
[INFO] [stdout]                                at /rustc/df4ca44d3fbc9301ee17f30f4d474e6ae4b05252/library/core/src/result.rs:1103:23
[INFO] [stdout]   20:     0x57d394a7bc89 - asmov_testing::build_fixture_dir::hf9fa4a39caa2d8e9
[INFO] [stdout]                                at /opt/rustwide/workdir/src/lib.rs:247:23
[INFO] [stdout]   21:     0x57d394a6f76d - asmov_testing::module::ModuleBuilder::import_fixture_dir::hf7e4bcb77cfc9803
[INFO] [stdout]                                at /opt/rustwide/workdir/src/module.rs:226:19
[INFO] [stdout]   22:     0x57d394a25b96 - sharing::tests::test_shared_imported_fixture_dir::h1382677fcdbba11a
[INFO] [stdout]                                at /opt/rustwide/workdir/tests/sharing.rs:10:27
[INFO] [stdout]   23:     0x57d394a25ae7 - sharing::tests::test_shared_imported_fixture_dir::{{closure}}::h691713d9ca938f0b
[INFO] [stdout]                                at /opt/rustwide/workdir/tests/sharing.rs:9:42
[INFO] [stdout]   24:     0x57d394a23ce6 - core::ops::function::FnOnce::call_once::h24fcaab65d70172a
[INFO] [stdout]                                at /rustc/df4ca44d3fbc9301ee17f30f4d474e6ae4b05252/library/core/src/ops/function.rs:250:5
[INFO] [stdout]   25:     0x57d394a646db - core::ops::function::FnOnce::call_once::h22c3ba5715e93f05
[INFO] [stdout]                                at /rustc/df4ca44d3fbc9301ee17f30f4d474e6ae4b05252/library/core/src/ops/function.rs:250:5
[INFO] [stdout]   26:     0x57d394a646db - test::__rust_begin_short_backtrace::h8e82d8113d0da17f
[INFO] [stdout]                                at /rustc/df4ca44d3fbc9301ee17f30f4d474e6ae4b05252/library/test/src/lib.rs:621:18
[INFO] [stdout]   27:     0x57d394a64057 - test::run_test_in_process::{{closure}}::h33235f4f20b7b7c7
[INFO] [stdout]                                at /rustc/df4ca44d3fbc9301ee17f30f4d474e6ae4b05252/library/test/src/lib.rs:644:60
[INFO] [stdout]   28:     0x57d394a64057 - <core::panic::unwind_safe::AssertUnwindSafe<F> as core::ops::function::FnOnce<()>>::call_once::hb5043206310c586f
[INFO] [stdout]                                at /rustc/df4ca44d3fbc9301ee17f30f4d474e6ae4b05252/library/core/src/panic/unwind_safe.rs:272:9
[INFO] [stdout]   29:     0x57d394a64057 - std::panicking::try::do_call::h9ad4731a60ab23e2
[INFO] [stdout]                                at /rustc/df4ca44d3fbc9301ee17f30f4d474e6ae4b05252/library/std/src/panicking.rs:557:40
[INFO] [stdout]   30:     0x57d394a64057 - std::panicking::try::h3824d23db772a716
[INFO] [stdout]                                at /rustc/df4ca44d3fbc9301ee17f30f4d474e6ae4b05252/library/std/src/panicking.rs:520:19
[INFO] [stdout]   31:     0x57d394a64057 - std::panic::catch_unwind::h5afd514605fde46b
[INFO] [stdout]                                at /rustc/df4ca44d3fbc9301ee17f30f4d474e6ae4b05252/library/std/src/panic.rs:358:14
[INFO] [stdout]   32:     0x57d394a64057 - test::run_test_in_process::h0d5cbfa7067d1720
[INFO] [stdout]                                at /rustc/df4ca44d3fbc9301ee17f30f4d474e6ae4b05252/library/test/src/lib.rs:644:27
[INFO] [stdout]   33:     0x57d394a64057 - test::run_test::{{closure}}::h708eb8872708115d
[INFO] [stdout]                                at /rustc/df4ca44d3fbc9301ee17f30f4d474e6ae4b05252/library/test/src/lib.rs:565:43
[INFO] [stdout]   34:     0x57d394a27774 - test::run_test::{{closure}}::h392c51cee94713ab
[INFO] [stdout]                                at /rustc/df4ca44d3fbc9301ee17f30f4d474e6ae4b05252/library/test/src/lib.rs:595:41
[INFO] [stdout]   35:     0x57d394a27774 - std::sys::backtrace::__rust_begin_short_backtrace::h2f40290710935a8b
[INFO] [stdout]                                at /rustc/df4ca44d3fbc9301ee17f30f4d474e6ae4b05252/library/std/src/sys/backtrace.rs:154:18
[INFO] [stdout]   36:     0x57d394a2af1e - std::thread::Builder::spawn_unchecked_::{{closure}}::{{closure}}::h3fd968d89053a903
[INFO] [stdout]                                at /rustc/df4ca44d3fbc9301ee17f30f4d474e6ae4b05252/library/std/src/thread/mod.rs:541:17
[INFO] [stdout]   37:     0x57d394a2af1e - <core::panic::unwind_safe::AssertUnwindSafe<F> as core::ops::function::FnOnce<()>>::call_once::h743f637ba4229880
[INFO] [stdout]                                at /rustc/df4ca44d3fbc9301ee17f30f4d474e6ae4b05252/library/core/src/panic/unwind_safe.rs:272:9
[INFO] [stdout]   38:     0x57d394a2af1e - std::panicking::try::do_call::h07440897322525a6
[INFO] [stdout]                                at /rustc/df4ca44d3fbc9301ee17f30f4d474e6ae4b05252/library/std/src/panicking.rs:557:40
[INFO] [stdout]   39:     0x57d394a2af1e - std::panicking::try::he5a2e00188156637
[INFO] [stdout]                                at /rustc/df4ca44d3fbc9301ee17f30f4d474e6ae4b05252/library/std/src/panicking.rs:520:19
[INFO] [stdout]   40:     0x57d394a2af1e - std::panic::catch_unwind::hbaf3cae49b3c6433
[INFO] [stdout]                                at /rustc/df4ca44d3fbc9301ee17f30f4d474e6ae4b05252/library/std/src/panic.rs:358:14
[INFO] [stdout]   41:     0x57d394a2af1e - std::thread::Builder::spawn_unchecked_::{{closure}}::h8e141ea224820bce
[INFO] [stdout]                                at /rustc/df4ca44d3fbc9301ee17f30f4d474e6ae4b05252/library/std/src/thread/mod.rs:540:30
[INFO] [stdout]   42:     0x57d394a2af1e - core::ops::function::FnOnce::call_once{{vtable.shim}}::h90d312fedd7b8ea8
[INFO] [stdout]                                at /rustc/df4ca44d3fbc9301ee17f30f4d474e6ae4b05252/library/core/src/ops/function.rs:250:5
[INFO] [stdout]   43:     0x57d394d6efbb - <alloc::boxed::Box<F,A> as core::ops::function::FnOnce<Args>>::call_once::h69aa08ddb6adb8b6
[INFO] [stdout]                                at /rustc/df4ca44d3fbc9301ee17f30f4d474e6ae4b05252/library/alloc/src/boxed.rs:2454:9
[INFO] [stdout]   44:     0x57d394d6efbb - <alloc::boxed::Box<F,A> as core::ops::function::FnOnce<Args>>::call_once::h5aa36efdb79c806f
[INFO] [stdout]                                at /rustc/df4ca44d3fbc9301ee17f30f4d474e6ae4b05252/library/alloc/src/boxed.rs:2454:9
[INFO] [stdout]   45:     0x57d394d6efbb - std::sys::pal::unix::thread::Thread::new::thread_start::h6cd80a1b4be5158d
[INFO] [stdout]                                at /rustc/df4ca44d3fbc9301ee17f30f4d474e6ae4b05252/library/std/src/sys/pal/unix/thread.rs:105:17
[INFO] [stdout]   46:     0x74f3c58acac3 - <unknown>
[INFO] [stdout]   47:     0x74f3c593da04 - clone
[INFO] [stdout]   48:                0x0 - <unknown>
[INFO] [stdout] 
[INFO] [stdout] 
[INFO] [stdout] failures:
[INFO] [stdout]     tests::test_shared_imported_fixture_dir
[INFO] [stdout] 
[INFO] [stdout] test result: FAILED. 1 passed; 1 failed; 0 ignored; 0 measured; 0 filtered out; finished in 0.06s
[INFO] [stdout] 
[INFO] [stderr] error: test failed, to rerun pass `--test sharing`
[INFO] running `Command { std: "docker" "inspect" "02bc5c0019b86b7a9a214954fb87702693d612f66de1f47507d305650186bd31", kill_on_drop: false }`
[INFO] running `Command { std: "docker" "rm" "-f" "02bc5c0019b86b7a9a214954fb87702693d612f66de1f47507d305650186bd31", kill_on_drop: false }`
[INFO] [stdout] 02bc5c0019b86b7a9a214954fb87702693d612f66de1f47507d305650186bd31
