[INFO] fetching crate askar-storage 0.1.1...
[INFO] testing askar-storage-0.1.1 against nightly-2024-10-28+rustflags=-Zrandomize-layout for randomize-layout
[INFO] extracting crate askar-storage 0.1.1 into /workspace/builds/worker-7-tc2/source
[INFO] validating manifest of crates.io crate askar-storage 0.1.1 on toolchain nightly-2024-10-28
[INFO] running `Command { std: CARGO_HOME="/workspace/cargo-home" RUSTUP_HOME="/workspace/rustup-home" "/workspace/cargo-home/bin/cargo" "+nightly-2024-10-28" "metadata" "--manifest-path" "Cargo.toml" "--no-deps", kill_on_drop: false }`
[INFO] started tweaking crates.io crate askar-storage 0.1.1
[INFO] removed 0 missing tests
[INFO] finished tweaking crates.io crate askar-storage 0.1.1
[INFO] tweaked toml for crates.io crate askar-storage 0.1.1 written to /workspace/builds/worker-7-tc2/source/Cargo.toml
[INFO] running `Command { std: CARGO_HOME="/workspace/cargo-home" RUSTUP_HOME="/workspace/rustup-home" "/workspace/cargo-home/bin/cargo" "+nightly-2024-10-28" "generate-lockfile" "--manifest-path" "Cargo.toml", kill_on_drop: false }`
[INFO] [stderr]     Updating crates.io index
[INFO] [stderr]      Locking 232 packages to latest compatible versions
[INFO] [stderr]       Adding env_logger v0.10.2 (available: v0.11.5)
[INFO] [stderr]       Adding itertools v0.12.1 (available: v0.13.0)
[INFO] [stderr]       Adding sqlx v0.7.4 (available: v0.8.2)
[INFO] running `Command { std: CARGO_HOME="/workspace/cargo-home" RUSTUP_HOME="/workspace/rustup-home" "/workspace/cargo-home/bin/cargo" "+nightly-2024-10-28" "fetch" "--manifest-path" "Cargo.toml", kill_on_drop: false }`
[INFO] running `Command { std: "docker" "create" "-v" "/var/lib/crater-agent-workspace/builds/worker-7-tc2/target:/opt/rustwide/target:rw,Z" "-v" "/var/lib/crater-agent-workspace/builds/worker-7-tc2/source:/opt/rustwide/workdir:ro,Z" "-v" "/var/lib/crater-agent-workspace/cargo-home:/opt/rustwide/cargo-home:ro,Z" "-v" "/var/lib/crater-agent-workspace/rustup-home:/opt/rustwide/rustup-home:ro,Z" "-e" "SOURCE_DIR=/opt/rustwide/workdir" "-e" "CARGO_TARGET_DIR=/opt/rustwide/target" "-e" "CARGO_HOME=/opt/rustwide/cargo-home" "-e" "RUSTUP_HOME=/opt/rustwide/rustup-home" "-w" "/opt/rustwide/workdir" "-m" "1610612736" "--user" "0:0" "--network" "none" "ghcr.io/rust-lang/crates-build-env/linux@sha256:4a844ea9eb2546a2d2c7022eacef16ef2e8229c7fbb2c7d4d55a9ceca922f72d" "/opt/rustwide/cargo-home/bin/cargo" "+nightly-2024-10-28" "metadata" "--no-deps" "--format-version=1", kill_on_drop: false }`
[INFO] [stdout] 1cb8903e62fdf0e3400bf1075c8a44ecaaa4df819f0aca738e9ebd9363dde255
[INFO] running `Command { std: "docker" "start" "-a" "1cb8903e62fdf0e3400bf1075c8a44ecaaa4df819f0aca738e9ebd9363dde255", kill_on_drop: false }`
[INFO] running `Command { std: "docker" "inspect" "1cb8903e62fdf0e3400bf1075c8a44ecaaa4df819f0aca738e9ebd9363dde255", kill_on_drop: false }`
[INFO] running `Command { std: "docker" "rm" "-f" "1cb8903e62fdf0e3400bf1075c8a44ecaaa4df819f0aca738e9ebd9363dde255", kill_on_drop: false }`
[INFO] [stdout] 1cb8903e62fdf0e3400bf1075c8a44ecaaa4df819f0aca738e9ebd9363dde255
[INFO] running `Command { std: "docker" "create" "-v" "/var/lib/crater-agent-workspace/builds/worker-7-tc2/target:/opt/rustwide/target:rw,Z" "-v" "/var/lib/crater-agent-workspace/builds/worker-7-tc2/source:/opt/rustwide/workdir:ro,Z" "-v" "/var/lib/crater-agent-workspace/cargo-home:/opt/rustwide/cargo-home:ro,Z" "-v" "/var/lib/crater-agent-workspace/rustup-home:/opt/rustwide/rustup-home:ro,Z" "-e" "SOURCE_DIR=/opt/rustwide/workdir" "-e" "CARGO_TARGET_DIR=/opt/rustwide/target" "-e" "CARGO_INCREMENTAL=0" "-e" "RUST_BACKTRACE=full" "-e" "RUSTFLAGS=--cap-lints=forbid -Zrandomize-layout" "-e" "RUSTDOCFLAGS=--cap-lints=forbid" "-e" "CARGO_HOME=/opt/rustwide/cargo-home" "-e" "RUSTUP_HOME=/opt/rustwide/rustup-home" "-w" "/opt/rustwide/workdir" "-m" "1610612736" "--user" "0:0" "--network" "none" "ghcr.io/rust-lang/crates-build-env/linux@sha256:4a844ea9eb2546a2d2c7022eacef16ef2e8229c7fbb2c7d4d55a9ceca922f72d" "/opt/rustwide/cargo-home/bin/cargo" "+nightly-2024-10-28" "build" "--frozen" "--message-format=json", kill_on_drop: false }`
[INFO] [stdout] 00794c7bdc918733fd9e35a9b8ac260d86d3fc1d21e168d8e1c99c863421d3f8
[INFO] running `Command { std: "docker" "start" "-a" "00794c7bdc918733fd9e35a9b8ac260d86d3fc1d21e168d8e1c99c863421d3f8", kill_on_drop: false }`
[INFO] [stderr]    Compiling typenum v1.17.0
[INFO] [stderr]    Compiling subtle v2.6.1
[INFO] [stderr]    Compiling generic-array v0.14.7
[INFO] [stderr]    Compiling getrandom v0.2.15
[INFO] [stderr]    Compiling crossbeam-utils v0.8.20
[INFO] [stderr]    Compiling zerocopy-derive v0.7.35
[INFO] [stderr]    Compiling ring v0.17.8
[INFO] [stderr]    Compiling serde v1.0.214
[INFO] [stderr]    Compiling rand_core v0.6.4
[INFO] [stderr]    Compiling ahash v0.8.11
[INFO] [stderr]    Compiling num-traits v0.2.19
[INFO] [stderr]    Compiling futures-sink v0.3.31
[INFO] [stderr]    Compiling parking_lot_core v0.9.10
[INFO] [stderr]    Compiling untrusted v0.9.0
[INFO] [stderr]    Compiling unicode-normalization v0.1.24
[INFO] [stderr]    Compiling futures-io v0.3.31
[INFO] [stderr]    Compiling unicode-bidi v0.3.17
[INFO] [stderr]    Compiling socket2 v0.5.7
[INFO] [stderr]    Compiling zerocopy v0.7.35
[INFO] [stderr]    Compiling mio v1.0.2
[INFO] [stderr]    Compiling allocator-api2 v0.2.18
[INFO] [stderr]    Compiling paste v1.0.15
[INFO] [stderr]    Compiling serde_json v1.0.132
[INFO] [stderr]    Compiling minimal-lexical v0.2.1
[INFO] [stderr]    Compiling base64 v0.21.7
[INFO] [stderr]    Compiling crypto-common v0.1.6
[INFO] [stderr]    Compiling block-buffer v0.10.4
[INFO] [stderr]    Compiling rustls v0.21.12
[INFO] [stderr]    Compiling digest v0.10.7
[INFO] [stderr]    Compiling futures-util v0.3.31
[INFO] [stderr]    Compiling tokio v1.41.0
[INFO] [stderr]    Compiling hashbrown v0.14.5
[INFO] [stderr]    Compiling nom v7.1.3
[INFO] [stderr]    Compiling sha2 v0.10.8
[INFO] [stderr]    Compiling ppv-lite86 v0.2.20
[INFO] [stderr]    Compiling idna v0.5.0
[INFO] [stderr]    Compiling parking_lot v0.12.3
[INFO] [stderr]    Compiling crc-catalog v2.4.0
[INFO] [stderr]    Compiling unicode_categories v0.1.1
[INFO] [stderr]    Compiling libsqlite3-sys v0.27.0
[INFO] [stderr]    Compiling url v2.5.2
[INFO] [stderr]    Compiling either v1.13.0
[INFO] [stderr]    Compiling tracing v0.1.40
[INFO] [stderr]    Compiling futures-intrusive v0.5.0
[INFO] [stderr]    Compiling chrono v0.4.38
[INFO] [stderr]    Compiling sqlformat v0.2.6
[INFO] [stderr]    Compiling crc v3.2.1
[INFO] [stderr]    Compiling rustls-webpki v0.101.7
[INFO] [stderr]    Compiling sct v0.7.1
[INFO] [stderr]    Compiling zeroize v1.8.1
[INFO] [stderr]    Compiling thiserror v1.0.66
[INFO] [stderr]    Compiling hashlink v0.8.4
[INFO] [stderr]    Compiling rand_chacha v0.3.1
[INFO] [stderr]    Compiling rustls-pemfile v1.0.4
[INFO] [stderr]    Compiling inout v0.1.3
[INFO] [stderr]    Compiling atoi v2.0.0
[INFO] [stderr]    Compiling crossbeam-queue v0.3.11
[INFO] [stderr]    Compiling futures-channel v0.3.31
[INFO] [stderr]    Compiling parking v2.2.1
[INFO] [stderr]    Compiling event-listener v2.5.3
[INFO] [stderr]    Compiling webpki-roots v0.25.4
[INFO] [stderr]    Compiling hex v0.4.3
[INFO] [stderr]    Compiling cipher v0.4.4
[INFO] [stderr]    Compiling rand v0.8.5
[INFO] [stderr]    Compiling hmac v0.12.1
[INFO] [stderr]    Compiling universal-hash v0.5.1
[INFO] [stderr]    Compiling concurrent-queue v2.5.0
[INFO] [stderr]    Compiling base64ct v1.6.0
[INFO] [stderr]    Compiling unicode-properties v0.1.3
[INFO] [stderr]    Compiling event-listener v5.3.1
[INFO] [stderr]    Compiling stringprep v0.1.5
[INFO] [stderr]    Compiling password-hash v0.5.0
[INFO] [stderr]    Compiling tokio-stream v0.1.16
[INFO] [stderr]    Compiling poly1305 v0.8.0
[INFO] [stderr]    Compiling hkdf v0.12.4
[INFO] [stderr]    Compiling chacha20 v0.9.1
[INFO] [stderr]    Compiling futures-executor v0.3.31
[INFO] [stderr]    Compiling md-5 v0.10.6
[INFO] [stderr]    Compiling blake2 v0.10.6
[INFO] [stderr]    Compiling aead v0.5.2
[INFO] [stderr]    Compiling flume v0.11.1
[INFO] [stderr]    Compiling ff v0.13.0
[INFO] [stderr]    Compiling urlencoding v2.1.3
[INFO] [stderr]    Compiling dotenvy v0.15.7
[INFO] [stderr]    Compiling whoami v1.5.2
[INFO] [stderr]    Compiling bitflags v2.6.0
[INFO] [stderr]    Compiling home v0.5.9
[INFO] [stderr]    Compiling group v0.13.0
[INFO] [stderr]    Compiling argon2 v0.5.3
[INFO] [stderr]    Compiling chacha20poly1305 v0.10.1
[INFO] [stderr]    Compiling event-listener-strategy v0.5.2
[INFO] [stderr]    Compiling sqlx-core v0.7.4
[INFO] [stderr]    Compiling serde-json-core v0.5.1
[INFO] [stderr]    Compiling async-stream-impl v0.3.6
[INFO] [stderr]    Compiling fastrand v2.1.1
[INFO] [stderr]    Compiling async-stream v0.3.6
[INFO] [stderr]    Compiling futures-lite v2.4.0
[INFO] [stderr]    Compiling serde_cbor v0.11.2
[INFO] [stderr]    Compiling askar-crypto v0.3.1
[INFO] [stderr]    Compiling async-lock v3.4.0
[INFO] [stderr]    Compiling itertools v0.12.1
[INFO] [stderr]    Compiling uuid v1.11.0
[INFO] [stderr]    Compiling bs58 v0.5.1
[INFO] [stderr]    Compiling arc-swap v1.7.1
[INFO] [stderr]    Compiling sqlx-postgres v0.7.4
[INFO] [stderr]    Compiling sqlx-sqlite v0.7.4
[INFO] [stderr]    Compiling sqlx v0.7.4
[INFO] [stderr]    Compiling askar-storage v0.1.1 (/opt/rustwide/workdir)
[INFO] [stdout] warning: unexpected `cfg` condition value: `indy_compat`
[INFO] [stdout]    --> src/error.rs:147:11
[INFO] [stdout]     |
[INFO] [stdout] 147 | #[cfg(any(feature = "indy_compat", feature = "postgres", feature = "sqlite"))]
[INFO] [stdout]     |           ^^^^^^^^^^^^^^^^^^^^^^^
[INFO] [stdout]     |
[INFO] [stdout]     = note: expected values for `feature` are: `all_backends`, `any`, `default`, `log`, `migration`, `pg_test`, `postgres`, and `sqlite`
[INFO] [stdout]     = help: consider adding `indy_compat` as a feature in `Cargo.toml`
[INFO] [stdout]     = note: see <https://doc.rust-lang.org/nightly/rustc/check-cfg/cargo-specifics.html> for more information about checking conditional configuration
[INFO] [stdout]     = note: `#[warn(unexpected_cfgs)]` on by default
[INFO] [stdout] 
[INFO] [stdout] 
[INFO] [stdout] warning: elided lifetime has a name
[INFO] [stdout]    --> src/backend/mod.rs:132:20
[INFO] [stdout]     |
[INFO] [stdout] 129 |     fn import_scan<'q>(
[INFO] [stdout]     |                    -- lifetime `'q` declared here
[INFO] [stdout] ...
[INFO] [stdout] 132 |     ) -> BoxFuture<'_, Result<(), Error>> {
[INFO] [stdout]     |                    ^^ this elided lifetime gets resolved as `'q`
[INFO] [stdout]     |
[INFO] [stdout]     = note: `#[warn(elided_named_lifetimes)]` on by default
[INFO] [stdout] 
[INFO] [stdout] 
[INFO] [stdout] warning: trait `RunInTransaction` is never used
[INFO] [stdout]    --> src/backend/db_utils.rs:360:18
[INFO] [stdout]     |
[INFO] [stdout] 360 | pub(crate) trait RunInTransaction<'a, 'q: 'a, DB: ExtDatabase> {
[INFO] [stdout]     |                  ^^^^^^^^^^^^^^^^
[INFO] [stdout]     |
[INFO] [stdout]     = note: `#[warn(dead_code)]` on by default
[INFO] [stdout] 
[INFO] [stdout] 
[INFO] [stderr]     Finished `dev` profile [unoptimized + debuginfo] target(s) in 16.58s
[INFO] running `Command { std: "docker" "inspect" "00794c7bdc918733fd9e35a9b8ac260d86d3fc1d21e168d8e1c99c863421d3f8", kill_on_drop: false }`
[INFO] running `Command { std: "docker" "rm" "-f" "00794c7bdc918733fd9e35a9b8ac260d86d3fc1d21e168d8e1c99c863421d3f8", kill_on_drop: false }`
[INFO] [stdout] 00794c7bdc918733fd9e35a9b8ac260d86d3fc1d21e168d8e1c99c863421d3f8
[INFO] running `Command { std: "docker" "create" "-v" "/var/lib/crater-agent-workspace/builds/worker-7-tc2/target:/opt/rustwide/target:rw,Z" "-v" "/var/lib/crater-agent-workspace/builds/worker-7-tc2/source:/opt/rustwide/workdir:ro,Z" "-v" "/var/lib/crater-agent-workspace/cargo-home:/opt/rustwide/cargo-home:ro,Z" "-v" "/var/lib/crater-agent-workspace/rustup-home:/opt/rustwide/rustup-home:ro,Z" "-e" "SOURCE_DIR=/opt/rustwide/workdir" "-e" "CARGO_TARGET_DIR=/opt/rustwide/target" "-e" "CARGO_INCREMENTAL=0" "-e" "RUST_BACKTRACE=full" "-e" "RUSTFLAGS=--cap-lints=forbid -Zrandomize-layout" "-e" "RUSTDOCFLAGS=--cap-lints=forbid" "-e" "CARGO_HOME=/opt/rustwide/cargo-home" "-e" "RUSTUP_HOME=/opt/rustwide/rustup-home" "-w" "/opt/rustwide/workdir" "-m" "1610612736" "--user" "0:0" "--network" "none" "ghcr.io/rust-lang/crates-build-env/linux@sha256:4a844ea9eb2546a2d2c7022eacef16ef2e8229c7fbb2c7d4d55a9ceca922f72d" "/opt/rustwide/cargo-home/bin/cargo" "+nightly-2024-10-28" "test" "--frozen" "--no-run" "--message-format=json", kill_on_drop: false }`
[INFO] [stdout] f585ce480a761abd0b9af1a90c7bd5c01fdbd29c3170e356618cbbc3aa59bdd9
[INFO] running `Command { std: "docker" "start" "-a" "f585ce480a761abd0b9af1a90c7bd5c01fdbd29c3170e356618cbbc3aa59bdd9", kill_on_drop: false }`
[INFO] [stderr]    Compiling tracing v0.1.40
[INFO] [stderr]    Compiling rand v0.8.5
[INFO] [stderr]    Compiling aho-corasick v1.1.3
[INFO] [stderr]    Compiling is-terminal v0.4.13
[INFO] [stderr]    Compiling termcolor v1.4.1
[INFO] [stderr]    Compiling humantime v2.1.0
[INFO] [stderr]    Compiling hex-literal v0.4.1
[INFO] [stderr]    Compiling sqlx-core v0.7.4
[INFO] [stderr]    Compiling askar-crypto v0.3.1
[INFO] [stderr]    Compiling regex-automata v0.4.8
[INFO] [stderr]    Compiling sqlx-sqlite v0.7.4
[INFO] [stderr]    Compiling sqlx-postgres v0.7.4
[INFO] [stderr]    Compiling regex v1.11.1
[INFO] [stderr]    Compiling env_logger v0.10.2
[INFO] [stderr]    Compiling sqlx v0.7.4
[INFO] [stderr]    Compiling askar-storage v0.1.1 (/opt/rustwide/workdir)
[INFO] [stdout] warning: unexpected `cfg` condition value: `indy_compat`
[INFO] [stdout]    --> src/error.rs:147:11
[INFO] [stdout]     |
[INFO] [stdout] 147 | #[cfg(any(feature = "indy_compat", feature = "postgres", feature = "sqlite"))]
[INFO] [stdout]     |           ^^^^^^^^^^^^^^^^^^^^^^^
[INFO] [stdout]     |
[INFO] [stdout]     = note: expected values for `feature` are: `all_backends`, `any`, `default`, `log`, `migration`, `pg_test`, `postgres`, and `sqlite`
[INFO] [stdout]     = help: consider adding `indy_compat` as a feature in `Cargo.toml`
[INFO] [stdout]     = note: see <https://doc.rust-lang.org/nightly/rustc/check-cfg/cargo-specifics.html> for more information about checking conditional configuration
[INFO] [stdout]     = note: `#[warn(unexpected_cfgs)]` on by default
[INFO] [stdout] 
[INFO] [stdout] 
[INFO] [stdout] warning: elided lifetime has a name
[INFO] [stdout]    --> src/backend/mod.rs:132:20
[INFO] [stdout]     |
[INFO] [stdout] 129 |     fn import_scan<'q>(
[INFO] [stdout]     |                    -- lifetime `'q` declared here
[INFO] [stdout] ...
[INFO] [stdout] 132 |     ) -> BoxFuture<'_, Result<(), Error>> {
[INFO] [stdout]     |                    ^^ this elided lifetime gets resolved as `'q`
[INFO] [stdout]     |
[INFO] [stdout]     = note: `#[warn(elided_named_lifetimes)]` on by default
[INFO] [stdout] 
[INFO] [stdout] 
[INFO] [stdout] warning: unexpected `cfg` condition value: `indy_compat`
[INFO] [stdout]    --> src/error.rs:147:11
[INFO] [stdout]     |
[INFO] [stdout] 147 | #[cfg(any(feature = "indy_compat", feature = "postgres", feature = "sqlite"))]
[INFO] [stdout]     |           ^^^^^^^^^^^^^^^^^^^^^^^
[INFO] [stdout]     |
[INFO] [stdout]     = note: expected values for `feature` are: `all_backends`, `any`, `default`, `log`, `migration`, `pg_test`, `postgres`, and `sqlite`
[INFO] [stdout]     = help: consider adding `indy_compat` as a feature in `Cargo.toml`
[INFO] [stdout]     = note: see <https://doc.rust-lang.org/nightly/rustc/check-cfg/cargo-specifics.html> for more information about checking conditional configuration
[INFO] [stdout]     = note: `#[warn(unexpected_cfgs)]` on by default
[INFO] [stdout] 
[INFO] [stdout] 
[INFO] [stdout] warning: elided lifetime has a name
[INFO] [stdout]    --> src/backend/mod.rs:132:20
[INFO] [stdout]     |
[INFO] [stdout] 129 |     fn import_scan<'q>(
[INFO] [stdout]     |                    -- lifetime `'q` declared here
[INFO] [stdout] ...
[INFO] [stdout] 132 |     ) -> BoxFuture<'_, Result<(), Error>> {
[INFO] [stdout]     |                    ^^ this elided lifetime gets resolved as `'q`
[INFO] [stdout]     |
[INFO] [stdout]     = note: `#[warn(elided_named_lifetimes)]` on by default
[INFO] [stdout] 
[INFO] [stdout] 
[INFO] [stdout] warning: trait `RunInTransaction` is never used
[INFO] [stdout]    --> src/backend/db_utils.rs:360:18
[INFO] [stdout]     |
[INFO] [stdout] 360 | pub(crate) trait RunInTransaction<'a, 'q: 'a, DB: ExtDatabase> {
[INFO] [stdout]     |                  ^^^^^^^^^^^^^^^^
[INFO] [stdout]     |
[INFO] [stdout]     = note: `#[warn(dead_code)]` on by default
[INFO] [stdout] 
[INFO] [stdout] 
[INFO] [stdout] warning: trait `RunInTransaction` is never used
[INFO] [stdout]    --> src/backend/db_utils.rs:360:18
[INFO] [stdout]     |
[INFO] [stdout] 360 | pub(crate) trait RunInTransaction<'a, 'q: 'a, DB: ExtDatabase> {
[INFO] [stdout]     |                  ^^^^^^^^^^^^^^^^
[INFO] [stdout]     |
[INFO] [stdout]     = note: `#[warn(dead_code)]` on by default
[INFO] [stdout] 
[INFO] [stdout] 
[INFO] [stdout] warning: unexpected `cfg` condition value: `stress_test`
[INFO] [stdout]    --> tests/backends.rs:305:11
[INFO] [stdout]     |
[INFO] [stdout] 305 |     #[cfg(feature = "stress_test")]
[INFO] [stdout]     |           ^^^^^^^^^^^^^^^^^^^^^^^
[INFO] [stdout]     |
[INFO] [stdout]     = note: expected values for `feature` are: `all_backends`, `any`, `default`, `log`, `migration`, `pg_test`, `postgres`, and `sqlite`
[INFO] [stdout]     = help: consider adding `stress_test` as a feature in `Cargo.toml`
[INFO] [stdout]     = note: see <https://doc.rust-lang.org/nightly/rustc/check-cfg/cargo-specifics.html> for more information about checking conditional configuration
[INFO] [stdout]     = note: `#[warn(unexpected_cfgs)]` on by default
[INFO] [stdout] 
[INFO] [stdout] 
[INFO] [stderr]     Finished `test` profile [unoptimized + debuginfo] target(s) in 11.38s
[INFO] running `Command { std: "docker" "inspect" "f585ce480a761abd0b9af1a90c7bd5c01fdbd29c3170e356618cbbc3aa59bdd9", kill_on_drop: false }`
[INFO] running `Command { std: "docker" "rm" "-f" "f585ce480a761abd0b9af1a90c7bd5c01fdbd29c3170e356618cbbc3aa59bdd9", kill_on_drop: false }`
[INFO] [stdout] f585ce480a761abd0b9af1a90c7bd5c01fdbd29c3170e356618cbbc3aa59bdd9
[INFO] running `Command { std: "docker" "create" "-v" "/var/lib/crater-agent-workspace/builds/worker-7-tc2/target:/opt/rustwide/target:rw,Z" "-v" "/var/lib/crater-agent-workspace/builds/worker-7-tc2/source:/opt/rustwide/workdir:ro,Z" "-v" "/var/lib/crater-agent-workspace/cargo-home:/opt/rustwide/cargo-home:ro,Z" "-v" "/var/lib/crater-agent-workspace/rustup-home:/opt/rustwide/rustup-home:ro,Z" "-e" "SOURCE_DIR=/opt/rustwide/workdir" "-e" "CARGO_TARGET_DIR=/opt/rustwide/target" "-e" "CARGO_INCREMENTAL=0" "-e" "RUST_BACKTRACE=full" "-e" "RUSTFLAGS=--cap-lints=forbid -Zrandomize-layout" "-e" "RUSTDOCFLAGS=--cap-lints=forbid" "-e" "CARGO_HOME=/opt/rustwide/cargo-home" "-e" "RUSTUP_HOME=/opt/rustwide/rustup-home" "-w" "/opt/rustwide/workdir" "-m" "1610612736" "--user" "0:0" "--network" "none" "ghcr.io/rust-lang/crates-build-env/linux@sha256:4a844ea9eb2546a2d2c7022eacef16ef2e8229c7fbb2c7d4d55a9ceca922f72d" "/opt/rustwide/cargo-home/bin/cargo" "+nightly-2024-10-28" "test" "--frozen", kill_on_drop: false }`
[INFO] [stdout] 1a381026c311cfa214fed7f59d6154f13c9db30ecfdfa49e3eaeed727d71cff2
[INFO] running `Command { std: "docker" "start" "-a" "1a381026c311cfa214fed7f59d6154f13c9db30ecfdfa49e3eaeed727d71cff2", kill_on_drop: false }`
[INFO] [stderr] warning: unexpected `cfg` condition value: `indy_compat`
[INFO] [stderr]    --> src/error.rs:147:11
[INFO] [stderr]     |
[INFO] [stderr] 147 | #[cfg(any(feature = "indy_compat", feature = "postgres", feature = "sqlite"))]
[INFO] [stderr]     |           ^^^^^^^^^^^^^^^^^^^^^^^
[INFO] [stderr]     |
[INFO] [stderr]     = note: expected values for `feature` are: `all_backends`, `any`, `default`, `log`, `migration`, `pg_test`, `postgres`, and `sqlite`
[INFO] [stderr]     = help: consider adding `indy_compat` as a feature in `Cargo.toml`
[INFO] [stderr]     = note: see <https://doc.rust-lang.org/nightly/rustc/check-cfg/cargo-specifics.html> for more information about checking conditional configuration
[INFO] [stderr]     = note: `#[warn(unexpected_cfgs)]` on by default
[INFO] [stderr] 
[INFO] [stderr] warning: elided lifetime has a name
[INFO] [stderr]    --> src/backend/mod.rs:132:20
[INFO] [stderr]     |
[INFO] [stderr] 129 |     fn import_scan<'q>(
[INFO] [stderr]     |                    -- lifetime `'q` declared here
[INFO] [stderr] ...
[INFO] [stderr] 132 |     ) -> BoxFuture<'_, Result<(), Error>> {
[INFO] [stderr]     |                    ^^ this elided lifetime gets resolved as `'q`
[INFO] [stderr]     |
[INFO] [stderr]     = note: `#[warn(elided_named_lifetimes)]` on by default
[INFO] [stderr] 
[INFO] [stderr] warning: trait `RunInTransaction` is never used
[INFO] [stderr]    --> src/backend/db_utils.rs:360:18
[INFO] [stderr]     |
[INFO] [stderr] 360 | pub(crate) trait RunInTransaction<'a, 'q: 'a, DB: ExtDatabase> {
[INFO] [stderr]     |                  ^^^^^^^^^^^^^^^^
[INFO] [stderr]     |
[INFO] [stderr]     = note: `#[warn(dead_code)]` on by default
[INFO] [stderr] 
[INFO] [stderr] warning: `askar-storage` (lib) generated 3 warnings
[INFO] [stderr] warning: unexpected `cfg` condition value: `stress_test`
[INFO] [stderr]    --> tests/backends.rs:305:11
[INFO] [stderr]     |
[INFO] [stderr] 305 |     #[cfg(feature = "stress_test")]
[INFO] [stderr]     |           ^^^^^^^^^^^^^^^^^^^^^^^
[INFO] [stderr]     |
[INFO] [stderr]     = note: expected values for `feature` are: `all_backends`, `any`, `default`, `log`, `migration`, `pg_test`, `postgres`, and `sqlite`
[INFO] [stderr]     = help: consider adding `stress_test` as a feature in `Cargo.toml`
[INFO] [stderr]     = note: see <https://doc.rust-lang.org/nightly/rustc/check-cfg/cargo-specifics.html> for more information about checking conditional configuration
[INFO] [stderr]     = note: `#[warn(unexpected_cfgs)]` on by default
[INFO] [stderr] 
[INFO] [stderr] warning: `askar-storage` (test "backends") generated 1 warning
[INFO] [stderr] warning: `askar-storage` (lib test) generated 3 warnings (3 duplicates)
[INFO] [stderr]     Finished `test` profile [unoptimized + debuginfo] target(s) in 0.31s
[INFO] [stderr]      Running unittests src/lib.rs (/opt/rustwide/target/debug/deps/askar_storage-90214386aa5c17ba)
[INFO] [stdout] 
[INFO] [stdout] running 155 tests
[INFO] [stdout] test backend::postgres::tests::postgres_simple_and_convert_args_works ... ok
[INFO] [stdout] test backend::sqlite::tests::sqlite_query_placeholders ... ok
[INFO] [stdout] test options::tests::options_basic ... ok
[INFO] [stdout] test options::tests::options_no_schema ... ok
[INFO] [stdout] test options::tests::options_round_trip ... ok
[INFO] [stdout] test backend::postgres::provision::tests::postgres_parse_uri ... ok
[INFO] [stdout] test protect::profile_key::tests::serialize_round_trip ... ok
[INFO] [stdout] test protect::profile_key::tests::check_encrypt_searchable ... ok
[INFO] [stdout] test protect::profile_key::tests::encrypt_entry_round_trip ... ok
[INFO] [stdout] test protect::hmac_key::tests::hmac_expected ... ok
[INFO] [stdout] test protect::store_key::tests::unprotected_wrap ... ok
[INFO] [stdout] test protect::store_key::tests::protection_method_parse ... ok
[INFO] [stdout] test wql::query::tests::test_and_or_not_complex_case_parse ... ok
[INFO] [stdout] test protect::store_key::tests::raw_key_wrap ... ok
[INFO] [stdout] test protect::store_key::tests::raw_key_seed_lengths ... ok
[INFO] [stdout] test backend::sqlite::tests::sqlite_check_expiry_timestamp ... ok
[INFO] [stdout] test wql::query::tests::test_and_or_not_complex_case_to_string ... ok
[INFO] [stdout] test wql::query::tests::test_and_with_multiple_gt_to_string ... ok
[INFO] [stdout] test wql::query::tests::test_and_with_multiple_eq_parse ... ok
[INFO] [stdout] test wql::query::tests::test_and_with_multiple_gte_parse ... ok
[INFO] [stdout] test wql::query::tests::test_and_with_multiple_eq_to_string ... ok
[INFO] [stdout] test wql::query::tests::test_and_with_multiple_gt_parse ... ok
[INFO] [stdout] test wql::query::tests::test_and_with_multiple_gte_to_string ... ok
[INFO] [stdout] test wql::query::tests::test_and_with_multiple_in_parse ... ok
[INFO] [stdout] test wql::query::tests::test_and_with_multiple_in_to_string ... ok
[INFO] [stdout] test wql::query::tests::test_and_exist ... ok
[INFO] [stdout] test wql::query::tests::test_and_with_multiple_lt_parse ... ok
[INFO] [stdout] test wql::query::tests::test_and_with_multiple_like_parse ... ok
[INFO] [stdout] test wql::query::tests::test_and_with_multiple_like_to_string ... ok
[INFO] [stdout] test wql::query::tests::test_and_with_multiple_lte_to_string ... ok
[INFO] [stdout] test wql::query::tests::test_and_with_multiple_lt_to_string ... ok
[INFO] [stdout] test wql::query::tests::test_and_with_multiple_lte_parse ... ok
[INFO] [stdout] test wql::query::tests::test_and_with_multiple_mixed_parse ... ok
[INFO] [stdout] test wql::query::tests::test_and_with_multiple_neq_to_string ... ok
[INFO] [stdout] test wql::query::tests::test_and_with_multiple_not_eq_parse ... ok
[INFO] [stdout] test wql::query::tests::test_and_with_multiple_not_eq_to_string ... ok
[INFO] [stdout] test wql::query::tests::test_and_with_one_eq_parse ... ok
[INFO] [stdout] test wql::query::tests::test_and_with_one_eq_to_string ... ok
[INFO] [stdout] test wql::query::tests::test_and_with_multiple_mixed_to_string ... ok
[INFO] [stdout] test wql::query::tests::test_and_with_one_gt_parse ... ok
[INFO] [stdout] test wql::query::tests::test_and_with_one_gt_to_string ... ok
[INFO] [stdout] test wql::query::tests::test_and_with_one_gte_to_string ... ok
[INFO] [stdout] test wql::query::tests::test_and_with_one_in_parse ... ok
[INFO] [stdout] test wql::query::tests::test_and_with_one_gte_parse ... ok
[INFO] [stdout] test wql::query::tests::test_and_with_one_in_to_string ... ok
[INFO] [stdout] test wql::query::tests::test_and_with_one_like_parse ... ok
[INFO] [stdout] test wql::query::tests::test_and_with_one_like_to_string ... ok
[INFO] [stdout] test wql::query::tests::test_and_with_multiple_neq_parse ... ok
[INFO] [stdout] test wql::query::tests::test_and_with_one_lt_to_string ... ok
[INFO] [stdout] test wql::query::tests::test_and_with_one_lte_to_string ... ok
[INFO] [stdout] test wql::query::tests::test_and_with_one_neq_to_string ... ok
[INFO] [stdout] test wql::query::tests::test_and_with_one_lt_parse ... ok
[INFO] [stdout] test wql::query::tests::test_and_with_one_neq_parse ... ok
[INFO] [stdout] test wql::query::tests::test_and_with_one_lte_parse ... ok
[INFO] [stdout] test wql::query::tests::test_and_with_one_not_eq_parse ... ok
[INFO] [stdout] test wql::query::tests::test_not_with_one_eq_parse ... ok
[INFO] [stdout] test wql::query::tests::test_and_with_one_not_eq_to_string ... ok
[INFO] [stdout] test wql::query::tests::test_exist_parse_array ... ok
[INFO] [stdout] test wql::query::tests::test_exist_parse_string ... ok
[INFO] [stdout] test wql::query::tests::test_not_with_one_gt_to_string ... ok
[INFO] [stdout] test wql::query::tests::test_not_with_one_gt_parse ... ok
[INFO] [stdout] test wql::query::tests::test_not_with_one_in_parse ... ok
[INFO] [stdout] test wql::query::tests::test_not_with_one_in_to_string ... ok
[INFO] [stdout] test wql::query::tests::test_not_with_one_like_parse ... ok
[INFO] [stdout] test wql::query::tests::test_not_with_one_eq_to_string ... ok
[INFO] [stdout] test wql::query::tests::test_not_with_one_like_to_string ... ok
[INFO] [stdout] test wql::query::tests::test_not_with_one_lt_to_string ... ok
[INFO] [stdout] test wql::query::tests::test_not_with_one_gte_parse ... ok
[INFO] [stdout] test wql::query::tests::test_not_with_one_neq_parse ... ok
[INFO] [stdout] test wql::query::tests::test_not_with_one_lte_to_string ... ok
[INFO] [stdout] test wql::query::tests::test_not_with_one_lte_parse ... ok
[INFO] [stdout] test wql::query::tests::test_not_with_one_gte_to_string ... ok
[INFO] [stdout] test wql::query::tests::test_not_with_one_lt_parse ... ok
[INFO] [stdout] test wql::query::tests::test_not_with_one_neq_to_string ... ok
[INFO] [stdout] test wql::query::tests::test_old_format ... ok
[INFO] [stdout] test wql::query::tests::test_old_format_empty ... ok
[INFO] [stdout] test wql::query::tests::test_optimise_or ... ok
[INFO] [stdout] test wql::query::tests::test_optimise_several_nested_and ... ok
[INFO] [stdout] test wql::query::tests::test_optimise_and ... ok
[INFO] [stdout] test wql::query::tests::test_optimise_several_nested_or ... ok
[INFO] [stdout] test wql::query::tests::test_old_format_with_nulls ... ok
[INFO] [stdout] test wql::query::tests::test_optimise_single_nested_and ... ok
[INFO] [stdout] test wql::query::tests::test_optimise_single_nested_or ... ok
[INFO] [stdout] test wql::query::tests::test_or_with_multiple_eq_parse ... ok
[INFO] [stdout] test wql::query::tests::test_or_with_multiple_eq_to_string ... ok
[INFO] [stdout] test wql::query::tests::test_or_with_multiple_gt_parse ... ok
[INFO] [stdout] test wql::query::tests::test_or_with_multiple_gt_to_string ... ok
[INFO] [stdout] test wql::query::tests::test_or_with_multiple_gte_to_string ... ok
[INFO] [stdout] test wql::query::tests::test_or_with_multiple_gte_parse ... ok
[INFO] [stdout] test wql::query::tests::test_or_with_multiple_in_parse ... ok
[INFO] [stdout] test wql::query::tests::test_or_with_multiple_like_to_string ... ok
[INFO] [stdout] test wql::query::tests::test_or_with_multiple_lt_parse ... ok
[INFO] [stdout] test wql::query::tests::test_or_with_multiple_in_to_string ... ok
[INFO] [stdout] test wql::query::tests::test_or_with_multiple_lt_to_string ... ok
[INFO] [stdout] test wql::query::tests::test_or_with_multiple_lte_parse ... ok
[INFO] [stdout] test wql::query::tests::test_or_with_multiple_mixed_parse ... ok
[INFO] [stdout] test wql::query::tests::test_or_with_multiple_lte_to_string ... ok
[INFO] [stdout] test wql::query::tests::test_or_with_multiple_neq_parse ... ok
[INFO] [stdout] test wql::query::tests::test_or_with_multiple_not_eq_parse ... ok
[INFO] [stdout] test wql::query::tests::test_or_with_multiple_mixed_to_string ... ok
[INFO] [stdout] test wql::query::tests::test_or_with_multiple_like_parse ... ok
[INFO] [stdout] test wql::query::tests::test_or_with_multiple_neq_to_string ... ok
[INFO] [stdout] test wql::query::tests::test_or_with_one_eq_parse ... ok
[INFO] [stdout] test wql::query::tests::test_or_with_one_gt_parse ... ok
[INFO] [stdout] test wql::query::tests::test_or_with_multiple_not_eq_to_string ... ok
[INFO] [stdout] test wql::query::tests::test_or_with_one_gte_parse ... ok
[INFO] [stdout] test wql::query::tests::test_or_with_one_eq_to_string ... ok
[INFO] [stdout] test wql::query::tests::test_or_with_one_in_to_string ... ok
[INFO] [stdout] test wql::query::tests::test_or_with_one_in_parse ... ok
[INFO] [stdout] test wql::query::tests::test_or_with_one_like_parse ... ok
[INFO] [stdout] test wql::query::tests::test_or_with_one_gte_to_string ... ok
[INFO] [stdout] test wql::query::tests::test_or_with_one_like_to_string ... ok
[INFO] [stdout] test wql::query::tests::test_or_with_one_lt_parse ... ok
[INFO] [stdout] test wql::query::tests::test_or_with_one_lt_to_string ... ok
[INFO] [stdout] test wql::query::tests::test_or_with_one_lte_parse ... ok
[INFO] [stdout] test wql::query::tests::test_or_with_one_lte_to_string ... ok
[INFO] [stdout] test wql::query::tests::test_or_with_one_neq_parse ... ok
[INFO] [stdout] test wql::query::tests::test_or_with_one_neq_to_string ... ok
[INFO] [stdout] test wql::query::tests::test_or_with_one_not_eq_to_string ... ok
[INFO] [stdout] test wql::query::tests::test_simple_operator_empty_and_to_string ... ok
[INFO] [stdout] test wql::query::tests::test_or_with_one_not_eq_parse ... ok
[INFO] [stdout] test wql::query::tests::test_simple_operator_empty_json_parse ... ok
[INFO] [stdout] test wql::query::tests::test_simple_operator_empty_not_parse ... ok
[INFO] [stdout] test wql::query::tests::test_simple_operator_empty_not_to_string ... ok
[INFO] [stdout] test wql::query::tests::test_or_with_one_gt_to_string ... ok
[INFO] [stdout] test wql::query::tests::test_simple_operator_empty_or_parse ... ok
[INFO] [stdout] test wql::query::tests::test_simple_operator_empty_or_to_string ... ok
[INFO] [stdout] test wql::query::tests::test_simple_operator_eq_to_string ... ok
[INFO] [stdout] test wql::query::tests::test_simple_operator_explicit_empty_and_parse ... ok
[INFO] [stdout] test wql::query::tests::test_simple_operator_eq_plaintext_parse ... ok
[INFO] [stdout] test wql::query::tests::test_simple_operator_gt_parse ... ok
[INFO] [stdout] test wql::query::tests::test_simple_operator_gt_plaintext_to_string ... ok
[INFO] [stdout] test wql::query::tests::test_simple_operator_in_multimply_to_string ... ok
[INFO] [stdout] test wql::query::tests::test_simple_operator_gte_to_string ... ok
[INFO] [stdout] test wql::query::tests::test_simple_operator_gte_parse ... ok
[INFO] [stdout] test wql::query::tests::test_simple_operator_in_plaintext_parse ... ok
[INFO] [stdout] test wql::query::tests::test_simple_operator_in_plaintexts_parse ... ok
[INFO] [stdout] test wql::query::tests::test_simple_operator_like_parse ... ok
[INFO] [stdout] test wql::query::tests::test_simple_operator_like_to_string ... ok
[INFO] [stdout] test wql::query::tests::test_simple_operator_in_to_string ... ok
[INFO] [stdout] test wql::query::tests::test_simple_operator_lt_parse ... ok
[INFO] [stdout] test wql::query::tests::test_simple_operator_lte_plaintext_parse ... ok
[INFO] [stdout] test wql::query::tests::test_simple_operator_lt_to_string ... ok
[INFO] [stdout] test wql::query::tests::test_simple_operator_neq_parse ... ok
[INFO] [stdout] test wql::query::tests::test_simple_operator_lte_to_string ... ok
[INFO] [stdout] test wql::query::tests::test_simple_operator_neq_to_string ... ok
[INFO] [stdout] test wql::sql::tests::tag_query_encode ... ok
[INFO] [stdout] test wql::tags::tests::test_serialize ... ok
[INFO] [stdout] test wql::tags::tests::test_simple_and ... ok
[INFO] [stdout] test wql::tags::tests::test_from_query ... ok
[INFO] [stdout] test wql::query::tests::test_short_and_with_multiple_eq_parse ... ok
[INFO] [stdout] test wql::tags::tests::test_negate_conj ... ok
[INFO] [stdout] test protect::store_key::tests::derived_key_wrap ... ok
[INFO] [stdout] test protect::store_key::tests::derived_key_unwrap_expected ... ok
[INFO] [stdout] test protect::store_key::tests::derived_key_check_bad_password ... ok
[INFO] [stdout] 
[INFO] [stdout] test result: ok. 155 passed; 0 failed; 0 ignored; 0 measured; 0 filtered out; finished in 19.57s
[INFO] [stdout] 
[INFO] [stderr]      Running tests/backends.rs (/opt/rustwide/target/debug/deps/backends-97446fe304c9796a)
[INFO] [stdout] 
[INFO] [stdout] running 27 tests
[INFO] [stdout] test sqlite::fetch_fail ... ok
[INFO] [stdout] test sqlite::create_remove_profile ... ok
[INFO] [stdout] test sqlite::get_set_default_profile ... ok
[INFO] [stdout] test sqlite::init ... ok
[INFO] [stdout] test sqlite::db_import ... ok
[INFO] [stdout] test sqlite::count ... ok
[INFO] [stdout] test sqlite::provision_from_str ... ok
[INFO] [stdout] test sqlite::insert_duplicate ... ok
[INFO] [stdout] test sqlite::insert_remove ... ok
[INFO] [stdout] test sqlite::list_profiles ... ok
[INFO] [stdout] test sqlite::insert_fetch ... ok
[INFO] [stdout] test sqlite::count_exist ... ok
[INFO] [stdout] test sqlite::replace_missing ... ok
[INFO] [stdout] test sqlite::remove_missing ... ok
[INFO] [stdout] test sqlite::txn_commit ... ok
[INFO] [stdout] test sqlite::replace_fetch ... ok
[INFO] [stdout] test sqlite::remove_all ... ok
[INFO] [stdout] test sqlite::session_drop ... ok
[INFO] [stdout] test sqlite::txn_drop ... ok
[INFO] [stdout] test sqlite::scan ... ok
[INFO] [stdout] test sqlite::txn_fetch_for_update ... ok
[INFO] [stdout] test sqlite::txn_rollback ... ok
[INFO] [stdout] test sqlite::create_remove_db ... FAILED
[INFO] [stdout] test sqlite::copy_db ... FAILED
[INFO] [stdout] test sqlite::rekey_db ... FAILED
[INFO] [stdout] test sqlite::txn_contention_file ... FAILED
[INFO] [stdout] test sqlite::txn_contention ... ok
[INFO] [stdout] 
[INFO] [stdout] failures:
[INFO] [stdout] 
[INFO] [stdout] ---- sqlite::create_remove_db stdout ----
[INFO] [stdout] thread 'sqlite::create_remove_db' panicked at tests/backends.rs:155:22:
[INFO] [stdout] Error removing sqlite store: Error { kind: Backend, cause: Some(Os { code: 30, kind: ReadOnlyFilesystem, message: "Read-only file system" }), message: Some("Error removing file") }
[INFO] [stdout] stack backtrace:
[INFO] [stdout]    0:     0x61d6171d6a7a - std::backtrace_rs::backtrace::libunwind::trace::h207520d6e9873551
[INFO] [stdout]                                at /rustc/df4ca44d3fbc9301ee17f30f4d474e6ae4b05252/library/std/src/../../backtrace/src/backtrace/libunwind.rs:116:5
[INFO] [stdout]    1:     0x61d6171d6a7a - std::backtrace_rs::backtrace::trace_unsynchronized::h2ed7433f370e3eca
[INFO] [stdout]                                at /rustc/df4ca44d3fbc9301ee17f30f4d474e6ae4b05252/library/std/src/../../backtrace/src/backtrace/mod.rs:66:5
[INFO] [stdout]    2:     0x61d6171d6a7a - std::sys::backtrace::_print_fmt::h916fac51166b18d7
[INFO] [stdout]                                at /rustc/df4ca44d3fbc9301ee17f30f4d474e6ae4b05252/library/std/src/sys/backtrace.rs:66:9
[INFO] [stdout]    3:     0x61d6171d6a7a - <std::sys::backtrace::BacktraceLock::print::DisplayBacktrace as core::fmt::Display>::fmt::ha0a4c9b8ce3802e6
[INFO] [stdout]                                at /rustc/df4ca44d3fbc9301ee17f30f4d474e6ae4b05252/library/std/src/sys/backtrace.rs:39:26
[INFO] [stdout]    4:     0x61d617201383 - core::fmt::rt::Argument::fmt::h4cfc8587d52b3eb5
[INFO] [stdout]                                at /rustc/df4ca44d3fbc9301ee17f30f4d474e6ae4b05252/library/core/src/fmt/rt.rs:177:76
[INFO] [stdout]    5:     0x61d617201383 - core::fmt::write::h522cc39e5b36ae9f
[INFO] [stdout]                                at /rustc/df4ca44d3fbc9301ee17f30f4d474e6ae4b05252/library/core/src/fmt/mod.rs:1190:21
[INFO] [stdout]    6:     0x61d6171d28c3 - std::io::Write::write_fmt::h7d3c26752da97734
[INFO] [stdout]                                at /rustc/df4ca44d3fbc9301ee17f30f4d474e6ae4b05252/library/std/src/io/mod.rs:1839:15
[INFO] [stdout]    7:     0x61d6171d68c2 - std::sys::backtrace::BacktraceLock::print::h4b9e00b29e9c0942
[INFO] [stdout]                                at /rustc/df4ca44d3fbc9301ee17f30f4d474e6ae4b05252/library/std/src/sys/backtrace.rs:42:9
[INFO] [stdout]    8:     0x61d6171d7f0a - std::panicking::default_hook::{{closure}}::hb59b88280d0324d9
[INFO] [stdout]                                at /rustc/df4ca44d3fbc9301ee17f30f4d474e6ae4b05252/library/std/src/panicking.rs:268:22
[INFO] [stdout]    9:     0x61d6171d7d14 - std::panicking::default_hook::he1dd496665be4a29
[INFO] [stdout]                                at /rustc/df4ca44d3fbc9301ee17f30f4d474e6ae4b05252/library/std/src/panicking.rs:292:9
[INFO] [stdout]   10:     0x61d616823fb9 - <alloc::boxed::Box<F,A> as core::ops::function::Fn<Args>>::call::h4ff71de18744e1dc
[INFO] [stdout]                                at /rustc/df4ca44d3fbc9301ee17f30f4d474e6ae4b05252/library/alloc/src/boxed.rs:2468:9
[INFO] [stdout]   11:     0x61d616823fb9 - test::test_main::{{closure}}::hcf7c055ce117aa81
[INFO] [stdout]                                at /rustc/df4ca44d3fbc9301ee17f30f4d474e6ae4b05252/library/test/src/lib.rs:133:21
[INFO] [stdout]   12:     0x61d6171d8608 - <alloc::boxed::Box<F,A> as core::ops::function::Fn<Args>>::call::h1d66c6bbd60c9692
[INFO] [stdout]                                at /rustc/df4ca44d3fbc9301ee17f30f4d474e6ae4b05252/library/alloc/src/boxed.rs:2468:9
[INFO] [stdout]   13:     0x61d6171d8608 - std::panicking::rust_panic_with_hook::h2ff17fe8f26dfcf8
[INFO] [stdout]                                at /rustc/df4ca44d3fbc9301ee17f30f4d474e6ae4b05252/library/std/src/panicking.rs:809:13
[INFO] [stdout]   14:     0x61d6171d83ca - std::panicking::begin_panic_handler::{{closure}}::h4fad77951c07e101
[INFO] [stdout]                                at /rustc/df4ca44d3fbc9301ee17f30f4d474e6ae4b05252/library/std/src/panicking.rs:674:13
[INFO] [stdout]   15:     0x61d6171d6f59 - std::sys::backtrace::__rust_end_short_backtrace::hb1a25b3da5d0ea08
[INFO] [stdout]                                at /rustc/df4ca44d3fbc9301ee17f30f4d474e6ae4b05252/library/std/src/sys/backtrace.rs:170:18
[INFO] [stdout]   16:     0x61d6171d805c - rust_begin_unwind
[INFO] [stdout]                                at /rustc/df4ca44d3fbc9301ee17f30f4d474e6ae4b05252/library/std/src/panicking.rs:665:5
[INFO] [stdout]   17:     0x61d6171feff0 - core::panicking::panic_fmt::ha9db07b529f9b256
[INFO] [stdout]                                at /rustc/df4ca44d3fbc9301ee17f30f4d474e6ae4b05252/library/core/src/panicking.rs:75:14
[INFO] [stdout]   18:     0x61d6171ff4d6 - core::result::unwrap_failed::h5e8218e4d4338b8a
[INFO] [stdout]                                at /rustc/df4ca44d3fbc9301ee17f30f4d474e6ae4b05252/library/core/src/result.rs:1698:5
[INFO] [stdout]   19:     0x61d616547058 - core::result::Result<T,E>::expect::h2dff33a8b1ba9b4c
[INFO] [stdout]                                at /rustc/df4ca44d3fbc9301ee17f30f4d474e6ae4b05252/library/core/src/result.rs:1060:23
[INFO] [stdout]   20:     0x61d616518522 - backends::sqlite::create_remove_db::{{closure}}::hc1605dcd23ecfa32
[INFO] [stdout]                                at /opt/rustwide/workdir/tests/backends.rs:151:17
[INFO] [stdout]   21:     0x61d6164d130f - tokio::runtime::park::CachedParkThread::block_on::{{closure}}::hc785a8166d49f7e2
[INFO] [stdout]                                at /opt/rustwide/cargo-home/registry/src/index.crates.io-6f17d22bba15001f/tokio-1.41.0/src/runtime/park.rs:281:63
[INFO] [stdout]   22:     0x61d6164cca0c - tokio::runtime::coop::with_budget::he080900591d817e2
[INFO] [stdout]                                at /opt/rustwide/cargo-home/registry/src/index.crates.io-6f17d22bba15001f/tokio-1.41.0/src/runtime/coop.rs:107:5
[INFO] [stdout]   23:     0x61d6164cca0c - tokio::runtime::coop::budget::h1142f7383ad2ed24
[INFO] [stdout]                                at /opt/rustwide/cargo-home/registry/src/index.crates.io-6f17d22bba15001f/tokio-1.41.0/src/runtime/coop.rs:73:5
[INFO] [stdout]   24:     0x61d6164cca0c - tokio::runtime::park::CachedParkThread::block_on::hea2f803ccb7882f7
[INFO] [stdout]                                at /opt/rustwide/cargo-home/registry/src/index.crates.io-6f17d22bba15001f/tokio-1.41.0/src/runtime/park.rs:281:31
[INFO] [stdout]   25:     0x61d61654fea5 - tokio::runtime::context::blocking::BlockingRegionGuard::block_on::h8cc434943dc7cb39
[INFO] [stdout]                                at /opt/rustwide/cargo-home/registry/src/index.crates.io-6f17d22bba15001f/tokio-1.41.0/src/runtime/context/blocking.rs:66:9
[INFO] [stdout]   26:     0x61d616560216 - tokio::runtime::scheduler::multi_thread::MultiThread::block_on::{{closure}}::hab4460508385af81
[INFO] [stdout]                                at /opt/rustwide/cargo-home/registry/src/index.crates.io-6f17d22bba15001f/tokio-1.41.0/src/runtime/scheduler/multi_thread/mod.rs:87:13
[INFO] [stdout]   27:     0x61d6164e716b - tokio::runtime::context::runtime::enter_runtime::hdde909e3d3ec7a86
[INFO] [stdout]                                at /opt/rustwide/cargo-home/registry/src/index.crates.io-6f17d22bba15001f/tokio-1.41.0/src/runtime/context/runtime.rs:65:16
[INFO] [stdout]   28:     0x61d61655efb1 - tokio::runtime::scheduler::multi_thread::MultiThread::block_on::h79fdac25731097fe
[INFO] [stdout]                                at /opt/rustwide/cargo-home/registry/src/index.crates.io-6f17d22bba15001f/tokio-1.41.0/src/runtime/scheduler/multi_thread/mod.rs:86:9
[INFO] [stdout]   29:     0x61d616531a9d - tokio::runtime::runtime::Runtime::block_on_inner::hc5f68f71f4d69b87
[INFO] [stdout]                                at /opt/rustwide/cargo-home/registry/src/index.crates.io-6f17d22bba15001f/tokio-1.41.0/src/runtime/runtime.rs:370:45
[INFO] [stdout]   30:     0x61d61653420f - tokio::runtime::runtime::Runtime::block_on::h3dcc20befc1f752a
[INFO] [stdout]                                at /opt/rustwide/cargo-home/registry/src/index.crates.io-6f17d22bba15001f/tokio-1.41.0/src/runtime/runtime.rs:342:13
[INFO] [stdout]   31:     0x61d61653a423 - askar_storage::future::block_on::ha350c90a471a39bb
[INFO] [stdout]                                at /opt/rustwide/workdir/src/future.rs:24:9
[INFO] [stdout]   32:     0x61d61651818c - backends::sqlite::create_remove_db::h9c9b436ca80011c1
[INFO] [stdout]                                at /opt/rustwide/workdir/tests/backends.rs:149:9
[INFO] [stdout]   33:     0x61d616517ed7 - backends::sqlite::create_remove_db::{{closure}}::ha31854d9eacaad63
[INFO] [stdout]                                at /opt/rustwide/workdir/tests/backends.rs:139:26
[INFO] [stdout]   34:     0x61d6164d2866 - core::ops::function::FnOnce::call_once::hf8dcbb39b862390e
[INFO] [stdout]                                at /rustc/df4ca44d3fbc9301ee17f30f4d474e6ae4b05252/library/core/src/ops/function.rs:250:5
[INFO] [stdout]   35:     0x61d61682888b - core::ops::function::FnOnce::call_once::h22c3ba5715e93f05
[INFO] [stdout]                                at /rustc/df4ca44d3fbc9301ee17f30f4d474e6ae4b05252/library/core/src/ops/function.rs:250:5
[INFO] [stdout]   36:     0x61d61682888b - test::__rust_begin_short_backtrace::h8e82d8113d0da17f
[INFO] [stdout]                                at /rustc/df4ca44d3fbc9301ee17f30f4d474e6ae4b05252/library/test/src/lib.rs:621:18
[INFO] [stdout]   37:     0x61d616828207 - test::run_test_in_process::{{closure}}::h33235f4f20b7b7c7
[INFO] [stdout]                                at /rustc/df4ca44d3fbc9301ee17f30f4d474e6ae4b05252/library/test/src/lib.rs:644:60
[INFO] [stdout]   38:     0x61d616828207 - <core::panic::unwind_safe::AssertUnwindSafe<F> as core::ops::function::FnOnce<()>>::call_once::hb5043206310c586f
[INFO] [stdout]                                at /rustc/df4ca44d3fbc9301ee17f30f4d474e6ae4b05252/library/core/src/panic/unwind_safe.rs:272:9
[INFO] [stdout]   39:     0x61d616828207 - std::panicking::try::do_call::h9ad4731a60ab23e2
[INFO] [stdout]                                at /rustc/df4ca44d3fbc9301ee17f30f4d474e6ae4b05252/library/std/src/panicking.rs:557:40
[INFO] [stdout]   40:     0x61d616828207 - std::panicking::try::h3824d23db772a716
[INFO] [stdout]                                at /rustc/df4ca44d3fbc9301ee17f30f4d474e6ae4b05252/library/std/src/panicking.rs:520:19
[INFO] [stdout]   41:     0x61d616828207 - std::panic::catch_unwind::h5afd514605fde46b
[INFO] [stdout]                                at /rustc/df4ca44d3fbc9301ee17f30f4d474e6ae4b05252/library/std/src/panic.rs:358:14
[INFO] [stdout]   42:     0x61d616828207 - test::run_test_in_process::h0d5cbfa7067d1720
[INFO] [stdout]                                at /rustc/df4ca44d3fbc9301ee17f30f4d474e6ae4b05252/library/test/src/lib.rs:644:27
[INFO] [stdout]   43:     0x61d616828207 - test::run_test::{{closure}}::h708eb8872708115d
[INFO] [stdout]                                at /rustc/df4ca44d3fbc9301ee17f30f4d474e6ae4b05252/library/test/src/lib.rs:565:43
[INFO] [stdout]   44:     0x61d6167eb924 - test::run_test::{{closure}}::h392c51cee94713ab
[INFO] [stdout]                                at /rustc/df4ca44d3fbc9301ee17f30f4d474e6ae4b05252/library/test/src/lib.rs:595:41
[INFO] [stdout]   45:     0x61d6167eb924 - std::sys::backtrace::__rust_begin_short_backtrace::h2f40290710935a8b
[INFO] [stdout]                                at /rustc/df4ca44d3fbc9301ee17f30f4d474e6ae4b05252/library/std/src/sys/backtrace.rs:154:18
[INFO] [stdout]   46:     0x61d6167ef0ce - std::thread::Builder::spawn_unchecked_::{{closure}}::{{closure}}::h3fd968d89053a903
[INFO] [stdout]                                at /rustc/df4ca44d3fbc9301ee17f30f4d474e6ae4b05252/library/std/src/thread/mod.rs:541:17
[INFO] [stdout]   47:     0x61d6167ef0ce - <core::panic::unwind_safe::AssertUnwindSafe<F> as core::ops::function::FnOnce<()>>::call_once::h743f637ba4229880
[INFO] [stdout]                                at /rustc/df4ca44d3fbc9301ee17f30f4d474e6ae4b05252/library/core/src/panic/unwind_safe.rs:272:9
[INFO] [stdout]   48:     0x61d6167ef0ce - std::panicking::try::do_call::h07440897322525a6
[INFO] [stdout]                                at /rustc/df4ca44d3fbc9301ee17f30f4d474e6ae4b05252/library/std/src/panicking.rs:557:40
[INFO] [stdout]   49:     0x61d6167ef0ce - std::panicking::try::he5a2e00188156637
[INFO] [stdout]                                at /rustc/df4ca44d3fbc9301ee17f30f4d474e6ae4b05252/library/std/src/panicking.rs:520:19
[INFO] [stdout]   50:     0x61d6167ef0ce - std::panic::catch_unwind::hbaf3cae49b3c6433
[INFO] [stdout]                                at /rustc/df4ca44d3fbc9301ee17f30f4d474e6ae4b05252/library/std/src/panic.rs:358:14
[INFO] [stdout]   51:     0x61d6167ef0ce - std::thread::Builder::spawn_unchecked_::{{closure}}::h8e141ea224820bce
[INFO] [stdout]                                at /rustc/df4ca44d3fbc9301ee17f30f4d474e6ae4b05252/library/std/src/thread/mod.rs:540:30
[INFO] [stdout]   52:     0x61d6167ef0ce - core::ops::function::FnOnce::call_once{{vtable.shim}}::h90d312fedd7b8ea8
[INFO] [stdout]                                at /rustc/df4ca44d3fbc9301ee17f30f4d474e6ae4b05252/library/core/src/ops/function.rs:250:5
[INFO] [stdout]   53:     0x61d6171dc6cb - <alloc::boxed::Box<F,A> as core::ops::function::FnOnce<Args>>::call_once::h69aa08ddb6adb8b6
[INFO] [stdout]                                at /rustc/df4ca44d3fbc9301ee17f30f4d474e6ae4b05252/library/alloc/src/boxed.rs:2454:9
[INFO] [stdout]   54:     0x61d6171dc6cb - <alloc::boxed::Box<F,A> as core::ops::function::FnOnce<Args>>::call_once::h5aa36efdb79c806f
[INFO] [stdout]                                at /rustc/df4ca44d3fbc9301ee17f30f4d474e6ae4b05252/library/alloc/src/boxed.rs:2454:9
[INFO] [stdout]   55:     0x61d6171dc6cb - std::sys::pal::unix::thread::Thread::new::thread_start::h6cd80a1b4be5158d
[INFO] [stdout]                                at /rustc/df4ca44d3fbc9301ee17f30f4d474e6ae4b05252/library/std/src/sys/pal/unix/thread.rs:105:17
[INFO] [stdout]   56:     0x7a279cefaac3 - <unknown>
[INFO] [stdout]   57:     0x7a279cf8ba04 - clone
[INFO] [stdout]   58:                0x0 - <unknown>
[INFO] [stdout] 
[INFO] [stdout] ---- sqlite::copy_db stdout ----
[INFO] [stdout] thread 'sqlite::copy_db' panicked at tests/backends.rs:240:18:
[INFO] [stdout] Error provisioning sqlite store: Error { kind: Backend, cause: Some(Database(SqliteError { code: 14, message: "unable to open database file" })), message: Some("Error creating database pool") }
[INFO] [stdout] stack backtrace:
[INFO] [stdout]    0:     0x61d6171d6a7a - std::backtrace_rs::backtrace::libunwind::trace::h207520d6e9873551
[INFO] [stdout]                                at /rustc/df4ca44d3fbc9301ee17f30f4d474e6ae4b05252/library/std/src/../../backtrace/src/backtrace/libunwind.rs:116:5
[INFO] [stdout]    1:     0x61d6171d6a7a - std::backtrace_rs::backtrace::trace_unsynchronized::h2ed7433f370e3eca
[INFO] [stdout]                                at /rustc/df4ca44d3fbc9301ee17f30f4d474e6ae4b05252/library/std/src/../../backtrace/src/backtrace/mod.rs:66:5
[INFO] [stdout]    2:     0x61d6171d6a7a - std::sys::backtrace::_print_fmt::h916fac51166b18d7
[INFO] [stdout]                                at /rustc/df4ca44d3fbc9301ee17f30f4d474e6ae4b05252/library/std/src/sys/backtrace.rs:66:9
[INFO] [stdout]    3:     0x61d6171d6a7a - <std::sys::backtrace::BacktraceLock::print::DisplayBacktrace as core::fmt::Display>::fmt::ha0a4c9b8ce3802e6
[INFO] [stdout]                                at /rustc/df4ca44d3fbc9301ee17f30f4d474e6ae4b05252/library/std/src/sys/backtrace.rs:39:26
[INFO] [stdout]    4:     0x61d617201383 - core::fmt::rt::Argument::fmt::h4cfc8587d52b3eb5
[INFO] [stdout]                                at /rustc/df4ca44d3fbc9301ee17f30f4d474e6ae4b05252/library/core/src/fmt/rt.rs:177:76
[INFO] [stdout]    5:     0x61d617201383 - core::fmt::write::h522cc39e5b36ae9f
[INFO] [stdout]                                at /rustc/df4ca44d3fbc9301ee17f30f4d474e6ae4b05252/library/core/src/fmt/mod.rs:1190:21
[INFO] [stdout]    6:     0x61d6171d28c3 - std::io::Write::write_fmt::h7d3c26752da97734
[INFO] [stdout]                                at /rustc/df4ca44d3fbc9301ee17f30f4d474e6ae4b05252/library/std/src/io/mod.rs:1839:15
[INFO] [stdout]    7:     0x61d6171d68c2 - std::sys::backtrace::BacktraceLock::print::h4b9e00b29e9c0942
[INFO] [stdout]                                at /rustc/df4ca44d3fbc9301ee17f30f4d474e6ae4b05252/library/std/src/sys/backtrace.rs:42:9
[INFO] [stdout]    8:     0x61d6171d7f0a - std::panicking::default_hook::{{closure}}::hb59b88280d0324d9
[INFO] [stdout]                                at /rustc/df4ca44d3fbc9301ee17f30f4d474e6ae4b05252/library/std/src/panicking.rs:268:22
[INFO] [stdout]    9:     0x61d6171d7d14 - std::panicking::default_hook::he1dd496665be4a29
[INFO] [stdout]                                at /rustc/df4ca44d3fbc9301ee17f30f4d474e6ae4b05252/library/std/src/panicking.rs:292:9
[INFO] [stdout]   10:     0x61d616823fb9 - <alloc::boxed::Box<F,A> as core::ops::function::Fn<Args>>::call::h4ff71de18744e1dc
[INFO] [stdout]                                at /rustc/df4ca44d3fbc9301ee17f30f4d474e6ae4b05252/library/alloc/src/boxed.rs:2468:9
[INFO] [stdout]   11:     0x61d616823fb9 - test::test_main::{{closure}}::hcf7c055ce117aa81
[INFO] [stdout]                                at /rustc/df4ca44d3fbc9301ee17f30f4d474e6ae4b05252/library/test/src/lib.rs:133:21
[INFO] [stdout]   12:     0x61d6171d8608 - <alloc::boxed::Box<F,A> as core::ops::function::Fn<Args>>::call::h1d66c6bbd60c9692
[INFO] [stdout]                                at /rustc/df4ca44d3fbc9301ee17f30f4d474e6ae4b05252/library/alloc/src/boxed.rs:2468:9
[INFO] [stdout]   13:     0x61d6171d8608 - std::panicking::rust_panic_with_hook::h2ff17fe8f26dfcf8
[INFO] [stdout]                                at /rustc/df4ca44d3fbc9301ee17f30f4d474e6ae4b05252/library/std/src/panicking.rs:809:13
[INFO] [stdout]   14:     0x61d6171d83ca - std::panicking::begin_panic_handler::{{closure}}::h4fad77951c07e101
[INFO] [stdout]                                at /rustc/df4ca44d3fbc9301ee17f30f4d474e6ae4b05252/library/std/src/panicking.rs:674:13
[INFO] [stdout]   15:     0x61d6171d6f59 - std::sys::backtrace::__rust_end_short_backtrace::hb1a25b3da5d0ea08
[INFO] [stdout]                                at /rustc/df4ca44d3fbc9301ee17f30f4d474e6ae4b05252/library/std/src/sys/backtrace.rs:170:18
[INFO] [stdout]   16:     0x61d6171d805c - rust_begin_unwind
[INFO] [stdout]                                at /rustc/df4ca44d3fbc9301ee17f30f4d474e6ae4b05252/library/std/src/panicking.rs:665:5
[INFO] [stdout]   17:     0x61d6171feff0 - core::panicking::panic_fmt::ha9db07b529f9b256
[INFO] [stdout]                                at /rustc/df4ca44d3fbc9301ee17f30f4d474e6ae4b05252/library/core/src/panicking.rs:75:14
[INFO] [stdout]   18:     0x61d6171ff4d6 - core::result::unwrap_failed::h5e8218e4d4338b8a
[INFO] [stdout]                                at /rustc/df4ca44d3fbc9301ee17f30f4d474e6ae4b05252/library/core/src/result.rs:1698:5
[INFO] [stdout]   19:     0x61d6165475ac - core::result::Result<T,E>::expect::h9c1f1fd034bd3732
[INFO] [stdout]                                at /rustc/df4ca44d3fbc9301ee17f30f4d474e6ae4b05252/library/core/src/result.rs:1060:23
[INFO] [stdout]   20:     0x61d61651b23b - backends::sqlite::copy_db::{{closure}}::h1021c2cef4c5e859
[INFO] [stdout]                                at /opt/rustwide/workdir/tests/backends.rs:236:26
[INFO] [stdout]   21:     0x61d6164d06cf - tokio::runtime::park::CachedParkThread::block_on::{{closure}}::h5807dfa3faa06b78
[INFO] [stdout]                                at /opt/rustwide/cargo-home/registry/src/index.crates.io-6f17d22bba15001f/tokio-1.41.0/src/runtime/park.rs:281:63
[INFO] [stdout]   22:     0x61d6164b88c6 - tokio::runtime::coop::with_budget::h8dd39c401ca61102
[INFO] [stdout]                                at /opt/rustwide/cargo-home/registry/src/index.crates.io-6f17d22bba15001f/tokio-1.41.0/src/runtime/coop.rs:107:5
[INFO] [stdout]   23:     0x61d6164b88c6 - tokio::runtime::coop::budget::hf6139af3282cee57
[INFO] [stdout]                                at /opt/rustwide/cargo-home/registry/src/index.crates.io-6f17d22bba15001f/tokio-1.41.0/src/runtime/coop.rs:73:5
[INFO] [stdout]   24:     0x61d6164b88c6 - tokio::runtime::park::CachedParkThread::block_on::h31b7e90263aa8922
[INFO] [stdout]                                at /opt/rustwide/cargo-home/registry/src/index.crates.io-6f17d22bba15001f/tokio-1.41.0/src/runtime/park.rs:281:31
[INFO] [stdout]   25:     0x61d616551703 - tokio::runtime::context::blocking::BlockingRegionGuard::block_on::hf18ef413450f22a6
[INFO] [stdout]                                at /opt/rustwide/cargo-home/registry/src/index.crates.io-6f17d22bba15001f/tokio-1.41.0/src/runtime/context/blocking.rs:66:9
[INFO] [stdout]   26:     0x61d616560278 - tokio::runtime::scheduler::multi_thread::MultiThread::block_on::{{closure}}::hac65b6cc10c79dbc
[INFO] [stdout]                                at /opt/rustwide/cargo-home/registry/src/index.crates.io-6f17d22bba15001f/tokio-1.41.0/src/runtime/scheduler/multi_thread/mod.rs:87:13
[INFO] [stdout]   27:     0x61d6164e403b - tokio::runtime::context::runtime::enter_runtime::ha8cccf2852b29776
[INFO] [stdout]                                at /opt/rustwide/cargo-home/registry/src/index.crates.io-6f17d22bba15001f/tokio-1.41.0/src/runtime/context/runtime.rs:65:16
[INFO] [stdout]   28:     0x61d61655f3d3 - tokio::runtime::scheduler::multi_thread::MultiThread::block_on::hd5d2e79d54576457
[INFO] [stdout]                                at /opt/rustwide/cargo-home/registry/src/index.crates.io-6f17d22bba15001f/tokio-1.41.0/src/runtime/scheduler/multi_thread/mod.rs:86:9
[INFO] [stdout]   29:     0x61d6165318fd - tokio::runtime::runtime::Runtime::block_on_inner::hc3ee43f98ae358a2
[INFO] [stdout]                                at /opt/rustwide/cargo-home/registry/src/index.crates.io-6f17d22bba15001f/tokio-1.41.0/src/runtime/runtime.rs:370:45
[INFO] [stdout]   30:     0x61d616534c3f - tokio::runtime::runtime::Runtime::block_on::h808aa093e52ef9bf
[INFO] [stdout]                                at /opt/rustwide/cargo-home/registry/src/index.crates.io-6f17d22bba15001f/tokio-1.41.0/src/runtime/runtime.rs:342:13
[INFO] [stdout]   31:     0x61d61653ae21 - askar_storage::future::block_on::hcae814c6ddb3a350
[INFO] [stdout]                                at /opt/rustwide/workdir/src/future.rs:24:9
[INFO] [stdout]   32:     0x61d61651ad1c - backends::sqlite::copy_db::ha4c63cdcb65e602b
[INFO] [stdout]                                at /opt/rustwide/workdir/tests/backends.rs:235:9
[INFO] [stdout]   33:     0x61d61651a947 - backends::sqlite::copy_db::{{closure}}::hc79d516bc1593aed
[INFO] [stdout]                                at /opt/rustwide/workdir/tests/backends.rs:228:17
[INFO] [stdout]   34:     0x61d6164d20f6 - core::ops::function::FnOnce::call_once::h7de097d0bd3e296a
[INFO] [stdout]                                at /rustc/df4ca44d3fbc9301ee17f30f4d474e6ae4b05252/library/core/src/ops/function.rs:250:5
[INFO] [stdout]   35:     0x61d61682888b - core::ops::function::FnOnce::call_once::h22c3ba5715e93f05
[INFO] [stdout]                                at /rustc/df4ca44d3fbc9301ee17f30f4d474e6ae4b05252/library/core/src/ops/function.rs:250:5
[INFO] [stdout]   36:     0x61d61682888b - test::__rust_begin_short_backtrace::h8e82d8113d0da17f
[INFO] [stdout]                                at /rustc/df4ca44d3fbc9301ee17f30f4d474e6ae4b05252/library/test/src/lib.rs:621:18
[INFO] [stdout]   37:     0x61d616828207 - test::run_test_in_process::{{closure}}::h33235f4f20b7b7c7
[INFO] [stdout]                                at /rustc/df4ca44d3fbc9301ee17f30f4d474e6ae4b05252/library/test/src/lib.rs:644:60
[INFO] [stdout]   38:     0x61d616828207 - <core::panic::unwind_safe::AssertUnwindSafe<F> as core::ops::function::FnOnce<()>>::call_once::hb5043206310c586f
[INFO] [stdout]                                at /rustc/df4ca44d3fbc9301ee17f30f4d474e6ae4b05252/library/core/src/panic/unwind_safe.rs:272:9
[INFO] [stdout]   39:     0x61d616828207 - std::panicking::try::do_call::h9ad4731a60ab23e2
[INFO] [stdout]                                at /rustc/df4ca44d3fbc9301ee17f30f4d474e6ae4b05252/library/std/src/panicking.rs:557:40
[INFO] [stdout]   40:     0x61d616828207 - std::panicking::try::h3824d23db772a716
[INFO] [stdout]                                at /rustc/df4ca44d3fbc9301ee17f30f4d474e6ae4b05252/library/std/src/panicking.rs:520:19
[INFO] [stdout]   41:     0x61d616828207 - std::panic::catch_unwind::h5afd514605fde46b
[INFO] [stdout]                                at /rustc/df4ca44d3fbc9301ee17f30f4d474e6ae4b05252/library/std/src/panic.rs:358:14
[INFO] [stdout]   42:     0x61d616828207 - test::run_test_in_process::h0d5cbfa7067d1720
[INFO] [stdout]                                at /rustc/df4ca44d3fbc9301ee17f30f4d474e6ae4b05252/library/test/src/lib.rs:644:27
[INFO] [stdout]   43:     0x61d616828207 - test::run_test::{{closure}}::h708eb8872708115d
[INFO] [stdout]                                at /rustc/df4ca44d3fbc9301ee17f30f4d474e6ae4b05252/library/test/src/lib.rs:565:43
[INFO] [stdout]   44:     0x61d6167eb924 - test::run_test::{{closure}}::h392c51cee94713ab
[INFO] [stdout]                                at /rustc/df4ca44d3fbc9301ee17f30f4d474e6ae4b05252/library/test/src/lib.rs:595:41
[INFO] [stdout]   45:     0x61d6167eb924 - std::sys::backtrace::__rust_begin_short_backtrace::h2f40290710935a8b
[INFO] [stdout]                                at /rustc/df4ca44d3fbc9301ee17f30f4d474e6ae4b05252/library/std/src/sys/backtrace.rs:154:18
[INFO] [stdout]   46:     0x61d6167ef0ce - std::thread::Builder::spawn_unchecked_::{{closure}}::{{closure}}::h3fd968d89053a903
[INFO] [stdout]                                at /rustc/df4ca44d3fbc9301ee17f30f4d474e6ae4b05252/library/std/src/thread/mod.rs:541:17
[INFO] [stdout]   47:     0x61d6167ef0ce - <core::panic::unwind_safe::AssertUnwindSafe<F> as core::ops::function::FnOnce<()>>::call_once::h743f637ba4229880
[INFO] [stdout]                                at /rustc/df4ca44d3fbc9301ee17f30f4d474e6ae4b05252/library/core/src/panic/unwind_safe.rs:272:9
[INFO] [stdout]   48:     0x61d6167ef0ce - std::panicking::try::do_call::h07440897322525a6
[INFO] [stdout]                                at /rustc/df4ca44d3fbc9301ee17f30f4d474e6ae4b05252/library/std/src/panicking.rs:557:40
[INFO] [stdout]   49:     0x61d6167ef0ce - std::panicking::try::he5a2e00188156637
[INFO] [stdout]                                at /rustc/df4ca44d3fbc9301ee17f30f4d474e6ae4b05252/library/std/src/panicking.rs:520:19
[INFO] [stdout]   50:     0x61d6167ef0ce - std::panic::catch_unwind::hbaf3cae49b3c6433
[INFO] [stdout]                                at /rustc/df4ca44d3fbc9301ee17f30f4d474e6ae4b05252/library/std/src/panic.rs:358:14
[INFO] [stdout]   51:     0x61d6167ef0ce - std::thread::Builder::spawn_unchecked_::{{closure}}::h8e141ea224820bce
[INFO] [stdout]                                at /rustc/df4ca44d3fbc9301ee17f30f4d474e6ae4b05252/library/std/src/thread/mod.rs:540:30
[INFO] [stdout]   52:     0x61d6167ef0ce - core::ops::function::FnOnce::call_once{{vtable.shim}}::h90d312fedd7b8ea8
[INFO] [stdout]                                at /rustc/df4ca44d3fbc9301ee17f30f4d474e6ae4b05252/library/core/src/ops/function.rs:250:5
[INFO] [stdout]   53:     0x61d6171dc6cb - <alloc::boxed::Box<F,A> as core::ops::function::FnOnce<Args>>::call_once::h69aa08ddb6adb8b6
[INFO] [stdout]                                at /rustc/df4ca44d3fbc9301ee17f30f4d474e6ae4b05252/library/alloc/src/boxed.rs:2454:9
[INFO] [stdout]   54:     0x61d6171dc6cb - <alloc::boxed::Box<F,A> as core::ops::function::FnOnce<Args>>::call_once::h5aa36efdb79c806f
[INFO] [stdout]                                at /rustc/df4ca44d3fbc9301ee17f30f4d474e6ae4b05252/library/alloc/src/boxed.rs:2454:9
[INFO] [stdout]   55:     0x61d6171dc6cb - std::sys::pal::unix::thread::Thread::new::thread_start::h6cd80a1b4be5158d
[INFO] [stdout]                                at /rustc/df4ca44d3fbc9301ee17f30f4d474e6ae4b05252/library/std/src/sys/pal/unix/thread.rs:105:17
[INFO] [stdout]   56:     0x7a279cefaac3 - <unknown>
[INFO] [stdout]   57:     0x7a279cf8ba04 - clone
[INFO] [stdout]   58:                0x0 - <unknown>
[INFO] [stdout] 
[INFO] [stdout] ---- sqlite::rekey_db stdout ----
[INFO] [stdout] thread 'sqlite::rekey_db' panicked at tests/backends.rs:201:18:
[INFO] [stdout] Error provisioning sqlite store: Error { kind: Backend, cause: Some(Database(SqliteError { code: 14, message: "unable to open database file" })), message: Some("Error creating database pool") }
[INFO] [stdout] stack backtrace:
[INFO] [stdout]    0:     0x61d6171d6a7a - std::backtrace_rs::backtrace::libunwind::trace::h207520d6e9873551
[INFO] [stdout]                                at /rustc/df4ca44d3fbc9301ee17f30f4d474e6ae4b05252/library/std/src/../../backtrace/src/backtrace/libunwind.rs:116:5
[INFO] [stdout]    1:     0x61d6171d6a7a - std::backtrace_rs::backtrace::trace_unsynchronized::h2ed7433f370e3eca
[INFO] [stdout]                                at /rustc/df4ca44d3fbc9301ee17f30f4d474e6ae4b05252/library/std/src/../../backtrace/src/backtrace/mod.rs:66:5
[INFO] [stdout]    2:     0x61d6171d6a7a - std::sys::backtrace::_print_fmt::h916fac51166b18d7
[INFO] [stdout]                                at /rustc/df4ca44d3fbc9301ee17f30f4d474e6ae4b05252/library/std/src/sys/backtrace.rs:66:9
[INFO] [stdout]    3:     0x61d6171d6a7a - <std::sys::backtrace::BacktraceLock::print::DisplayBacktrace as core::fmt::Display>::fmt::ha0a4c9b8ce3802e6
[INFO] [stdout]                                at /rustc/df4ca44d3fbc9301ee17f30f4d474e6ae4b05252/library/std/src/sys/backtrace.rs:39:26
[INFO] [stdout]    4:     0x61d617201383 - core::fmt::rt::Argument::fmt::h4cfc8587d52b3eb5
[INFO] [stdout]                                at /rustc/df4ca44d3fbc9301ee17f30f4d474e6ae4b05252/library/core/src/fmt/rt.rs:177:76
[INFO] [stdout]    5:     0x61d617201383 - core::fmt::write::h522cc39e5b36ae9f
[INFO] [stdout]                                at /rustc/df4ca44d3fbc9301ee17f30f4d474e6ae4b05252/library/core/src/fmt/mod.rs:1190:21
[INFO] [stdout]    6:     0x61d6171d28c3 - std::io::Write::write_fmt::h7d3c26752da97734
[INFO] [stdout]                                at /rustc/df4ca44d3fbc9301ee17f30f4d474e6ae4b05252/library/std/src/io/mod.rs:1839:15
[INFO] [stdout]    7:     0x61d6171d68c2 - std::sys::backtrace::BacktraceLock::print::h4b9e00b29e9c0942
[INFO] [stdout]                                at /rustc/df4ca44d3fbc9301ee17f30f4d474e6ae4b05252/library/std/src/sys/backtrace.rs:42:9
[INFO] [stdout]    8:     0x61d6171d7f0a - std::panicking::default_hook::{{closure}}::hb59b88280d0324d9
[INFO] [stdout]                                at /rustc/df4ca44d3fbc9301ee17f30f4d474e6ae4b05252/library/std/src/panicking.rs:268:22
[INFO] [stdout]    9:     0x61d6171d7d14 - std::panicking::default_hook::he1dd496665be4a29
[INFO] [stdout]                                at /rustc/df4ca44d3fbc9301ee17f30f4d474e6ae4b05252/library/std/src/panicking.rs:292:9
[INFO] [stdout]   10:     0x61d616823fb9 - <alloc::boxed::Box<F,A> as core::ops::function::Fn<Args>>::call::h4ff71de18744e1dc
[INFO] [stdout]                                at /rustc/df4ca44d3fbc9301ee17f30f4d474e6ae4b05252/library/alloc/src/boxed.rs:2468:9
[INFO] [stdout]   11:     0x61d616823fb9 - test::test_main::{{closure}}::hcf7c055ce117aa81
[INFO] [stdout]                                at /rustc/df4ca44d3fbc9301ee17f30f4d474e6ae4b05252/library/test/src/lib.rs:133:21
[INFO] [stdout]   12:     0x61d6171d8608 - <alloc::boxed::Box<F,A> as core::ops::function::Fn<Args>>::call::h1d66c6bbd60c9692
[INFO] [stdout]                                at /rustc/df4ca44d3fbc9301ee17f30f4d474e6ae4b05252/library/alloc/src/boxed.rs:2468:9
[INFO] [stdout]   13:     0x61d6171d8608 - std::panicking::rust_panic_with_hook::h2ff17fe8f26dfcf8
[INFO] [stdout]                                at /rustc/df4ca44d3fbc9301ee17f30f4d474e6ae4b05252/library/std/src/panicking.rs:809:13
[INFO] [stdout]   14:     0x61d6171d83ca - std::panicking::begin_panic_handler::{{closure}}::h4fad77951c07e101
[INFO] [stdout]                                at /rustc/df4ca44d3fbc9301ee17f30f4d474e6ae4b05252/library/std/src/panicking.rs:674:13
[INFO] [stdout]   15:     0x61d6171d6f59 - std::sys::backtrace::__rust_end_short_backtrace::hb1a25b3da5d0ea08
[INFO] [stdout]                                at /rustc/df4ca44d3fbc9301ee17f30f4d474e6ae4b05252/library/std/src/sys/backtrace.rs:170:18
[INFO] [stdout]   16:     0x61d6171d805c - rust_begin_unwind
[INFO] [stdout]                                at /rustc/df4ca44d3fbc9301ee17f30f4d474e6ae4b05252/library/std/src/panicking.rs:665:5
[INFO] [stdout]   17:     0x61d6171feff0 - core::panicking::panic_fmt::ha9db07b529f9b256
[INFO] [stdout]                                at /rustc/df4ca44d3fbc9301ee17f30f4d474e6ae4b05252/library/core/src/panicking.rs:75:14
[INFO] [stdout]   18:     0x61d6171ff4d6 - core::result::unwrap_failed::h5e8218e4d4338b8a
[INFO] [stdout]                                at /rustc/df4ca44d3fbc9301ee17f30f4d474e6ae4b05252/library/core/src/result.rs:1698:5
[INFO] [stdout]   19:     0x61d6165475ac - core::result::Result<T,E>::expect::h9c1f1fd034bd3732
[INFO] [stdout]                                at /rustc/df4ca44d3fbc9301ee17f30f4d474e6ae4b05252/library/core/src/result.rs:1060:23
[INFO] [stdout]   20:     0x61d616519d7c - backends::sqlite::rekey_db::{{closure}}::hc3bd44289e4e2095
[INFO] [stdout]                                at /opt/rustwide/workdir/tests/backends.rs:197:29
[INFO] [stdout]   21:     0x61d6164d09cf - tokio::runtime::park::CachedParkThread::block_on::{{closure}}::h6fe86002fe0a0350
[INFO] [stdout]                                at /opt/rustwide/cargo-home/registry/src/index.crates.io-6f17d22bba15001f/tokio-1.41.0/src/runtime/park.rs:281:63
[INFO] [stdout]   22:     0x61d6164c9c16 - tokio::runtime::coop::with_budget::h35db8b1af2bfc73b
[INFO] [stdout]                                at /opt/rustwide/cargo-home/registry/src/index.crates.io-6f17d22bba15001f/tokio-1.41.0/src/runtime/coop.rs:107:5
[INFO] [stdout]   23:     0x61d6164c9c16 - tokio::runtime::coop::budget::h100d10b4a838515f
[INFO] [stdout]                                at /opt/rustwide/cargo-home/registry/src/index.crates.io-6f17d22bba15001f/tokio-1.41.0/src/runtime/coop.rs:73:5
[INFO] [stdout]   24:     0x61d6164c9c16 - tokio::runtime::park::CachedParkThread::block_on::hc253cc25c898744a
[INFO] [stdout]                                at /opt/rustwide/cargo-home/registry/src/index.crates.io-6f17d22bba15001f/tokio-1.41.0/src/runtime/park.rs:281:31
[INFO] [stdout]   25:     0x61d616550da3 - tokio::runtime::context::blocking::BlockingRegionGuard::block_on::hba7ec9d26e0f8773
[INFO] [stdout]                                at /opt/rustwide/cargo-home/registry/src/index.crates.io-6f17d22bba15001f/tokio-1.41.0/src/runtime/context/blocking.rs:66:9
[INFO] [stdout]   26:     0x61d61655f998 - tokio::runtime::scheduler::multi_thread::MultiThread::block_on::{{closure}}::h29184dfee57191f7
[INFO] [stdout]                                at /opt/rustwide/cargo-home/registry/src/index.crates.io-6f17d22bba15001f/tokio-1.41.0/src/runtime/scheduler/multi_thread/mod.rs:87:13
[INFO] [stdout]   27:     0x61d6164dba7b - tokio::runtime::context::runtime::enter_runtime::h07dadb90358295f6
[INFO] [stdout]                                at /opt/rustwide/cargo-home/registry/src/index.crates.io-6f17d22bba15001f/tokio-1.41.0/src/runtime/context/runtime.rs:65:16
[INFO] [stdout]   28:     0x61d61655f233 - tokio::runtime::scheduler::multi_thread::MultiThread::block_on::ha5a59326bad55028
[INFO] [stdout]                                at /opt/rustwide/cargo-home/registry/src/index.crates.io-6f17d22bba15001f/tokio-1.41.0/src/runtime/scheduler/multi_thread/mod.rs:86:9
[INFO] [stdout]   29:     0x61d61653073d - tokio::runtime::runtime::Runtime::block_on_inner::h904a3d5f2d1fcfcb
[INFO] [stdout]                                at /opt/rustwide/cargo-home/registry/src/index.crates.io-6f17d22bba15001f/tokio-1.41.0/src/runtime/runtime.rs:370:45
[INFO] [stdout]   30:     0x61d616533f8f - tokio::runtime::runtime::Runtime::block_on::h3a75c4196bdd38f8
[INFO] [stdout]                                at /opt/rustwide/cargo-home/registry/src/index.crates.io-6f17d22bba15001f/tokio-1.41.0/src/runtime/runtime.rs:342:13
[INFO] [stdout]   31:     0x61d61653b0a1 - askar_storage::future::block_on::hccbf9e6d6691aebf
[INFO] [stdout]                                at /opt/rustwide/workdir/src/future.rs:24:9
[INFO] [stdout]   32:     0x61d61651984c - backends::sqlite::rekey_db::h8b11ffbd08dbcf3d
[INFO] [stdout]                                at /opt/rustwide/workdir/tests/backends.rs:196:9
[INFO] [stdout]   33:     0x61d616519557 - backends::sqlite::rekey_db::{{closure}}::hec85c89c28552b15
[INFO] [stdout]                                at /opt/rustwide/workdir/tests/backends.rs:189:18
[INFO] [stdout]   34:     0x61d6164d2246 - core::ops::function::FnOnce::call_once::h9a1268265ac6fbf4
[INFO] [stdout]                                at /rustc/df4ca44d3fbc9301ee17f30f4d474e6ae4b05252/library/core/src/ops/function.rs:250:5
[INFO] [stdout]   35:     0x61d61682888b - core::ops::function::FnOnce::call_once::h22c3ba5715e93f05
[INFO] [stdout]                                at /rustc/df4ca44d3fbc9301ee17f30f4d474e6ae4b05252/library/core/src/ops/function.rs:250:5
[INFO] [stdout]   36:     0x61d61682888b - test::__rust_begin_short_backtrace::h8e82d8113d0da17f
[INFO] [stdout]                                at /rustc/df4ca44d3fbc9301ee17f30f4d474e6ae4b05252/library/test/src/lib.rs:621:18
[INFO] [stdout]   37:     0x61d616828207 - test::run_test_in_process::{{closure}}::h33235f4f20b7b7c7
[INFO] [stdout]                                at /rustc/df4ca44d3fbc9301ee17f30f4d474e6ae4b05252/library/test/src/lib.rs:644:60
[INFO] [stdout]   38:     0x61d616828207 - <core::panic::unwind_safe::AssertUnwindSafe<F> as core::ops::function::FnOnce<()>>::call_once::hb5043206310c586f
[INFO] [stdout]                                at /rustc/df4ca44d3fbc9301ee17f30f4d474e6ae4b05252/library/core/src/panic/unwind_safe.rs:272:9
[INFO] [stdout]   39:     0x61d616828207 - std::panicking::try::do_call::h9ad4731a60ab23e2
[INFO] [stdout]                                at /rustc/df4ca44d3fbc9301ee17f30f4d474e6ae4b05252/library/std/src/panicking.rs:557:40
[INFO] [stdout]   40:     0x61d616828207 - std::panicking::try::h3824d23db772a716
[INFO] [stdout]                                at /rustc/df4ca44d3fbc9301ee17f30f4d474e6ae4b05252/library/std/src/panicking.rs:520:19
[INFO] [stdout]   41:     0x61d616828207 - std::panic::catch_unwind::h5afd514605fde46b
[INFO] [stdout]                                at /rustc/df4ca44d3fbc9301ee17f30f4d474e6ae4b05252/library/std/src/panic.rs:358:14
[INFO] [stdout]   42:     0x61d616828207 - test::run_test_in_process::h0d5cbfa7067d1720
[INFO] [stdout]                                at /rustc/df4ca44d3fbc9301ee17f30f4d474e6ae4b05252/library/test/src/lib.rs:644:27
[INFO] [stdout]   43:     0x61d616828207 - test::run_test::{{closure}}::h708eb8872708115d
[INFO] [stdout]                                at /rustc/df4ca44d3fbc9301ee17f30f4d474e6ae4b05252/library/test/src/lib.rs:565:43
[INFO] [stdout]   44:     0x61d6167eb924 - test::run_test::{{closure}}::h392c51cee94713ab
[INFO] [stdout]                                at /rustc/df4ca44d3fbc9301ee17f30f4d474e6ae4b05252/library/test/src/lib.rs:595:41
[INFO] [stdout]   45:     0x61d6167eb924 - std::sys::backtrace::__rust_begin_short_backtrace::h2f40290710935a8b
[INFO] [stdout]                                at /rustc/df4ca44d3fbc9301ee17f30f4d474e6ae4b05252/library/std/src/sys/backtrace.rs:154:18
[INFO] [stdout]   46:     0x61d6167ef0ce - std::thread::Builder::spawn_unchecked_::{{closure}}::{{closure}}::h3fd968d89053a903
[INFO] [stdout]                                at /rustc/df4ca44d3fbc9301ee17f30f4d474e6ae4b05252/library/std/src/thread/mod.rs:541:17
[INFO] [stdout]   47:     0x61d6167ef0ce - <core::panic::unwind_safe::AssertUnwindSafe<F> as core::ops::function::FnOnce<()>>::call_once::h743f637ba4229880
[INFO] [stdout]                                at /rustc/df4ca44d3fbc9301ee17f30f4d474e6ae4b05252/library/core/src/panic/unwind_safe.rs:272:9
[INFO] [stdout]   48:     0x61d6167ef0ce - std::panicking::try::do_call::h07440897322525a6
[INFO] [stdout]                                at /rustc/df4ca44d3fbc9301ee17f30f4d474e6ae4b05252/library/std/src/panicking.rs:557:40
[INFO] [stdout]   49:     0x61d6167ef0ce - std::panicking::try::he5a2e00188156637
[INFO] [stdout]                                at /rustc/df4ca44d3fbc9301ee17f30f4d474e6ae4b05252/library/std/src/panicking.rs:520:19
[INFO] [stdout]   50:     0x61d6167ef0ce - std::panic::catch_unwind::hbaf3cae49b3c6433
[INFO] [stdout]                                at /rustc/df4ca44d3fbc9301ee17f30f4d474e6ae4b05252/library/std/src/panic.rs:358:14
[INFO] [stdout]   51:     0x61d6167ef0ce - std::thread::Builder::spawn_unchecked_::{{closure}}::h8e141ea224820bce
[INFO] [stdout]                                at /rustc/df4ca44d3fbc9301ee17f30f4d474e6ae4b05252/library/std/src/thread/mod.rs:540:30
[INFO] [stdout]   52:     0x61d6167ef0ce - core::ops::function::FnOnce::call_once{{vtable.shim}}::h90d312fedd7b8ea8
[INFO] [stdout]                                at /rustc/df4ca44d3fbc9301ee17f30f4d474e6ae4b05252/library/core/src/ops/function.rs:250:5
[INFO] [stdout]   53:     0x61d6171dc6cb - <alloc::boxed::Box<F,A> as core::ops::function::FnOnce<Args>>::call_once::h69aa08ddb6adb8b6
[INFO] [stdout]                                at /rustc/df4ca44d3fbc9301ee17f30f4d474e6ae4b05252/library/alloc/src/boxed.rs:2454:9
[INFO] [stdout]   54:     0x61d6171dc6cb - <alloc::boxed::Box<F,A> as core::ops::function::FnOnce<Args>>::call_once::h5aa36efdb79c806f
[INFO] [stdout]                                at /rustc/df4ca44d3fbc9301ee17f30f4d474e6ae4b05252/library/alloc/src/boxed.rs:2454:9
[INFO] [stdout]   55:     0x61d6171dc6cb - std::sys::pal::unix::thread::Thread::new::thread_start::h6cd80a1b4be5158d
[INFO] [stdout]                                at /rustc/df4ca44d3fbc9301ee17f30f4d474e6ae4b05252/library/std/src/sys/pal/unix/thread.rs:105:17
[INFO] [stdout]   56:     0x7a279cefaac3 - <unknown>
[INFO] [stdout]   57:     0x7a279cf8ba04 - clone
[INFO] [stdout]   58:                0x0 - <unknown>
[INFO] [stdout] 
[INFO] [stdout] ---- sqlite::txn_contention_file stdout ----
[INFO] [stdout] thread 'sqlite::txn_contention_file' panicked at tests/backends.rs:291:18:
[INFO] [stdout] Error provisioning sqlite store: Error { kind: Backend, cause: Some(Os { code: 30, kind: ReadOnlyFilesystem, message: "Read-only file system" }), message: Some("Error removing file") }
[INFO] [stdout] stack backtrace:
[INFO] [stdout]    0:     0x61d6171d6a7a - std::backtrace_rs::backtrace::libunwind::trace::h207520d6e9873551
[INFO] [stdout]                                at /rustc/df4ca44d3fbc9301ee17f30f4d474e6ae4b05252/library/std/src/../../backtrace/src/backtrace/libunwind.rs:116:5
[INFO] [stdout]    1:     0x61d6171d6a7a - std::backtrace_rs::backtrace::trace_unsynchronized::h2ed7433f370e3eca
[INFO] [stdout]                                at /rustc/df4ca44d3fbc9301ee17f30f4d474e6ae4b05252/library/std/src/../../backtrace/src/backtrace/mod.rs:66:5
[INFO] [stdout]    2:     0x61d6171d6a7a - std::sys::backtrace::_print_fmt::h916fac51166b18d7
[INFO] [stdout]                                at /rustc/df4ca44d3fbc9301ee17f30f4d474e6ae4b05252/library/std/src/sys/backtrace.rs:66:9
[INFO] [stdout]    3:     0x61d6171d6a7a - <std::sys::backtrace::BacktraceLock::print::DisplayBacktrace as core::fmt::Display>::fmt::ha0a4c9b8ce3802e6
[INFO] [stdout]                                at /rustc/df4ca44d3fbc9301ee17f30f4d474e6ae4b05252/library/std/src/sys/backtrace.rs:39:26
[INFO] [stdout]    4:     0x61d617201383 - core::fmt::rt::Argument::fmt::h4cfc8587d52b3eb5
[INFO] [stdout]                                at /rustc/df4ca44d3fbc9301ee17f30f4d474e6ae4b05252/library/core/src/fmt/rt.rs:177:76
[INFO] [stdout]    5:     0x61d617201383 - core::fmt::write::h522cc39e5b36ae9f
[INFO] [stdout]                                at /rustc/df4ca44d3fbc9301ee17f30f4d474e6ae4b05252/library/core/src/fmt/mod.rs:1190:21
[INFO] [stdout]    6:     0x61d6171d28c3 - std::io::Write::write_fmt::h7d3c26752da97734
[INFO] [stdout]                                at /rustc/df4ca44d3fbc9301ee17f30f4d474e6ae4b05252/library/std/src/io/mod.rs:1839:15
[INFO] [stdout]    7:     0x61d6171d68c2 - std::sys::backtrace::BacktraceLock::print::h4b9e00b29e9c0942
[INFO] [stdout]                                at /rustc/df4ca44d3fbc9301ee17f30f4d474e6ae4b05252/library/std/src/sys/backtrace.rs:42:9
[INFO] [stdout]    8:     0x61d6171d7f0a - std::panicking::default_hook::{{closure}}::hb59b88280d0324d9
[INFO] [stdout]                                at /rustc/df4ca44d3fbc9301ee17f30f4d474e6ae4b05252/library/std/src/panicking.rs:268:22
[INFO] [stdout]    9:     0x61d6171d7d14 - std::panicking::default_hook::he1dd496665be4a29
[INFO] [stdout]                                at /rustc/df4ca44d3fbc9301ee17f30f4d474e6ae4b05252/library/std/src/panicking.rs:292:9
[INFO] [stdout]   10:     0x61d616823fb9 - <alloc::boxed::Box<F,A> as core::ops::function::Fn<Args>>::call::h4ff71de18744e1dc
[INFO] [stdout]                                at /rustc/df4ca44d3fbc9301ee17f30f4d474e6ae4b05252/library/alloc/src/boxed.rs:2468:9
[INFO] [stdout]   11:     0x61d616823fb9 - test::test_main::{{closure}}::hcf7c055ce117aa81
[INFO] [stdout]                                at /rustc/df4ca44d3fbc9301ee17f30f4d474e6ae4b05252/library/test/src/lib.rs:133:21
[INFO] [stdout]   12:     0x61d6171d8608 - <alloc::boxed::Box<F,A> as core::ops::function::Fn<Args>>::call::h1d66c6bbd60c9692
[INFO] [stdout]                                at /rustc/df4ca44d3fbc9301ee17f30f4d474e6ae4b05252/library/alloc/src/boxed.rs:2468:9
[INFO] [stdout]   13:     0x61d6171d8608 - std::panicking::rust_panic_with_hook::h2ff17fe8f26dfcf8
[INFO] [stdout]                                at /rustc/df4ca44d3fbc9301ee17f30f4d474e6ae4b05252/library/std/src/panicking.rs:809:13
[INFO] [stdout]   14:     0x61d6171d83ca - std::panicking::begin_panic_handler::{{closure}}::h4fad77951c07e101
[INFO] [stdout]                                at /rustc/df4ca44d3fbc9301ee17f30f4d474e6ae4b05252/library/std/src/panicking.rs:674:13
[INFO] [stdout]   15:     0x61d6171d6f59 - std::sys::backtrace::__rust_end_short_backtrace::hb1a25b3da5d0ea08
[INFO] [stdout]                                at /rustc/df4ca44d3fbc9301ee17f30f4d474e6ae4b05252/library/std/src/sys/backtrace.rs:170:18
[INFO] [stdout]   16:     0x61d6171d805c - rust_begin_unwind
[INFO] [stdout]                                at /rustc/df4ca44d3fbc9301ee17f30f4d474e6ae4b05252/library/std/src/panicking.rs:665:5
[INFO] [stdout]   17:     0x61d6171feff0 - core::panicking::panic_fmt::ha9db07b529f9b256
[INFO] [stdout]                                at /rustc/df4ca44d3fbc9301ee17f30f4d474e6ae4b05252/library/core/src/panicking.rs:75:14
[INFO] [stdout]   18:     0x61d6171ff4d6 - core::result::unwrap_failed::h5e8218e4d4338b8a
[INFO] [stdout]                                at /rustc/df4ca44d3fbc9301ee17f30f4d474e6ae4b05252/library/core/src/result.rs:1698:5
[INFO] [stdout]   19:     0x61d6165475ac - core::result::Result<T,E>::expect::h9c1f1fd034bd3732
[INFO] [stdout]                                at /rustc/df4ca44d3fbc9301ee17f30f4d474e6ae4b05252/library/core/src/result.rs:1060:23
[INFO] [stdout]   20:     0x61d61651cbd5 - backends::sqlite::txn_contention_file::{{closure}}::h3837f0d1280edfc0
[INFO] [stdout]                                at /opt/rustwide/workdir/tests/backends.rs:287:25
[INFO] [stdout]   21:     0x61d6164d030f - tokio::runtime::park::CachedParkThread::block_on::{{closure}}::h36541667f6cd1c31
[INFO] [stdout]                                at /opt/rustwide/cargo-home/registry/src/index.crates.io-6f17d22bba15001f/tokio-1.41.0/src/runtime/park.rs:281:63
[INFO] [stdout]   22:     0x61d6164cd266 - tokio::runtime::coop::with_budget::h44254964fb9ef7ce
[INFO] [stdout]                                at /opt/rustwide/cargo-home/registry/src/index.crates.io-6f17d22bba15001f/tokio-1.41.0/src/runtime/coop.rs:107:5
[INFO] [stdout]   23:     0x61d6164cd266 - tokio::runtime::coop::budget::haf5f85b03f254cfd
[INFO] [stdout]                                at /opt/rustwide/cargo-home/registry/src/index.crates.io-6f17d22bba15001f/tokio-1.41.0/src/runtime/coop.rs:73:5
[INFO] [stdout]   24:     0x61d6164cd266 - tokio::runtime::park::CachedParkThread::block_on::hec9304c7fa2ffbfb
[INFO] [stdout]                                at /opt/rustwide/cargo-home/registry/src/index.crates.io-6f17d22bba15001f/tokio-1.41.0/src/runtime/park.rs:281:31
[INFO] [stdout]   25:     0x61d61654f2a3 - tokio::runtime::context::blocking::BlockingRegionGuard::block_on::h53d0ea7f319f970b
[INFO] [stdout]                                at /opt/rustwide/cargo-home/registry/src/index.crates.io-6f17d22bba15001f/tokio-1.41.0/src/runtime/context/blocking.rs:66:9
[INFO] [stdout]   26:     0x61d61655fc28 - tokio::runtime::scheduler::multi_thread::MultiThread::block_on::{{closure}}::h439fd2b9bdd423cf
[INFO] [stdout]                                at /opt/rustwide/cargo-home/registry/src/index.crates.io-6f17d22bba15001f/tokio-1.41.0/src/runtime/scheduler/multi_thread/mod.rs:87:13
[INFO] [stdout]   27:     0x61d6164e4ebb - tokio::runtime::context::runtime::enter_runtime::hbc5145d6f287cc69
[INFO] [stdout]                                at /opt/rustwide/cargo-home/registry/src/index.crates.io-6f17d22bba15001f/tokio-1.41.0/src/runtime/context/runtime.rs:65:16
[INFO] [stdout]   28:     0x61d61655e733 - tokio::runtime::scheduler::multi_thread::MultiThread::block_on::h113489fa9d03a0f1
[INFO] [stdout]                                at /opt/rustwide/cargo-home/registry/src/index.crates.io-6f17d22bba15001f/tokio-1.41.0/src/runtime/scheduler/multi_thread/mod.rs:86:9
[INFO] [stdout]   29:     0x61d61653277d - tokio::runtime::runtime::Runtime::block_on_inner::hf689672faeea2a18
[INFO] [stdout]                                at /opt/rustwide/cargo-home/registry/src/index.crates.io-6f17d22bba15001f/tokio-1.41.0/src/runtime/runtime.rs:370:45
[INFO] [stdout]   30:     0x61d61653685f - tokio::runtime::runtime::Runtime::block_on::hf815908b4e2504e0
[INFO] [stdout]                                at /opt/rustwide/cargo-home/registry/src/index.crates.io-6f17d22bba15001f/tokio-1.41.0/src/runtime/runtime.rs:342:13
[INFO] [stdout]   31:     0x61d6165397a1 - askar_storage::future::block_on::h6b58fe3101f3c5b9
[INFO] [stdout]                                at /opt/rustwide/workdir/src/future.rs:24:9
[INFO] [stdout]   32:     0x61d61651c76c - backends::sqlite::txn_contention_file::h1152becf6f2c76d3
[INFO] [stdout]                                at /opt/rustwide/workdir/tests/backends.rs:286:9
[INFO] [stdout]   33:     0x61d61651c5b7 - backends::sqlite::txn_contention_file::{{closure}}::hb6837faaaeb0bb68
[INFO] [stdout]                                at /opt/rustwide/workdir/tests/backends.rs:281:29
[INFO] [stdout]   34:     0x61d6164d2336 - core::ops::function::FnOnce::call_once::ha65972429125574b
[INFO] [stdout]                                at /rustc/df4ca44d3fbc9301ee17f30f4d474e6ae4b05252/library/core/src/ops/function.rs:250:5
[INFO] [stdout]   35:     0x61d61682888b - core::ops::function::FnOnce::call_once::h22c3ba5715e93f05
[INFO] [stdout]                                at /rustc/df4ca44d3fbc9301ee17f30f4d474e6ae4b05252/library/core/src/ops/function.rs:250:5
[INFO] [stdout]   36:     0x61d61682888b - test::__rust_begin_short_backtrace::h8e82d8113d0da17f
[INFO] [stdout]                                at /rustc/df4ca44d3fbc9301ee17f30f4d474e6ae4b05252/library/test/src/lib.rs:621:18
[INFO] [stdout]   37:     0x61d616828207 - test::run_test_in_process::{{closure}}::h33235f4f20b7b7c7
[INFO] [stdout]                                at /rustc/df4ca44d3fbc9301ee17f30f4d474e6ae4b05252/library/test/src/lib.rs:644:60
[INFO] [stdout]   38:     0x61d616828207 - <core::panic::unwind_safe::AssertUnwindSafe<F> as core::ops::function::FnOnce<()>>::call_once::hb5043206310c586f
[INFO] [stdout]                                at /rustc/df4ca44d3fbc9301ee17f30f4d474e6ae4b05252/library/core/src/panic/unwind_safe.rs:272:9
[INFO] [stdout]   39:     0x61d616828207 - std::panicking::try::do_call::h9ad4731a60ab23e2
[INFO] [stdout]                                at /rustc/df4ca44d3fbc9301ee17f30f4d474e6ae4b05252/library/std/src/panicking.rs:557:40
[INFO] [stdout]   40:     0x61d616828207 - std::panicking::try::h3824d23db772a716
[INFO] [stdout]                                at /rustc/df4ca44d3fbc9301ee17f30f4d474e6ae4b05252/library/std/src/panicking.rs:520:19
[INFO] [stdout]   41:     0x61d616828207 - std::panic::catch_unwind::h5afd514605fde46b
[INFO] [stdout]                                at /rustc/df4ca44d3fbc9301ee17f30f4d474e6ae4b05252/library/std/src/panic.rs:358:14
[INFO] [stdout]   42:     0x61d616828207 - test::run_test_in_process::h0d5cbfa7067d1720
[INFO] [stdout]                                at /rustc/df4ca44d3fbc9301ee17f30f4d474e6ae4b05252/library/test/src/lib.rs:644:27
[INFO] [stdout]   43:     0x61d616828207 - test::run_test::{{closure}}::h708eb8872708115d
[INFO] [stdout]                                at /rustc/df4ca44d3fbc9301ee17f30f4d474e6ae4b05252/library/test/src/lib.rs:565:43
[INFO] [stdout]   44:     0x61d6167eb924 - test::run_test::{{closure}}::h392c51cee94713ab
[INFO] [stdout]                                at /rustc/df4ca44d3fbc9301ee17f30f4d474e6ae4b05252/library/test/src/lib.rs:595:41
[INFO] [stdout]   45:     0x61d6167eb924 - std::sys::backtrace::__rust_begin_short_backtrace::h2f40290710935a8b
[INFO] [stdout]                                at /rustc/df4ca44d3fbc9301ee17f30f4d474e6ae4b05252/library/std/src/sys/backtrace.rs:154:18
[INFO] [stdout]   46:     0x61d6167ef0ce - std::thread::Builder::spawn_unchecked_::{{closure}}::{{closure}}::h3fd968d89053a903
[INFO] [stdout]                                at /rustc/df4ca44d3fbc9301ee17f30f4d474e6ae4b05252/library/std/src/thread/mod.rs:541:17
[INFO] [stdout]   47:     0x61d6167ef0ce - <core::panic::unwind_safe::AssertUnwindSafe<F> as core::ops::function::FnOnce<()>>::call_once::h743f637ba4229880
[INFO] [stdout]                                at /rustc/df4ca44d3fbc9301ee17f30f4d474e6ae4b05252/library/core/src/panic/unwind_safe.rs:272:9
[INFO] [stdout]   48:     0x61d6167ef0ce - std::panicking::try::do_call::h07440897322525a6
[INFO] [stdout]                                at /rustc/df4ca44d3fbc9301ee17f30f4d474e6ae4b05252/library/std/src/panicking.rs:557:40
[INFO] [stdout]   49:     0x61d6167ef0ce - std::panicking::try::he5a2e00188156637
[INFO] [stdout]                                at /rustc/df4ca44d3fbc9301ee17f30f4d474e6ae4b05252/library/std/src/panicking.rs:520:19
[INFO] [stdout]   50:     0x61d6167ef0ce - std::panic::catch_unwind::hbaf3cae49b3c6433
[INFO] [stdout]                                at /rustc/df4ca44d3fbc9301ee17f30f4d474e6ae4b05252/library/std/src/panic.rs:358:14
[INFO] [stdout]   51:     0x61d6167ef0ce - std::thread::Builder::spawn_unchecked_::{{closure}}::h8e141ea224820bce
[INFO] [stdout]                                at /rustc/df4ca44d3fbc9301ee17f30f4d474e6ae4b05252/library/std/src/thread/mod.rs:540:30
[INFO] [stdout]   52:     0x61d6167ef0ce - core::ops::function::FnOnce::call_once{{vtable.shim}}::h90d312fedd7b8ea8
[INFO] [stdout]                                at /rustc/df4ca44d3fbc9301ee17f30f4d474e6ae4b05252/library/core/src/ops/function.rs:250:5
[INFO] [stdout]   53:     0x61d6171dc6cb - <alloc::boxed::Box<F,A> as core::ops::function::FnOnce<Args>>::call_once::h69aa08ddb6adb8b6
[INFO] [stdout]                                at /rustc/df4ca44d3fbc9301ee17f30f4d474e6ae4b05252/library/alloc/src/boxed.rs:2454:9
[INFO] [stdout]   54:     0x61d6171dc6cb - <alloc::boxed::Box<F,A> as core::ops::function::FnOnce<Args>>::call_once::h5aa36efdb79c806f
[INFO] [stdout]                                at /rustc/df4ca44d3fbc9301ee17f30f4d474e6ae4b05252/library/alloc/src/boxed.rs:2454:9
[INFO] [stdout]   55:     0x61d6171dc6cb - std::sys::pal::unix::thread::Thread::new::thread_start::h6cd80a1b4be5158d
[INFO] [stdout]                                at /rustc/df4ca44d3fbc9301ee17f30f4d474e6ae4b05252/library/std/src/sys/pal/unix/thread.rs:105:17
[INFO] [stdout]   56:     0x7a279cefaac3 - <unknown>
[INFO] [stdout]   57:     0x7a279cf8ba04 - clone
[INFO] [stdout]   58:                0x0 - <unknown>
[INFO] [stdout] 
[INFO] [stdout] 
[INFO] [stdout] failures:
[INFO] [stdout]     sqlite::copy_db
[INFO] [stdout]     sqlite::create_remove_db
[INFO] [stdout]     sqlite::rekey_db
[INFO] [stdout]     sqlite::txn_contention_file
[INFO] [stdout] 
[INFO] [stdout] test result: FAILED. 23 passed; 4 failed; 0 ignored; 0 measured; 0 filtered out; finished in 27.23s
[INFO] [stdout] 
[INFO] [stderr] error: test failed, to rerun pass `--test backends`
[INFO] running `Command { std: "docker" "inspect" "1a381026c311cfa214fed7f59d6154f13c9db30ecfdfa49e3eaeed727d71cff2", kill_on_drop: false }`
[INFO] running `Command { std: "docker" "rm" "-f" "1a381026c311cfa214fed7f59d6154f13c9db30ecfdfa49e3eaeed727d71cff2", kill_on_drop: false }`
[INFO] [stdout] 1a381026c311cfa214fed7f59d6154f13c9db30ecfdfa49e3eaeed727d71cff2
