[INFO] fetching crate as3_parser 1.0.25...
[INFO] testing as3_parser-1.0.25 against nightly-2024-10-28+rustflags=-Zrandomize-layout for randomize-layout
[INFO] extracting crate as3_parser 1.0.25 into /workspace/builds/worker-0-tc2/source
[INFO] validating manifest of crates.io crate as3_parser 1.0.25 on toolchain nightly-2024-10-28
[INFO] running `Command { std: CARGO_HOME="/workspace/cargo-home" RUSTUP_HOME="/workspace/rustup-home" "/workspace/cargo-home/bin/cargo" "+nightly-2024-10-28" "metadata" "--manifest-path" "Cargo.toml" "--no-deps", kill_on_drop: false }`
[INFO] started tweaking crates.io crate as3_parser 1.0.25
[INFO] finished tweaking crates.io crate as3_parser 1.0.25
[INFO] tweaked toml for crates.io crate as3_parser 1.0.25 written to /workspace/builds/worker-0-tc2/source/Cargo.toml
[INFO] running `Command { std: CARGO_HOME="/workspace/cargo-home" RUSTUP_HOME="/workspace/rustup-home" "/workspace/cargo-home/bin/cargo" "+nightly-2024-10-28" "generate-lockfile" "--manifest-path" "Cargo.toml", kill_on_drop: false }`
[INFO] [stderr]     Updating crates.io index
[INFO] [stderr]     Blocking waiting for file lock on package cache
[INFO] [stderr]      Locking 37 packages to latest compatible versions
[INFO] [stderr]       Adding unicode-general-category v0.6.0 (available: v1.0.0)
[INFO] running `Command { std: CARGO_HOME="/workspace/cargo-home" RUSTUP_HOME="/workspace/rustup-home" "/workspace/cargo-home/bin/cargo" "+nightly-2024-10-28" "fetch" "--manifest-path" "Cargo.toml", kill_on_drop: false }`
[INFO] [stderr]     Blocking waiting for file lock on package cache
[INFO] running `Command { std: "docker" "create" "-v" "/var/lib/crater-agent-workspace/builds/worker-0-tc2/target:/opt/rustwide/target:rw,Z" "-v" "/var/lib/crater-agent-workspace/builds/worker-0-tc2/source:/opt/rustwide/workdir:ro,Z" "-v" "/var/lib/crater-agent-workspace/cargo-home:/opt/rustwide/cargo-home:ro,Z" "-v" "/var/lib/crater-agent-workspace/rustup-home:/opt/rustwide/rustup-home:ro,Z" "-e" "SOURCE_DIR=/opt/rustwide/workdir" "-e" "CARGO_TARGET_DIR=/opt/rustwide/target" "-e" "CARGO_HOME=/opt/rustwide/cargo-home" "-e" "RUSTUP_HOME=/opt/rustwide/rustup-home" "-w" "/opt/rustwide/workdir" "-m" "1610612736" "--user" "0:0" "--network" "none" "ghcr.io/rust-lang/crates-build-env/linux@sha256:4a844ea9eb2546a2d2c7022eacef16ef2e8229c7fbb2c7d4d55a9ceca922f72d" "/opt/rustwide/cargo-home/bin/cargo" "+nightly-2024-10-28" "metadata" "--no-deps" "--format-version=1", kill_on_drop: false }`
[INFO] [stdout] c84af5ba491291b6752a36b2425e9fa8d2bc9150441668ca89bca0f4d2c95d24
[INFO] running `Command { std: "docker" "start" "-a" "c84af5ba491291b6752a36b2425e9fa8d2bc9150441668ca89bca0f4d2c95d24", kill_on_drop: false }`
[INFO] running `Command { std: "docker" "inspect" "c84af5ba491291b6752a36b2425e9fa8d2bc9150441668ca89bca0f4d2c95d24", kill_on_drop: false }`
[INFO] running `Command { std: "docker" "rm" "-f" "c84af5ba491291b6752a36b2425e9fa8d2bc9150441668ca89bca0f4d2c95d24", kill_on_drop: false }`
[INFO] [stdout] c84af5ba491291b6752a36b2425e9fa8d2bc9150441668ca89bca0f4d2c95d24
[INFO] running `Command { std: "docker" "create" "-v" "/var/lib/crater-agent-workspace/builds/worker-0-tc2/target:/opt/rustwide/target:rw,Z" "-v" "/var/lib/crater-agent-workspace/builds/worker-0-tc2/source:/opt/rustwide/workdir:ro,Z" "-v" "/var/lib/crater-agent-workspace/cargo-home:/opt/rustwide/cargo-home:ro,Z" "-v" "/var/lib/crater-agent-workspace/rustup-home:/opt/rustwide/rustup-home:ro,Z" "-e" "SOURCE_DIR=/opt/rustwide/workdir" "-e" "CARGO_TARGET_DIR=/opt/rustwide/target" "-e" "CARGO_INCREMENTAL=0" "-e" "RUST_BACKTRACE=full" "-e" "RUSTFLAGS=--cap-lints=forbid -Zrandomize-layout" "-e" "RUSTDOCFLAGS=--cap-lints=forbid" "-e" "CARGO_HOME=/opt/rustwide/cargo-home" "-e" "RUSTUP_HOME=/opt/rustwide/rustup-home" "-w" "/opt/rustwide/workdir" "-m" "1610612736" "--user" "0:0" "--network" "none" "ghcr.io/rust-lang/crates-build-env/linux@sha256:4a844ea9eb2546a2d2c7022eacef16ef2e8229c7fbb2c7d4d55a9ceca922f72d" "/opt/rustwide/cargo-home/bin/cargo" "+nightly-2024-10-28" "build" "--frozen" "--message-format=json", kill_on_drop: false }`
[INFO] [stdout] 873faec26854fa1253444359e818ca59b111949c9f52a991a09d177f772c41a2
[INFO] running `Command { std: "docker" "start" "-a" "873faec26854fa1253444359e818ca59b111949c9f52a991a09d177f772c41a2", kill_on_drop: false }`
[INFO] [stderr]    Compiling serde v1.0.214
[INFO] [stderr]    Compiling aho-corasick v1.1.3
[INFO] [stderr]    Compiling anyhow v1.0.92
[INFO] [stderr]    Compiling unicode-general-category v0.6.0
[INFO] [stderr]    Compiling syn v2.0.86
[INFO] [stderr]    Compiling maplit v1.0.2
[INFO] [stderr]    Compiling custom_derive v0.1.7
[INFO] [stderr]    Compiling num-bigint v0.4.6
[INFO] [stderr]    Compiling conv v0.3.3
[INFO] [stderr]    Compiling by_address v1.2.1
[INFO] [stderr]    Compiling hydroper_source_text v1.0.3
[INFO] [stderr]    Compiling regex-automata v0.4.8
[INFO] [stderr]    Compiling serde_derive v1.0.214
[INFO] [stderr]    Compiling thiserror-impl v1.0.66
[INFO] [stderr]    Compiling num-derive v0.4.2
[INFO] [stderr]    Compiling regex v1.11.1
[INFO] [stderr]    Compiling thiserror v1.0.66
[INFO] [stderr]    Compiling htmlentity v1.3.2
[INFO] [stderr]    Compiling lazy-regex-proc_macros v3.3.0
[INFO] [stderr]    Compiling lazy-regex v3.3.0
[INFO] [stderr]    Compiling file_paths v1.0.0
[INFO] [stderr]    Compiling late_format v1.0.0
[INFO] [stderr]    Compiling bitflags v2.6.0
[INFO] [stderr]    Compiling serde_json v1.0.132
[INFO] [stderr]    Compiling as3_parser v1.0.25 (/opt/rustwide/workdir)
[INFO] [stderr]     Finished `dev` profile [unoptimized + debuginfo] target(s) in 18.28s
[INFO] running `Command { std: "docker" "inspect" "873faec26854fa1253444359e818ca59b111949c9f52a991a09d177f772c41a2", kill_on_drop: false }`
[INFO] running `Command { std: "docker" "rm" "-f" "873faec26854fa1253444359e818ca59b111949c9f52a991a09d177f772c41a2", kill_on_drop: false }`
[INFO] [stdout] 873faec26854fa1253444359e818ca59b111949c9f52a991a09d177f772c41a2
[INFO] running `Command { std: "docker" "create" "-v" "/var/lib/crater-agent-workspace/builds/worker-0-tc2/target:/opt/rustwide/target:rw,Z" "-v" "/var/lib/crater-agent-workspace/builds/worker-0-tc2/source:/opt/rustwide/workdir:ro,Z" "-v" "/var/lib/crater-agent-workspace/cargo-home:/opt/rustwide/cargo-home:ro,Z" "-v" "/var/lib/crater-agent-workspace/rustup-home:/opt/rustwide/rustup-home:ro,Z" "-e" "SOURCE_DIR=/opt/rustwide/workdir" "-e" "CARGO_TARGET_DIR=/opt/rustwide/target" "-e" "CARGO_INCREMENTAL=0" "-e" "RUST_BACKTRACE=full" "-e" "RUSTFLAGS=--cap-lints=forbid -Zrandomize-layout" "-e" "RUSTDOCFLAGS=--cap-lints=forbid" "-e" "CARGO_HOME=/opt/rustwide/cargo-home" "-e" "RUSTUP_HOME=/opt/rustwide/rustup-home" "-w" "/opt/rustwide/workdir" "-m" "1610612736" "--user" "0:0" "--network" "none" "ghcr.io/rust-lang/crates-build-env/linux@sha256:4a844ea9eb2546a2d2c7022eacef16ef2e8229c7fbb2c7d4d55a9ceca922f72d" "/opt/rustwide/cargo-home/bin/cargo" "+nightly-2024-10-28" "test" "--frozen" "--no-run" "--message-format=json", kill_on_drop: false }`
[INFO] [stdout] 00f1babda4ddea51777597a4d634f7d8efef9d68e7d41155a0d09eae9eccb7a9
[INFO] running `Command { std: "docker" "start" "-a" "00f1babda4ddea51777597a4d634f7d8efef9d68e7d41155a0d09eae9eccb7a9", kill_on_drop: false }`
[INFO] [stderr]    Compiling as3_parser v1.0.25 (/opt/rustwide/workdir)
[INFO] [stderr]     Finished `test` profile [unoptimized + debuginfo] target(s) in 3.41s
[INFO] running `Command { std: "docker" "inspect" "00f1babda4ddea51777597a4d634f7d8efef9d68e7d41155a0d09eae9eccb7a9", kill_on_drop: false }`
[INFO] running `Command { std: "docker" "rm" "-f" "00f1babda4ddea51777597a4d634f7d8efef9d68e7d41155a0d09eae9eccb7a9", kill_on_drop: false }`
[INFO] [stdout] 00f1babda4ddea51777597a4d634f7d8efef9d68e7d41155a0d09eae9eccb7a9
[INFO] running `Command { std: "docker" "create" "-v" "/var/lib/crater-agent-workspace/builds/worker-0-tc2/target:/opt/rustwide/target:rw,Z" "-v" "/var/lib/crater-agent-workspace/builds/worker-0-tc2/source:/opt/rustwide/workdir:ro,Z" "-v" "/var/lib/crater-agent-workspace/cargo-home:/opt/rustwide/cargo-home:ro,Z" "-v" "/var/lib/crater-agent-workspace/rustup-home:/opt/rustwide/rustup-home:ro,Z" "-e" "SOURCE_DIR=/opt/rustwide/workdir" "-e" "CARGO_TARGET_DIR=/opt/rustwide/target" "-e" "CARGO_INCREMENTAL=0" "-e" "RUST_BACKTRACE=full" "-e" "RUSTFLAGS=--cap-lints=forbid -Zrandomize-layout" "-e" "RUSTDOCFLAGS=--cap-lints=forbid" "-e" "CARGO_HOME=/opt/rustwide/cargo-home" "-e" "RUSTUP_HOME=/opt/rustwide/rustup-home" "-w" "/opt/rustwide/workdir" "-m" "1610612736" "--user" "0:0" "--network" "none" "ghcr.io/rust-lang/crates-build-env/linux@sha256:4a844ea9eb2546a2d2c7022eacef16ef2e8229c7fbb2c7d4d55a9ceca922f72d" "/opt/rustwide/cargo-home/bin/cargo" "+nightly-2024-10-28" "test" "--frozen", kill_on_drop: false }`
[INFO] [stdout] 1ffb33b584651c809dcb0eede50f2b5a3eef6463f229ce872d21c945ada52138
[INFO] running `Command { std: "docker" "start" "-a" "1ffb33b584651c809dcb0eede50f2b5a3eef6463f229ce872d21c945ada52138", kill_on_drop: false }`
[INFO] [stderr]     Finished `test` profile [unoptimized + debuginfo] target(s) in 0.04s
[INFO] [stderr]      Running unittests lib.rs (/opt/rustwide/target/debug/deps/as3_parser-d15788baaedbb228)
[INFO] [stdout] 
[INFO] [stdout] running 2 tests
[INFO] [stdout] test tree::numeric_literal::tests::test_minimum_maximum ... ok
[INFO] [stdout] test util::character_reader::test::test ... ok
[INFO] [stderr]    Doc-tests as3_parser
[INFO] [stdout] 
[INFO] [stdout] test result: ok. 2 passed; 0 failed; 0 ignored; 0 measured; 0 filtered out; finished in 0.00s
[INFO] [stdout] 
[INFO] [stdout] 
[INFO] [stdout] running 1 test
[INFO] [stdout] test tree/super_expression.rs - tree::super_expression::SuperExpression (line 11) ... FAILED
[INFO] [stdout] 
[INFO] [stdout] failures:
[INFO] [stdout] 
[INFO] [stdout] ---- tree/super_expression.rs - tree::super_expression::SuperExpression (line 11) stdout ----
[INFO] [stdout] error[E0433]: failed to resolve: there are too many leading `super` keywords
[INFO] [stdout]  --> tree/super_expression.rs:12:1
[INFO] [stdout]   |
[INFO] [stdout] 3 | super.f()
[INFO] [stdout]   | ^^^^^ there are too many leading `super` keywords
[INFO] [stdout] 
[INFO] [stdout] error: aborting due to 1 previous error
[INFO] [stdout] 
[INFO] [stdout] For more information about this error, try `rustc --explain E0433`.
[INFO] [stdout] Couldn't compile the test.
[INFO] [stdout] 
[INFO] [stdout] failures:
[INFO] [stdout]     tree/super_expression.rs - tree::super_expression::SuperExpression (line 11)
[INFO] [stdout] 
[INFO] [stdout] test result: FAILED. 0 passed; 1 failed; 0 ignored; 0 measured; 0 filtered out; finished in 0.04s
[INFO] [stdout] 
[INFO] [stderr] error: doctest failed, to rerun pass `--doc`
[INFO] running `Command { std: "docker" "inspect" "1ffb33b584651c809dcb0eede50f2b5a3eef6463f229ce872d21c945ada52138", kill_on_drop: false }`
[INFO] running `Command { std: "docker" "rm" "-f" "1ffb33b584651c809dcb0eede50f2b5a3eef6463f229ce872d21c945ada52138", kill_on_drop: false }`
[INFO] [stdout] 1ffb33b584651c809dcb0eede50f2b5a3eef6463f229ce872d21c945ada52138
