[INFO] fetching crate artemis_codegen 0.1.0...
[INFO] testing artemis_codegen-0.1.0 against nightly-2024-10-28 for randomize-layout
[INFO] extracting crate artemis_codegen 0.1.0 into /workspace/builds/worker-2-tc1/source
[INFO] validating manifest of crates.io crate artemis_codegen 0.1.0 on toolchain nightly-2024-10-28
[INFO] running `Command { std: CARGO_HOME="/workspace/cargo-home" RUSTUP_HOME="/workspace/rustup-home" "/workspace/cargo-home/bin/cargo" "+nightly-2024-10-28" "metadata" "--manifest-path" "Cargo.toml" "--no-deps", kill_on_drop: false }`
[INFO] started tweaking crates.io crate artemis_codegen 0.1.0
[INFO] finished tweaking crates.io crate artemis_codegen 0.1.0
[INFO] tweaked toml for crates.io crate artemis_codegen 0.1.0 written to /workspace/builds/worker-2-tc1/source/Cargo.toml
[INFO] running `Command { std: CARGO_HOME="/workspace/cargo-home" RUSTUP_HOME="/workspace/rustup-home" "/workspace/cargo-home/bin/cargo" "+nightly-2024-10-28" "generate-lockfile" "--manifest-path" "Cargo.toml", kill_on_drop: false }`
[INFO] [stderr]     Updating crates.io index
[INFO] [stderr]      Locking 109 packages to latest compatible versions
[INFO] [stderr]       Adding dprint-plugin-typescript v0.41.0 (available: v0.93.1)
[INFO] [stderr]       Adding graphql-parser v0.2.3 (available: v0.4.0)
[INFO] [stderr]       Adding heck v0.3.3 (available: v0.5.0)
[INFO] [stderr]       Adding syn v1.0.109 (available: v2.0.86)
[INFO] running `Command { std: CARGO_HOME="/workspace/cargo-home" RUSTUP_HOME="/workspace/rustup-home" "/workspace/cargo-home/bin/cargo" "+nightly-2024-10-28" "fetch" "--manifest-path" "Cargo.toml", kill_on_drop: false }`
[INFO] [stderr]  Downloading crates ...
[INFO] [stderr]   Downloaded unreachable v1.0.0
[INFO] [stderr]   Downloaded swc_ecmascript v0.24.1
[INFO] [stderr]   Downloaded graphql-parser v0.2.3
[INFO] [stderr]   Downloaded from_variant v0.1.9
[INFO] [stderr]   Downloaded swc_eq_ignore_macros v0.1.4
[INFO] [stderr]   Downloaded swc_ecma_visit v0.26.0
[INFO] [stderr]   Downloaded ascii v0.9.3
[INFO] [stderr]   Downloaded is-macro v0.1.9
[INFO] [stderr]   Downloaded enum_kind v0.2.2
[INFO] [stderr]   Downloaded string_enum v0.3.4
[INFO] [stderr]   Downloaded pmutil v0.5.3
[INFO] [stderr]   Downloaded ast_node v0.7.7
[INFO] [stderr]   Downloaded combine v3.8.1
[INFO] [stderr]   Downloaded dprint-core v0.35.3
[INFO] [stderr]   Downloaded dprint-swc-ecma-ast-view v0.10.0
[INFO] [stderr]   Downloaded swc_common v0.10.23
[INFO] [stderr]   Downloaded swc_ecma_parser v0.49.0
[INFO] [stderr]   Downloaded owning_ref v0.4.1
[INFO] [stderr]   Downloaded swc_ecma_ast v0.40.0
[INFO] [stderr]   Downloaded swc_visit_macros v0.2.3
[INFO] [stderr]   Downloaded swc_visit v0.2.8
[INFO] [stderr]   Downloaded swc_atoms v0.2.13
[INFO] [stderr]   Downloaded swc_macros_common v0.3.14
[INFO] [stderr]   Downloaded dprint-plugin-typescript v0.41.0
[INFO] running `Command { std: "docker" "create" "-v" "/var/lib/crater-agent-workspace/builds/worker-2-tc1/target:/opt/rustwide/target:rw,Z" "-v" "/var/lib/crater-agent-workspace/builds/worker-2-tc1/source:/opt/rustwide/workdir:ro,Z" "-v" "/var/lib/crater-agent-workspace/cargo-home:/opt/rustwide/cargo-home:ro,Z" "-v" "/var/lib/crater-agent-workspace/rustup-home:/opt/rustwide/rustup-home:ro,Z" "-e" "SOURCE_DIR=/opt/rustwide/workdir" "-e" "CARGO_TARGET_DIR=/opt/rustwide/target" "-e" "CARGO_HOME=/opt/rustwide/cargo-home" "-e" "RUSTUP_HOME=/opt/rustwide/rustup-home" "-w" "/opt/rustwide/workdir" "-m" "1610612736" "--user" "0:0" "--network" "none" "ghcr.io/rust-lang/crates-build-env/linux@sha256:4a844ea9eb2546a2d2c7022eacef16ef2e8229c7fbb2c7d4d55a9ceca922f72d" "/opt/rustwide/cargo-home/bin/cargo" "+nightly-2024-10-28" "metadata" "--no-deps" "--format-version=1", kill_on_drop: false }`
[INFO] [stdout] 93ccb752da80f1e06889adc1bd6d4e7420f5cbe267158c6c776fb4020ba55f94
[INFO] running `Command { std: "docker" "start" "-a" "93ccb752da80f1e06889adc1bd6d4e7420f5cbe267158c6c776fb4020ba55f94", kill_on_drop: false }`
[INFO] running `Command { std: "docker" "inspect" "93ccb752da80f1e06889adc1bd6d4e7420f5cbe267158c6c776fb4020ba55f94", kill_on_drop: false }`
[INFO] running `Command { std: "docker" "rm" "-f" "93ccb752da80f1e06889adc1bd6d4e7420f5cbe267158c6c776fb4020ba55f94", kill_on_drop: false }`
[INFO] [stdout] 93ccb752da80f1e06889adc1bd6d4e7420f5cbe267158c6c776fb4020ba55f94
[INFO] running `Command { std: "docker" "create" "-v" "/var/lib/crater-agent-workspace/builds/worker-2-tc1/target:/opt/rustwide/target:rw,Z" "-v" "/var/lib/crater-agent-workspace/builds/worker-2-tc1/source:/opt/rustwide/workdir:ro,Z" "-v" "/var/lib/crater-agent-workspace/cargo-home:/opt/rustwide/cargo-home:ro,Z" "-v" "/var/lib/crater-agent-workspace/rustup-home:/opt/rustwide/rustup-home:ro,Z" "-e" "SOURCE_DIR=/opt/rustwide/workdir" "-e" "CARGO_TARGET_DIR=/opt/rustwide/target" "-e" "CARGO_INCREMENTAL=0" "-e" "RUST_BACKTRACE=full" "-e" "RUSTFLAGS=--cap-lints=forbid" "-e" "RUSTDOCFLAGS=--cap-lints=forbid" "-e" "CARGO_HOME=/opt/rustwide/cargo-home" "-e" "RUSTUP_HOME=/opt/rustwide/rustup-home" "-w" "/opt/rustwide/workdir" "-m" "1610612736" "--user" "0:0" "--network" "none" "ghcr.io/rust-lang/crates-build-env/linux@sha256:4a844ea9eb2546a2d2c7022eacef16ef2e8229c7fbb2c7d4d55a9ceca922f72d" "/opt/rustwide/cargo-home/bin/cargo" "+nightly-2024-10-28" "build" "--frozen" "--message-format=json", kill_on_drop: false }`
[INFO] [stdout] 658655b6fe14e74b5699b7eb1a58ad1b8b5fbff5dc2d43c87595c5643d2d6604
[INFO] running `Command { std: "docker" "start" "-a" "658655b6fe14e74b5699b7eb1a58ad1b8b5fbff5dc2d43c87595c5643d2d6604", kill_on_drop: false }`
[INFO] [stderr]    Compiling memchr v2.7.4
[INFO] [stderr]    Compiling syn v1.0.109
[INFO] [stderr]    Compiling unicode-xid v0.2.6
[INFO] [stderr]    Compiling adler2 v2.0.0
[INFO] [stderr]    Compiling gimli v0.31.1
[INFO] [stderr]    Compiling libc v0.2.161
[INFO] [stderr]    Compiling failure_derive v0.1.8
[INFO] [stderr]    Compiling syn v2.0.86
[INFO] [stderr]    Compiling miniz_oxide v0.8.0
[INFO] [stderr]    Compiling rustc-demangle v0.1.24
[INFO] [stderr]    Compiling unreachable v1.0.0
[INFO] [stderr]    Compiling byteorder v1.5.0
[INFO] [stderr]    Compiling ascii v0.9.3
[INFO] [stderr]    Compiling either v1.13.0
[INFO] [stderr]    Compiling object v0.36.5
[INFO] [stderr]    Compiling combine v3.8.1
[INFO] [stderr]    Compiling serde_derive v1.0.214
[INFO] [stderr]    Compiling addr2line v0.24.2
[INFO] [stderr]    Compiling synstructure v0.12.6
[INFO] [stderr]    Compiling serde v1.0.214
[INFO] [stderr]    Compiling backtrace v0.3.74
[INFO] [stderr]    Compiling failure v0.1.8
[INFO] [stderr]    Compiling graphql-parser v0.2.3
[INFO] [stderr]    Compiling serde_json v1.0.132
[INFO] [stderr]    Compiling artemis_codegen v0.1.0 (/opt/rustwide/workdir)
[INFO] [stdout] warning: unused doc comment
[INFO] [stdout]   --> src/constants.rs:18:9
[INFO] [stdout]    |
[INFO] [stdout] 18 | /         /// Non-nullable, see spec:
[INFO] [stdout] 19 | |         /// https://github.com/facebook/graphql/blob/master/spec/Section%204%20--%20Introspection.md
[INFO] [stdout]    | |____________________________________________________________________________________________________^
[INFO] [stdout] 20 |           type_: FieldType::new(string_type()),
[INFO] [stdout]    |           ------------------------------------ rustdoc does not generate documentation for expression fields
[INFO] [stdout]    |
[INFO] [stdout]    = help: use `//` for a plain comment
[INFO] [stdout]    = note: `#[warn(unused_doc_comments)]` on by default
[INFO] [stdout] 
[INFO] [stdout] 
[INFO] [stdout] warning: elided lifetime has a name
[INFO] [stdout]   --> src/selection.rs:53:17
[INFO] [stdout]    |
[INFO] [stdout] 50 |     pub(crate) fn extract_typename<'s, 'context: 's>(
[INFO] [stdout]    |                                    -- lifetime `'s` declared here
[INFO] [stdout] ...
[INFO] [stdout] 53 |     ) -> Option<&SelectionField<'_>> {
[INFO] [stdout]    |                 ^ this elided lifetime gets resolved as `'s`
[INFO] [stdout]    |
[INFO] [stdout]    = note: `#[warn(elided_named_lifetimes)]` on by default
[INFO] [stdout] 
[INFO] [stdout] 
[INFO] [stdout] warning: elided lifetime has a name
[INFO] [stdout]   --> src/selection.rs:53:33
[INFO] [stdout]    |
[INFO] [stdout] 50 |     pub(crate) fn extract_typename<'s, 'context: 's>(
[INFO] [stdout]    |                                    -- lifetime `'s` declared here
[INFO] [stdout] ...
[INFO] [stdout] 53 |     ) -> Option<&SelectionField<'_>> {
[INFO] [stdout]    |                                 ^^ this elided lifetime gets resolved as `'s`
[INFO] [stdout] 
[INFO] [stdout] 
[INFO] [stdout] warning: field `input_value` is never read
[INFO] [stdout]    --> src/introspection_response.rs:144:5
[INFO] [stdout]     |
[INFO] [stdout] 142 | pub struct FullTypeFieldsArgs {
[INFO] [stdout]     |            ------------------ field in this struct
[INFO] [stdout] 143 |     #[serde(flatten)]
[INFO] [stdout] 144 |     input_value: InputValue
[INFO] [stdout]     |     ^^^^^^^^^^^
[INFO] [stdout]     |
[INFO] [stdout]     = note: `FullTypeFieldsArgs` has derived impls for the traits `Debug` and `Clone`, but these are intentionally ignored during dead code analysis
[INFO] [stdout]     = note: `#[warn(dead_code)]` on by default
[INFO] [stdout] 
[INFO] [stdout] 
[INFO] [stdout] warning: field `args` is never read
[INFO] [stdout]    --> src/introspection_response.rs:159:9
[INFO] [stdout]     |
[INFO] [stdout] 156 | pub struct FullTypeFields {
[INFO] [stdout]     |            -------------- field in this struct
[INFO] [stdout] ...
[INFO] [stdout] 159 |     pub args: Option<Vec<Option<FullTypeFieldsArgs>>>,
[INFO] [stdout]     |         ^^^^
[INFO] [stdout]     |
[INFO] [stdout]     = note: `FullTypeFields` has derived impls for the traits `Debug` and `Clone`, but these are intentionally ignored during dead code analysis
[INFO] [stdout] 
[INFO] [stdout] 
[INFO] [stdout] warning: fields `is_deprecated` and `deprecation_reason` are never read
[INFO] [stdout]    --> src/introspection_response.rs:185:9
[INFO] [stdout]     |
[INFO] [stdout] 182 | pub struct FullTypeEnumValues {
[INFO] [stdout]     |            ------------------ fields in this struct
[INFO] [stdout] ...
[INFO] [stdout] 185 |     pub is_deprecated: Option<bool>,
[INFO] [stdout]     |         ^^^^^^^^^^^^^
[INFO] [stdout] 186 |     pub deprecation_reason: Option<String>
[INFO] [stdout]     |         ^^^^^^^^^^^^^^^^^^
[INFO] [stdout]     |
[INFO] [stdout]     = note: `FullTypeEnumValues` has derived impls for the traits `Debug` and `Clone`, but these are intentionally ignored during dead code analysis
[INFO] [stdout] 
[INFO] [stdout] 
[INFO] [stdout] warning: fields `description` and `default_value` are never read
[INFO] [stdout]    --> src/introspection_response.rs:200:9
[INFO] [stdout]     |
[INFO] [stdout] 198 | pub struct InputValue {
[INFO] [stdout]     |            ---------- fields in this struct
[INFO] [stdout] 199 |     pub name: Option<String>,
[INFO] [stdout] 200 |     pub description: Option<String>,
[INFO] [stdout]     |         ^^^^^^^^^^^
[INFO] [stdout] ...
[INFO] [stdout] 203 |     pub default_value: Option<String>
[INFO] [stdout]     |         ^^^^^^^^^^^^^
[INFO] [stdout]     |
[INFO] [stdout]     = note: `InputValue` has derived impls for the traits `Debug` and `Clone`, but these are intentionally ignored during dead code analysis
[INFO] [stdout] 
[INFO] [stdout] 
[INFO] [stdout] warning: field `input_value` is never read
[INFO] [stdout]    --> src/introspection_response.rs:250:5
[INFO] [stdout]     |
[INFO] [stdout] 248 | pub struct SchemaDirectivesArgs {
[INFO] [stdout]     |            -------------------- field in this struct
[INFO] [stdout] 249 |     #[serde(flatten)]
[INFO] [stdout] 250 |     input_value: InputValue
[INFO] [stdout]     |     ^^^^^^^^^^^
[INFO] [stdout]     |
[INFO] [stdout]     = note: `SchemaDirectivesArgs` has derived impls for the traits `Debug` and `Clone`, but these are intentionally ignored during dead code analysis
[INFO] [stdout] 
[INFO] [stdout] 
[INFO] [stdout] warning: fields `name`, `description`, `locations`, and `args` are never read
[INFO] [stdout]    --> src/introspection_response.rs:256:9
[INFO] [stdout]     |
[INFO] [stdout] 255 | pub struct SchemaDirectives {
[INFO] [stdout]     |            ---------------- fields in this struct
[INFO] [stdout] 256 |     pub name: Option<String>,
[INFO] [stdout]     |         ^^^^
[INFO] [stdout] 257 |     pub description: Option<String>,
[INFO] [stdout]     |         ^^^^^^^^^^^
[INFO] [stdout] 258 |     pub locations: Option<Vec<Option<__DirectiveLocation>>>,
[INFO] [stdout]     |         ^^^^^^^^^
[INFO] [stdout] 259 |     pub args: Option<Vec<Option<SchemaDirectivesArgs>>>
[INFO] [stdout]     |         ^^^^
[INFO] [stdout]     |
[INFO] [stdout]     = note: `SchemaDirectives` has derived impls for the traits `Debug` and `Clone`, but these are intentionally ignored during dead code analysis
[INFO] [stdout] 
[INFO] [stdout] 
[INFO] [stdout] warning: field `directives` is never read
[INFO] [stdout]    --> src/introspection_response.rs:269:5
[INFO] [stdout]     |
[INFO] [stdout] 264 | pub struct Schema {
[INFO] [stdout]     |            ------ field in this struct
[INFO] [stdout] ...
[INFO] [stdout] 269 |     directives: Option<Vec<Option<SchemaDirectives>>>
[INFO] [stdout]     |     ^^^^^^^^^^
[INFO] [stdout]     |
[INFO] [stdout]     = note: `Schema` has derived impls for the traits `Debug` and `Clone`, but these are intentionally ignored during dead code analysis
[INFO] [stdout] 
[INFO] [stdout] 
[INFO] [stdout] warning: trait `CodegenVisitor` is never used
[INFO] [stdout]  --> src/extensions/mod.rs:1:11
[INFO] [stdout]   |
[INFO] [stdout] 1 | pub trait CodegenVisitor {
[INFO] [stdout]   |           ^^^^^^^^^^^^^^
[INFO] [stdout] 
[INFO] [stdout] 
[INFO] [stdout] warning: panic message is not a string literal
[INFO] [stdout]    --> src/operations.rs:143:60
[INFO] [stdout]     |
[INFO] [stdout] 143 |             OperationDefinition::SelectionSet(_) => panic!(SELECTION_SET_AT_ROOT)
[INFO] [stdout]     |                                                            ^^^^^^^^^^^^^^^^^^^^^
[INFO] [stdout]     |
[INFO] [stdout]     = note: this usage of `panic!()` is deprecated; it will be a hard error in Rust 2021
[INFO] [stdout]     = note: for more information, see <https://doc.rust-lang.org/nightly/edition-guide/rust-2021/panic-macro-consistency.html>
[INFO] [stdout]     = note: `#[warn(non_fmt_panics)]` on by default
[INFO] [stdout] help: add a "{}" format string to `Display` the message
[INFO] [stdout]     |
[INFO] [stdout] 143 |             OperationDefinition::SelectionSet(_) => panic!("{}", SELECTION_SET_AT_ROOT)
[INFO] [stdout]     |                                                            +++++
[INFO] [stdout] 
[INFO] [stdout] 
[INFO] [stderr]     Finished `dev` profile [unoptimized + debuginfo] target(s) in 41.54s
[INFO] running `Command { std: "docker" "inspect" "658655b6fe14e74b5699b7eb1a58ad1b8b5fbff5dc2d43c87595c5643d2d6604", kill_on_drop: false }`
[INFO] running `Command { std: "docker" "rm" "-f" "658655b6fe14e74b5699b7eb1a58ad1b8b5fbff5dc2d43c87595c5643d2d6604", kill_on_drop: false }`
[INFO] [stdout] 658655b6fe14e74b5699b7eb1a58ad1b8b5fbff5dc2d43c87595c5643d2d6604
[INFO] running `Command { std: "docker" "create" "-v" "/var/lib/crater-agent-workspace/builds/worker-2-tc1/target:/opt/rustwide/target:rw,Z" "-v" "/var/lib/crater-agent-workspace/builds/worker-2-tc1/source:/opt/rustwide/workdir:ro,Z" "-v" "/var/lib/crater-agent-workspace/cargo-home:/opt/rustwide/cargo-home:ro,Z" "-v" "/var/lib/crater-agent-workspace/rustup-home:/opt/rustwide/rustup-home:ro,Z" "-e" "SOURCE_DIR=/opt/rustwide/workdir" "-e" "CARGO_TARGET_DIR=/opt/rustwide/target" "-e" "CARGO_INCREMENTAL=0" "-e" "RUST_BACKTRACE=full" "-e" "RUSTFLAGS=--cap-lints=forbid" "-e" "RUSTDOCFLAGS=--cap-lints=forbid" "-e" "CARGO_HOME=/opt/rustwide/cargo-home" "-e" "RUSTUP_HOME=/opt/rustwide/rustup-home" "-w" "/opt/rustwide/workdir" "-m" "1610612736" "--user" "0:0" "--network" "none" "ghcr.io/rust-lang/crates-build-env/linux@sha256:4a844ea9eb2546a2d2c7022eacef16ef2e8229c7fbb2c7d4d55a9ceca922f72d" "/opt/rustwide/cargo-home/bin/cargo" "+nightly-2024-10-28" "test" "--frozen" "--no-run" "--message-format=json", kill_on_drop: false }`
[INFO] [stdout] e28addec5a2eca735f7bfcfe89014680202aaa19e0271265fae89a4bf7eef992
[INFO] running `Command { std: "docker" "start" "-a" "e28addec5a2eca735f7bfcfe89014680202aaa19e0271265fae89a4bf7eef992", kill_on_drop: false }`
[INFO] [stdout] warning: unused doc comment
[INFO] [stdout]   --> src/constants.rs:18:9
[INFO] [stdout]    |
[INFO] [stdout] 18 | /         /// Non-nullable, see spec:
[INFO] [stdout] 19 | |         /// https://github.com/facebook/graphql/blob/master/spec/Section%204%20--%20Introspection.md
[INFO] [stdout]    | |____________________________________________________________________________________________________^
[INFO] [stdout] 20 |           type_: FieldType::new(string_type()),
[INFO] [stdout]    |           ------------------------------------ rustdoc does not generate documentation for expression fields
[INFO] [stdout]    |
[INFO] [stdout]    = help: use `//` for a plain comment
[INFO] [stdout]    = note: `#[warn(unused_doc_comments)]` on by default
[INFO] [stdout] 
[INFO] [stdout] 
[INFO] [stdout] warning: elided lifetime has a name
[INFO] [stdout]   --> src/selection.rs:53:17
[INFO] [stdout]    |
[INFO] [stdout] 50 |     pub(crate) fn extract_typename<'s, 'context: 's>(
[INFO] [stdout]    |                                    -- lifetime `'s` declared here
[INFO] [stdout] ...
[INFO] [stdout] 53 |     ) -> Option<&SelectionField<'_>> {
[INFO] [stdout]    |                 ^ this elided lifetime gets resolved as `'s`
[INFO] [stdout]    |
[INFO] [stdout]    = note: `#[warn(elided_named_lifetimes)]` on by default
[INFO] [stdout] 
[INFO] [stdout] 
[INFO] [stdout] warning: elided lifetime has a name
[INFO] [stdout]   --> src/selection.rs:53:33
[INFO] [stdout]    |
[INFO] [stdout] 50 |     pub(crate) fn extract_typename<'s, 'context: 's>(
[INFO] [stdout]    |                                    -- lifetime `'s` declared here
[INFO] [stdout] ...
[INFO] [stdout] 53 |     ) -> Option<&SelectionField<'_>> {
[INFO] [stdout]    |                                 ^^ this elided lifetime gets resolved as `'s`
[INFO] [stdout] 
[INFO] [stdout] 
[INFO] [stdout] warning: field `input_value` is never read
[INFO] [stdout]    --> src/introspection_response.rs:144:5
[INFO] [stdout]     |
[INFO] [stdout] 142 | pub struct FullTypeFieldsArgs {
[INFO] [stdout]     |            ------------------ field in this struct
[INFO] [stdout] 143 |     #[serde(flatten)]
[INFO] [stdout] 144 |     input_value: InputValue
[INFO] [stdout]     |     ^^^^^^^^^^^
[INFO] [stdout]     |
[INFO] [stdout]     = note: `FullTypeFieldsArgs` has derived impls for the traits `Debug` and `Clone`, but these are intentionally ignored during dead code analysis
[INFO] [stdout]     = note: `#[warn(dead_code)]` on by default
[INFO] [stdout] 
[INFO] [stdout] 
[INFO] [stdout] warning: field `args` is never read
[INFO] [stdout]    --> src/introspection_response.rs:159:9
[INFO] [stdout]     |
[INFO] [stdout] 156 | pub struct FullTypeFields {
[INFO] [stdout]     |            -------------- field in this struct
[INFO] [stdout] ...
[INFO] [stdout] 159 |     pub args: Option<Vec<Option<FullTypeFieldsArgs>>>,
[INFO] [stdout]     |         ^^^^
[INFO] [stdout]     |
[INFO] [stdout]     = note: `FullTypeFields` has derived impls for the traits `Debug` and `Clone`, but these are intentionally ignored during dead code analysis
[INFO] [stdout] 
[INFO] [stdout] 
[INFO] [stdout] warning: fields `is_deprecated` and `deprecation_reason` are never read
[INFO] [stdout]    --> src/introspection_response.rs:185:9
[INFO] [stdout]     |
[INFO] [stdout] 182 | pub struct FullTypeEnumValues {
[INFO] [stdout]     |            ------------------ fields in this struct
[INFO] [stdout] ...
[INFO] [stdout] 185 |     pub is_deprecated: Option<bool>,
[INFO] [stdout]     |         ^^^^^^^^^^^^^
[INFO] [stdout] 186 |     pub deprecation_reason: Option<String>
[INFO] [stdout]     |         ^^^^^^^^^^^^^^^^^^
[INFO] [stdout]     |
[INFO] [stdout]     = note: `FullTypeEnumValues` has derived impls for the traits `Debug` and `Clone`, but these are intentionally ignored during dead code analysis
[INFO] [stdout] 
[INFO] [stdout] 
[INFO] [stdout] warning: fields `description` and `default_value` are never read
[INFO] [stdout]    --> src/introspection_response.rs:200:9
[INFO] [stdout]     |
[INFO] [stdout] 198 | pub struct InputValue {
[INFO] [stdout]     |            ---------- fields in this struct
[INFO] [stdout] 199 |     pub name: Option<String>,
[INFO] [stdout] 200 |     pub description: Option<String>,
[INFO] [stdout]     |         ^^^^^^^^^^^
[INFO] [stdout] ...
[INFO] [stdout] 203 |     pub default_value: Option<String>
[INFO] [stdout]     |         ^^^^^^^^^^^^^
[INFO] [stdout]     |
[INFO] [stdout]     = note: `InputValue` has derived impls for the traits `Debug` and `Clone`, but these are intentionally ignored during dead code analysis
[INFO] [stdout] 
[INFO] [stdout] 
[INFO] [stdout] warning: field `input_value` is never read
[INFO] [stdout]    --> src/introspection_response.rs:250:5
[INFO] [stdout]     |
[INFO] [stdout] 248 | pub struct SchemaDirectivesArgs {
[INFO] [stdout]     |            -------------------- field in this struct
[INFO] [stdout] 249 |     #[serde(flatten)]
[INFO] [stdout] 250 |     input_value: InputValue
[INFO] [stdout]     |     ^^^^^^^^^^^
[INFO] [stdout]     |
[INFO] [stdout]     = note: `SchemaDirectivesArgs` has derived impls for the traits `Debug` and `Clone`, but these are intentionally ignored during dead code analysis
[INFO] [stdout] 
[INFO] [stdout] 
[INFO] [stdout] warning: fields `name`, `description`, `locations`, and `args` are never read
[INFO] [stdout]    --> src/introspection_response.rs:256:9
[INFO] [stdout]     |
[INFO] [stdout] 255 | pub struct SchemaDirectives {
[INFO] [stdout]     |            ---------------- fields in this struct
[INFO] [stdout] 256 |     pub name: Option<String>,
[INFO] [stdout]     |         ^^^^
[INFO] [stdout] 257 |     pub description: Option<String>,
[INFO] [stdout]     |         ^^^^^^^^^^^
[INFO] [stdout] 258 |     pub locations: Option<Vec<Option<__DirectiveLocation>>>,
[INFO] [stdout]     |         ^^^^^^^^^
[INFO] [stdout] 259 |     pub args: Option<Vec<Option<SchemaDirectivesArgs>>>
[INFO] [stdout]     |         ^^^^
[INFO] [stdout]     |
[INFO] [stdout]     = note: `SchemaDirectives` has derived impls for the traits `Debug` and `Clone`, but these are intentionally ignored during dead code analysis
[INFO] [stdout] 
[INFO] [stdout] 
[INFO] [stdout] warning: field `directives` is never read
[INFO] [stdout]    --> src/introspection_response.rs:269:5
[INFO] [stdout]     |
[INFO] [stdout] 264 | pub struct Schema {
[INFO] [stdout]     |            ------ field in this struct
[INFO] [stdout] ...
[INFO] [stdout] 269 |     directives: Option<Vec<Option<SchemaDirectives>>>
[INFO] [stdout]     |     ^^^^^^^^^^
[INFO] [stdout]     |
[INFO] [stdout]     = note: `Schema` has derived impls for the traits `Debug` and `Clone`, but these are intentionally ignored during dead code analysis
[INFO] [stdout] 
[INFO] [stdout] 
[INFO] [stdout] warning: trait `CodegenVisitor` is never used
[INFO] [stdout]  --> src/extensions/mod.rs:1:11
[INFO] [stdout]   |
[INFO] [stdout] 1 | pub trait CodegenVisitor {
[INFO] [stdout]   |           ^^^^^^^^^^^^^^
[INFO] [stdout] 
[INFO] [stdout] 
[INFO] [stdout] warning: panic message is not a string literal
[INFO] [stdout]    --> src/operations.rs:143:60
[INFO] [stdout]     |
[INFO] [stdout] 143 |             OperationDefinition::SelectionSet(_) => panic!(SELECTION_SET_AT_ROOT)
[INFO] [stdout]     |                                                            ^^^^^^^^^^^^^^^^^^^^^
[INFO] [stdout]     |
[INFO] [stdout]     = note: this usage of `panic!()` is deprecated; it will be a hard error in Rust 2021
[INFO] [stdout]     = note: for more information, see <https://doc.rust-lang.org/nightly/edition-guide/rust-2021/panic-macro-consistency.html>
[INFO] [stdout]     = note: `#[warn(non_fmt_panics)]` on by default
[INFO] [stdout] help: add a "{}" format string to `Display` the message
[INFO] [stdout]     |
[INFO] [stdout] 143 |             OperationDefinition::SelectionSet(_) => panic!("{}", SELECTION_SET_AT_ROOT)
[INFO] [stdout]     |                                                            +++++
[INFO] [stdout] 
[INFO] [stdout] 
[INFO] [stderr]    Compiling artemis_codegen v0.1.0 (/opt/rustwide/workdir)
[INFO] [stdout] warning: unused doc comment
[INFO] [stdout]   --> src/constants.rs:18:9
[INFO] [stdout]    |
[INFO] [stdout] 18 | /         /// Non-nullable, see spec:
[INFO] [stdout] 19 | |         /// https://github.com/facebook/graphql/blob/master/spec/Section%204%20--%20Introspection.md
[INFO] [stdout]    | |____________________________________________________________________________________________________^
[INFO] [stdout] 20 |           type_: FieldType::new(string_type()),
[INFO] [stdout]    |           ------------------------------------ rustdoc does not generate documentation for expression fields
[INFO] [stdout]    |
[INFO] [stdout]    = help: use `//` for a plain comment
[INFO] [stdout]    = note: `#[warn(unused_doc_comments)]` on by default
[INFO] [stdout] 
[INFO] [stdout] 
[INFO] [stdout] warning: elided lifetime has a name
[INFO] [stdout]   --> src/selection.rs:53:17
[INFO] [stdout]    |
[INFO] [stdout] 50 |     pub(crate) fn extract_typename<'s, 'context: 's>(
[INFO] [stdout]    |                                    -- lifetime `'s` declared here
[INFO] [stdout] ...
[INFO] [stdout] 53 |     ) -> Option<&SelectionField<'_>> {
[INFO] [stdout]    |                 ^ this elided lifetime gets resolved as `'s`
[INFO] [stdout]    |
[INFO] [stdout]    = note: `#[warn(elided_named_lifetimes)]` on by default
[INFO] [stdout] 
[INFO] [stdout] 
[INFO] [stdout] warning: elided lifetime has a name
[INFO] [stdout]   --> src/selection.rs:53:33
[INFO] [stdout]    |
[INFO] [stdout] 50 |     pub(crate) fn extract_typename<'s, 'context: 's>(
[INFO] [stdout]    |                                    -- lifetime `'s` declared here
[INFO] [stdout] ...
[INFO] [stdout] 53 |     ) -> Option<&SelectionField<'_>> {
[INFO] [stdout]    |                                 ^^ this elided lifetime gets resolved as `'s`
[INFO] [stdout] 
[INFO] [stdout] 
[INFO] [stdout] warning: field `input_value` is never read
[INFO] [stdout]    --> src/introspection_response.rs:144:5
[INFO] [stdout]     |
[INFO] [stdout] 142 | pub struct FullTypeFieldsArgs {
[INFO] [stdout]     |            ------------------ field in this struct
[INFO] [stdout] 143 |     #[serde(flatten)]
[INFO] [stdout] 144 |     input_value: InputValue
[INFO] [stdout]     |     ^^^^^^^^^^^
[INFO] [stdout]     |
[INFO] [stdout]     = note: `FullTypeFieldsArgs` has derived impls for the traits `Debug` and `Clone`, but these are intentionally ignored during dead code analysis
[INFO] [stdout]     = note: `#[warn(dead_code)]` on by default
[INFO] [stdout] 
[INFO] [stdout] 
[INFO] [stdout] warning: field `args` is never read
[INFO] [stdout]    --> src/introspection_response.rs:159:9
[INFO] [stdout]     |
[INFO] [stdout] 156 | pub struct FullTypeFields {
[INFO] [stdout]     |            -------------- field in this struct
[INFO] [stdout] ...
[INFO] [stdout] 159 |     pub args: Option<Vec<Option<FullTypeFieldsArgs>>>,
[INFO] [stdout]     |         ^^^^
[INFO] [stdout]     |
[INFO] [stdout]     = note: `FullTypeFields` has derived impls for the traits `Debug` and `Clone`, but these are intentionally ignored during dead code analysis
[INFO] [stdout] 
[INFO] [stdout] 
[INFO] [stdout] warning: fields `is_deprecated` and `deprecation_reason` are never read
[INFO] [stdout]    --> src/introspection_response.rs:185:9
[INFO] [stdout]     |
[INFO] [stdout] 182 | pub struct FullTypeEnumValues {
[INFO] [stdout]     |            ------------------ fields in this struct
[INFO] [stdout] ...
[INFO] [stdout] 185 |     pub is_deprecated: Option<bool>,
[INFO] [stdout]     |         ^^^^^^^^^^^^^
[INFO] [stdout] 186 |     pub deprecation_reason: Option<String>
[INFO] [stdout]     |         ^^^^^^^^^^^^^^^^^^
[INFO] [stdout]     |
[INFO] [stdout]     = note: `FullTypeEnumValues` has derived impls for the traits `Debug` and `Clone`, but these are intentionally ignored during dead code analysis
[INFO] [stdout] 
[INFO] [stdout] 
[INFO] [stdout] warning: fields `description` and `default_value` are never read
[INFO] [stdout]    --> src/introspection_response.rs:200:9
[INFO] [stdout]     |
[INFO] [stdout] 198 | pub struct InputValue {
[INFO] [stdout]     |            ---------- fields in this struct
[INFO] [stdout] 199 |     pub name: Option<String>,
[INFO] [stdout] 200 |     pub description: Option<String>,
[INFO] [stdout]     |         ^^^^^^^^^^^
[INFO] [stdout] ...
[INFO] [stdout] 203 |     pub default_value: Option<String>
[INFO] [stdout]     |         ^^^^^^^^^^^^^
[INFO] [stdout]     |
[INFO] [stdout]     = note: `InputValue` has derived impls for the traits `Debug` and `Clone`, but these are intentionally ignored during dead code analysis
[INFO] [stdout] 
[INFO] [stdout] 
[INFO] [stdout] warning: field `input_value` is never read
[INFO] [stdout]    --> src/introspection_response.rs:250:5
[INFO] [stdout]     |
[INFO] [stdout] 248 | pub struct SchemaDirectivesArgs {
[INFO] [stdout]     |            -------------------- field in this struct
[INFO] [stdout] 249 |     #[serde(flatten)]
[INFO] [stdout] 250 |     input_value: InputValue
[INFO] [stdout]     |     ^^^^^^^^^^^
[INFO] [stdout]     |
[INFO] [stdout]     = note: `SchemaDirectivesArgs` has derived impls for the traits `Debug` and `Clone`, but these are intentionally ignored during dead code analysis
[INFO] [stdout] 
[INFO] [stdout] 
[INFO] [stdout] warning: fields `name`, `description`, `locations`, and `args` are never read
[INFO] [stdout]    --> src/introspection_response.rs:256:9
[INFO] [stdout]     |
[INFO] [stdout] 255 | pub struct SchemaDirectives {
[INFO] [stdout]     |            ---------------- fields in this struct
[INFO] [stdout] 256 |     pub name: Option<String>,
[INFO] [stdout]     |         ^^^^
[INFO] [stdout] 257 |     pub description: Option<String>,
[INFO] [stdout]     |         ^^^^^^^^^^^
[INFO] [stdout] 258 |     pub locations: Option<Vec<Option<__DirectiveLocation>>>,
[INFO] [stdout]     |         ^^^^^^^^^
[INFO] [stdout] 259 |     pub args: Option<Vec<Option<SchemaDirectivesArgs>>>
[INFO] [stdout]     |         ^^^^
[INFO] [stdout]     |
[INFO] [stdout]     = note: `SchemaDirectives` has derived impls for the traits `Debug` and `Clone`, but these are intentionally ignored during dead code analysis
[INFO] [stdout] 
[INFO] [stdout] 
[INFO] [stdout] warning: field `directives` is never read
[INFO] [stdout]    --> src/introspection_response.rs:269:5
[INFO] [stdout]     |
[INFO] [stdout] 264 | pub struct Schema {
[INFO] [stdout]     |            ------ field in this struct
[INFO] [stdout] ...
[INFO] [stdout] 269 |     directives: Option<Vec<Option<SchemaDirectives>>>
[INFO] [stdout]     |     ^^^^^^^^^^
[INFO] [stdout]     |
[INFO] [stdout]     = note: `Schema` has derived impls for the traits `Debug` and `Clone`, but these are intentionally ignored during dead code analysis
[INFO] [stdout] 
[INFO] [stdout] 
[INFO] [stdout] warning: trait `CodegenVisitor` is never used
[INFO] [stdout]  --> src/extensions/mod.rs:1:11
[INFO] [stdout]   |
[INFO] [stdout] 1 | pub trait CodegenVisitor {
[INFO] [stdout]   |           ^^^^^^^^^^^^^^
[INFO] [stdout] 
[INFO] [stdout] 
[INFO] [stdout] warning: panic message is not a string literal
[INFO] [stdout]    --> src/operations.rs:143:60
[INFO] [stdout]     |
[INFO] [stdout] 143 |             OperationDefinition::SelectionSet(_) => panic!(SELECTION_SET_AT_ROOT)
[INFO] [stdout]     |                                                            ^^^^^^^^^^^^^^^^^^^^^
[INFO] [stdout]     |
[INFO] [stdout]     = note: this usage of `panic!()` is deprecated; it will be a hard error in Rust 2021
[INFO] [stdout]     = note: for more information, see <https://doc.rust-lang.org/nightly/edition-guide/rust-2021/panic-macro-consistency.html>
[INFO] [stdout]     = note: `#[warn(non_fmt_panics)]` on by default
[INFO] [stdout] help: add a "{}" format string to `Display` the message
[INFO] [stdout]     |
[INFO] [stdout] 143 |             OperationDefinition::SelectionSet(_) => panic!("{}", SELECTION_SET_AT_ROOT)
[INFO] [stdout]     |                                                            +++++
[INFO] [stdout] 
[INFO] [stdout] 
[INFO] [stderr]     Finished `test` profile [unoptimized + debuginfo] target(s) in 6.07s
[INFO] running `Command { std: "docker" "inspect" "e28addec5a2eca735f7bfcfe89014680202aaa19e0271265fae89a4bf7eef992", kill_on_drop: false }`
[INFO] running `Command { std: "docker" "rm" "-f" "e28addec5a2eca735f7bfcfe89014680202aaa19e0271265fae89a4bf7eef992", kill_on_drop: false }`
[INFO] [stdout] e28addec5a2eca735f7bfcfe89014680202aaa19e0271265fae89a4bf7eef992
[INFO] running `Command { std: "docker" "create" "-v" "/var/lib/crater-agent-workspace/builds/worker-2-tc1/target:/opt/rustwide/target:rw,Z" "-v" "/var/lib/crater-agent-workspace/builds/worker-2-tc1/source:/opt/rustwide/workdir:ro,Z" "-v" "/var/lib/crater-agent-workspace/cargo-home:/opt/rustwide/cargo-home:ro,Z" "-v" "/var/lib/crater-agent-workspace/rustup-home:/opt/rustwide/rustup-home:ro,Z" "-e" "SOURCE_DIR=/opt/rustwide/workdir" "-e" "CARGO_TARGET_DIR=/opt/rustwide/target" "-e" "CARGO_INCREMENTAL=0" "-e" "RUST_BACKTRACE=full" "-e" "RUSTFLAGS=--cap-lints=forbid" "-e" "RUSTDOCFLAGS=--cap-lints=forbid" "-e" "CARGO_HOME=/opt/rustwide/cargo-home" "-e" "RUSTUP_HOME=/opt/rustwide/rustup-home" "-w" "/opt/rustwide/workdir" "-m" "1610612736" "--user" "0:0" "--network" "none" "ghcr.io/rust-lang/crates-build-env/linux@sha256:4a844ea9eb2546a2d2c7022eacef16ef2e8229c7fbb2c7d4d55a9ceca922f72d" "/opt/rustwide/cargo-home/bin/cargo" "+nightly-2024-10-28" "test" "--frozen", kill_on_drop: false }`
[INFO] [stdout] c137bb7b99c544f8f4e2adecffda720495b8be9775240767f4cd26b799aebf82
[INFO] running `Command { std: "docker" "start" "-a" "c137bb7b99c544f8f4e2adecffda720495b8be9775240767f4cd26b799aebf82", kill_on_drop: false }`
[INFO] [stderr] warning: unused doc comment
[INFO] [stderr]   --> src/constants.rs:18:9
[INFO] [stderr]    |
[INFO] [stderr] 18 | /         /// Non-nullable, see spec:
[INFO] [stderr] 19 | |         /// https://github.com/facebook/graphql/blob/master/spec/Section%204%20--%20Introspection.md
[INFO] [stderr]    | |____________________________________________________________________________________________________^
[INFO] [stderr] 20 |           type_: FieldType::new(string_type()),
[INFO] [stderr]    |           ------------------------------------ rustdoc does not generate documentation for expression fields
[INFO] [stderr]    |
[INFO] [stderr]    = help: use `//` for a plain comment
[INFO] [stderr]    = note: `#[warn(unused_doc_comments)]` on by default
[INFO] [stderr] 
[INFO] [stderr] warning: elided lifetime has a name
[INFO] [stderr]   --> src/selection.rs:53:17
[INFO] [stderr]    |
[INFO] [stderr] 50 |     pub(crate) fn extract_typename<'s, 'context: 's>(
[INFO] [stderr]    |                                    -- lifetime `'s` declared here
[INFO] [stderr] ...
[INFO] [stderr] 53 |     ) -> Option<&SelectionField<'_>> {
[INFO] [stderr]    |                 ^ this elided lifetime gets resolved as `'s`
[INFO] [stderr]    |
[INFO] [stderr]    = note: `#[warn(elided_named_lifetimes)]` on by default
[INFO] [stderr] 
[INFO] [stderr] warning: elided lifetime has a name
[INFO] [stderr]   --> src/selection.rs:53:33
[INFO] [stderr]    |
[INFO] [stderr] 50 |     pub(crate) fn extract_typename<'s, 'context: 's>(
[INFO] [stderr]    |                                    -- lifetime `'s` declared here
[INFO] [stderr] ...
[INFO] [stderr] 53 |     ) -> Option<&SelectionField<'_>> {
[INFO] [stderr]    |                                 ^^ this elided lifetime gets resolved as `'s`
[INFO] [stderr] 
[INFO] [stderr] warning: field `input_value` is never read
[INFO] [stderr]    --> src/introspection_response.rs:144:5
[INFO] [stderr]     |
[INFO] [stderr] 142 | pub struct FullTypeFieldsArgs {
[INFO] [stderr]     |            ------------------ field in this struct
[INFO] [stderr] 143 |     #[serde(flatten)]
[INFO] [stderr] 144 |     input_value: InputValue
[INFO] [stderr]     |     ^^^^^^^^^^^
[INFO] [stderr]     |
[INFO] [stderr]     = note: `FullTypeFieldsArgs` has derived impls for the traits `Debug` and `Clone`, but these are intentionally ignored during dead code analysis
[INFO] [stderr]     = note: `#[warn(dead_code)]` on by default
[INFO] [stderr] 
[INFO] [stderr] warning: field `args` is never read
[INFO] [stderr]    --> src/introspection_response.rs:159:9
[INFO] [stderr]     |
[INFO] [stderr] 156 | pub struct FullTypeFields {
[INFO] [stderr]     |            -------------- field in this struct
[INFO] [stderr] ...
[INFO] [stderr] 159 |     pub args: Option<Vec<Option<FullTypeFieldsArgs>>>,
[INFO] [stderr]     |         ^^^^
[INFO] [stderr]     |
[INFO] [stderr]     = note: `FullTypeFields` has derived impls for the traits `Debug` and `Clone`, but these are intentionally ignored during dead code analysis
[INFO] [stderr] 
[INFO] [stderr] warning: fields `is_deprecated` and `deprecation_reason` are never read
[INFO] [stderr]    --> src/introspection_response.rs:185:9
[INFO] [stderr]     |
[INFO] [stderr] 182 | pub struct FullTypeEnumValues {
[INFO] [stderr]     |            ------------------ fields in this struct
[INFO] [stderr] ...
[INFO] [stderr] 185 |     pub is_deprecated: Option<bool>,
[INFO] [stderr]     |         ^^^^^^^^^^^^^
[INFO] [stderr] 186 |     pub deprecation_reason: Option<String>
[INFO] [stderr]     |         ^^^^^^^^^^^^^^^^^^
[INFO] [stderr]     |
[INFO] [stderr]     = note: `FullTypeEnumValues` has derived impls for the traits `Debug` and `Clone`, but these are intentionally ignored during dead code analysis
[INFO] [stderr] 
[INFO] [stderr] warning: fields `description` and `default_value` are never read
[INFO] [stderr]    --> src/introspection_response.rs:200:9
[INFO] [stderr]     |
[INFO] [stderr] 198 | pub struct InputValue {
[INFO] [stderr]     |            ---------- fields in this struct
[INFO] [stderr] 199 |     pub name: Option<String>,
[INFO] [stderr] 200 |     pub description: Option<String>,
[INFO] [stderr]     |         ^^^^^^^^^^^
[INFO] [stderr] ...
[INFO] [stderr] 203 |     pub default_value: Option<String>
[INFO] [stderr]     |         ^^^^^^^^^^^^^
[INFO] [stderr]     |
[INFO] [stderr]     = note: `InputValue` has derived impls for the traits `Debug` and `Clone`, but these are intentionally ignored during dead code analysis
[INFO] [stderr] 
[INFO] [stderr] warning: field `input_value` is never read
[INFO] [stderr]    --> src/introspection_response.rs:250:5
[INFO] [stderr]     |
[INFO] [stderr] 248 | pub struct SchemaDirectivesArgs {
[INFO] [stderr]     |            -------------------- field in this struct
[INFO] [stderr] 249 |     #[serde(flatten)]
[INFO] [stderr] 250 |     input_value: InputValue
[INFO] [stderr]     |     ^^^^^^^^^^^
[INFO] [stderr]     |
[INFO] [stderr]     = note: `SchemaDirectivesArgs` has derived impls for the traits `Debug` and `Clone`, but these are intentionally ignored during dead code analysis
[INFO] [stderr] 
[INFO] [stderr] warning: fields `name`, `description`, `locations`, and `args` are never read
[INFO] [stderr]    --> src/introspection_response.rs:256:9
[INFO] [stderr]     |
[INFO] [stderr] 255 | pub struct SchemaDirectives {
[INFO] [stderr]     |            ---------------- fields in this struct
[INFO] [stderr] 256 |     pub name: Option<String>,
[INFO] [stderr]     |         ^^^^
[INFO] [stderr] 257 |     pub description: Option<String>,
[INFO] [stderr]     |         ^^^^^^^^^^^
[INFO] [stderr] 258 |     pub locations: Option<Vec<Option<__DirectiveLocation>>>,
[INFO] [stderr]     |         ^^^^^^^^^
[INFO] [stderr] 259 |     pub args: Option<Vec<Option<SchemaDirectivesArgs>>>
[INFO] [stderr]     |         ^^^^
[INFO] [stderr]     |
[INFO] [stderr]     = note: `SchemaDirectives` has derived impls for the traits `Debug` and `Clone`, but these are intentionally ignored during dead code analysis
[INFO] [stderr] 
[INFO] [stderr] warning: field `directives` is never read
[INFO] [stderr]    --> src/introspection_response.rs:269:5
[INFO] [stderr]     |
[INFO] [stderr] 264 | pub struct Schema {
[INFO] [stderr]     |            ------ field in this struct
[INFO] [stderr] ...
[INFO] [stderr] 269 |     directives: Option<Vec<Option<SchemaDirectives>>>
[INFO] [stderr]     |     ^^^^^^^^^^
[INFO] [stderr]     |
[INFO] [stderr]     = note: `Schema` has derived impls for the traits `Debug` and `Clone`, but these are intentionally ignored during dead code analysis
[INFO] [stderr] 
[INFO] [stderr] warning: trait `CodegenVisitor` is never used
[INFO] [stderr]  --> src/extensions/mod.rs:1:11
[INFO] [stderr]   |
[INFO] [stderr] 1 | pub trait CodegenVisitor {
[INFO] [stderr]   |           ^^^^^^^^^^^^^^
[INFO] [stderr] 
[INFO] [stderr] warning: panic message is not a string literal
[INFO] [stderr]    --> src/operations.rs:143:60
[INFO] [stderr]     |
[INFO] [stderr] 143 |             OperationDefinition::SelectionSet(_) => panic!(SELECTION_SET_AT_ROOT)
[INFO] [stderr]     |                                                            ^^^^^^^^^^^^^^^^^^^^^
[INFO] [stderr]     |
[INFO] [stderr]     = note: this usage of `panic!()` is deprecated; it will be a hard error in Rust 2021
[INFO] [stderr]     = note: for more information, see <https://doc.rust-lang.org/nightly/edition-guide/rust-2021/panic-macro-consistency.html>
[INFO] [stderr]     = note: `#[warn(non_fmt_panics)]` on by default
[INFO] [stderr] help: add a "{}" format string to `Display` the message
[INFO] [stderr]     |
[INFO] [stderr] 143 |             OperationDefinition::SelectionSet(_) => panic!("{}", SELECTION_SET_AT_ROOT)
[INFO] [stderr]     |                                                            +++++
[INFO] [stderr] 
[INFO] [stderr] warning: `artemis_codegen` (lib) generated 12 warnings (run `cargo fix --lib -p artemis_codegen` to apply 1 suggestion)
[INFO] [stderr] warning: `artemis_codegen` (lib test) generated 12 warnings (12 duplicates)
[INFO] [stderr]     Finished `test` profile [unoptimized + debuginfo] target(s) in 0.07s
[INFO] [stderr]      Running unittests src/lib.rs (/opt/rustwide/target/debug/deps/artemis_codegen-5f00b0deec49d3a4)
[INFO] [stdout] 
[INFO] [stdout] running 42 tests
[INFO] [stdout] test field_type::tests::field_selector::object_produces_object_field_selector ... ok
[INFO] [stdout] test field_type::tests::field_selector::enum_produces_scalar_field_selector ... ok
[INFO] [stdout] test field_type::tests::field_selector::scalar_produces_scalar_field_selector ... ok
[INFO] [stdout] test field_type::tests::field_type_from_graphql_parser_schema_type_works ... ok
[INFO] [stdout] test field_type::tests::field_type_from_introspection_response_works ... ok
[INFO] [stdout] test field_type::tests::to_rust::enum_type_produces_raw_typename ... ok
[INFO] [stdout] test field_type::tests::to_rust::list_of_options_produces_vec_of_option ... ok
[INFO] [stdout] test field_type::tests::field_selector::union_produces_union_field_selector ... ok
[INFO] [stdout] test field_type::tests::to_rust::non_null_type_produces_raw_typename ... ok
[INFO] [stdout] test field_type::tests::to_rust::scalar_type_produces_raw_typename ... ok
[INFO] [stdout] test field_type::tests::field_selector::variable_args_produces_format ... ok
[INFO] [stdout] test field_type::tests::field_selector::static_args_produces_static_format ... ok
[INFO] [stdout] test field_type::tests::to_rust::nullable_type_produces_option ... ok
[INFO] [stdout] test field_type::tests::typescript::list_produces_array ... ok
[INFO] [stdout] test field_type::tests::to_rust::list_produces_vec ... ok
[INFO] [stdout] test field_type::tests::typescript::nullable_type_produces_maybe ... ok
[INFO] [stdout] test field_type::tests::typescript::list_of_options_produces_array_of_maybe ... ok
[INFO] [stdout] test field_type::tests::typescript::scalar_type_produces_typescript_typename ... ok
[INFO] [stdout] test field_type::tests::typescript::enum_type_produces_typescript_typename ... ok
[INFO] [stdout] test interfaces::tests::object_selection_works ... ok
[INFO] [stdout] test objects::test::deprecation_no_reason ... ok
[INFO] [stdout] test interfaces::tests::union_selection_works ... ok
[INFO] [stdout] test objects::test::deprecation_with_reason ... ok
[INFO] [stdout] test objects::test::null_deprecation_reason ... ok
[INFO] [stdout] test objects::test::no_deprecation ... ok
[INFO] [stdout] test selection::tests::selection_extract_typename_in_fragment ... ok
[INFO] [stdout] test selection::tests::selection_extract_typename_simple_case ... ok
[INFO] [stdout] test selection::tests::selection_from_graphql_parser_selection_set ... ok
[INFO] [stdout] test schema::tests::build_schema_works ... ok
[INFO] [stdout] test shared::tests::fragment_selector_returns_flattened_selectors ... ok
[INFO] [stdout] test shared::tests::nested_fragment_selector_returns_flattened_selectors ... ok
[INFO] [stdout] test field_type::tests::typescript::non_null_type_produces_typescript_typename ... ok
[INFO] [stdout] test tests::schema_with_keywords_works ... ok
[INFO] [stdout] test unions::tests::union_rejects_selection_on_non_member_type ... ok
[INFO] [stdout] test unions::tests::union_response_for_selection_complains_if_typename_is_missing ... ok
[INFO] [stdout] test shared::tests::keyword_replace ... ok
[INFO] [stdout] test inputs::tests::gql_input_to_rust ... FAILED
[INFO] [stdout] test objects::test::invalid_deprecation_reason - should panic ... ok
[INFO] [stdout] test query::tests::response_derives_ingestion_works ... FAILED
[INFO] [stdout] test query::tests::response_enum_derives_works ... FAILED
[INFO] [stdout] test query::tests::response_enum_derives_does_not_produce_empty_list ... FAILED
[INFO] [stdout] test tests::github::ast_from_graphql_and_json_produce_the_same_schema ... ok
[INFO] [stdout] 
[INFO] [stdout] failures:
[INFO] [stdout] 
[INFO] [stdout] ---- inputs::tests::gql_input_to_rust stdout ----
[INFO] [stdout] thread 'inputs::tests::gql_input_to_rust' panicked at src/inputs.rs:278:9:
[INFO] [stdout] assertion `left == right` failed
[INFO] [stdout]   left: "# [derive (Clone , Serialize)] pub struct Cat { pub offsprings : Vec < Cat > , # [serde (rename = \"pawsCount\")] pub paws_count : Float , pub requirements : Option < CatRequirements > , }"
[INFO] [stdout]  right: "# [ derive ( Clone , Serialize ) ] pub struct Cat { pub offsprings : Vec < Cat > , # [ serde ( rename = \"pawsCount\" ) ] pub paws_count : Float , pub requirements : Option < CatRequirements > , }"
[INFO] [stdout] stack backtrace:
[INFO] [stdout]    0:     0x62af61e73e9a - std::backtrace_rs::backtrace::libunwind::trace::h207520d6e9873551
[INFO] [stdout]                                at /rustc/df4ca44d3fbc9301ee17f30f4d474e6ae4b05252/library/std/src/../../backtrace/src/backtrace/libunwind.rs:116:5
[INFO] [stdout]    1:     0x62af61e73e9a - std::backtrace_rs::backtrace::trace_unsynchronized::h2ed7433f370e3eca
[INFO] [stdout]                                at /rustc/df4ca44d3fbc9301ee17f30f4d474e6ae4b05252/library/std/src/../../backtrace/src/backtrace/mod.rs:66:5
[INFO] [stdout]    2:     0x62af61e73e9a - std::sys::backtrace::_print_fmt::h916fac51166b18d7
[INFO] [stdout]                                at /rustc/df4ca44d3fbc9301ee17f30f4d474e6ae4b05252/library/std/src/sys/backtrace.rs:66:9
[INFO] [stdout]    3:     0x62af61e73e9a - <std::sys::backtrace::BacktraceLock::print::DisplayBacktrace as core::fmt::Display>::fmt::ha0a4c9b8ce3802e6
[INFO] [stdout]                                at /rustc/df4ca44d3fbc9301ee17f30f4d474e6ae4b05252/library/std/src/sys/backtrace.rs:39:26
[INFO] [stdout]    4:     0x62af61e9d173 - core::fmt::rt::Argument::fmt::h4cfc8587d52b3eb5
[INFO] [stdout]                                at /rustc/df4ca44d3fbc9301ee17f30f4d474e6ae4b05252/library/core/src/fmt/rt.rs:177:76
[INFO] [stdout]    5:     0x62af61e9d173 - core::fmt::write::h522cc39e5b36ae9f
[INFO] [stdout]                                at /rustc/df4ca44d3fbc9301ee17f30f4d474e6ae4b05252/library/core/src/fmt/mod.rs:1190:21
[INFO] [stdout]    6:     0x62af61e70af3 - std::io::Write::write_fmt::h7d3c26752da97734
[INFO] [stdout]                                at /rustc/df4ca44d3fbc9301ee17f30f4d474e6ae4b05252/library/std/src/io/mod.rs:1839:15
[INFO] [stdout]    7:     0x62af61e73ce2 - std::sys::backtrace::BacktraceLock::print::h4b9e00b29e9c0942
[INFO] [stdout]                                at /rustc/df4ca44d3fbc9301ee17f30f4d474e6ae4b05252/library/std/src/sys/backtrace.rs:42:9
[INFO] [stdout]    8:     0x62af61e7532a - std::panicking::default_hook::{{closure}}::hb59b88280d0324d9
[INFO] [stdout]                                at /rustc/df4ca44d3fbc9301ee17f30f4d474e6ae4b05252/library/std/src/panicking.rs:268:22
[INFO] [stdout]    9:     0x62af61e75134 - std::panicking::default_hook::he1dd496665be4a29
[INFO] [stdout]                                at /rustc/df4ca44d3fbc9301ee17f30f4d474e6ae4b05252/library/std/src/panicking.rs:292:9
[INFO] [stdout]   10:     0x62af61c9ecc9 - <alloc::boxed::Box<F,A> as core::ops::function::Fn<Args>>::call::h4ff71de18744e1dc
[INFO] [stdout]                                at /rustc/df4ca44d3fbc9301ee17f30f4d474e6ae4b05252/library/alloc/src/boxed.rs:2468:9
[INFO] [stdout]   11:     0x62af61c9ecc9 - test::test_main::{{closure}}::hcf7c055ce117aa81
[INFO] [stdout]                                at /rustc/df4ca44d3fbc9301ee17f30f4d474e6ae4b05252/library/test/src/lib.rs:133:21
[INFO] [stdout]   12:     0x62af61e75a28 - <alloc::boxed::Box<F,A> as core::ops::function::Fn<Args>>::call::h1d66c6bbd60c9692
[INFO] [stdout]                                at /rustc/df4ca44d3fbc9301ee17f30f4d474e6ae4b05252/library/alloc/src/boxed.rs:2468:9
[INFO] [stdout]   13:     0x62af61e75a28 - std::panicking::rust_panic_with_hook::h2ff17fe8f26dfcf8
[INFO] [stdout]                                at /rustc/df4ca44d3fbc9301ee17f30f4d474e6ae4b05252/library/std/src/panicking.rs:809:13
[INFO] [stdout]   14:     0x62af61e757ea - std::panicking::begin_panic_handler::{{closure}}::h4fad77951c07e101
[INFO] [stdout]                                at /rustc/df4ca44d3fbc9301ee17f30f4d474e6ae4b05252/library/std/src/panicking.rs:674:13
[INFO] [stdout]   15:     0x62af61e74379 - std::sys::backtrace::__rust_end_short_backtrace::hb1a25b3da5d0ea08
[INFO] [stdout]                                at /rustc/df4ca44d3fbc9301ee17f30f4d474e6ae4b05252/library/std/src/sys/backtrace.rs:170:18
[INFO] [stdout]   16:     0x62af61e7547c - rust_begin_unwind
[INFO] [stdout]                                at /rustc/df4ca44d3fbc9301ee17f30f4d474e6ae4b05252/library/std/src/panicking.rs:665:5
[INFO] [stdout]   17:     0x62af61e9b500 - core::panicking::panic_fmt::ha9db07b529f9b256
[INFO] [stdout]                                at /rustc/df4ca44d3fbc9301ee17f30f4d474e6ae4b05252/library/core/src/panicking.rs:75:14
[INFO] [stdout]   18:     0x62af61e9b8cb - core::panicking::assert_failed_inner::h04f38944d74a80a8
[INFO] [stdout]   19:     0x62af61bf1200 - core::panicking::assert_failed::hf70a93dd623955a7
[INFO] [stdout]                                at /rustc/df4ca44d3fbc9301ee17f30f4d474e6ae4b05252/library/core/src/panicking.rs:377:5
[INFO] [stdout]   20:     0x62af61bb6194 - artemis_codegen::inputs::tests::gql_input_to_rust::h34386ab37a6cd00a
[INFO] [stdout]                                at /opt/rustwide/workdir/src/inputs.rs:278:9
[INFO] [stdout]   21:     0x62af61bb53b7 - artemis_codegen::inputs::tests::gql_input_to_rust::{{closure}}::h9ef8969de790a4ba
[INFO] [stdout]                                at /opt/rustwide/workdir/src/inputs.rs:223:27
[INFO] [stdout]   22:     0x62af61be8f26 - core::ops::function::FnOnce::call_once::haabd22bfd646b4b4
[INFO] [stdout]                                at /rustc/df4ca44d3fbc9301ee17f30f4d474e6ae4b05252/library/core/src/ops/function.rs:250:5
[INFO] [stdout]   23:     0x62af61ca359b - core::ops::function::FnOnce::call_once::h22c3ba5715e93f05
[INFO] [stdout]                                at /rustc/df4ca44d3fbc9301ee17f30f4d474e6ae4b05252/library/core/src/ops/function.rs:250:5
[INFO] [stdout]   24:     0x62af61ca359b - test::__rust_begin_short_backtrace::h8e82d8113d0da17f
[INFO] [stdout]                                at /rustc/df4ca44d3fbc9301ee17f30f4d474e6ae4b05252/library/test/src/lib.rs:621:18
[INFO] [stdout]   25:     0x62af61ca2f17 - test::run_test_in_process::{{closure}}::h33235f4f20b7b7c7
[INFO] [stdout]                                at /rustc/df4ca44d3fbc9301ee17f30f4d474e6ae4b05252/library/test/src/lib.rs:644:60
[INFO] [stdout]   26:     0x62af61ca2f17 - <core::panic::unwind_safe::AssertUnwindSafe<F> as core::ops::function::FnOnce<()>>::call_once::hb5043206310c586f
[INFO] [stdout]                                at /rustc/df4ca44d3fbc9301ee17f30f4d474e6ae4b05252/library/core/src/panic/unwind_safe.rs:272:9
[INFO] [stdout]   27:     0x62af61ca2f17 - std::panicking::try::do_call::h9ad4731a60ab23e2
[INFO] [stdout]                                at /rustc/df4ca44d3fbc9301ee17f30f4d474e6ae4b05252/library/std/src/panicking.rs:557:40
[INFO] [stdout]   28:     0x62af61ca2f17 - std::panicking::try::h3824d23db772a716
[INFO] [stdout]                                at /rustc/df4ca44d3fbc9301ee17f30f4d474e6ae4b05252/library/std/src/panicking.rs:520:19
[INFO] [stdout]   29:     0x62af61ca2f17 - std::panic::catch_unwind::h5afd514605fde46b
[INFO] [stdout]                                at /rustc/df4ca44d3fbc9301ee17f30f4d474e6ae4b05252/library/std/src/panic.rs:358:14
[INFO] [stdout]   30:     0x62af61ca2f17 - test::run_test_in_process::h0d5cbfa7067d1720
[INFO] [stdout]                                at /rustc/df4ca44d3fbc9301ee17f30f4d474e6ae4b05252/library/test/src/lib.rs:644:27
[INFO] [stdout]   31:     0x62af61ca2f17 - test::run_test::{{closure}}::h708eb8872708115d
[INFO] [stdout]                                at /rustc/df4ca44d3fbc9301ee17f30f4d474e6ae4b05252/library/test/src/lib.rs:565:43
[INFO] [stdout]   32:     0x62af61c66634 - test::run_test::{{closure}}::h392c51cee94713ab
[INFO] [stdout]                                at /rustc/df4ca44d3fbc9301ee17f30f4d474e6ae4b05252/library/test/src/lib.rs:595:41
[INFO] [stdout]   33:     0x62af61c66634 - std::sys::backtrace::__rust_begin_short_backtrace::h2f40290710935a8b
[INFO] [stdout]                                at /rustc/df4ca44d3fbc9301ee17f30f4d474e6ae4b05252/library/std/src/sys/backtrace.rs:154:18
[INFO] [stdout]   34:     0x62af61c69dde - std::thread::Builder::spawn_unchecked_::{{closure}}::{{closure}}::h3fd968d89053a903
[INFO] [stdout]                                at /rustc/df4ca44d3fbc9301ee17f30f4d474e6ae4b05252/library/std/src/thread/mod.rs:541:17
[INFO] [stdout]   35:     0x62af61c69dde - <core::panic::unwind_safe::AssertUnwindSafe<F> as core::ops::function::FnOnce<()>>::call_once::h743f637ba4229880
[INFO] [stdout]                                at /rustc/df4ca44d3fbc9301ee17f30f4d474e6ae4b05252/library/core/src/panic/unwind_safe.rs:272:9
[INFO] [stdout]   36:     0x62af61c69dde - std::panicking::try::do_call::h07440897322525a6
[INFO] [stdout]                                at /rustc/df4ca44d3fbc9301ee17f30f4d474e6ae4b05252/library/std/src/panicking.rs:557:40
[INFO] [stdout]   37:     0x62af61c69dde - std::panicking::try::he5a2e00188156637
[INFO] [stdout]                                at /rustc/df4ca44d3fbc9301ee17f30f4d474e6ae4b05252/library/std/src/panicking.rs:520:19
[INFO] [stdout]   38:     0x62af61c69dde - std::panic::catch_unwind::hbaf3cae49b3c6433
[INFO] [stdout]                                at /rustc/df4ca44d3fbc9301ee17f30f4d474e6ae4b05252/library/std/src/panic.rs:358:14
[INFO] [stdout]   39:     0x62af61c69dde - std::thread::Builder::spawn_unchecked_::{{closure}}::h8e141ea224820bce
[INFO] [stdout]                                at /rustc/df4ca44d3fbc9301ee17f30f4d474e6ae4b05252/library/std/src/thread/mod.rs:540:30
[INFO] [stdout]   40:     0x62af61c69dde - core::ops::function::FnOnce::call_once{{vtable.shim}}::h90d312fedd7b8ea8
[INFO] [stdout]                                at /rustc/df4ca44d3fbc9301ee17f30f4d474e6ae4b05252/library/core/src/ops/function.rs:250:5
[INFO] [stdout]   41:     0x62af61e7991b - <alloc::boxed::Box<F,A> as core::ops::function::FnOnce<Args>>::call_once::h69aa08ddb6adb8b6
[INFO] [stdout]                                at /rustc/df4ca44d3fbc9301ee17f30f4d474e6ae4b05252/library/alloc/src/boxed.rs:2454:9
[INFO] [stdout]   42:     0x62af61e7991b - <alloc::boxed::Box<F,A> as core::ops::function::FnOnce<Args>>::call_once::h5aa36efdb79c806f
[INFO] [stdout]                                at /rustc/df4ca44d3fbc9301ee17f30f4d474e6ae4b05252/library/alloc/src/boxed.rs:2454:9
[INFO] [stdout]   43:     0x62af61e7991b - std::sys::pal::unix::thread::Thread::new::thread_start::h6cd80a1b4be5158d
[INFO] [stdout]                                at /rustc/df4ca44d3fbc9301ee17f30f4d474e6ae4b05252/library/std/src/sys/pal/unix/thread.rs:105:17
[INFO] [stdout]   44:     0x76b142248ac3 - <unknown>
[INFO] [stdout]   45:     0x76b1422d9a04 - clone
[INFO] [stdout]   46:                0x0 - <unknown>
[INFO] [stdout] 
[INFO] [stdout] ---- query::tests::response_derives_ingestion_works stdout ----
[INFO] [stdout] thread 'query::tests::response_derives_ingestion_works' panicked at src/query.rs:257:9:
[INFO] [stdout] assertion `left == right` failed
[INFO] [stdout]   left: "# [derive (Clone , Deserialize , PartialEq , PartialOrd , Serialize)]"
[INFO] [stdout]  right: "# [ derive ( Clone , Deserialize , PartialEq , PartialOrd , Serialize ) ]"
[INFO] [stdout] stack backtrace:
[INFO] [stdout]    0:     0x62af61e73e9a - std::backtrace_rs::backtrace::libunwind::trace::h207520d6e9873551
[INFO] [stdout]                                at /rustc/df4ca44d3fbc9301ee17f30f4d474e6ae4b05252/library/std/src/../../backtrace/src/backtrace/libunwind.rs:116:5
[INFO] [stdout]    1:     0x62af61e73e9a - std::backtrace_rs::backtrace::trace_unsynchronized::h2ed7433f370e3eca
[INFO] [stdout]                                at /rustc/df4ca44d3fbc9301ee17f30f4d474e6ae4b05252/library/std/src/../../backtrace/src/backtrace/mod.rs:66:5
[INFO] [stdout]    2:     0x62af61e73e9a - std::sys::backtrace::_print_fmt::h916fac51166b18d7
[INFO] [stdout]                                at /rustc/df4ca44d3fbc9301ee17f30f4d474e6ae4b05252/library/std/src/sys/backtrace.rs:66:9
[INFO] [stdout]    3:     0x62af61e73e9a - <std::sys::backtrace::BacktraceLock::print::DisplayBacktrace as core::fmt::Display>::fmt::ha0a4c9b8ce3802e6
[INFO] [stdout]                                at /rustc/df4ca44d3fbc9301ee17f30f4d474e6ae4b05252/library/std/src/sys/backtrace.rs:39:26
[INFO] [stdout]    4:     0x62af61e9d173 - core::fmt::rt::Argument::fmt::h4cfc8587d52b3eb5
[INFO] [stdout]                                at /rustc/df4ca44d3fbc9301ee17f30f4d474e6ae4b05252/library/core/src/fmt/rt.rs:177:76
[INFO] [stdout]    5:     0x62af61e9d173 - core::fmt::write::h522cc39e5b36ae9f
[INFO] [stdout]                                at /rustc/df4ca44d3fbc9301ee17f30f4d474e6ae4b05252/library/core/src/fmt/mod.rs:1190:21
[INFO] [stdout]    6:     0x62af61e70af3 - std::io::Write::write_fmt::h7d3c26752da97734
[INFO] [stdout]                                at /rustc/df4ca44d3fbc9301ee17f30f4d474e6ae4b05252/library/std/src/io/mod.rs:1839:15
[INFO] [stdout]    7:     0x62af61e73ce2 - std::sys::backtrace::BacktraceLock::print::h4b9e00b29e9c0942
[INFO] [stdout]                                at /rustc/df4ca44d3fbc9301ee17f30f4d474e6ae4b05252/library/std/src/sys/backtrace.rs:42:9
[INFO] [stdout]    8:     0x62af61e7532a - std::panicking::default_hook::{{closure}}::hb59b88280d0324d9
[INFO] [stdout]                                at /rustc/df4ca44d3fbc9301ee17f30f4d474e6ae4b05252/library/std/src/panicking.rs:268:22
[INFO] [stdout]    9:     0x62af61e75134 - std::panicking::default_hook::he1dd496665be4a29
[INFO] [stdout]                                at /rustc/df4ca44d3fbc9301ee17f30f4d474e6ae4b05252/library/std/src/panicking.rs:292:9
[INFO] [stdout]   10:     0x62af61c9ecc9 - <alloc::boxed::Box<F,A> as core::ops::function::Fn<Args>>::call::h4ff71de18744e1dc
[INFO] [stdout]                                at /rustc/df4ca44d3fbc9301ee17f30f4d474e6ae4b05252/library/alloc/src/boxed.rs:2468:9
[INFO] [stdout]   11:     0x62af61c9ecc9 - test::test_main::{{closure}}::hcf7c055ce117aa81
[INFO] [stdout]                                at /rustc/df4ca44d3fbc9301ee17f30f4d474e6ae4b05252/library/test/src/lib.rs:133:21
[INFO] [stdout]   12:     0x62af61e75a28 - <alloc::boxed::Box<F,A> as core::ops::function::Fn<Args>>::call::h1d66c6bbd60c9692
[INFO] [stdout]                                at /rustc/df4ca44d3fbc9301ee17f30f4d474e6ae4b05252/library/alloc/src/boxed.rs:2468:9
[INFO] [stdout]   13:     0x62af61e75a28 - std::panicking::rust_panic_with_hook::h2ff17fe8f26dfcf8
[INFO] [stdout]                                at /rustc/df4ca44d3fbc9301ee17f30f4d474e6ae4b05252/library/std/src/panicking.rs:809:13
[INFO] [stdout]   14:     0x62af61e757ea - std::panicking::begin_panic_handler::{{closure}}::h4fad77951c07e101
[INFO] [stdout]                                at /rustc/df4ca44d3fbc9301ee17f30f4d474e6ae4b05252/library/std/src/panicking.rs:674:13
[INFO] [stdout]   15:     0x62af61e74379 - std::sys::backtrace::__rust_end_short_backtrace::hb1a25b3da5d0ea08
[INFO] [stdout]                                at /rustc/df4ca44d3fbc9301ee17f30f4d474e6ae4b05252/library/std/src/sys/backtrace.rs:170:18
[INFO] [stdout]   16:     0x62af61e7547c - rust_begin_unwind
[INFO] [stdout]                                at /rustc/df4ca44d3fbc9301ee17f30f4d474e6ae4b05252/library/std/src/panicking.rs:665:5
[INFO] [stdout]   17:     0x62af61e9b500 - core::panicking::panic_fmt::ha9db07b529f9b256
[INFO] [stdout]                                at /rustc/df4ca44d3fbc9301ee17f30f4d474e6ae4b05252/library/core/src/panicking.rs:75:14
[INFO] [stdout]   18:     0x62af61e9b8cb - core::panicking::assert_failed_inner::h04f38944d74a80a8
[INFO] [stdout]   19:     0x62af61bf1088 - core::panicking::assert_failed::hc0189834e2dd2b98
[INFO] [stdout]                                at /rustc/df4ca44d3fbc9301ee17f30f4d474e6ae4b05252/library/core/src/panicking.rs:377:5
[INFO] [stdout]   20:     0x62af61bb4e3c - artemis_codegen::query::tests::response_derives_ingestion_works::h87670e621b72f83f
[INFO] [stdout]                                at /opt/rustwide/workdir/src/query.rs:257:9
[INFO] [stdout]   21:     0x62af61bb4bb7 - artemis_codegen::query::tests::response_derives_ingestion_works::{{closure}}::haa37e7431c1cf9d2
[INFO] [stdout]                                at /opt/rustwide/workdir/src/query.rs:249:42
[INFO] [stdout]   22:     0x62af61be9296 - core::ops::function::FnOnce::call_once::hc680e25d711bfc51
[INFO] [stdout]                                at /rustc/df4ca44d3fbc9301ee17f30f4d474e6ae4b05252/library/core/src/ops/function.rs:250:5
[INFO] [stdout]   23:     0x62af61ca359b - core::ops::function::FnOnce::call_once::h22c3ba5715e93f05
[INFO] [stdout]                                at /rustc/df4ca44d3fbc9301ee17f30f4d474e6ae4b05252/library/core/src/ops/function.rs:250:5
[INFO] [stdout]   24:     0x62af61ca359b - test::__rust_begin_short_backtrace::h8e82d8113d0da17f
[INFO] [stdout]                                at /rustc/df4ca44d3fbc9301ee17f30f4d474e6ae4b05252/library/test/src/lib.rs:621:18
[INFO] [stdout]   25:     0x62af61ca2f17 - test::run_test_in_process::{{closure}}::h33235f4f20b7b7c7
[INFO] [stdout]                                at /rustc/df4ca44d3fbc9301ee17f30f4d474e6ae4b05252/library/test/src/lib.rs:644:60
[INFO] [stdout]   26:     0x62af61ca2f17 - <core::panic::unwind_safe::AssertUnwindSafe<F> as core::ops::function::FnOnce<()>>::call_once::hb5043206310c586f
[INFO] [stdout]                                at /rustc/df4ca44d3fbc9301ee17f30f4d474e6ae4b05252/library/core/src/panic/unwind_safe.rs:272:9
[INFO] [stdout]   27:     0x62af61ca2f17 - std::panicking::try::do_call::h9ad4731a60ab23e2
[INFO] [stdout]                                at /rustc/df4ca44d3fbc9301ee17f30f4d474e6ae4b05252/library/std/src/panicking.rs:557:40
[INFO] [stdout]   28:     0x62af61ca2f17 - std::panicking::try::h3824d23db772a716
[INFO] [stdout]                                at /rustc/df4ca44d3fbc9301ee17f30f4d474e6ae4b05252/library/std/src/panicking.rs:520:19
[INFO] [stdout]   29:     0x62af61ca2f17 - std::panic::catch_unwind::h5afd514605fde46b
[INFO] [stdout]                                at /rustc/df4ca44d3fbc9301ee17f30f4d474e6ae4b05252/library/std/src/panic.rs:358:14
[INFO] [stdout]   30:     0x62af61ca2f17 - test::run_test_in_process::h0d5cbfa7067d1720
[INFO] [stdout]                                at /rustc/df4ca44d3fbc9301ee17f30f4d474e6ae4b05252/library/test/src/lib.rs:644:27
[INFO] [stdout]   31:     0x62af61ca2f17 - test::run_test::{{closure}}::h708eb8872708115d
[INFO] [stdout]                                at /rustc/df4ca44d3fbc9301ee17f30f4d474e6ae4b05252/library/test/src/lib.rs:565:43
[INFO] [stdout]   32:     0x62af61c66634 - test::run_test::{{closure}}::h392c51cee94713ab
[INFO] [stdout]                                at /rustc/df4ca44d3fbc9301ee17f30f4d474e6ae4b05252/library/test/src/lib.rs:595:41
[INFO] [stdout]   33:     0x62af61c66634 - std::sys::backtrace::__rust_begin_short_backtrace::h2f40290710935a8b
[INFO] [stdout]                                at /rustc/df4ca44d3fbc9301ee17f30f4d474e6ae4b05252/library/std/src/sys/backtrace.rs:154:18
[INFO] [stdout]   34:     0x62af61c69dde - std::thread::Builder::spawn_unchecked_::{{closure}}::{{closure}}::h3fd968d89053a903
[INFO] [stdout]                                at /rustc/df4ca44d3fbc9301ee17f30f4d474e6ae4b05252/library/std/src/thread/mod.rs:541:17
[INFO] [stdout]   35:     0x62af61c69dde - <core::panic::unwind_safe::AssertUnwindSafe<F> as core::ops::function::FnOnce<()>>::call_once::h743f637ba4229880
[INFO] [stdout]                                at /rustc/df4ca44d3fbc9301ee17f30f4d474e6ae4b05252/library/core/src/panic/unwind_safe.rs:272:9
[INFO] [stdout]   36:     0x62af61c69dde - std::panicking::try::do_call::h07440897322525a6
[INFO] [stdout]                                at /rustc/df4ca44d3fbc9301ee17f30f4d474e6ae4b05252/library/std/src/panicking.rs:557:40
[INFO] [stdout]   37:     0x62af61c69dde - std::panicking::try::he5a2e00188156637
[INFO] [stdout]                                at /rustc/df4ca44d3fbc9301ee17f30f4d474e6ae4b05252/library/std/src/panicking.rs:520:19
[INFO] [stdout]   38:     0x62af61c69dde - std::panic::catch_unwind::hbaf3cae49b3c6433
[INFO] [stdout]                                at /rustc/df4ca44d3fbc9301ee17f30f4d474e6ae4b05252/library/std/src/panic.rs:358:14
[INFO] [stdout]   39:     0x62af61c69dde - std::thread::Builder::spawn_unchecked_::{{closure}}::h8e141ea224820bce
[INFO] [stdout]                                at /rustc/df4ca44d3fbc9301ee17f30f4d474e6ae4b05252/library/std/src/thread/mod.rs:540:30
[INFO] [stdout]   40:     0x62af61c69dde - core::ops::function::FnOnce::call_once{{vtable.shim}}::h90d312fedd7b8ea8
[INFO] [stdout]                                at /rustc/df4ca44d3fbc9301ee17f30f4d474e6ae4b05252/library/core/src/ops/function.rs:250:5
[INFO] [stdout]   41:     0x62af61e7991b - <alloc::boxed::Box<F,A> as core::ops::function::FnOnce<Args>>::call_once::h69aa08ddb6adb8b6
[INFO] [stdout]                                at /rustc/df4ca44d3fbc9301ee17f30f4d474e6ae4b05252/library/alloc/src/boxed.rs:2454:9
[INFO] [stdout]   42:     0x62af61e7991b - <alloc::boxed::Box<F,A> as core::ops::function::FnOnce<Args>>::call_once::h5aa36efdb79c806f
[INFO] [stdout]                                at /rustc/df4ca44d3fbc9301ee17f30f4d474e6ae4b05252/library/alloc/src/boxed.rs:2454:9
[INFO] [stdout]   43:     0x62af61e7991b - std::sys::pal::unix::thread::Thread::new::thread_start::h6cd80a1b4be5158d
[INFO] [stdout]                                at /rustc/df4ca44d3fbc9301ee17f30f4d474e6ae4b05252/library/std/src/sys/pal/unix/thread.rs:105:17
[INFO] [stdout]   44:     0x76b142248ac3 - <unknown>
[INFO] [stdout]   45:     0x76b1422d9a04 - clone
[INFO] [stdout]   46:                0x0 - <unknown>
[INFO] [stdout] 
[INFO] [stdout] ---- query::tests::response_enum_derives_works stdout ----
[INFO] [stdout] thread 'query::tests::response_enum_derives_works' panicked at src/query.rs:282:9:
[INFO] [stdout] assertion `left == right` failed
[INFO] [stdout]   left: "# [derive (Eq , PartialEq , PartialOrd)]"
[INFO] [stdout]  right: "# [ derive ( Eq , PartialEq , PartialOrd ) ]"
[INFO] [stdout] stack backtrace:
[INFO] [stdout]    0:     0x62af61e73e9a - std::backtrace_rs::backtrace::libunwind::trace::h207520d6e9873551
[INFO] [stdout]                                at /rustc/df4ca44d3fbc9301ee17f30f4d474e6ae4b05252/library/std/src/../../backtrace/src/backtrace/libunwind.rs:116:5
[INFO] [stdout]    1:     0x62af61e73e9a - std::backtrace_rs::backtrace::trace_unsynchronized::h2ed7433f370e3eca
[INFO] [stdout]                                at /rustc/df4ca44d3fbc9301ee17f30f4d474e6ae4b05252/library/std/src/../../backtrace/src/backtrace/mod.rs:66:5
[INFO] [stdout]    2:     0x62af61e73e9a - std::sys::backtrace::_print_fmt::h916fac51166b18d7
[INFO] [stdout]                                at /rustc/df4ca44d3fbc9301ee17f30f4d474e6ae4b05252/library/std/src/sys/backtrace.rs:66:9
[INFO] [stdout]    3:     0x62af61e73e9a - <std::sys::backtrace::BacktraceLock::print::DisplayBacktrace as core::fmt::Display>::fmt::ha0a4c9b8ce3802e6
[INFO] [stdout]                                at /rustc/df4ca44d3fbc9301ee17f30f4d474e6ae4b05252/library/std/src/sys/backtrace.rs:39:26
[INFO] [stdout]    4:     0x62af61e9d173 - core::fmt::rt::Argument::fmt::h4cfc8587d52b3eb5
[INFO] [stdout]                                at /rustc/df4ca44d3fbc9301ee17f30f4d474e6ae4b05252/library/core/src/fmt/rt.rs:177:76
[INFO] [stdout]    5:     0x62af61e9d173 - core::fmt::write::h522cc39e5b36ae9f
[INFO] [stdout]                                at /rustc/df4ca44d3fbc9301ee17f30f4d474e6ae4b05252/library/core/src/fmt/mod.rs:1190:21
[INFO] [stdout]    6:     0x62af61e70af3 - std::io::Write::write_fmt::h7d3c26752da97734
[INFO] [stdout]                                at /rustc/df4ca44d3fbc9301ee17f30f4d474e6ae4b05252/library/std/src/io/mod.rs:1839:15
[INFO] [stdout]    7:     0x62af61e73ce2 - std::sys::backtrace::BacktraceLock::print::h4b9e00b29e9c0942
[INFO] [stdout]                                at /rustc/df4ca44d3fbc9301ee17f30f4d474e6ae4b05252/library/std/src/sys/backtrace.rs:42:9
[INFO] [stdout]    8:     0x62af61e7532a - std::panicking::default_hook::{{closure}}::hb59b88280d0324d9
[INFO] [stdout]                                at /rustc/df4ca44d3fbc9301ee17f30f4d474e6ae4b05252/library/std/src/panicking.rs:268:22
[INFO] [stdout]    9:     0x62af61e75134 - std::panicking::default_hook::he1dd496665be4a29
[INFO] [stdout]                                at /rustc/df4ca44d3fbc9301ee17f30f4d474e6ae4b05252/library/std/src/panicking.rs:292:9
[INFO] [stdout]   10:     0x62af61c9ecc9 - <alloc::boxed::Box<F,A> as core::ops::function::Fn<Args>>::call::h4ff71de18744e1dc
[INFO] [stdout]                                at /rustc/df4ca44d3fbc9301ee17f30f4d474e6ae4b05252/library/alloc/src/boxed.rs:2468:9
[INFO] [stdout]   11:     0x62af61c9ecc9 - test::test_main::{{closure}}::hcf7c055ce117aa81
[INFO] [stdout]                                at /rustc/df4ca44d3fbc9301ee17f30f4d474e6ae4b05252/library/test/src/lib.rs:133:21
[INFO] [stdout]   12:     0x62af61e75a28 - <alloc::boxed::Box<F,A> as core::ops::function::Fn<Args>>::call::h1d66c6bbd60c9692
[INFO] [stdout]                                at /rustc/df4ca44d3fbc9301ee17f30f4d474e6ae4b05252/library/alloc/src/boxed.rs:2468:9
[INFO] [stdout]   13:     0x62af61e75a28 - std::panicking::rust_panic_with_hook::h2ff17fe8f26dfcf8
[INFO] [stdout]                                at /rustc/df4ca44d3fbc9301ee17f30f4d474e6ae4b05252/library/std/src/panicking.rs:809:13
[INFO] [stdout]   14:     0x62af61e757ea - std::panicking::begin_panic_handler::{{closure}}::h4fad77951c07e101
[INFO] [stdout]                                at /rustc/df4ca44d3fbc9301ee17f30f4d474e6ae4b05252/library/std/src/panicking.rs:674:13
[INFO] [stdout]   15:     0x62af61e74379 - std::sys::backtrace::__rust_end_short_backtrace::hb1a25b3da5d0ea08
[INFO] [stdout]                                at /rustc/df4ca44d3fbc9301ee17f30f4d474e6ae4b05252/library/std/src/sys/backtrace.rs:170:18
[INFO] [stdout]   16:     0x62af61e7547c - rust_begin_unwind
[INFO] [stdout]                                at /rustc/df4ca44d3fbc9301ee17f30f4d474e6ae4b05252/library/std/src/panicking.rs:665:5
[INFO] [stdout]   17:     0x62af61e9b500 - core::panicking::panic_fmt::ha9db07b529f9b256
[INFO] [stdout]                                at /rustc/df4ca44d3fbc9301ee17f30f4d474e6ae4b05252/library/core/src/panicking.rs:75:14
[INFO] [stdout]   18:     0x62af61e9b8cb - core::panicking::assert_failed_inner::h04f38944d74a80a8
[INFO] [stdout]   19:     0x62af61bf1088 - core::panicking::assert_failed::hc0189834e2dd2b98
[INFO] [stdout]                                at /rustc/df4ca44d3fbc9301ee17f30f4d474e6ae4b05252/library/core/src/panicking.rs:377:5
[INFO] [stdout]   20:     0x62af61bb533c - artemis_codegen::query::tests::response_enum_derives_works::h54e366e9ac17cfab
[INFO] [stdout]                                at /opt/rustwide/workdir/src/query.rs:282:9
[INFO] [stdout]   21:     0x62af61bb50b7 - artemis_codegen::query::tests::response_enum_derives_works::{{closure}}::h002fa0581e062a24
[INFO] [stdout]                                at /opt/rustwide/workdir/src/query.rs:274:37
[INFO] [stdout]   22:     0x62af61be98f6 - core::ops::function::FnOnce::call_once::hefb403a3ad163860
[INFO] [stdout]                                at /rustc/df4ca44d3fbc9301ee17f30f4d474e6ae4b05252/library/core/src/ops/function.rs:250:5
[INFO] [stdout]   23:     0x62af61ca359b - core::ops::function::FnOnce::call_once::h22c3ba5715e93f05
[INFO] [stdout]                                at /rustc/df4ca44d3fbc9301ee17f30f4d474e6ae4b05252/library/core/src/ops/function.rs:250:5
[INFO] [stdout]   24:     0x62af61ca359b - test::__rust_begin_short_backtrace::h8e82d8113d0da17f
[INFO] [stdout]                                at /rustc/df4ca44d3fbc9301ee17f30f4d474e6ae4b05252/library/test/src/lib.rs:621:18
[INFO] [stdout]   25:     0x62af61ca2f17 - test::run_test_in_process::{{closure}}::h33235f4f20b7b7c7
[INFO] [stdout]                                at /rustc/df4ca44d3fbc9301ee17f30f4d474e6ae4b05252/library/test/src/lib.rs:644:60
[INFO] [stdout]   26:     0x62af61ca2f17 - <core::panic::unwind_safe::AssertUnwindSafe<F> as core::ops::function::FnOnce<()>>::call_once::hb5043206310c586f
[INFO] [stdout]                                at /rustc/df4ca44d3fbc9301ee17f30f4d474e6ae4b05252/library/core/src/panic/unwind_safe.rs:272:9
[INFO] [stdout]   27:     0x62af61ca2f17 - std::panicking::try::do_call::h9ad4731a60ab23e2
[INFO] [stdout]                                at /rustc/df4ca44d3fbc9301ee17f30f4d474e6ae4b05252/library/std/src/panicking.rs:557:40
[INFO] [stdout]   28:     0x62af61ca2f17 - std::panicking::try::h3824d23db772a716
[INFO] [stdout]                                at /rustc/df4ca44d3fbc9301ee17f30f4d474e6ae4b05252/library/std/src/panicking.rs:520:19
[INFO] [stdout]   29:     0x62af61ca2f17 - std::panic::catch_unwind::h5afd514605fde46b
[INFO] [stdout]                                at /rustc/df4ca44d3fbc9301ee17f30f4d474e6ae4b05252/library/std/src/panic.rs:358:14
[INFO] [stdout]   30:     0x62af61ca2f17 - test::run_test_in_process::h0d5cbfa7067d1720
[INFO] [stdout]                                at /rustc/df4ca44d3fbc9301ee17f30f4d474e6ae4b05252/library/test/src/lib.rs:644:27
[INFO] [stdout]   31:     0x62af61ca2f17 - test::run_test::{{closure}}::h708eb8872708115d
[INFO] [stdout]                                at /rustc/df4ca44d3fbc9301ee17f30f4d474e6ae4b05252/library/test/src/lib.rs:565:43
[INFO] [stdout]   32:     0x62af61c66634 - test::run_test::{{closure}}::h392c51cee94713ab
[INFO] [stdout]                                at /rustc/df4ca44d3fbc9301ee17f30f4d474e6ae4b05252/library/test/src/lib.rs:595:41
[INFO] [stdout]   33:     0x62af61c66634 - std::sys::backtrace::__rust_begin_short_backtrace::h2f40290710935a8b
[INFO] [stdout]                                at /rustc/df4ca44d3fbc9301ee17f30f4d474e6ae4b05252/library/std/src/sys/backtrace.rs:154:18
[INFO] [stdout]   34:     0x62af61c69dde - std::thread::Builder::spawn_unchecked_::{{closure}}::{{closure}}::h3fd968d89053a903
[INFO] [stdout]                                at /rustc/df4ca44d3fbc9301ee17f30f4d474e6ae4b05252/library/std/src/thread/mod.rs:541:17
[INFO] [stdout]   35:     0x62af61c69dde - <core::panic::unwind_safe::AssertUnwindSafe<F> as core::ops::function::FnOnce<()>>::call_once::h743f637ba4229880
[INFO] [stdout]                                at /rustc/df4ca44d3fbc9301ee17f30f4d474e6ae4b05252/library/core/src/panic/unwind_safe.rs:272:9
[INFO] [stdout]   36:     0x62af61c69dde - std::panicking::try::do_call::h07440897322525a6
[INFO] [stdout]                                at /rustc/df4ca44d3fbc9301ee17f30f4d474e6ae4b05252/library/std/src/panicking.rs:557:40
[INFO] [stdout]   37:     0x62af61c69dde - std::panicking::try::he5a2e00188156637
[INFO] [stdout]                                at /rustc/df4ca44d3fbc9301ee17f30f4d474e6ae4b05252/library/std/src/panicking.rs:520:19
[INFO] [stdout]   38:     0x62af61c69dde - std::panic::catch_unwind::hbaf3cae49b3c6433
[INFO] [stdout]                                at /rustc/df4ca44d3fbc9301ee17f30f4d474e6ae4b05252/library/std/src/panic.rs:358:14
[INFO] [stdout]   39:     0x62af61c69dde - std::thread::Builder::spawn_unchecked_::{{closure}}::h8e141ea224820bce
[INFO] [stdout]                                at /rustc/df4ca44d3fbc9301ee17f30f4d474e6ae4b05252/library/std/src/thread/mod.rs:540:30
[INFO] [stdout]   40:     0x62af61c69dde - core::ops::function::FnOnce::call_once{{vtable.shim}}::h90d312fedd7b8ea8
[INFO] [stdout]                                at /rustc/df4ca44d3fbc9301ee17f30f4d474e6ae4b05252/library/core/src/ops/function.rs:250:5
[INFO] [stdout]   41:     0x62af61e7991b - <alloc::boxed::Box<F,A> as core::ops::function::FnOnce<Args>>::call_once::h69aa08ddb6adb8b6
[INFO] [stdout]                                at /rustc/df4ca44d3fbc9301ee17f30f4d474e6ae4b05252/library/alloc/src/boxed.rs:2454:9
[INFO] [stdout]   42:     0x62af61e7991b - <alloc::boxed::Box<F,A> as core::ops::function::FnOnce<Args>>::call_once::h5aa36efdb79c806f
[INFO] [stdout]                                at /rustc/df4ca44d3fbc9301ee17f30f4d474e6ae4b05252/library/alloc/src/boxed.rs:2454:9
[INFO] [stdout]   43:     0x62af61e7991b - std::sys::pal::unix::thread::Thread::new::thread_start::h6cd80a1b4be5158d
[INFO] [stdout]                                at /rustc/df4ca44d3fbc9301ee17f30f4d474e6ae4b05252/library/std/src/sys/pal/unix/thread.rs:105:17
[INFO] [stdout]   44:     0x76b142248ac3 - <unknown>
[INFO] [stdout]   45:     0x76b1422d9a04 - clone
[INFO] [stdout]   46:                0x0 - <unknown>
[INFO] [stdout] 
[INFO] [stdout] ---- query::tests::response_enum_derives_does_not_produce_empty_list stdout ----
[INFO] [stdout] thread 'query::tests::response_enum_derives_does_not_produce_empty_list' panicked at src/query.rs:267:9:
[INFO] [stdout] assertion `left == right` failed
[INFO] [stdout]   left: "# [derive (Eq , PartialEq)]"
[INFO] [stdout]  right: "# [ derive ( Eq , PartialEq ) ]"
[INFO] [stdout] stack backtrace:
[INFO] [stdout]    0:     0x62af61e73e9a - std::backtrace_rs::backtrace::libunwind::trace::h207520d6e9873551
[INFO] [stdout]                                at /rustc/df4ca44d3fbc9301ee17f30f4d474e6ae4b05252/library/std/src/../../backtrace/src/backtrace/libunwind.rs:116:5
[INFO] [stdout]    1:     0x62af61e73e9a - std::backtrace_rs::backtrace::trace_unsynchronized::h2ed7433f370e3eca
[INFO] [stdout]                                at /rustc/df4ca44d3fbc9301ee17f30f4d474e6ae4b05252/library/std/src/../../backtrace/src/backtrace/mod.rs:66:5
[INFO] [stdout]    2:     0x62af61e73e9a - std::sys::backtrace::_print_fmt::h916fac51166b18d7
[INFO] [stdout]                                at /rustc/df4ca44d3fbc9301ee17f30f4d474e6ae4b05252/library/std/src/sys/backtrace.rs:66:9
[INFO] [stdout]    3:     0x62af61e73e9a - <std::sys::backtrace::BacktraceLock::print::DisplayBacktrace as core::fmt::Display>::fmt::ha0a4c9b8ce3802e6
[INFO] [stdout]                                at /rustc/df4ca44d3fbc9301ee17f30f4d474e6ae4b05252/library/std/src/sys/backtrace.rs:39:26
[INFO] [stdout]    4:     0x62af61e9d173 - core::fmt::rt::Argument::fmt::h4cfc8587d52b3eb5
[INFO] [stdout]                                at /rustc/df4ca44d3fbc9301ee17f30f4d474e6ae4b05252/library/core/src/fmt/rt.rs:177:76
[INFO] [stdout]    5:     0x62af61e9d173 - core::fmt::write::h522cc39e5b36ae9f
[INFO] [stdout]                                at /rustc/df4ca44d3fbc9301ee17f30f4d474e6ae4b05252/library/core/src/fmt/mod.rs:1190:21
[INFO] [stdout]    6:     0x62af61e70af3 - std::io::Write::write_fmt::h7d3c26752da97734
[INFO] [stdout]                                at /rustc/df4ca44d3fbc9301ee17f30f4d474e6ae4b05252/library/std/src/io/mod.rs:1839:15
[INFO] [stdout]    7:     0x62af61e73ce2 - std::sys::backtrace::BacktraceLock::print::h4b9e00b29e9c0942
[INFO] [stdout]                                at /rustc/df4ca44d3fbc9301ee17f30f4d474e6ae4b05252/library/std/src/sys/backtrace.rs:42:9
[INFO] [stdout]    8:     0x62af61e7532a - std::panicking::default_hook::{{closure}}::hb59b88280d0324d9
[INFO] [stdout]                                at /rustc/df4ca44d3fbc9301ee17f30f4d474e6ae4b05252/library/std/src/panicking.rs:268:22
[INFO] [stdout]    9:     0x62af61e75134 - std::panicking::default_hook::he1dd496665be4a29
[INFO] [stdout]                                at /rustc/df4ca44d3fbc9301ee17f30f4d474e6ae4b05252/library/std/src/panicking.rs:292:9
[INFO] [stdout]   10:     0x62af61c9ecc9 - <alloc::boxed::Box<F,A> as core::ops::function::Fn<Args>>::call::h4ff71de18744e1dc
[INFO] [stdout]                                at /rustc/df4ca44d3fbc9301ee17f30f4d474e6ae4b05252/library/alloc/src/boxed.rs:2468:9
[INFO] [stdout]   11:     0x62af61c9ecc9 - test::test_main::{{closure}}::hcf7c055ce117aa81
[INFO] [stdout]                                at /rustc/df4ca44d3fbc9301ee17f30f4d474e6ae4b05252/library/test/src/lib.rs:133:21
[INFO] [stdout]   12:     0x62af61e75a28 - <alloc::boxed::Box<F,A> as core::ops::function::Fn<Args>>::call::h1d66c6bbd60c9692
[INFO] [stdout]                                at /rustc/df4ca44d3fbc9301ee17f30f4d474e6ae4b05252/library/alloc/src/boxed.rs:2468:9
[INFO] [stdout]   13:     0x62af61e75a28 - std::panicking::rust_panic_with_hook::h2ff17fe8f26dfcf8
[INFO] [stdout]                                at /rustc/df4ca44d3fbc9301ee17f30f4d474e6ae4b05252/library/std/src/panicking.rs:809:13
[INFO] [stdout]   14:     0x62af61e757ea - std::panicking::begin_panic_handler::{{closure}}::h4fad77951c07e101
[INFO] [stdout]                                at /rustc/df4ca44d3fbc9301ee17f30f4d474e6ae4b05252/library/std/src/panicking.rs:674:13
[INFO] [stdout]   15:     0x62af61e74379 - std::sys::backtrace::__rust_end_short_backtrace::hb1a25b3da5d0ea08
[INFO] [stdout]                                at /rustc/df4ca44d3fbc9301ee17f30f4d474e6ae4b05252/library/std/src/sys/backtrace.rs:170:18
[INFO] [stdout]   16:     0x62af61e7547c - rust_begin_unwind
[INFO] [stdout]                                at /rustc/df4ca44d3fbc9301ee17f30f4d474e6ae4b05252/library/std/src/panicking.rs:665:5
[INFO] [stdout]   17:     0x62af61e9b500 - core::panicking::panic_fmt::ha9db07b529f9b256
[INFO] [stdout]                                at /rustc/df4ca44d3fbc9301ee17f30f4d474e6ae4b05252/library/core/src/panicking.rs:75:14
[INFO] [stdout]   18:     0x62af61e9b8cb - core::panicking::assert_failed_inner::h04f38944d74a80a8
[INFO] [stdout]   19:     0x62af61bf1088 - core::panicking::assert_failed::hc0189834e2dd2b98
[INFO] [stdout]                                at /rustc/df4ca44d3fbc9301ee17f30f4d474e6ae4b05252/library/core/src/panicking.rs:377:5
[INFO] [stdout]   20:     0x62af61bb503b - artemis_codegen::query::tests::response_enum_derives_does_not_produce_empty_list::h3ec7bad6fee849a1
[INFO] [stdout]                                at /opt/rustwide/workdir/src/query.rs:267:9
[INFO] [stdout]   21:     0x62af61bb4eb7 - artemis_codegen::query::tests::response_enum_derives_does_not_produce_empty_list::{{closure}}::h9e4cab3d0d53bb83
[INFO] [stdout]                                at /opt/rustwide/workdir/src/query.rs:264:59
[INFO] [stdout]   22:     0x62af61be9166 - core::ops::function::FnOnce::call_once::hbe8a016a9cc20433
[INFO] [stdout]                                at /rustc/df4ca44d3fbc9301ee17f30f4d474e6ae4b05252/library/core/src/ops/function.rs:250:5
[INFO] [stdout]   23:     0x62af61ca359b - core::ops::function::FnOnce::call_once::h22c3ba5715e93f05
[INFO] [stdout]                                at /rustc/df4ca44d3fbc9301ee17f30f4d474e6ae4b05252/library/core/src/ops/function.rs:250:5
[INFO] [stdout]   24:     0x62af61ca359b - test::__rust_begin_short_backtrace::h8e82d8113d0da17f
[INFO] [stdout]                                at /rustc/df4ca44d3fbc9301ee17f30f4d474e6ae4b05252/library/test/src/lib.rs:621:18
[INFO] [stdout]   25:     0x62af61ca2f17 - test::run_test_in_process::{{closure}}::h33235f4f20b7b7c7
[INFO] [stdout]                                at /rustc/df4ca44d3fbc9301ee17f30f4d474e6ae4b05252/library/test/src/lib.rs:644:60
[INFO] [stdout]   26:     0x62af61ca2f17 - <core::panic::unwind_safe::AssertUnwindSafe<F> as core::ops::function::FnOnce<()>>::call_once::hb5043206310c586f
[INFO] [stdout]                                at /rustc/df4ca44d3fbc9301ee17f30f4d474e6ae4b05252/library/core/src/panic/unwind_safe.rs:272:9
[INFO] [stdout]   27:     0x62af61ca2f17 - std::panicking::try::do_call::h9ad4731a60ab23e2
[INFO] [stdout]                                at /rustc/df4ca44d3fbc9301ee17f30f4d474e6ae4b05252/library/std/src/panicking.rs:557:40
[INFO] [stdout]   28:     0x62af61ca2f17 - std::panicking::try::h3824d23db772a716
[INFO] [stdout]                                at /rustc/df4ca44d3fbc9301ee17f30f4d474e6ae4b05252/library/std/src/panicking.rs:520:19
[INFO] [stdout]   29:     0x62af61ca2f17 - std::panic::catch_unwind::h5afd514605fde46b
[INFO] [stdout]                                at /rustc/df4ca44d3fbc9301ee17f30f4d474e6ae4b05252/library/std/src/panic.rs:358:14
[INFO] [stdout]   30:     0x62af61ca2f17 - test::run_test_in_process::h0d5cbfa7067d1720
[INFO] [stdout]                                at /rustc/df4ca44d3fbc9301ee17f30f4d474e6ae4b05252/library/test/src/lib.rs:644:27
[INFO] [stdout]   31:     0x62af61ca2f17 - test::run_test::{{closure}}::h708eb8872708115d
[INFO] [stdout]                                at /rustc/df4ca44d3fbc9301ee17f30f4d474e6ae4b05252/library/test/src/lib.rs:565:43
[INFO] [stdout]   32:     0x62af61c66634 - test::run_test::{{closure}}::h392c51cee94713ab
[INFO] [stdout]                                at /rustc/df4ca44d3fbc9301ee17f30f4d474e6ae4b05252/library/test/src/lib.rs:595:41
[INFO] [stdout]   33:     0x62af61c66634 - std::sys::backtrace::__rust_begin_short_backtrace::h2f40290710935a8b
[INFO] [stdout]                                at /rustc/df4ca44d3fbc9301ee17f30f4d474e6ae4b05252/library/std/src/sys/backtrace.rs:154:18
[INFO] [stdout]   34:     0x62af61c69dde - std::thread::Builder::spawn_unchecked_::{{closure}}::{{closure}}::h3fd968d89053a903
[INFO] [stdout]                                at /rustc/df4ca44d3fbc9301ee17f30f4d474e6ae4b05252/library/std/src/thread/mod.rs:541:17
[INFO] [stdout]   35:     0x62af61c69dde - <core::panic::unwind_safe::AssertUnwindSafe<F> as core::ops::function::FnOnce<()>>::call_once::h743f637ba4229880
[INFO] [stdout]                                at /rustc/df4ca44d3fbc9301ee17f30f4d474e6ae4b05252/library/core/src/panic/unwind_safe.rs:272:9
[INFO] [stdout]   36:     0x62af61c69dde - std::panicking::try::do_call::h07440897322525a6
[INFO] [stdout]                                at /rustc/df4ca44d3fbc9301ee17f30f4d474e6ae4b05252/library/std/src/panicking.rs:557:40
[INFO] [stdout]   37:     0x62af61c69dde - std::panicking::try::he5a2e00188156637
[INFO] [stdout]                                at /rustc/df4ca44d3fbc9301ee17f30f4d474e6ae4b05252/library/std/src/panicking.rs:520:19
[INFO] [stdout]   38:     0x62af61c69dde - std::panic::catch_unwind::hbaf3cae49b3c6433
[INFO] [stdout]                                at /rustc/df4ca44d3fbc9301ee17f30f4d474e6ae4b05252/library/std/src/panic.rs:358:14
[INFO] [stdout]   39:     0x62af61c69dde - std::thread::Builder::spawn_unchecked_::{{closure}}::h8e141ea224820bce
[INFO] [stdout]                                at /rustc/df4ca44d3fbc9301ee17f30f4d474e6ae4b05252/library/std/src/thread/mod.rs:540:30
[INFO] [stdout]   40:     0x62af61c69dde - core::ops::function::FnOnce::call_once{{vtable.shim}}::h90d312fedd7b8ea8
[INFO] [stdout]                                at /rustc/df4ca44d3fbc9301ee17f30f4d474e6ae4b05252/library/core/src/ops/function.rs:250:5
[INFO] [stdout]   41:     0x62af61e7991b - <alloc::boxed::Box<F,A> as core::ops::function::FnOnce<Args>>::call_once::h69aa08ddb6adb8b6
[INFO] [stdout]                                at /rustc/df4ca44d3fbc9301ee17f30f4d474e6ae4b05252/library/alloc/src/boxed.rs:2454:9
[INFO] [stdout]   42:     0x62af61e7991b - <alloc::boxed::Box<F,A> as core::ops::function::FnOnce<Args>>::call_once::h5aa36efdb79c806f
[INFO] [stdout]                                at /rustc/df4ca44d3fbc9301ee17f30f4d474e6ae4b05252/library/alloc/src/boxed.rs:2454:9
[INFO] [stdout]   43:     0x62af61e7991b - std::sys::pal::unix::thread::Thread::new::thread_start::h6cd80a1b4be5158d
[INFO] [stdout]                                at /rustc/df4ca44d3fbc9301ee17f30f4d474e6ae4b05252/library/std/src/sys/pal/unix/thread.rs:105:17
[INFO] [stdout]   44:     0x76b142248ac3 - <unknown>
[INFO] [stdout]   45:     0x76b1422d9a04 - clone
[INFO] [stdout]   46:                0x0 - <unknown>
[INFO] [stdout] 
[INFO] [stdout] 
[INFO] [stdout] failures:
[INFO] [stdout]     inputs::tests::gql_input_to_rust
[INFO] [stdout]     query::tests::response_derives_ingestion_works
[INFO] [stdout]     query::tests::response_enum_derives_does_not_produce_empty_list
[INFO] [stdout]     query::tests::response_enum_derives_works
[INFO] [stdout] 
[INFO] [stdout] test result: FAILED. 38 passed; 4 failed; 0 ignored; 0 measured; 0 filtered out; finished in 0.25s
[INFO] [stdout] 
[INFO] [stderr] error: test failed, to rerun pass `--lib`
[INFO] running `Command { std: "docker" "inspect" "c137bb7b99c544f8f4e2adecffda720495b8be9775240767f4cd26b799aebf82", kill_on_drop: false }`
[INFO] running `Command { std: "docker" "rm" "-f" "c137bb7b99c544f8f4e2adecffda720495b8be9775240767f4cd26b799aebf82", kill_on_drop: false }`
[INFO] [stdout] c137bb7b99c544f8f4e2adecffda720495b8be9775240767f4cd26b799aebf82
