[INFO] fetching crate array-bytes 6.2.3...
[INFO] testing array-bytes-6.2.3 against nightly-2024-10-28 for randomize-layout
[INFO] extracting crate array-bytes 6.2.3 into /workspace/builds/worker-1-tc1/source
[INFO] validating manifest of crates.io crate array-bytes 6.2.3 on toolchain nightly-2024-10-28
[INFO] running `Command { std: CARGO_HOME="/workspace/cargo-home" RUSTUP_HOME="/workspace/rustup-home" "/workspace/cargo-home/bin/cargo" "+nightly-2024-10-28" "metadata" "--manifest-path" "Cargo.toml" "--no-deps", kill_on_drop: false }`
[INFO] removed /workspace/builds/worker-1-tc1/source/rust-toolchain.toml
[INFO] started tweaking crates.io crate array-bytes 6.2.3
[INFO] finished tweaking crates.io crate array-bytes 6.2.3
[INFO] tweaked toml for crates.io crate array-bytes 6.2.3 written to /workspace/builds/worker-1-tc1/source/Cargo.toml
[INFO] running `Command { std: CARGO_HOME="/workspace/cargo-home" RUSTUP_HOME="/workspace/rustup-home" "/workspace/cargo-home/bin/cargo" "+nightly-2024-10-28" "generate-lockfile" "--manifest-path" "Cargo.toml", kill_on_drop: false }`
[INFO] [stderr]     Updating crates.io index
[INFO] [stderr]      Locking 89 packages to latest compatible versions
[INFO] [stderr]       Adding faster-hex v0.9.0 (available: v0.10.0)
[INFO] running `Command { std: CARGO_HOME="/workspace/cargo-home" RUSTUP_HOME="/workspace/rustup-home" "/workspace/cargo-home/bin/cargo" "+nightly-2024-10-28" "fetch" "--manifest-path" "Cargo.toml", kill_on_drop: false }`
[INFO] [stderr]  Downloading crates ...
[INFO] [stderr]   Downloaded rustc-hex v2.1.0
[INFO] [stderr]   Downloaded const-hex v1.13.1
[INFO] [stderr]   Downloaded faster-hex v0.9.0
[INFO] running `Command { std: "docker" "create" "-v" "/var/lib/crater-agent-workspace/builds/worker-1-tc1/target:/opt/rustwide/target:rw,Z" "-v" "/var/lib/crater-agent-workspace/builds/worker-1-tc1/source:/opt/rustwide/workdir:ro,Z" "-v" "/var/lib/crater-agent-workspace/cargo-home:/opt/rustwide/cargo-home:ro,Z" "-v" "/var/lib/crater-agent-workspace/rustup-home:/opt/rustwide/rustup-home:ro,Z" "-e" "SOURCE_DIR=/opt/rustwide/workdir" "-e" "CARGO_TARGET_DIR=/opt/rustwide/target" "-e" "CARGO_HOME=/opt/rustwide/cargo-home" "-e" "RUSTUP_HOME=/opt/rustwide/rustup-home" "-w" "/opt/rustwide/workdir" "-m" "1610612736" "--user" "0:0" "--network" "none" "ghcr.io/rust-lang/crates-build-env/linux@sha256:4a844ea9eb2546a2d2c7022eacef16ef2e8229c7fbb2c7d4d55a9ceca922f72d" "/opt/rustwide/cargo-home/bin/cargo" "+nightly-2024-10-28" "metadata" "--no-deps" "--format-version=1", kill_on_drop: false }`
[INFO] [stdout] f0fcf7eae200ca56e4515dcfcaca830e0445fb7a2eccd6de2b1cb086f78e78cf
[INFO] running `Command { std: "docker" "start" "-a" "f0fcf7eae200ca56e4515dcfcaca830e0445fb7a2eccd6de2b1cb086f78e78cf", kill_on_drop: false }`
[INFO] running `Command { std: "docker" "inspect" "f0fcf7eae200ca56e4515dcfcaca830e0445fb7a2eccd6de2b1cb086f78e78cf", kill_on_drop: false }`
[INFO] running `Command { std: "docker" "rm" "-f" "f0fcf7eae200ca56e4515dcfcaca830e0445fb7a2eccd6de2b1cb086f78e78cf", kill_on_drop: false }`
[INFO] [stdout] f0fcf7eae200ca56e4515dcfcaca830e0445fb7a2eccd6de2b1cb086f78e78cf
[INFO] running `Command { std: "docker" "create" "-v" "/var/lib/crater-agent-workspace/builds/worker-1-tc1/target:/opt/rustwide/target:rw,Z" "-v" "/var/lib/crater-agent-workspace/builds/worker-1-tc1/source:/opt/rustwide/workdir:ro,Z" "-v" "/var/lib/crater-agent-workspace/cargo-home:/opt/rustwide/cargo-home:ro,Z" "-v" "/var/lib/crater-agent-workspace/rustup-home:/opt/rustwide/rustup-home:ro,Z" "-e" "SOURCE_DIR=/opt/rustwide/workdir" "-e" "CARGO_TARGET_DIR=/opt/rustwide/target" "-e" "CARGO_INCREMENTAL=0" "-e" "RUST_BACKTRACE=full" "-e" "RUSTFLAGS=--cap-lints=forbid" "-e" "RUSTDOCFLAGS=--cap-lints=forbid" "-e" "CARGO_HOME=/opt/rustwide/cargo-home" "-e" "RUSTUP_HOME=/opt/rustwide/rustup-home" "-w" "/opt/rustwide/workdir" "-m" "1610612736" "--user" "0:0" "--network" "none" "ghcr.io/rust-lang/crates-build-env/linux@sha256:4a844ea9eb2546a2d2c7022eacef16ef2e8229c7fbb2c7d4d55a9ceca922f72d" "/opt/rustwide/cargo-home/bin/cargo" "+nightly-2024-10-28" "build" "--frozen" "--message-format=json", kill_on_drop: false }`
[INFO] [stdout] 3a8cf2224352e55aef292177ae28eaf3cbc104750bf4774032b003b05adcf9fa
[INFO] running `Command { std: "docker" "start" "-a" "3a8cf2224352e55aef292177ae28eaf3cbc104750bf4774032b003b05adcf9fa", kill_on_drop: false }`
[INFO] [stderr]    Compiling array-bytes v6.2.3 (/opt/rustwide/workdir)
[INFO] [stderr]     Finished `dev` profile [unoptimized + debuginfo] target(s) in 0.35s
[INFO] running `Command { std: "docker" "inspect" "3a8cf2224352e55aef292177ae28eaf3cbc104750bf4774032b003b05adcf9fa", kill_on_drop: false }`
[INFO] running `Command { std: "docker" "rm" "-f" "3a8cf2224352e55aef292177ae28eaf3cbc104750bf4774032b003b05adcf9fa", kill_on_drop: false }`
[INFO] [stdout] 3a8cf2224352e55aef292177ae28eaf3cbc104750bf4774032b003b05adcf9fa
[INFO] running `Command { std: "docker" "create" "-v" "/var/lib/crater-agent-workspace/builds/worker-1-tc1/target:/opt/rustwide/target:rw,Z" "-v" "/var/lib/crater-agent-workspace/builds/worker-1-tc1/source:/opt/rustwide/workdir:ro,Z" "-v" "/var/lib/crater-agent-workspace/cargo-home:/opt/rustwide/cargo-home:ro,Z" "-v" "/var/lib/crater-agent-workspace/rustup-home:/opt/rustwide/rustup-home:ro,Z" "-e" "SOURCE_DIR=/opt/rustwide/workdir" "-e" "CARGO_TARGET_DIR=/opt/rustwide/target" "-e" "CARGO_INCREMENTAL=0" "-e" "RUST_BACKTRACE=full" "-e" "RUSTFLAGS=--cap-lints=forbid" "-e" "RUSTDOCFLAGS=--cap-lints=forbid" "-e" "CARGO_HOME=/opt/rustwide/cargo-home" "-e" "RUSTUP_HOME=/opt/rustwide/rustup-home" "-w" "/opt/rustwide/workdir" "-m" "1610612736" "--user" "0:0" "--network" "none" "ghcr.io/rust-lang/crates-build-env/linux@sha256:4a844ea9eb2546a2d2c7022eacef16ef2e8229c7fbb2c7d4d55a9ceca922f72d" "/opt/rustwide/cargo-home/bin/cargo" "+nightly-2024-10-28" "test" "--frozen" "--no-run" "--message-format=json", kill_on_drop: false }`
[INFO] [stdout] 78a058ae9ff241e558eae615683605664667e3600c1ac668743ec3f526f22c79
[INFO] running `Command { std: "docker" "start" "-a" "78a058ae9ff241e558eae615683605664667e3600c1ac668743ec3f526f22c79", kill_on_drop: false }`
[INFO] [stderr]    Compiling serde v1.0.214
[INFO] [stderr]    Compiling plotters-backend v0.3.7
[INFO] [stderr]    Compiling ciborium-io v0.2.2
[INFO] [stderr]    Compiling clap_lex v0.7.2
[INFO] [stderr]    Compiling num-traits v0.2.19
[INFO] [stderr]    Compiling half v2.4.1
[INFO] [stderr]    Compiling regex-automata v0.4.8
[INFO] [stderr]    Compiling itertools v0.10.5
[INFO] [stderr]    Compiling cast v0.3.0
[INFO] [stderr]    Compiling same-file v1.0.6
[INFO] [stderr]    Compiling anes v0.1.6
[INFO] [stderr]    Compiling is-terminal v0.4.13
[INFO] [stderr]    Compiling oorandom v11.1.4
[INFO] [stderr]    Compiling const-hex v1.13.1
[INFO] [stderr]    Compiling rustc-hex v2.1.0
[INFO] [stderr]    Compiling rayon v1.10.0
[INFO] [stderr]    Compiling walkdir v2.5.0
[INFO] [stderr]    Compiling clap_builder v4.5.20
[INFO] [stderr]    Compiling plotters-svg v0.3.7
[INFO] [stderr]    Compiling ciborium-ll v0.2.2
[INFO] [stderr]    Compiling plotters v0.3.7
[INFO] [stderr]    Compiling criterion-plot v0.5.0
[INFO] [stderr]    Compiling regex v1.11.1
[INFO] [stderr]    Compiling clap v4.5.20
[INFO] [stderr]    Compiling serde_json v1.0.132
[INFO] [stderr]    Compiling ciborium v0.2.2
[INFO] [stderr]    Compiling faster-hex v0.9.0
[INFO] [stderr]    Compiling tinytemplate v1.2.1
[INFO] [stderr]    Compiling criterion v0.5.1
[INFO] [stderr]    Compiling array-bytes v6.2.3 (/opt/rustwide/workdir)
[INFO] [stderr]     Finished `test` profile [unoptimized + debuginfo] target(s) in 5.86s
[INFO] running `Command { std: "docker" "inspect" "78a058ae9ff241e558eae615683605664667e3600c1ac668743ec3f526f22c79", kill_on_drop: false }`
[INFO] running `Command { std: "docker" "rm" "-f" "78a058ae9ff241e558eae615683605664667e3600c1ac668743ec3f526f22c79", kill_on_drop: false }`
[INFO] [stdout] 78a058ae9ff241e558eae615683605664667e3600c1ac668743ec3f526f22c79
[INFO] running `Command { std: "docker" "create" "-v" "/var/lib/crater-agent-workspace/builds/worker-1-tc1/target:/opt/rustwide/target:rw,Z" "-v" "/var/lib/crater-agent-workspace/builds/worker-1-tc1/source:/opt/rustwide/workdir:ro,Z" "-v" "/var/lib/crater-agent-workspace/cargo-home:/opt/rustwide/cargo-home:ro,Z" "-v" "/var/lib/crater-agent-workspace/rustup-home:/opt/rustwide/rustup-home:ro,Z" "-e" "SOURCE_DIR=/opt/rustwide/workdir" "-e" "CARGO_TARGET_DIR=/opt/rustwide/target" "-e" "CARGO_INCREMENTAL=0" "-e" "RUST_BACKTRACE=full" "-e" "RUSTFLAGS=--cap-lints=forbid" "-e" "RUSTDOCFLAGS=--cap-lints=forbid" "-e" "CARGO_HOME=/opt/rustwide/cargo-home" "-e" "RUSTUP_HOME=/opt/rustwide/rustup-home" "-w" "/opt/rustwide/workdir" "-m" "1610612736" "--user" "0:0" "--network" "none" "ghcr.io/rust-lang/crates-build-env/linux@sha256:4a844ea9eb2546a2d2c7022eacef16ef2e8229c7fbb2c7d4d55a9ceca922f72d" "/opt/rustwide/cargo-home/bin/cargo" "+nightly-2024-10-28" "test" "--frozen", kill_on_drop: false }`
[INFO] [stdout] 57d8e15c4457dfcbb7701ed2f2b7bf5e612d681654f8b7678d43238a11232ca3
[INFO] running `Command { std: "docker" "start" "-a" "57d8e15c4457dfcbb7701ed2f2b7bf5e612d681654f8b7678d43238a11232ca3", kill_on_drop: false }`
[INFO] [stderr]     Finished `test` profile [unoptimized + debuginfo] target(s) in 0.05s
[INFO] [stderr]      Running unittests src/lib.rs (/opt/rustwide/target/debug/deps/array_bytes-f45eb7e2806d32bc)
[INFO] [stdout] 
[INFO] [stdout] running 23 tests
[INFO] [stdout] test test::bytes2hex_should_work ... ok
[INFO] [stdout] test test::hex2array_should_work ... ok
[INFO] [stdout] test test::hex2bytes_should_work ... ok
[INFO] [stdout] test test::hex2bytes_unchecked_should_work ... ok
[INFO] [stdout] test test::hex2slice_should_work ... ok
[INFO] [stdout] test test::hex2slice_unchecked_should_work ... ok
[INFO] [stdout] test test::hex_bytes2hex_str_should_work ... ok
[INFO] [stdout] test test::hex_bytes2hex_str_unchecked_should_work ... ok
[INFO] [stdout] test test::hex_into_should_work ... ok
[INFO] [stdout] test test::hex_into_unchecked_should_work ... ok
[INFO] [stdout] test test::hex_n_into_should_work ... ok
[INFO] [stdout] test test::hex_should_work ... ok
[INFO] [stdout] test test::hex_n_into_unchecked_should_work ... ok
[INFO] [stdout] test test::prefix_with_should_work ... ok
[INFO] [stdout] test test::slice2array_should_work ... ok
[INFO] [stdout] test test::slice_n_into_unchecked_should_work ... ok
[INFO] [stdout] test test::slice_n_into_should_work ... ok
[INFO] [stdout] test test::vec2array_should_work ... ok
[INFO] [stdout] test test::vec_n_into_should_work ... ok
[INFO] [stdout] test test::suffix_with_should_work ... ok
[INFO] [stdout] test test::vec_n_into_unchecked_should_work ... ok
[INFO] [stdout] test test::try_from_hex_should_work ... ok
[INFO] [stdout] test test::random_input_should_work ... ok
[INFO] [stdout] 
[INFO] [stdout] test result: ok. 23 passed; 0 failed; 0 ignored; 0 measured; 0 filtered out; finished in 0.03s
[INFO] [stdout] 
[INFO] [stderr]    Doc-tests array_bytes
[INFO] [stdout] 
[INFO] [stdout] running 27 tests
[INFO] [stdout] test src/lib.rs - hex_bytes2hex_str_unchecked (line 593) ... ok
[INFO] [stdout] test src/lib.rs - Hex (line 164) ... ok
[INFO] [stdout] test src/lib.rs - bytes2hex (line 608) ... ok
[INFO] [stdout] test src/lib.rs - TryFromHex (line 28) ... ok
[INFO] [stdout] test src/lib.rs - hex_bytes2hex_str (line 568) ... ok
[INFO] [stdout] test src/lib.rs - hex_n_into (line 833) ... ok
[INFO] [stdout] test src/lib.rs - hex2slice_unchecked (line 757) ... ok
[INFO] [stdout] test src/lib.rs - hex2array (line 633) ... ok
[INFO] [stdout] test src/lib.rs - hex2bytes (line 669) ... ok
[INFO] [stdout] test src/lib.rs - hex2bytes_unchecked (line 697) ... ok
[INFO] [stdout] test src/lib.rs - hex_into (line 783) ... ok
[INFO] [stdout] test src/lib.rs - hex2array_unchecked (line 649) ... ok
[INFO] [stdout] test src/lib.rs - prefix_with (line 382) ... ok
[INFO] [stdout] test src/lib.rs - hex_into_unchecked (line 808) ... ok
[INFO] [stdout] test src/lib.rs - hex_n_into_unchecked (line 858) ... ok
[INFO] [stdout] test src/lib.rs - hex2slice (line 722) ... ok
[INFO] [stdout] test src/lib.rs - slice2array_ref_unchecked (line 360) ... FAILED
[INFO] [stdout] test src/lib.rs - slice2array_ref (line 347) ... FAILED
[INFO] [stdout] test src/lib.rs - slice2array (line 321) ... ok
[INFO] [stdout] test src/lib.rs - slice2array_unchecked (line 334) ... ok
[INFO] [stdout] test src/lib.rs - slice_n_into (line 447) ... ok
[INFO] [stdout] test src/lib.rs - slice_n_into_unchecked (line 472) ... ok
[INFO] [stdout] test src/lib.rs - vec_n_into_unchecked (line 542) ... ok
[INFO] [stdout] test src/lib.rs - vec_n_into (line 518) ... ok
[INFO] [stdout] test src/lib.rs - vec2array (line 497) ... ok
[INFO] [stdout] test src/lib.rs - suffix_with (line 419) ... ok
[INFO] [stdout] test src/lib.rs - vec2array_unchecked (line 507) ... ok
[INFO] [stdout] 
[INFO] [stdout] failures:
[INFO] [stdout] 
[INFO] [stdout] ---- src/lib.rs - slice2array_ref_unchecked (line 360) stdout ----
[INFO] [stdout] error[E0277]: can't compare `[{integer}; 8]` with `&[{integer}; 8]`
[INFO] [stdout]  --> src/lib.rs:362:1
[INFO] [stdout]   |
[INFO] [stdout] 5 | assert_eq!(array_bytes::slice2array_unchecked::<_, 8>(&[0; 8]), &[0; 8]);
[INFO] [stdout]   | ^^^^^^^^^^^^^^^^^^^^^^^^^^^^^^^^^^^^^^^^^^^^^^^^^^^^^^^^^^^^^^^^^^^^^^^^ no implementation for `[{integer}; 8] == &[{integer}; 8]`
[INFO] [stdout]   |
[INFO] [stdout]   = help: the trait `PartialEq<&[{integer}; 8]>` is not implemented for `[{integer}; 8]`
[INFO] [stdout]   = note: this error originates in the macro `assert_eq` (in Nightly builds, run with -Z macro-backtrace for more info)
[INFO] [stdout] 
[INFO] [stdout] error: aborting due to 1 previous error
[INFO] [stdout] 
[INFO] [stdout] For more information about this error, try `rustc --explain E0277`.
[INFO] [stdout] Couldn't compile the test.
[INFO] [stdout] ---- src/lib.rs - slice2array_ref (line 347) stdout ----
[INFO] [stdout] error[E0308]: mismatched types
[INFO] [stdout]  --> src/lib.rs:349:55
[INFO] [stdout]   |
[INFO] [stdout] 5 | assert_eq!(array_bytes::slice2array::<_, 8>(&[0; 8]), Ok(&[0; 8]));
[INFO] [stdout]   |                                                       ^^^^^^^^^^^ expected `Result<[{integer}; 8], Error>`, found `Result<&[{integer}; 8], _>`
[INFO] [stdout]   |
[INFO] [stdout]   = note: expected enum `Result<[{integer}; 8], array_bytes::Error>`
[INFO] [stdout]              found enum `Result<&[{integer}; 8], _>`
[INFO] [stdout] 
[INFO] [stdout] error: aborting due to 1 previous error
[INFO] [stdout] 
[INFO] [stdout] For more information about this error, try `rustc --explain E0308`.
[INFO] [stdout] Couldn't compile the test.
[INFO] [stdout] 
[INFO] [stdout] failures:
[INFO] [stdout]     src/lib.rs - slice2array_ref (line 347)
[INFO] [stdout]     src/lib.rs - slice2array_ref_unchecked (line 360)
[INFO] [stdout] 
[INFO] [stdout] test result: FAILED. 25 passed; 2 failed; 0 ignored; 0 measured; 0 filtered out; finished in 0.28s
[INFO] [stdout] 
[INFO] [stderr] error: doctest failed, to rerun pass `--doc`
[INFO] running `Command { std: "docker" "inspect" "57d8e15c4457dfcbb7701ed2f2b7bf5e612d681654f8b7678d43238a11232ca3", kill_on_drop: false }`
[INFO] running `Command { std: "docker" "rm" "-f" "57d8e15c4457dfcbb7701ed2f2b7bf5e612d681654f8b7678d43238a11232ca3", kill_on_drop: false }`
[INFO] [stdout] 57d8e15c4457dfcbb7701ed2f2b7bf5e612d681654f8b7678d43238a11232ca3
