[INFO] fetching crate around 0.1.0...
[INFO] testing around-0.1.0 against nightly-2024-10-28 for randomize-layout
[INFO] extracting crate around 0.1.0 into /workspace/builds/worker-0-tc1/source
[INFO] validating manifest of crates.io crate around 0.1.0 on toolchain nightly-2024-10-28
[INFO] running `Command { std: CARGO_HOME="/workspace/cargo-home" RUSTUP_HOME="/workspace/rustup-home" "/workspace/cargo-home/bin/cargo" "+nightly-2024-10-28" "metadata" "--manifest-path" "Cargo.toml" "--no-deps", kill_on_drop: false }`
[INFO] started tweaking crates.io crate around 0.1.0
[INFO] finished tweaking crates.io crate around 0.1.0
[INFO] tweaked toml for crates.io crate around 0.1.0 written to /workspace/builds/worker-0-tc1/source/Cargo.toml
[INFO] crate crates.io crate around 0.1.0 already has a lockfile, it will not be regenerated
[INFO] running `Command { std: CARGO_HOME="/workspace/cargo-home" RUSTUP_HOME="/workspace/rustup-home" "/workspace/cargo-home/bin/cargo" "+nightly-2024-10-28" "fetch" "--manifest-path" "Cargo.toml", kill_on_drop: false }`
[INFO] [stderr]  Downloading crates ...
[INFO] [stderr]   Downloaded syn v2.0.52
[INFO] running `Command { std: "docker" "create" "-v" "/var/lib/crater-agent-workspace/builds/worker-0-tc1/target:/opt/rustwide/target:rw,Z" "-v" "/var/lib/crater-agent-workspace/builds/worker-0-tc1/source:/opt/rustwide/workdir:ro,Z" "-v" "/var/lib/crater-agent-workspace/cargo-home:/opt/rustwide/cargo-home:ro,Z" "-v" "/var/lib/crater-agent-workspace/rustup-home:/opt/rustwide/rustup-home:ro,Z" "-e" "SOURCE_DIR=/opt/rustwide/workdir" "-e" "CARGO_TARGET_DIR=/opt/rustwide/target" "-e" "CARGO_HOME=/opt/rustwide/cargo-home" "-e" "RUSTUP_HOME=/opt/rustwide/rustup-home" "-w" "/opt/rustwide/workdir" "-m" "1610612736" "--user" "0:0" "--network" "none" "ghcr.io/rust-lang/crates-build-env/linux@sha256:4a844ea9eb2546a2d2c7022eacef16ef2e8229c7fbb2c7d4d55a9ceca922f72d" "/opt/rustwide/cargo-home/bin/cargo" "+nightly-2024-10-28" "metadata" "--no-deps" "--format-version=1", kill_on_drop: false }`
[INFO] [stdout] ace92deec523803a9a75e51820436c3184a3839d9de8ca57afad93be2afa93f8
[INFO] running `Command { std: "docker" "start" "-a" "ace92deec523803a9a75e51820436c3184a3839d9de8ca57afad93be2afa93f8", kill_on_drop: false }`
[INFO] running `Command { std: "docker" "inspect" "ace92deec523803a9a75e51820436c3184a3839d9de8ca57afad93be2afa93f8", kill_on_drop: false }`
[INFO] running `Command { std: "docker" "rm" "-f" "ace92deec523803a9a75e51820436c3184a3839d9de8ca57afad93be2afa93f8", kill_on_drop: false }`
[INFO] [stdout] ace92deec523803a9a75e51820436c3184a3839d9de8ca57afad93be2afa93f8
[INFO] running `Command { std: "docker" "create" "-v" "/var/lib/crater-agent-workspace/builds/worker-0-tc1/target:/opt/rustwide/target:rw,Z" "-v" "/var/lib/crater-agent-workspace/builds/worker-0-tc1/source:/opt/rustwide/workdir:ro,Z" "-v" "/var/lib/crater-agent-workspace/cargo-home:/opt/rustwide/cargo-home:ro,Z" "-v" "/var/lib/crater-agent-workspace/rustup-home:/opt/rustwide/rustup-home:ro,Z" "-e" "SOURCE_DIR=/opt/rustwide/workdir" "-e" "CARGO_TARGET_DIR=/opt/rustwide/target" "-e" "CARGO_INCREMENTAL=0" "-e" "RUST_BACKTRACE=full" "-e" "RUSTFLAGS=--cap-lints=forbid" "-e" "RUSTDOCFLAGS=--cap-lints=forbid" "-e" "CARGO_HOME=/opt/rustwide/cargo-home" "-e" "RUSTUP_HOME=/opt/rustwide/rustup-home" "-w" "/opt/rustwide/workdir" "-m" "1610612736" "--user" "0:0" "--network" "none" "ghcr.io/rust-lang/crates-build-env/linux@sha256:4a844ea9eb2546a2d2c7022eacef16ef2e8229c7fbb2c7d4d55a9ceca922f72d" "/opt/rustwide/cargo-home/bin/cargo" "+nightly-2024-10-28" "build" "--frozen" "--message-format=json", kill_on_drop: false }`
[INFO] [stdout] 6bdaeba5fcf5d3c5ab05ca22123d5aa5cf388fcdce3cfa663f3e6cb1baea497a
[INFO] running `Command { std: "docker" "start" "-a" "6bdaeba5fcf5d3c5ab05ca22123d5aa5cf388fcdce3cfa663f3e6cb1baea497a", kill_on_drop: false }`
[INFO] [stderr]    Compiling proc-macro2 v1.0.78
[INFO] [stderr]    Compiling unicode-ident v1.0.12
[INFO] [stderr]    Compiling quote v1.0.35
[INFO] [stderr]    Compiling syn v2.0.52
[INFO] [stderr]    Compiling around v0.1.0 (/opt/rustwide/workdir)
[INFO] [stderr]     Finished `dev` profile [unoptimized + debuginfo] target(s) in 5.26s
[INFO] running `Command { std: "docker" "inspect" "6bdaeba5fcf5d3c5ab05ca22123d5aa5cf388fcdce3cfa663f3e6cb1baea497a", kill_on_drop: false }`
[INFO] running `Command { std: "docker" "rm" "-f" "6bdaeba5fcf5d3c5ab05ca22123d5aa5cf388fcdce3cfa663f3e6cb1baea497a", kill_on_drop: false }`
[INFO] [stdout] 6bdaeba5fcf5d3c5ab05ca22123d5aa5cf388fcdce3cfa663f3e6cb1baea497a
[INFO] running `Command { std: "docker" "create" "-v" "/var/lib/crater-agent-workspace/builds/worker-0-tc1/target:/opt/rustwide/target:rw,Z" "-v" "/var/lib/crater-agent-workspace/builds/worker-0-tc1/source:/opt/rustwide/workdir:ro,Z" "-v" "/var/lib/crater-agent-workspace/cargo-home:/opt/rustwide/cargo-home:ro,Z" "-v" "/var/lib/crater-agent-workspace/rustup-home:/opt/rustwide/rustup-home:ro,Z" "-e" "SOURCE_DIR=/opt/rustwide/workdir" "-e" "CARGO_TARGET_DIR=/opt/rustwide/target" "-e" "CARGO_INCREMENTAL=0" "-e" "RUST_BACKTRACE=full" "-e" "RUSTFLAGS=--cap-lints=forbid" "-e" "RUSTDOCFLAGS=--cap-lints=forbid" "-e" "CARGO_HOME=/opt/rustwide/cargo-home" "-e" "RUSTUP_HOME=/opt/rustwide/rustup-home" "-w" "/opt/rustwide/workdir" "-m" "1610612736" "--user" "0:0" "--network" "none" "ghcr.io/rust-lang/crates-build-env/linux@sha256:4a844ea9eb2546a2d2c7022eacef16ef2e8229c7fbb2c7d4d55a9ceca922f72d" "/opt/rustwide/cargo-home/bin/cargo" "+nightly-2024-10-28" "test" "--frozen" "--no-run" "--message-format=json", kill_on_drop: false }`
[INFO] [stdout] 46e231d4a2df48460ed6c7803dc01aab9a54fc5add52fafda6111b8a1b621795
[INFO] running `Command { std: "docker" "start" "-a" "46e231d4a2df48460ed6c7803dc01aab9a54fc5add52fafda6111b8a1b621795", kill_on_drop: false }`
[INFO] [stderr]    Compiling around v0.1.0 (/opt/rustwide/workdir)
[INFO] [stderr]     Finished `test` profile [unoptimized + debuginfo] target(s) in 0.41s
[INFO] running `Command { std: "docker" "inspect" "46e231d4a2df48460ed6c7803dc01aab9a54fc5add52fafda6111b8a1b621795", kill_on_drop: false }`
[INFO] running `Command { std: "docker" "rm" "-f" "46e231d4a2df48460ed6c7803dc01aab9a54fc5add52fafda6111b8a1b621795", kill_on_drop: false }`
[INFO] [stdout] 46e231d4a2df48460ed6c7803dc01aab9a54fc5add52fafda6111b8a1b621795
[INFO] running `Command { std: "docker" "create" "-v" "/var/lib/crater-agent-workspace/builds/worker-0-tc1/target:/opt/rustwide/target:rw,Z" "-v" "/var/lib/crater-agent-workspace/builds/worker-0-tc1/source:/opt/rustwide/workdir:ro,Z" "-v" "/var/lib/crater-agent-workspace/cargo-home:/opt/rustwide/cargo-home:ro,Z" "-v" "/var/lib/crater-agent-workspace/rustup-home:/opt/rustwide/rustup-home:ro,Z" "-e" "SOURCE_DIR=/opt/rustwide/workdir" "-e" "CARGO_TARGET_DIR=/opt/rustwide/target" "-e" "CARGO_INCREMENTAL=0" "-e" "RUST_BACKTRACE=full" "-e" "RUSTFLAGS=--cap-lints=forbid" "-e" "RUSTDOCFLAGS=--cap-lints=forbid" "-e" "CARGO_HOME=/opt/rustwide/cargo-home" "-e" "RUSTUP_HOME=/opt/rustwide/rustup-home" "-w" "/opt/rustwide/workdir" "-m" "1610612736" "--user" "0:0" "--network" "none" "ghcr.io/rust-lang/crates-build-env/linux@sha256:4a844ea9eb2546a2d2c7022eacef16ef2e8229c7fbb2c7d4d55a9ceca922f72d" "/opt/rustwide/cargo-home/bin/cargo" "+nightly-2024-10-28" "test" "--frozen", kill_on_drop: false }`
[INFO] [stdout] 3d5354102837e5a32f568c8f095927abc891f9ddf901c3acdf72f3b5d6568bde
[INFO] running `Command { std: "docker" "start" "-a" "3d5354102837e5a32f568c8f095927abc891f9ddf901c3acdf72f3b5d6568bde", kill_on_drop: false }`
[INFO] [stderr]     Finished `test` profile [unoptimized + debuginfo] target(s) in 0.02s
[INFO] [stderr]      Running unittests src/lib.rs (/opt/rustwide/target/debug/deps/around-cc85a4bde3f93af9)
[INFO] [stderr]    Doc-tests around
[INFO] [stdout] 
[INFO] [stdout] running 0 tests
[INFO] [stdout] 
[INFO] [stdout] test result: ok. 0 passed; 0 failed; 0 ignored; 0 measured; 0 filtered out; finished in 0.00s
[INFO] [stdout] 
[INFO] [stdout] 
[INFO] [stdout] running 3 tests
[INFO] [stdout] test src/lib.rs - before (line 8) - compile ... FAILED
[INFO] [stdout] test src/lib.rs - after (line 36) - compile ... FAILED
[INFO] [stdout] test src/lib.rs - both (line 64) - compile ... FAILED
[INFO] [stdout] 
[INFO] [stdout] failures:
[INFO] [stdout] 
[INFO] [stdout] ---- src/lib.rs - before (line 8) stdout ----
[INFO] [stdout] error: unexpected token: `...`
[INFO] [stdout]  --> src/lib.rs:12:9
[INFO] [stdout]   |
[INFO] [stdout] 7 |         ...
[INFO] [stdout]   |         ^^^
[INFO] [stdout]   |
[INFO] [stdout] help: use `..` for an exclusive range
[INFO] [stdout]   |
[INFO] [stdout] 7 |         ..
[INFO] [stdout]   |
[INFO] [stdout] help: or `..=` for an inclusive range
[INFO] [stdout]   |
[INFO] [stdout] 7 |         ..=
[INFO] [stdout]   |
[INFO] [stdout] 
[INFO] [stdout] error[E0586]: inclusive range with no end
[INFO] [stdout]  --> src/lib.rs:12:9
[INFO] [stdout]   |
[INFO] [stdout] 7 |         ...
[INFO] [stdout]   |         ^^^
[INFO] [stdout]   |
[INFO] [stdout]   = note: inclusive ranges must be bounded at the end (`..=b` or `a..=b`)
[INFO] [stdout] help: use `..` instead
[INFO] [stdout]   |
[INFO] [stdout] 7 -         ...
[INFO] [stdout] 7 +         ..
[INFO] [stdout]   |
[INFO] [stdout] 
[INFO] [stdout] error: only foreign, `unsafe extern "C"`, or `unsafe extern "C-unwind"` functions may have a C-variadic arg
[INFO] [stdout]  --> src/lib.rs:11:19
[INFO] [stdout]   |
[INFO] [stdout] 6 |     fn fancy_func(...){
[INFO] [stdout]   |                   ^^^
[INFO] [stdout] 
[INFO] [stdout] error: cannot find attribute `around` in this scope
[INFO] [stdout]  --> src/lib.rs:10:3
[INFO] [stdout]   |
[INFO] [stdout] 5 | #[around(database_clean)]
[INFO] [stdout]   |   ^^^^^^
[INFO] [stdout]   |
[INFO] [stdout] note: `around` is imported here, but it is a crate, not an attribute
[INFO] [stdout]  --> src/lib.rs:8:1
[INFO] [stdout]   |
[INFO] [stdout] 3 | extern crate r#around;
[INFO] [stdout]   | ^^^^^^^^^^^^^^^^^^^^^^
[INFO] [stdout] 
[INFO] [stdout] error[E0658]: C-variadic functions are unstable
[INFO] [stdout]  --> src/lib.rs:11:5
[INFO] [stdout]   |
[INFO] [stdout] 6 | /     fn fancy_func(...){
[INFO] [stdout] 7 | |         ...
[INFO] [stdout] 8 | |     }
[INFO] [stdout]   | |_____^
[INFO] [stdout]   |
[INFO] [stdout]   = note: see issue #44930 <https://github.com/rust-lang/rust/issues/44930> for more information
[INFO] [stdout]   = help: add `#![feature(c_variadic)]` to the crate attributes to enable
[INFO] [stdout]   = note: this compiler was built on 2024-10-27; consider upgrading it if it is out of date
[INFO] [stdout] 
[INFO] [stdout] error: aborting due to 5 previous errors
[INFO] [stdout] 
[INFO] [stdout] Some errors have detailed explanations: E0586, E0658.
[INFO] [stdout] For more information about an error, try `rustc --explain E0586`.
[INFO] [stdout] Couldn't compile the test.
[INFO] [stdout] ---- src/lib.rs - after (line 36) stdout ----
[INFO] [stdout] error: unexpected token: `...`
[INFO] [stdout]  --> src/lib.rs:40:9
[INFO] [stdout]   |
[INFO] [stdout] 7 |         ...
[INFO] [stdout]   |         ^^^
[INFO] [stdout]   |
[INFO] [stdout] help: use `..` for an exclusive range
[INFO] [stdout]   |
[INFO] [stdout] 7 |         ..
[INFO] [stdout]   |
[INFO] [stdout] help: or `..=` for an inclusive range
[INFO] [stdout]   |
[INFO] [stdout] 7 |         ..=
[INFO] [stdout]   |
[INFO] [stdout] 
[INFO] [stdout] error[E0586]: inclusive range with no end
[INFO] [stdout]  --> src/lib.rs:40:9
[INFO] [stdout]   |
[INFO] [stdout] 7 |         ...
[INFO] [stdout]   |         ^^^
[INFO] [stdout]   |
[INFO] [stdout]   = note: inclusive ranges must be bounded at the end (`..=b` or `a..=b`)
[INFO] [stdout] help: use `..` instead
[INFO] [stdout]   |
[INFO] [stdout] 7 -         ...
[INFO] [stdout] 7 +         ..
[INFO] [stdout]   |
[INFO] [stdout] 
[INFO] [stdout] error: only foreign, `unsafe extern "C"`, or `unsafe extern "C-unwind"` functions may have a C-variadic arg
[INFO] [stdout]  --> src/lib.rs:39:19
[INFO] [stdout]   |
[INFO] [stdout] 6 |     fn fancy_func(...){
[INFO] [stdout]   |                   ^^^
[INFO] [stdout] 
[INFO] [stdout] error: cannot find attribute `around` in this scope
[INFO] [stdout]  --> src/lib.rs:38:3
[INFO] [stdout]   |
[INFO] [stdout] 5 | #[around(database_clean)]
[INFO] [stdout]   |   ^^^^^^
[INFO] [stdout]   |
[INFO] [stdout] note: `around` is imported here, but it is a crate, not an attribute
[INFO] [stdout]  --> src/lib.rs:36:1
[INFO] [stdout]   |
[INFO] [stdout] 3 | extern crate r#around;
[INFO] [stdout]   | ^^^^^^^^^^^^^^^^^^^^^^
[INFO] [stdout] 
[INFO] [stdout] error[E0658]: C-variadic functions are unstable
[INFO] [stdout]  --> src/lib.rs:39:5
[INFO] [stdout]   |
[INFO] [stdout] 6 | /     fn fancy_func(...){
[INFO] [stdout] 7 | |         ...
[INFO] [stdout] 8 | |     }
[INFO] [stdout]   | |_____^
[INFO] [stdout]   |
[INFO] [stdout]   = note: see issue #44930 <https://github.com/rust-lang/rust/issues/44930> for more information
[INFO] [stdout]   = help: add `#![feature(c_variadic)]` to the crate attributes to enable
[INFO] [stdout]   = note: this compiler was built on 2024-10-27; consider upgrading it if it is out of date
[INFO] [stdout] 
[INFO] [stdout] error: aborting due to 5 previous errors
[INFO] [stdout] 
[INFO] [stdout] Some errors have detailed explanations: E0586, E0658.
[INFO] [stdout] For more information about an error, try `rustc --explain E0586`.
[INFO] [stdout] Couldn't compile the test.
[INFO] [stdout] ---- src/lib.rs - both (line 64) stdout ----
[INFO] [stdout] error: unexpected token: `...`
[INFO] [stdout]  --> src/lib.rs:68:9
[INFO] [stdout]   |
[INFO] [stdout] 7 |         ...
[INFO] [stdout]   |         ^^^
[INFO] [stdout]   |
[INFO] [stdout] help: use `..` for an exclusive range
[INFO] [stdout]   |
[INFO] [stdout] 7 |         ..
[INFO] [stdout]   |
[INFO] [stdout] help: or `..=` for an inclusive range
[INFO] [stdout]   |
[INFO] [stdout] 7 |         ..=
[INFO] [stdout]   |
[INFO] [stdout] 
[INFO] [stdout] error[E0586]: inclusive range with no end
[INFO] [stdout]  --> src/lib.rs:68:9
[INFO] [stdout]   |
[INFO] [stdout] 7 |         ...
[INFO] [stdout]   |         ^^^
[INFO] [stdout]   |
[INFO] [stdout]   = note: inclusive ranges must be bounded at the end (`..=b` or `a..=b`)
[INFO] [stdout] help: use `..` instead
[INFO] [stdout]   |
[INFO] [stdout] 7 -         ...
[INFO] [stdout] 7 +         ..
[INFO] [stdout]   |
[INFO] [stdout] 
[INFO] [stdout] error: only foreign, `unsafe extern "C"`, or `unsafe extern "C-unwind"` functions may have a C-variadic arg
[INFO] [stdout]  --> src/lib.rs:67:19
[INFO] [stdout]   |
[INFO] [stdout] 6 |     fn fancy_func(...){
[INFO] [stdout]   |                   ^^^
[INFO] [stdout] 
[INFO] [stdout] error: cannot find attribute `around` in this scope
[INFO] [stdout]  --> src/lib.rs:66:3
[INFO] [stdout]   |
[INFO] [stdout] 5 | #[around(database_clean)]
[INFO] [stdout]   |   ^^^^^^
[INFO] [stdout]   |
[INFO] [stdout] note: `around` is imported here, but it is a crate, not an attribute
[INFO] [stdout]  --> src/lib.rs:64:1
[INFO] [stdout]   |
[INFO] [stdout] 3 | extern crate r#around;
[INFO] [stdout]   | ^^^^^^^^^^^^^^^^^^^^^^
[INFO] [stdout] 
[INFO] [stdout] error[E0658]: C-variadic functions are unstable
[INFO] [stdout]  --> src/lib.rs:67:5
[INFO] [stdout]   |
[INFO] [stdout] 6 | /     fn fancy_func(...){
[INFO] [stdout] 7 | |         ...
[INFO] [stdout] 8 | |     }
[INFO] [stdout]   | |_____^
[INFO] [stdout]   |
[INFO] [stdout]   = note: see issue #44930 <https://github.com/rust-lang/rust/issues/44930> for more information
[INFO] [stdout]   = help: add `#![feature(c_variadic)]` to the crate attributes to enable
[INFO] [stdout]   = note: this compiler was built on 2024-10-27; consider upgrading it if it is out of date
[INFO] [stdout] 
[INFO] [stdout] error: aborting due to 5 previous errors
[INFO] [stdout] 
[INFO] [stdout] Some errors have detailed explanations: E0586, E0658.
[INFO] [stdout] For more information about an error, try `rustc --explain E0586`.
[INFO] [stdout] Couldn't compile the test.
[INFO] [stdout] 
[INFO] [stdout] failures:
[INFO] [stdout]     src/lib.rs - after (line 36)
[INFO] [stdout]     src/lib.rs - before (line 8)
[INFO] [stdout]     src/lib.rs - both (line 64)
[INFO] [stdout] 
[INFO] [stdout] test result: FAILED. 0 passed; 3 failed; 0 ignored; 0 measured; 0 filtered out; finished in 0.17s
[INFO] [stdout] 
[INFO] [stderr] error: doctest failed, to rerun pass `--doc`
[INFO] running `Command { std: "docker" "inspect" "3d5354102837e5a32f568c8f095927abc891f9ddf901c3acdf72f3b5d6568bde", kill_on_drop: false }`
[INFO] running `Command { std: "docker" "rm" "-f" "3d5354102837e5a32f568c8f095927abc891f9ddf901c3acdf72f3b5d6568bde", kill_on_drop: false }`
[INFO] [stdout] 3d5354102837e5a32f568c8f095927abc891f9ddf901c3acdf72f3b5d6568bde
