[INFO] fetching crate arkley_numerics 0.0.2...
[INFO] testing arkley_numerics-0.0.2 against nightly-2024-10-28 for randomize-layout
[INFO] extracting crate arkley_numerics 0.0.2 into /workspace/builds/worker-3-tc1/source
[INFO] validating manifest of crates.io crate arkley_numerics 0.0.2 on toolchain nightly-2024-10-28
[INFO] running `Command { std: CARGO_HOME="/workspace/cargo-home" RUSTUP_HOME="/workspace/rustup-home" "/workspace/cargo-home/bin/cargo" "+nightly-2024-10-28" "metadata" "--manifest-path" "Cargo.toml" "--no-deps", kill_on_drop: false }`
[INFO] started tweaking crates.io crate arkley_numerics 0.0.2
[INFO] finished tweaking crates.io crate arkley_numerics 0.0.2
[INFO] tweaked toml for crates.io crate arkley_numerics 0.0.2 written to /workspace/builds/worker-3-tc1/source/Cargo.toml
[INFO] running `Command { std: CARGO_HOME="/workspace/cargo-home" RUSTUP_HOME="/workspace/rustup-home" "/workspace/cargo-home/bin/cargo" "+nightly-2024-10-28" "generate-lockfile" "--manifest-path" "Cargo.toml", kill_on_drop: false }`
[INFO] [stderr]     Updating crates.io index
[INFO] [stderr]      Locking 1 package to latest compatible version
[INFO] running `Command { std: CARGO_HOME="/workspace/cargo-home" RUSTUP_HOME="/workspace/rustup-home" "/workspace/cargo-home/bin/cargo" "+nightly-2024-10-28" "fetch" "--manifest-path" "Cargo.toml", kill_on_drop: false }`
[INFO] [stderr]  Downloading crates ...
[INFO] [stderr]   Downloaded arkley_traits v0.0.2
[INFO] running `Command { std: "docker" "create" "-v" "/var/lib/crater-agent-workspace/builds/worker-3-tc1/target:/opt/rustwide/target:rw,Z" "-v" "/var/lib/crater-agent-workspace/builds/worker-3-tc1/source:/opt/rustwide/workdir:ro,Z" "-v" "/var/lib/crater-agent-workspace/cargo-home:/opt/rustwide/cargo-home:ro,Z" "-v" "/var/lib/crater-agent-workspace/rustup-home:/opt/rustwide/rustup-home:ro,Z" "-e" "SOURCE_DIR=/opt/rustwide/workdir" "-e" "CARGO_TARGET_DIR=/opt/rustwide/target" "-e" "CARGO_HOME=/opt/rustwide/cargo-home" "-e" "RUSTUP_HOME=/opt/rustwide/rustup-home" "-w" "/opt/rustwide/workdir" "-m" "1610612736" "--user" "0:0" "--network" "none" "ghcr.io/rust-lang/crates-build-env/linux@sha256:4a844ea9eb2546a2d2c7022eacef16ef2e8229c7fbb2c7d4d55a9ceca922f72d" "/opt/rustwide/cargo-home/bin/cargo" "+nightly-2024-10-28" "metadata" "--no-deps" "--format-version=1", kill_on_drop: false }`
[INFO] [stdout] 25910e7b53b452b66daad00c7c347ef9f23a06ea522e07fe141662af9c6bc9d5
[INFO] running `Command { std: "docker" "start" "-a" "25910e7b53b452b66daad00c7c347ef9f23a06ea522e07fe141662af9c6bc9d5", kill_on_drop: false }`
[INFO] running `Command { std: "docker" "inspect" "25910e7b53b452b66daad00c7c347ef9f23a06ea522e07fe141662af9c6bc9d5", kill_on_drop: false }`
[INFO] running `Command { std: "docker" "rm" "-f" "25910e7b53b452b66daad00c7c347ef9f23a06ea522e07fe141662af9c6bc9d5", kill_on_drop: false }`
[INFO] [stdout] 25910e7b53b452b66daad00c7c347ef9f23a06ea522e07fe141662af9c6bc9d5
[INFO] running `Command { std: "docker" "create" "-v" "/var/lib/crater-agent-workspace/builds/worker-3-tc1/target:/opt/rustwide/target:rw,Z" "-v" "/var/lib/crater-agent-workspace/builds/worker-3-tc1/source:/opt/rustwide/workdir:ro,Z" "-v" "/var/lib/crater-agent-workspace/cargo-home:/opt/rustwide/cargo-home:ro,Z" "-v" "/var/lib/crater-agent-workspace/rustup-home:/opt/rustwide/rustup-home:ro,Z" "-e" "SOURCE_DIR=/opt/rustwide/workdir" "-e" "CARGO_TARGET_DIR=/opt/rustwide/target" "-e" "CARGO_INCREMENTAL=0" "-e" "RUST_BACKTRACE=full" "-e" "RUSTFLAGS=--cap-lints=forbid" "-e" "RUSTDOCFLAGS=--cap-lints=forbid" "-e" "CARGO_HOME=/opt/rustwide/cargo-home" "-e" "RUSTUP_HOME=/opt/rustwide/rustup-home" "-w" "/opt/rustwide/workdir" "-m" "1610612736" "--user" "0:0" "--network" "none" "ghcr.io/rust-lang/crates-build-env/linux@sha256:4a844ea9eb2546a2d2c7022eacef16ef2e8229c7fbb2c7d4d55a9ceca922f72d" "/opt/rustwide/cargo-home/bin/cargo" "+nightly-2024-10-28" "build" "--frozen" "--message-format=json", kill_on_drop: false }`
[INFO] [stdout] d6182b98e577301a05f839363b9b4c17044be293f21f71331b34d042ba8f53ec
[INFO] running `Command { std: "docker" "start" "-a" "d6182b98e577301a05f839363b9b4c17044be293f21f71331b34d042ba8f53ec", kill_on_drop: false }`
[INFO] [stderr]    Compiling arkley_traits v0.0.2
[INFO] [stderr]    Compiling arkley_numerics v0.0.2 (/opt/rustwide/workdir)
[INFO] [stderr]     Finished `dev` profile [unoptimized + debuginfo] target(s) in 0.28s
[INFO] running `Command { std: "docker" "inspect" "d6182b98e577301a05f839363b9b4c17044be293f21f71331b34d042ba8f53ec", kill_on_drop: false }`
[INFO] running `Command { std: "docker" "rm" "-f" "d6182b98e577301a05f839363b9b4c17044be293f21f71331b34d042ba8f53ec", kill_on_drop: false }`
[INFO] [stdout] d6182b98e577301a05f839363b9b4c17044be293f21f71331b34d042ba8f53ec
[INFO] running `Command { std: "docker" "create" "-v" "/var/lib/crater-agent-workspace/builds/worker-3-tc1/target:/opt/rustwide/target:rw,Z" "-v" "/var/lib/crater-agent-workspace/builds/worker-3-tc1/source:/opt/rustwide/workdir:ro,Z" "-v" "/var/lib/crater-agent-workspace/cargo-home:/opt/rustwide/cargo-home:ro,Z" "-v" "/var/lib/crater-agent-workspace/rustup-home:/opt/rustwide/rustup-home:ro,Z" "-e" "SOURCE_DIR=/opt/rustwide/workdir" "-e" "CARGO_TARGET_DIR=/opt/rustwide/target" "-e" "CARGO_INCREMENTAL=0" "-e" "RUST_BACKTRACE=full" "-e" "RUSTFLAGS=--cap-lints=forbid" "-e" "RUSTDOCFLAGS=--cap-lints=forbid" "-e" "CARGO_HOME=/opt/rustwide/cargo-home" "-e" "RUSTUP_HOME=/opt/rustwide/rustup-home" "-w" "/opt/rustwide/workdir" "-m" "1610612736" "--user" "0:0" "--network" "none" "ghcr.io/rust-lang/crates-build-env/linux@sha256:4a844ea9eb2546a2d2c7022eacef16ef2e8229c7fbb2c7d4d55a9ceca922f72d" "/opt/rustwide/cargo-home/bin/cargo" "+nightly-2024-10-28" "test" "--frozen" "--no-run" "--message-format=json", kill_on_drop: false }`
[INFO] [stdout] bb60f72183e72c40414a1e84917fdf9b03f29a4a7f4345e2661f2dc62f418105
[INFO] running `Command { std: "docker" "start" "-a" "bb60f72183e72c40414a1e84917fdf9b03f29a4a7f4345e2661f2dc62f418105", kill_on_drop: false }`
[INFO] [stderr]    Compiling arkley_numerics v0.0.2 (/opt/rustwide/workdir)
[INFO] [stderr]     Finished `test` profile [unoptimized + debuginfo] target(s) in 0.34s
[INFO] running `Command { std: "docker" "inspect" "bb60f72183e72c40414a1e84917fdf9b03f29a4a7f4345e2661f2dc62f418105", kill_on_drop: false }`
[INFO] running `Command { std: "docker" "rm" "-f" "bb60f72183e72c40414a1e84917fdf9b03f29a4a7f4345e2661f2dc62f418105", kill_on_drop: false }`
[INFO] [stdout] bb60f72183e72c40414a1e84917fdf9b03f29a4a7f4345e2661f2dc62f418105
[INFO] running `Command { std: "docker" "create" "-v" "/var/lib/crater-agent-workspace/builds/worker-3-tc1/target:/opt/rustwide/target:rw,Z" "-v" "/var/lib/crater-agent-workspace/builds/worker-3-tc1/source:/opt/rustwide/workdir:ro,Z" "-v" "/var/lib/crater-agent-workspace/cargo-home:/opt/rustwide/cargo-home:ro,Z" "-v" "/var/lib/crater-agent-workspace/rustup-home:/opt/rustwide/rustup-home:ro,Z" "-e" "SOURCE_DIR=/opt/rustwide/workdir" "-e" "CARGO_TARGET_DIR=/opt/rustwide/target" "-e" "CARGO_INCREMENTAL=0" "-e" "RUST_BACKTRACE=full" "-e" "RUSTFLAGS=--cap-lints=forbid" "-e" "RUSTDOCFLAGS=--cap-lints=forbid" "-e" "CARGO_HOME=/opt/rustwide/cargo-home" "-e" "RUSTUP_HOME=/opt/rustwide/rustup-home" "-w" "/opt/rustwide/workdir" "-m" "1610612736" "--user" "0:0" "--network" "none" "ghcr.io/rust-lang/crates-build-env/linux@sha256:4a844ea9eb2546a2d2c7022eacef16ef2e8229c7fbb2c7d4d55a9ceca922f72d" "/opt/rustwide/cargo-home/bin/cargo" "+nightly-2024-10-28" "test" "--frozen", kill_on_drop: false }`
[INFO] [stdout] 6514f03e7eb01bc594aa2d5927253f927e449c5bc3eec2f3d2aa86742651c6a9
[INFO] running `Command { std: "docker" "start" "-a" "6514f03e7eb01bc594aa2d5927253f927e449c5bc3eec2f3d2aa86742651c6a9", kill_on_drop: false }`
[INFO] [stderr]     Finished `test` profile [unoptimized + debuginfo] target(s) in 0.00s
[INFO] [stderr]      Running unittests src/lib.rs (/opt/rustwide/target/debug/deps/arkley_numerics-ef25f6e92f981279)
[INFO] [stdout] 
[INFO] [stdout] running 53 tests
[INFO] [stdout] test fraction::tests::abs ... ok
[INFO] [stdout] test fraction::tests::addition ... ok
[INFO] [stdout] test fraction::tests::divide ... ok
[INFO] [stdout] test fraction::tests::multiplication ... ok
[INFO] [stdout] test fraction::tests::neg ... ok
[INFO] [stdout] test fraction::tests::fraction_equality ... ok
[INFO] [stdout] test fraction::tests::new_fraction ... ok
[INFO] [stdout] test fraction::tests::new_unchecked ... ok
[INFO] [stdout] test fraction::tests::new_unchecked_reduced ... ok
[INFO] [stdout] test fraction::tests::partial_eq_integers_vs_fractions ... ok
[INFO] [stdout] test fraction::tests::partial_ord_integers_vs_fractions ... ok
[INFO] [stdout] test fraction::tests::subtraction ... ok
[INFO] [stdout] test fraction::tests::try_from_i16 ... ok
[INFO] [stdout] test fraction::tests::try_from_i32 ... ok
[INFO] [stdout] test fraction::tests::try_from_i64 ... ok
[INFO] [stdout] test fraction::tests::try_from_i8 ... ok
[INFO] [stdout] test fraction::tests::try_from_invalid_input ... ok
[INFO] [stdout] test fraction::tests::try_from_negative ... ok
[INFO] [stdout] test fraction::tests::try_from_negative_fraction ... ok
[INFO] [stdout] test number::test::test_addition ... ok
[INFO] [stdout] test number::test::test_addition_assignment ... ok
[INFO] [stdout] test number::test::test_display_decimal ... ok
[INFO] [stdout] test number::test::test_division ... ok
[INFO] [stdout] test number::test::test_division_assignment ... ok
[INFO] [stdout] test number::test::test_multiplication ... ok
[INFO] [stdout] test number::test::test_multiplication_assignment ... ok
[INFO] [stdout] test number::test::test_subtraction ... ok
[INFO] [stdout] test number::test::test_subtraction_assignment ... ok
[INFO] [stdout] test number::test::test_try_from_empty_string ... ok
[INFO] [stdout] test number::test::test_try_from_invalid_number ... ok
[INFO] [stdout] test number::test::test_try_from_valid_number ... ok
[INFO] [stdout] test standardform::tests::add_assign ... ok
[INFO] [stdout] test standardform::tests::assignment_issue ... ok
[INFO] [stdout] test standardform::tests::division_u8 ... ok
[INFO] [stdout] test standardform::tests::division ... ok
[INFO] [stdout] test standardform::tests::multiplication_u8 ... ok
[INFO] [stdout] test standardform::tests::from_u8_standardform ... ok
[INFO] [stdout] test standardform::tests::multiplication ... ok
[INFO] [stdout] test standardform::tests::test_normalize_with_invalid_range ... ok
[INFO] [stdout] test standardform::tests::test_normalize_with_large_negative_mantissa ... ok
[INFO] [stdout] test standardform::tests::test_normalize_with_valid_range ... ok
[INFO] [stdout] test standardform::tests::test_partial_cmp_different_exponents ... ok
[INFO] [stdout] test standardform::tests::test_partial_cmp_equal ... ok
[INFO] [stdout] test standardform::tests::addition_u8 ... ok
[INFO] [stdout] test standardform::tests::test_partial_cmp_greater ... ok
[INFO] [stdout] test standardform::tests::test_partial_cmp_less ... ok
[INFO] [stdout] test standardform::tests::test_partial_cmp_mixed_sign ... ok
[INFO] [stdout] test standardform::tests::test_partial_cmp_zero ... ok
[INFO] [stdout] test standardform::tests::test_subtraction ... ok
[INFO] [stdout] test standardform::tests::add_assign_u8 ... ok
[INFO] [stdout] test standardform::tests::addition ... ok
[INFO] [stdout] test standardform::tests::test_normalize_with_small_mantissa ... ok
[INFO] [stdout] test standardform::tests::subtraction_u8 ... FAILED
[INFO] [stdout] 
[INFO] [stdout] failures:
[INFO] [stdout] 
[INFO] [stdout] ---- standardform::tests::subtraction_u8 stdout ----
[INFO] [stdout] 210
[INFO] [stdout] thread 'standardform::tests::subtraction_u8' panicked at src/standardform.rs:427:9:
[INFO] [stdout] assertion `left == right` failed
[INFO] [stdout]   left: 2.08
[INFO] [stdout]  right: 2.18
[INFO] [stdout] stack backtrace:
[INFO] [stdout]    0:     0x57b95ef812ea - std::backtrace_rs::backtrace::libunwind::trace::h207520d6e9873551
[INFO] [stdout]                                at /rustc/df4ca44d3fbc9301ee17f30f4d474e6ae4b05252/library/std/src/../../backtrace/src/backtrace/libunwind.rs:116:5
[INFO] [stdout]    1:     0x57b95ef812ea - std::backtrace_rs::backtrace::trace_unsynchronized::h2ed7433f370e3eca
[INFO] [stdout]                                at /rustc/df4ca44d3fbc9301ee17f30f4d474e6ae4b05252/library/std/src/../../backtrace/src/backtrace/mod.rs:66:5
[INFO] [stdout]    2:     0x57b95ef812ea - std::sys::backtrace::_print_fmt::h916fac51166b18d7
[INFO] [stdout]                                at /rustc/df4ca44d3fbc9301ee17f30f4d474e6ae4b05252/library/std/src/sys/backtrace.rs:66:9
[INFO] [stdout]    3:     0x57b95ef812ea - <std::sys::backtrace::BacktraceLock::print::DisplayBacktrace as core::fmt::Display>::fmt::ha0a4c9b8ce3802e6
[INFO] [stdout]                                at /rustc/df4ca44d3fbc9301ee17f30f4d474e6ae4b05252/library/std/src/sys/backtrace.rs:39:26
[INFO] [stdout]    4:     0x57b95efa8b43 - core::fmt::rt::Argument::fmt::h4cfc8587d52b3eb5
[INFO] [stdout]                                at /rustc/df4ca44d3fbc9301ee17f30f4d474e6ae4b05252/library/core/src/fmt/rt.rs:177:76
[INFO] [stdout]    5:     0x57b95efa8b43 - core::fmt::write::h522cc39e5b36ae9f
[INFO] [stdout]                                at /rustc/df4ca44d3fbc9301ee17f30f4d474e6ae4b05252/library/core/src/fmt/mod.rs:1190:21
[INFO] [stdout]    6:     0x57b95ef7df53 - std::io::Write::write_fmt::h7d3c26752da97734
[INFO] [stdout]                                at /rustc/df4ca44d3fbc9301ee17f30f4d474e6ae4b05252/library/std/src/io/mod.rs:1839:15
[INFO] [stdout]    7:     0x57b95ef81132 - std::sys::backtrace::BacktraceLock::print::h4b9e00b29e9c0942
[INFO] [stdout]                                at /rustc/df4ca44d3fbc9301ee17f30f4d474e6ae4b05252/library/std/src/sys/backtrace.rs:42:9
[INFO] [stdout]    8:     0x57b95ef8277a - std::panicking::default_hook::{{closure}}::hb59b88280d0324d9
[INFO] [stdout]                                at /rustc/df4ca44d3fbc9301ee17f30f4d474e6ae4b05252/library/std/src/panicking.rs:268:22
[INFO] [stdout]    9:     0x57b95ef82584 - std::panicking::default_hook::he1dd496665be4a29
[INFO] [stdout]                                at /rustc/df4ca44d3fbc9301ee17f30f4d474e6ae4b05252/library/std/src/panicking.rs:292:9
[INFO] [stdout]   10:     0x57b95ef4b569 - <alloc::boxed::Box<F,A> as core::ops::function::Fn<Args>>::call::h4ff71de18744e1dc
[INFO] [stdout]                                at /rustc/df4ca44d3fbc9301ee17f30f4d474e6ae4b05252/library/alloc/src/boxed.rs:2468:9
[INFO] [stdout]   11:     0x57b95ef4b569 - test::test_main::{{closure}}::hcf7c055ce117aa81
[INFO] [stdout]                                at /rustc/df4ca44d3fbc9301ee17f30f4d474e6ae4b05252/library/test/src/lib.rs:133:21
[INFO] [stdout]   12:     0x57b95ef82e78 - <alloc::boxed::Box<F,A> as core::ops::function::Fn<Args>>::call::h1d66c6bbd60c9692
[INFO] [stdout]                                at /rustc/df4ca44d3fbc9301ee17f30f4d474e6ae4b05252/library/alloc/src/boxed.rs:2468:9
[INFO] [stdout]   13:     0x57b95ef82e78 - std::panicking::rust_panic_with_hook::h2ff17fe8f26dfcf8
[INFO] [stdout]                                at /rustc/df4ca44d3fbc9301ee17f30f4d474e6ae4b05252/library/std/src/panicking.rs:809:13
[INFO] [stdout]   14:     0x57b95ef82c3a - std::panicking::begin_panic_handler::{{closure}}::h4fad77951c07e101
[INFO] [stdout]                                at /rustc/df4ca44d3fbc9301ee17f30f4d474e6ae4b05252/library/std/src/panicking.rs:674:13
[INFO] [stdout]   15:     0x57b95ef817c9 - std::sys::backtrace::__rust_end_short_backtrace::hb1a25b3da5d0ea08
[INFO] [stdout]                                at /rustc/df4ca44d3fbc9301ee17f30f4d474e6ae4b05252/library/std/src/sys/backtrace.rs:170:18
[INFO] [stdout]   16:     0x57b95ef828cc - rust_begin_unwind
[INFO] [stdout]                                at /rustc/df4ca44d3fbc9301ee17f30f4d474e6ae4b05252/library/std/src/panicking.rs:665:5
[INFO] [stdout]   17:     0x57b95efa7320 - core::panicking::panic_fmt::ha9db07b529f9b256
[INFO] [stdout]                                at /rustc/df4ca44d3fbc9301ee17f30f4d474e6ae4b05252/library/core/src/panicking.rs:75:14
[INFO] [stdout]   18:     0x57b95efa764b - core::panicking::assert_failed_inner::h04f38944d74a80a8
[INFO] [stdout]   19:     0x57b95ef0a89e - core::panicking::assert_failed::h6437a873cb1cce12
[INFO] [stdout]                                at /rustc/df4ca44d3fbc9301ee17f30f4d474e6ae4b05252/library/core/src/panicking.rs:377:5
[INFO] [stdout]   20:     0x57b95ef10894 - arkley_numerics::standardform::tests::subtraction_u8::he23b177a25cc740e
[INFO] [stdout]                                at /opt/rustwide/workdir/src/standardform.rs:427:9
[INFO] [stdout]   21:     0x57b95ef10737 - arkley_numerics::standardform::tests::subtraction_u8::{{closure}}::h9b713fc24fcb29f8
[INFO] [stdout]                                at /opt/rustwide/workdir/src/standardform.rs:420:24
[INFO] [stdout]   22:     0x57b95ef09146 - core::ops::function::FnOnce::call_once::h25366df320a197d1
[INFO] [stdout]                                at /rustc/df4ca44d3fbc9301ee17f30f4d474e6ae4b05252/library/core/src/ops/function.rs:250:5
[INFO] [stdout]   23:     0x57b95ef4fe3b - core::ops::function::FnOnce::call_once::h22c3ba5715e93f05
[INFO] [stdout]                                at /rustc/df4ca44d3fbc9301ee17f30f4d474e6ae4b05252/library/core/src/ops/function.rs:250:5
[INFO] [stdout]   24:     0x57b95ef4fe3b - test::__rust_begin_short_backtrace::h8e82d8113d0da17f
[INFO] [stdout]                                at /rustc/df4ca44d3fbc9301ee17f30f4d474e6ae4b05252/library/test/src/lib.rs:621:18
[INFO] [stdout]   25:     0x57b95ef4f7b7 - test::run_test_in_process::{{closure}}::h33235f4f20b7b7c7
[INFO] [stdout]                                at /rustc/df4ca44d3fbc9301ee17f30f4d474e6ae4b05252/library/test/src/lib.rs:644:60
[INFO] [stdout]   26:     0x57b95ef4f7b7 - <core::panic::unwind_safe::AssertUnwindSafe<F> as core::ops::function::FnOnce<()>>::call_once::hb5043206310c586f
[INFO] [stdout]                                at /rustc/df4ca44d3fbc9301ee17f30f4d474e6ae4b05252/library/core/src/panic/unwind_safe.rs:272:9
[INFO] [stdout]   27:     0x57b95ef4f7b7 - std::panicking::try::do_call::h9ad4731a60ab23e2
[INFO] [stdout]                                at /rustc/df4ca44d3fbc9301ee17f30f4d474e6ae4b05252/library/std/src/panicking.rs:557:40
[INFO] [stdout]   28:     0x57b95ef4f7b7 - std::panicking::try::h3824d23db772a716
[INFO] [stdout]                                at /rustc/df4ca44d3fbc9301ee17f30f4d474e6ae4b05252/library/std/src/panicking.rs:520:19
[INFO] [stdout]   29:     0x57b95ef4f7b7 - std::panic::catch_unwind::h5afd514605fde46b
[INFO] [stdout]                                at /rustc/df4ca44d3fbc9301ee17f30f4d474e6ae4b05252/library/std/src/panic.rs:358:14
[INFO] [stdout]   30:     0x57b95ef4f7b7 - test::run_test_in_process::h0d5cbfa7067d1720
[INFO] [stdout]                                at /rustc/df4ca44d3fbc9301ee17f30f4d474e6ae4b05252/library/test/src/lib.rs:644:27
[INFO] [stdout]   31:     0x57b95ef4f7b7 - test::run_test::{{closure}}::h708eb8872708115d
[INFO] [stdout]                                at /rustc/df4ca44d3fbc9301ee17f30f4d474e6ae4b05252/library/test/src/lib.rs:565:43
[INFO] [stdout]   32:     0x57b95ef12ed4 - test::run_test::{{closure}}::h392c51cee94713ab
[INFO] [stdout]                                at /rustc/df4ca44d3fbc9301ee17f30f4d474e6ae4b05252/library/test/src/lib.rs:595:41
[INFO] [stdout]   33:     0x57b95ef12ed4 - std::sys::backtrace::__rust_begin_short_backtrace::h2f40290710935a8b
[INFO] [stdout]                                at /rustc/df4ca44d3fbc9301ee17f30f4d474e6ae4b05252/library/std/src/sys/backtrace.rs:154:18
[INFO] [stdout]   34:     0x57b95ef1667e - std::thread::Builder::spawn_unchecked_::{{closure}}::{{closure}}::h3fd968d89053a903
[INFO] [stdout]                                at /rustc/df4ca44d3fbc9301ee17f30f4d474e6ae4b05252/library/std/src/thread/mod.rs:541:17
[INFO] [stdout]   35:     0x57b95ef1667e - <core::panic::unwind_safe::AssertUnwindSafe<F> as core::ops::function::FnOnce<()>>::call_once::h743f637ba4229880
[INFO] [stdout]                                at /rustc/df4ca44d3fbc9301ee17f30f4d474e6ae4b05252/library/core/src/panic/unwind_safe.rs:272:9
[INFO] [stdout]   36:     0x57b95ef1667e - std::panicking::try::do_call::h07440897322525a6
[INFO] [stdout]                                at /rustc/df4ca44d3fbc9301ee17f30f4d474e6ae4b05252/library/std/src/panicking.rs:557:40
[INFO] [stdout]   37:     0x57b95ef1667e - std::panicking::try::he5a2e00188156637
[INFO] [stdout]                                at /rustc/df4ca44d3fbc9301ee17f30f4d474e6ae4b05252/library/std/src/panicking.rs:520:19
[INFO] [stdout]   38:     0x57b95ef1667e - std::panic::catch_unwind::hbaf3cae49b3c6433
[INFO] [stdout]                                at /rustc/df4ca44d3fbc9301ee17f30f4d474e6ae4b05252/library/std/src/panic.rs:358:14
[INFO] [stdout]   39:     0x57b95ef1667e - std::thread::Builder::spawn_unchecked_::{{closure}}::h8e141ea224820bce
[INFO] [stdout]                                at /rustc/df4ca44d3fbc9301ee17f30f4d474e6ae4b05252/library/std/src/thread/mod.rs:540:30
[INFO] [stdout]   40:     0x57b95ef1667e - core::ops::function::FnOnce::call_once{{vtable.shim}}::h90d312fedd7b8ea8
[INFO] [stdout]                                at /rustc/df4ca44d3fbc9301ee17f30f4d474e6ae4b05252/library/core/src/ops/function.rs:250:5
[INFO] [stdout]   41:     0x57b95ef86c6b - <alloc::boxed::Box<F,A> as core::ops::function::FnOnce<Args>>::call_once::h69aa08ddb6adb8b6
[INFO] [stdout]                                at /rustc/df4ca44d3fbc9301ee17f30f4d474e6ae4b05252/library/alloc/src/boxed.rs:2454:9
[INFO] [stdout]   42:     0x57b95ef86c6b - <alloc::boxed::Box<F,A> as core::ops::function::FnOnce<Args>>::call_once::h5aa36efdb79c806f
[INFO] [stdout]                                at /rustc/df4ca44d3fbc9301ee17f30f4d474e6ae4b05252/library/alloc/src/boxed.rs:2454:9
[INFO] [stdout]   43:     0x57b95ef86c6b - std::sys::pal::unix::thread::Thread::new::thread_start::h6cd80a1b4be5158d
[INFO] [stdout]                                at /rustc/df4ca44d3fbc9301ee17f30f4d474e6ae4b05252/library/std/src/sys/pal/unix/thread.rs:105:17
[INFO] [stdout]   44:     0x7c4bbb05aac3 - <unknown>
[INFO] [stdout]   45:     0x7c4bbb0eba04 - clone
[INFO] [stdout]   46:                0x0 - <unknown>
[INFO] [stdout] 
[INFO] [stdout] 
[INFO] [stdout] failures:
[INFO] [stdout]     standardform::tests::subtraction_u8
[INFO] [stdout] 
[INFO] [stdout] test result: FAILED. 52 passed; 1 failed; 0 ignored; 0 measured; 0 filtered out; finished in 0.01s
[INFO] [stdout] 
[INFO] [stderr] error: test failed, to rerun pass `--lib`
[INFO] running `Command { std: "docker" "inspect" "6514f03e7eb01bc594aa2d5927253f927e449c5bc3eec2f3d2aa86742651c6a9", kill_on_drop: false }`
[INFO] running `Command { std: "docker" "rm" "-f" "6514f03e7eb01bc594aa2d5927253f927e449c5bc3eec2f3d2aa86742651c6a9", kill_on_drop: false }`
[INFO] [stdout] 6514f03e7eb01bc594aa2d5927253f927e449c5bc3eec2f3d2aa86742651c6a9
