[INFO] fetching crate arithmetic-coding-core-adder-dep 0.3.0...
[INFO] testing arithmetic-coding-core-adder-dep-0.3.0 against nightly-2024-10-28+rustflags=-Zrandomize-layout for randomize-layout
[INFO] extracting crate arithmetic-coding-core-adder-dep 0.3.0 into /workspace/builds/worker-5-tc2/source
[INFO] validating manifest of crates.io crate arithmetic-coding-core-adder-dep 0.3.0 on toolchain nightly-2024-10-28
[INFO] running `Command { std: CARGO_HOME="/workspace/cargo-home" RUSTUP_HOME="/workspace/rustup-home" "/workspace/cargo-home/bin/cargo" "+nightly-2024-10-28" "metadata" "--manifest-path" "Cargo.toml" "--no-deps", kill_on_drop: false }`
[INFO] started tweaking crates.io crate arithmetic-coding-core-adder-dep 0.3.0
[INFO] finished tweaking crates.io crate arithmetic-coding-core-adder-dep 0.3.0
[INFO] tweaked toml for crates.io crate arithmetic-coding-core-adder-dep 0.3.0 written to /workspace/builds/worker-5-tc2/source/Cargo.toml
[INFO] running `Command { std: CARGO_HOME="/workspace/cargo-home" RUSTUP_HOME="/workspace/rustup-home" "/workspace/cargo-home/bin/cargo" "+nightly-2024-10-28" "generate-lockfile" "--manifest-path" "Cargo.toml", kill_on_drop: false }`
[INFO] [stderr]     Updating crates.io index
[INFO] [stderr]      Locking 6 packages to latest compatible versions
[INFO] running `Command { std: CARGO_HOME="/workspace/cargo-home" RUSTUP_HOME="/workspace/rustup-home" "/workspace/cargo-home/bin/cargo" "+nightly-2024-10-28" "fetch" "--manifest-path" "Cargo.toml", kill_on_drop: false }`
[INFO] running `Command { std: "docker" "create" "-v" "/var/lib/crater-agent-workspace/builds/worker-5-tc2/target:/opt/rustwide/target:rw,Z" "-v" "/var/lib/crater-agent-workspace/builds/worker-5-tc2/source:/opt/rustwide/workdir:ro,Z" "-v" "/var/lib/crater-agent-workspace/cargo-home:/opt/rustwide/cargo-home:ro,Z" "-v" "/var/lib/crater-agent-workspace/rustup-home:/opt/rustwide/rustup-home:ro,Z" "-e" "SOURCE_DIR=/opt/rustwide/workdir" "-e" "CARGO_TARGET_DIR=/opt/rustwide/target" "-e" "CARGO_HOME=/opt/rustwide/cargo-home" "-e" "RUSTUP_HOME=/opt/rustwide/rustup-home" "-w" "/opt/rustwide/workdir" "-m" "1610612736" "--user" "0:0" "--network" "none" "ghcr.io/rust-lang/crates-build-env/linux@sha256:4a844ea9eb2546a2d2c7022eacef16ef2e8229c7fbb2c7d4d55a9ceca922f72d" "/opt/rustwide/cargo-home/bin/cargo" "+nightly-2024-10-28" "metadata" "--no-deps" "--format-version=1", kill_on_drop: false }`
[INFO] [stdout] 12656f698cbb02618896378d57b1909b517efacef17d934a5d1895a36df588ab
[INFO] running `Command { std: "docker" "start" "-a" "12656f698cbb02618896378d57b1909b517efacef17d934a5d1895a36df588ab", kill_on_drop: false }`
[INFO] running `Command { std: "docker" "inspect" "12656f698cbb02618896378d57b1909b517efacef17d934a5d1895a36df588ab", kill_on_drop: false }`
[INFO] running `Command { std: "docker" "rm" "-f" "12656f698cbb02618896378d57b1909b517efacef17d934a5d1895a36df588ab", kill_on_drop: false }`
[INFO] [stdout] 12656f698cbb02618896378d57b1909b517efacef17d934a5d1895a36df588ab
[INFO] running `Command { std: "docker" "create" "-v" "/var/lib/crater-agent-workspace/builds/worker-5-tc2/target:/opt/rustwide/target:rw,Z" "-v" "/var/lib/crater-agent-workspace/builds/worker-5-tc2/source:/opt/rustwide/workdir:ro,Z" "-v" "/var/lib/crater-agent-workspace/cargo-home:/opt/rustwide/cargo-home:ro,Z" "-v" "/var/lib/crater-agent-workspace/rustup-home:/opt/rustwide/rustup-home:ro,Z" "-e" "SOURCE_DIR=/opt/rustwide/workdir" "-e" "CARGO_TARGET_DIR=/opt/rustwide/target" "-e" "CARGO_INCREMENTAL=0" "-e" "RUST_BACKTRACE=full" "-e" "RUSTFLAGS=--cap-lints=forbid -Zrandomize-layout" "-e" "RUSTDOCFLAGS=--cap-lints=forbid" "-e" "CARGO_HOME=/opt/rustwide/cargo-home" "-e" "RUSTUP_HOME=/opt/rustwide/rustup-home" "-w" "/opt/rustwide/workdir" "-m" "1610612736" "--user" "0:0" "--network" "none" "ghcr.io/rust-lang/crates-build-env/linux@sha256:4a844ea9eb2546a2d2c7022eacef16ef2e8229c7fbb2c7d4d55a9ceca922f72d" "/opt/rustwide/cargo-home/bin/cargo" "+nightly-2024-10-28" "build" "--frozen" "--message-format=json", kill_on_drop: false }`
[INFO] [stdout] 273ee2991875e462a72dec68f89bce2667409312964d44d1079de7faef4f0dcc
[INFO] running `Command { std: "docker" "start" "-a" "273ee2991875e462a72dec68f89bce2667409312964d44d1079de7faef4f0dcc", kill_on_drop: false }`
[INFO] [stderr]    Compiling proc-macro2 v1.0.89
[INFO] [stderr]    Compiling unicode-ident v1.0.13
[INFO] [stderr]    Compiling thiserror v1.0.66
[INFO] [stderr]    Compiling quote v1.0.37
[INFO] [stderr]    Compiling syn v2.0.86
[INFO] [stderr]    Compiling thiserror-impl v1.0.66
[INFO] [stderr]    Compiling arithmetic-coding-core-adder-dep v0.3.0 (/opt/rustwide/workdir)
[INFO] [stderr]     Finished `dev` profile [unoptimized + debuginfo] target(s) in 6.96s
[INFO] running `Command { std: "docker" "inspect" "273ee2991875e462a72dec68f89bce2667409312964d44d1079de7faef4f0dcc", kill_on_drop: false }`
[INFO] running `Command { std: "docker" "rm" "-f" "273ee2991875e462a72dec68f89bce2667409312964d44d1079de7faef4f0dcc", kill_on_drop: false }`
[INFO] [stdout] 273ee2991875e462a72dec68f89bce2667409312964d44d1079de7faef4f0dcc
[INFO] running `Command { std: "docker" "create" "-v" "/var/lib/crater-agent-workspace/builds/worker-5-tc2/target:/opt/rustwide/target:rw,Z" "-v" "/var/lib/crater-agent-workspace/builds/worker-5-tc2/source:/opt/rustwide/workdir:ro,Z" "-v" "/var/lib/crater-agent-workspace/cargo-home:/opt/rustwide/cargo-home:ro,Z" "-v" "/var/lib/crater-agent-workspace/rustup-home:/opt/rustwide/rustup-home:ro,Z" "-e" "SOURCE_DIR=/opt/rustwide/workdir" "-e" "CARGO_TARGET_DIR=/opt/rustwide/target" "-e" "CARGO_INCREMENTAL=0" "-e" "RUST_BACKTRACE=full" "-e" "RUSTFLAGS=--cap-lints=forbid -Zrandomize-layout" "-e" "RUSTDOCFLAGS=--cap-lints=forbid" "-e" "CARGO_HOME=/opt/rustwide/cargo-home" "-e" "RUSTUP_HOME=/opt/rustwide/rustup-home" "-w" "/opt/rustwide/workdir" "-m" "1610612736" "--user" "0:0" "--network" "none" "ghcr.io/rust-lang/crates-build-env/linux@sha256:4a844ea9eb2546a2d2c7022eacef16ef2e8229c7fbb2c7d4d55a9ceca922f72d" "/opt/rustwide/cargo-home/bin/cargo" "+nightly-2024-10-28" "test" "--frozen" "--no-run" "--message-format=json", kill_on_drop: false }`
[INFO] [stdout] 139cc354c12f901329576e0c54cb451ecc319bc07b4b324a957d4931470da49e
[INFO] running `Command { std: "docker" "start" "-a" "139cc354c12f901329576e0c54cb451ecc319bc07b4b324a957d4931470da49e", kill_on_drop: false }`
[INFO] [stderr]    Compiling arithmetic-coding-core-adder-dep v0.3.0 (/opt/rustwide/workdir)
[INFO] [stderr]     Finished `test` profile [unoptimized + debuginfo] target(s) in 0.32s
[INFO] running `Command { std: "docker" "inspect" "139cc354c12f901329576e0c54cb451ecc319bc07b4b324a957d4931470da49e", kill_on_drop: false }`
[INFO] running `Command { std: "docker" "rm" "-f" "139cc354c12f901329576e0c54cb451ecc319bc07b4b324a957d4931470da49e", kill_on_drop: false }`
[INFO] [stdout] 139cc354c12f901329576e0c54cb451ecc319bc07b4b324a957d4931470da49e
[INFO] running `Command { std: "docker" "create" "-v" "/var/lib/crater-agent-workspace/builds/worker-5-tc2/target:/opt/rustwide/target:rw,Z" "-v" "/var/lib/crater-agent-workspace/builds/worker-5-tc2/source:/opt/rustwide/workdir:ro,Z" "-v" "/var/lib/crater-agent-workspace/cargo-home:/opt/rustwide/cargo-home:ro,Z" "-v" "/var/lib/crater-agent-workspace/rustup-home:/opt/rustwide/rustup-home:ro,Z" "-e" "SOURCE_DIR=/opt/rustwide/workdir" "-e" "CARGO_TARGET_DIR=/opt/rustwide/target" "-e" "CARGO_INCREMENTAL=0" "-e" "RUST_BACKTRACE=full" "-e" "RUSTFLAGS=--cap-lints=forbid -Zrandomize-layout" "-e" "RUSTDOCFLAGS=--cap-lints=forbid" "-e" "CARGO_HOME=/opt/rustwide/cargo-home" "-e" "RUSTUP_HOME=/opt/rustwide/rustup-home" "-w" "/opt/rustwide/workdir" "-m" "1610612736" "--user" "0:0" "--network" "none" "ghcr.io/rust-lang/crates-build-env/linux@sha256:4a844ea9eb2546a2d2c7022eacef16ef2e8229c7fbb2c7d4d55a9ceca922f72d" "/opt/rustwide/cargo-home/bin/cargo" "+nightly-2024-10-28" "test" "--frozen", kill_on_drop: false }`
[INFO] [stdout] 44cc449385e8e828212567e1fb6359c6d1fefcaffab9fba61048d9640afd9b0f
[INFO] running `Command { std: "docker" "start" "-a" "44cc449385e8e828212567e1fb6359c6d1fefcaffab9fba61048d9640afd9b0f", kill_on_drop: false }`
[INFO] [stderr]     Finished `test` profile [unoptimized + debuginfo] target(s) in 0.06s
[INFO] [stderr]      Running unittests src/lib.rs (/opt/rustwide/target/debug/deps/arithmetic_coding_core_adder_dep-e9c22ea872b0d881)
[INFO] [stdout] 
[INFO] [stderr]    Doc-tests arithmetic_coding_core_adder_dep
[INFO] [stdout] running 0 tests
[INFO] [stdout] 
[INFO] [stdout] test result: ok. 0 passed; 0 failed; 0 ignored; 0 measured; 0 filtered out; finished in 0.00s
[INFO] [stdout] 
[INFO] [stdout] 
[INFO] [stdout] running 4 tests
[INFO] [stdout] test src/model/one_shot.rs - model::one_shot::Model (line 21) ... FAILED
[INFO] [stdout] test src/model/fixed_length.rs - model::fixed_length::Model (line 20) ... FAILED
[INFO] [stdout] test src/model/max_length.rs - model::max_length::Model (line 22) ... FAILED
[INFO] [stdout] test src/model.rs - model::Model (line 17) ... FAILED
[INFO] [stdout] 
[INFO] [stdout] failures:
[INFO] [stdout] 
[INFO] [stdout] ---- src/model/one_shot.rs - model::one_shot::Model (line 21) stdout ----
[INFO] [stdout] error[E0432]: unresolved import `arithmetic_coding_core`
[INFO] [stdout]  --> src/model/one_shot.rs:26:5
[INFO] [stdout]   |
[INFO] [stdout] 7 | use arithmetic_coding_core::one_shot;
[INFO] [stdout]   |     ^^^^^^^^^^^^^^^^^^^^^^ use of undeclared crate or module `arithmetic_coding_core`
[INFO] [stdout] 
[INFO] [stdout] warning: the feature `exclusive_range_pattern` has been stable since 1.80.0 and no longer requires an attribute to enable
[INFO] [stdout]  --> src/model/one_shot.rs:21:12
[INFO] [stdout]   |
[INFO] [stdout] 2 | #![feature(exclusive_range_pattern)]
[INFO] [stdout]   |            ^^^^^^^^^^^^^^^^^^^^^^^
[INFO] [stdout]   |
[INFO] [stdout]   = note: `#[warn(stable_features)]` on by default
[INFO] [stdout] 
[INFO] [stdout] error: aborting due to 1 previous error; 1 warning emitted
[INFO] [stdout] 
[INFO] [stdout] For more information about this error, try `rustc --explain E0432`.
[INFO] [stdout] Couldn't compile the test.
[INFO] [stdout] ---- src/model/fixed_length.rs - model::fixed_length::Model (line 20) stdout ----
[INFO] [stdout] error[E0432]: unresolved import `arithmetic_coding_core`
[INFO] [stdout]  --> src/model/fixed_length.rs:25:5
[INFO] [stdout]   |
[INFO] [stdout] 7 | use arithmetic_coding_core::fixed_length;
[INFO] [stdout]   |     ^^^^^^^^^^^^^^^^^^^^^^ use of undeclared crate or module `arithmetic_coding_core`
[INFO] [stdout] 
[INFO] [stdout] warning: the feature `exclusive_range_pattern` has been stable since 1.80.0 and no longer requires an attribute to enable
[INFO] [stdout]  --> src/model/fixed_length.rs:20:12
[INFO] [stdout]   |
[INFO] [stdout] 2 | #![feature(exclusive_range_pattern)]
[INFO] [stdout]   |            ^^^^^^^^^^^^^^^^^^^^^^^
[INFO] [stdout]   |
[INFO] [stdout]   = note: `#[warn(stable_features)]` on by default
[INFO] [stdout] 
[INFO] [stdout] error: aborting due to 1 previous error; 1 warning emitted
[INFO] [stdout] 
[INFO] [stdout] For more information about this error, try `rustc --explain E0432`.
[INFO] [stdout] Couldn't compile the test.
[INFO] [stdout] ---- src/model/max_length.rs - model::max_length::Model (line 22) stdout ----
[INFO] [stdout] error[E0432]: unresolved import `arithmetic_coding_core`
[INFO] [stdout]  --> src/model/max_length.rs:27:5
[INFO] [stdout]   |
[INFO] [stdout] 7 | use arithmetic_coding_core::max_length;
[INFO] [stdout]   |     ^^^^^^^^^^^^^^^^^^^^^^ use of undeclared crate or module `arithmetic_coding_core`
[INFO] [stdout] 
[INFO] [stdout] warning: the feature `exclusive_range_pattern` has been stable since 1.80.0 and no longer requires an attribute to enable
[INFO] [stdout]  --> src/model/max_length.rs:22:12
[INFO] [stdout]   |
[INFO] [stdout] 2 | #![feature(exclusive_range_pattern)]
[INFO] [stdout]   |            ^^^^^^^^^^^^^^^^^^^^^^^
[INFO] [stdout]   |
[INFO] [stdout]   = note: `#[warn(stable_features)]` on by default
[INFO] [stdout] 
[INFO] [stdout] error: aborting due to 1 previous error; 1 warning emitted
[INFO] [stdout] 
[INFO] [stdout] For more information about this error, try `rustc --explain E0432`.
[INFO] [stdout] Couldn't compile the test.
[INFO] [stdout] ---- src/model.rs - model::Model (line 17) stdout ----
[INFO] [stdout] error[E0432]: unresolved import `arithmetic_coding_core`
[INFO] [stdout]  --> src/model.rs:22:5
[INFO] [stdout]   |
[INFO] [stdout] 7 | use arithmetic_coding_core::Model;
[INFO] [stdout]   |     ^^^^^^^^^^^^^^^^^^^^^^ use of undeclared crate or module `arithmetic_coding_core`
[INFO] [stdout] 
[INFO] [stdout] warning: the feature `exclusive_range_pattern` has been stable since 1.80.0 and no longer requires an attribute to enable
[INFO] [stdout]  --> src/model.rs:17:12
[INFO] [stdout]   |
[INFO] [stdout] 2 | #![feature(exclusive_range_pattern)]
[INFO] [stdout]   |            ^^^^^^^^^^^^^^^^^^^^^^^
[INFO] [stdout]   |
[INFO] [stdout]   = note: `#[warn(stable_features)]` on by default
[INFO] [stdout] 
[INFO] [stdout] error: aborting due to 1 previous error; 1 warning emitted
[INFO] [stdout] 
[INFO] [stdout] For more information about this error, try `rustc --explain E0432`.
[INFO] [stdout] Couldn't compile the test.
[INFO] [stdout] 
[INFO] [stdout] failures:
[INFO] [stdout]     src/model.rs - model::Model (line 17)
[INFO] [stdout]     src/model/fixed_length.rs - model::fixed_length::Model (line 20)
[INFO] [stdout]     src/model/max_length.rs - model::max_length::Model (line 22)
[INFO] [stdout]     src/model/one_shot.rs - model::one_shot::Model (line 21)
[INFO] [stdout] 
[INFO] [stdout] test result: FAILED. 0 passed; 4 failed; 0 ignored; 0 measured; 0 filtered out; finished in 0.12s
[INFO] [stdout] 
[INFO] [stderr] error: doctest failed, to rerun pass `--doc`
[INFO] running `Command { std: "docker" "inspect" "44cc449385e8e828212567e1fb6359c6d1fefcaffab9fba61048d9640afd9b0f", kill_on_drop: false }`
[INFO] running `Command { std: "docker" "rm" "-f" "44cc449385e8e828212567e1fb6359c6d1fefcaffab9fba61048d9640afd9b0f", kill_on_drop: false }`
[INFO] [stdout] 44cc449385e8e828212567e1fb6359c6d1fefcaffab9fba61048d9640afd9b0f
