[INFO] fetching crate aredis 0.0.4...
[INFO] testing aredis-0.0.4 against nightly-2024-10-28+rustflags=-Zrandomize-layout for randomize-layout
[INFO] extracting crate aredis 0.0.4 into /workspace/builds/worker-7-tc2/source
[INFO] validating manifest of crates.io crate aredis 0.0.4 on toolchain nightly-2024-10-28
[INFO] running `Command { std: CARGO_HOME="/workspace/cargo-home" RUSTUP_HOME="/workspace/rustup-home" "/workspace/cargo-home/bin/cargo" "+nightly-2024-10-28" "metadata" "--manifest-path" "Cargo.toml" "--no-deps", kill_on_drop: false }`
[INFO] removed /workspace/builds/worker-7-tc2/source/rust-toolchain.toml
[INFO] started tweaking crates.io crate aredis 0.0.4
[INFO] finished tweaking crates.io crate aredis 0.0.4
[INFO] tweaked toml for crates.io crate aredis 0.0.4 written to /workspace/builds/worker-7-tc2/source/Cargo.toml
[INFO] crate crates.io crate aredis 0.0.4 already has a lockfile, it will not be regenerated
[INFO] running `Command { std: CARGO_HOME="/workspace/cargo-home" RUSTUP_HOME="/workspace/rustup-home" "/workspace/cargo-home/bin/cargo" "+nightly-2024-10-28" "fetch" "--manifest-path" "Cargo.toml", kill_on_drop: false }`
[INFO] running `Command { std: "docker" "create" "-v" "/var/lib/crater-agent-workspace/builds/worker-7-tc2/target:/opt/rustwide/target:rw,Z" "-v" "/var/lib/crater-agent-workspace/builds/worker-7-tc2/source:/opt/rustwide/workdir:ro,Z" "-v" "/var/lib/crater-agent-workspace/cargo-home:/opt/rustwide/cargo-home:ro,Z" "-v" "/var/lib/crater-agent-workspace/rustup-home:/opt/rustwide/rustup-home:ro,Z" "-e" "SOURCE_DIR=/opt/rustwide/workdir" "-e" "CARGO_TARGET_DIR=/opt/rustwide/target" "-e" "CARGO_HOME=/opt/rustwide/cargo-home" "-e" "RUSTUP_HOME=/opt/rustwide/rustup-home" "-w" "/opt/rustwide/workdir" "-m" "1610612736" "--user" "0:0" "--network" "none" "ghcr.io/rust-lang/crates-build-env/linux@sha256:4a844ea9eb2546a2d2c7022eacef16ef2e8229c7fbb2c7d4d55a9ceca922f72d" "/opt/rustwide/cargo-home/bin/cargo" "+nightly-2024-10-28" "metadata" "--no-deps" "--format-version=1", kill_on_drop: false }`
[INFO] [stdout] a3b2ede626e9acf793a1933d1505187ceaba2ee0a3e1d8d32855a64ca9576ee5
[INFO] running `Command { std: "docker" "start" "-a" "a3b2ede626e9acf793a1933d1505187ceaba2ee0a3e1d8d32855a64ca9576ee5", kill_on_drop: false }`
[INFO] running `Command { std: "docker" "inspect" "a3b2ede626e9acf793a1933d1505187ceaba2ee0a3e1d8d32855a64ca9576ee5", kill_on_drop: false }`
[INFO] running `Command { std: "docker" "rm" "-f" "a3b2ede626e9acf793a1933d1505187ceaba2ee0a3e1d8d32855a64ca9576ee5", kill_on_drop: false }`
[INFO] [stdout] a3b2ede626e9acf793a1933d1505187ceaba2ee0a3e1d8d32855a64ca9576ee5
[INFO] running `Command { std: "docker" "create" "-v" "/var/lib/crater-agent-workspace/builds/worker-7-tc2/target:/opt/rustwide/target:rw,Z" "-v" "/var/lib/crater-agent-workspace/builds/worker-7-tc2/source:/opt/rustwide/workdir:ro,Z" "-v" "/var/lib/crater-agent-workspace/cargo-home:/opt/rustwide/cargo-home:ro,Z" "-v" "/var/lib/crater-agent-workspace/rustup-home:/opt/rustwide/rustup-home:ro,Z" "-e" "SOURCE_DIR=/opt/rustwide/workdir" "-e" "CARGO_TARGET_DIR=/opt/rustwide/target" "-e" "CARGO_INCREMENTAL=0" "-e" "RUST_BACKTRACE=full" "-e" "RUSTFLAGS=--cap-lints=forbid -Zrandomize-layout" "-e" "RUSTDOCFLAGS=--cap-lints=forbid" "-e" "CARGO_HOME=/opt/rustwide/cargo-home" "-e" "RUSTUP_HOME=/opt/rustwide/rustup-home" "-w" "/opt/rustwide/workdir" "-m" "1610612736" "--user" "0:0" "--network" "none" "ghcr.io/rust-lang/crates-build-env/linux@sha256:4a844ea9eb2546a2d2c7022eacef16ef2e8229c7fbb2c7d4d55a9ceca922f72d" "/opt/rustwide/cargo-home/bin/cargo" "+nightly-2024-10-28" "build" "--frozen" "--message-format=json", kill_on_drop: false }`
[INFO] [stdout] 775e38c80ad3d1411341ed23db6599ed3f0be5afcf2872319b6164069dc4c29f
[INFO] running `Command { std: "docker" "start" "-a" "775e38c80ad3d1411341ed23db6599ed3f0be5afcf2872319b6164069dc4c29f", kill_on_drop: false }`
[INFO] [stderr]    Compiling num-traits v0.2.14
[INFO] [stderr]    Compiling proc-macro2 v1.0.36
[INFO] [stderr]    Compiling libc v0.2.116
[INFO] [stderr]    Compiling num-integer v0.1.44
[INFO] [stderr]    Compiling syn v1.0.86
[INFO] [stderr]    Compiling num-bigint v0.4.3
[INFO] [stderr]    Compiling log v0.4.14
[INFO] [stderr]    Compiling parking_lot_core v0.8.5
[INFO] [stderr]    Compiling num-iter v0.1.42
[INFO] [stderr]    Compiling num-rational v0.4.0
[INFO] [stderr]    Compiling scopeguard v1.1.0
[INFO] [stderr]    Compiling memchr v2.4.1
[INFO] [stderr]    Compiling smallvec v1.8.0
[INFO] [stderr]    Compiling bytes v1.1.0
[INFO] [stderr]    Compiling instant v0.1.12
[INFO] [stderr]    Compiling pin-project-lite v0.2.8
[INFO] [stderr]    Compiling lock_api v0.4.6
[INFO] [stderr]    Compiling once_cell v1.9.0
[INFO] [stderr]    Compiling quote v1.0.15
[INFO] [stderr]    Compiling mio v0.7.14
[INFO] [stderr]    Compiling num_cpus v1.13.1
[INFO] [stderr]    Compiling signal-hook-registry v1.4.0
[INFO] [stderr]    Compiling num-complex v0.4.0
[INFO] [stderr]    Compiling atoi v1.0.0
[INFO] [stderr]    Compiling parking_lot v0.11.2
[INFO] [stderr]    Compiling num v0.4.0
[INFO] [stderr]    Compiling tokio-macros v1.7.0
[INFO] [stderr]    Compiling thiserror-impl v1.0.30
[INFO] [stderr]    Compiling tokio v1.16.1
[INFO] [stderr]    Compiling thiserror v1.0.30
[INFO] [stderr]    Compiling aredis v0.0.4 (/opt/rustwide/workdir)
[INFO] [stderr]     Finished `dev` profile [unoptimized + debuginfo] target(s) in 5.88s
[INFO] running `Command { std: "docker" "inspect" "775e38c80ad3d1411341ed23db6599ed3f0be5afcf2872319b6164069dc4c29f", kill_on_drop: false }`
[INFO] running `Command { std: "docker" "rm" "-f" "775e38c80ad3d1411341ed23db6599ed3f0be5afcf2872319b6164069dc4c29f", kill_on_drop: false }`
[INFO] [stdout] 775e38c80ad3d1411341ed23db6599ed3f0be5afcf2872319b6164069dc4c29f
[INFO] running `Command { std: "docker" "create" "-v" "/var/lib/crater-agent-workspace/builds/worker-7-tc2/target:/opt/rustwide/target:rw,Z" "-v" "/var/lib/crater-agent-workspace/builds/worker-7-tc2/source:/opt/rustwide/workdir:ro,Z" "-v" "/var/lib/crater-agent-workspace/cargo-home:/opt/rustwide/cargo-home:ro,Z" "-v" "/var/lib/crater-agent-workspace/rustup-home:/opt/rustwide/rustup-home:ro,Z" "-e" "SOURCE_DIR=/opt/rustwide/workdir" "-e" "CARGO_TARGET_DIR=/opt/rustwide/target" "-e" "CARGO_INCREMENTAL=0" "-e" "RUST_BACKTRACE=full" "-e" "RUSTFLAGS=--cap-lints=forbid -Zrandomize-layout" "-e" "RUSTDOCFLAGS=--cap-lints=forbid" "-e" "CARGO_HOME=/opt/rustwide/cargo-home" "-e" "RUSTUP_HOME=/opt/rustwide/rustup-home" "-w" "/opt/rustwide/workdir" "-m" "1610612736" "--user" "0:0" "--network" "none" "ghcr.io/rust-lang/crates-build-env/linux@sha256:4a844ea9eb2546a2d2c7022eacef16ef2e8229c7fbb2c7d4d55a9ceca922f72d" "/opt/rustwide/cargo-home/bin/cargo" "+nightly-2024-10-28" "test" "--frozen" "--no-run" "--message-format=json", kill_on_drop: false }`
[INFO] [stdout] 026e2123535b4c95b3aaf69ad1a943be4d4fdd56ba3f36558a9e7dbe782d3fb1
[INFO] running `Command { std: "docker" "start" "-a" "026e2123535b4c95b3aaf69ad1a943be4d4fdd56ba3f36558a9e7dbe782d3fb1", kill_on_drop: false }`
[INFO] [stderr]    Compiling version_check v0.9.4
[INFO] [stderr]    Compiling rustversion v1.0.6
[INFO] [stderr]    Compiling anyhow v1.0.53
[INFO] [stderr]    Compiling num_threads v0.1.3
[INFO] [stderr]    Compiling lazy_static v1.4.0
[INFO] [stderr]    Compiling time-macros v0.2.3
[INFO] [stderr]    Compiling proc-macro-error-attr v1.0.4
[INFO] [stderr]    Compiling proc-macro-error v1.0.4
[INFO] [stderr]    Compiling serial_test_derive v0.6.0
[INFO] [stderr]    Compiling time v0.3.7
[INFO] [stderr]    Compiling serial_test v0.6.0
[INFO] [stderr]    Compiling aredis v0.0.4 (/opt/rustwide/workdir)
[INFO] [stdout] warning: the feature `once_cell` has been stable since 1.70.0 and no longer requires an attribute to enable
[INFO] [stdout]   --> tests/main.rs:15:12
[INFO] [stdout]    |
[INFO] [stdout] 15 | #![feature(once_cell)]
[INFO] [stdout]    |            ^^^^^^^^^
[INFO] [stdout]    |
[INFO] [stdout]    = note: `#[warn(stable_features)]` on by default
[INFO] [stdout] 
[INFO] [stdout] 
[INFO] [stderr]     Finished `test` profile [unoptimized + debuginfo] target(s) in 1.60s
[INFO] running `Command { std: "docker" "inspect" "026e2123535b4c95b3aaf69ad1a943be4d4fdd56ba3f36558a9e7dbe782d3fb1", kill_on_drop: false }`
[INFO] running `Command { std: "docker" "rm" "-f" "026e2123535b4c95b3aaf69ad1a943be4d4fdd56ba3f36558a9e7dbe782d3fb1", kill_on_drop: false }`
[INFO] [stdout] 026e2123535b4c95b3aaf69ad1a943be4d4fdd56ba3f36558a9e7dbe782d3fb1
[INFO] running `Command { std: "docker" "create" "-v" "/var/lib/crater-agent-workspace/builds/worker-7-tc2/target:/opt/rustwide/target:rw,Z" "-v" "/var/lib/crater-agent-workspace/builds/worker-7-tc2/source:/opt/rustwide/workdir:ro,Z" "-v" "/var/lib/crater-agent-workspace/cargo-home:/opt/rustwide/cargo-home:ro,Z" "-v" "/var/lib/crater-agent-workspace/rustup-home:/opt/rustwide/rustup-home:ro,Z" "-e" "SOURCE_DIR=/opt/rustwide/workdir" "-e" "CARGO_TARGET_DIR=/opt/rustwide/target" "-e" "CARGO_INCREMENTAL=0" "-e" "RUST_BACKTRACE=full" "-e" "RUSTFLAGS=--cap-lints=forbid -Zrandomize-layout" "-e" "RUSTDOCFLAGS=--cap-lints=forbid" "-e" "CARGO_HOME=/opt/rustwide/cargo-home" "-e" "RUSTUP_HOME=/opt/rustwide/rustup-home" "-w" "/opt/rustwide/workdir" "-m" "1610612736" "--user" "0:0" "--network" "none" "ghcr.io/rust-lang/crates-build-env/linux@sha256:4a844ea9eb2546a2d2c7022eacef16ef2e8229c7fbb2c7d4d55a9ceca922f72d" "/opt/rustwide/cargo-home/bin/cargo" "+nightly-2024-10-28" "test" "--frozen", kill_on_drop: false }`
[INFO] [stdout] 910ac0740895d91d443d450bef60767299e2848436625b21a8c18f321e67f9cb
[INFO] running `Command { std: "docker" "start" "-a" "910ac0740895d91d443d450bef60767299e2848436625b21a8c18f321e67f9cb", kill_on_drop: false }`
[INFO] [stderr] warning: the feature `once_cell` has been stable since 1.70.0 and no longer requires an attribute to enable
[INFO] [stderr]   --> tests/main.rs:15:12
[INFO] [stderr]    |
[INFO] [stderr] 15 | #![feature(once_cell)]
[INFO] [stderr]    |            ^^^^^^^^^
[INFO] [stderr]    |
[INFO] [stderr]    = note: `#[warn(stable_features)]` on by default
[INFO] [stderr] 
[INFO] [stderr] warning: `aredis` (test "main") generated 1 warning
[INFO] [stderr]     Finished `test` profile [unoptimized + debuginfo] target(s) in 0.03s
[INFO] [stderr]      Running unittests src/lib.rs (/opt/rustwide/target/debug/deps/aredis-5b6b27dfa52a7b63)
[INFO] [stdout] 
[INFO] [stdout] running 0 tests
[INFO] [stdout] 
[INFO] [stdout] test result: ok. 0 passed; 0 failed; 0 ignored; 0 measured; 0 filtered out; finished in 0.00s
[INFO] [stdout] 
[INFO] [stderr]      Running tests/main.rs (/opt/rustwide/target/debug/deps/main-46e322fde856bac9)
[INFO] [stdout] 
[INFO] [stdout] running 10 tests
[INFO] [stdout] test commands::string::test_exists ... FAILED
[INFO] [stdout] test commands::string::test_strlen ... FAILED
[INFO] [stdout] test commands::string::test_set_range ... FAILED
[INFO] [stdout] test examples::liveness::test_ping ... FAILED
[INFO] [stdout] test examples::string::article::test_article ... FAILED
[INFO] [stdout] test examples::string::article::test_article_preview ... FAILED
[INFO] [stdout] test examples::string::cache::test_cache ... FAILED
[INFO] [stdout] test examples::string::lock::test_lock ... FAILED
[INFO] [stdout] test examples::string::id_generator::test_id_generator ... FAILED
[INFO] [stdout] test examples::string::log::test_log ... FAILED
[INFO] [stdout] 
[INFO] [stdout] failures:
[INFO] [stdout] 
[INFO] [stdout] ---- commands::string::test_exists stdout ----
[INFO] [stdout] Error: Cannot assign requested address (os error 99)
[INFO] [stdout] 
[INFO] [stdout] ---- commands::string::test_strlen stdout ----
[INFO] [stdout] Error: Cannot assign requested address (os error 99)
[INFO] [stdout] 
[INFO] [stdout] ---- commands::string::test_set_range stdout ----
[INFO] [stdout] Error: Cannot assign requested address (os error 99)
[INFO] [stdout] 
[INFO] [stdout] ---- examples::liveness::test_ping stdout ----
[INFO] [stdout] Error: Cannot assign requested address (os error 99)
[INFO] [stdout] 
[INFO] [stdout] ---- examples::string::article::test_article stdout ----
[INFO] [stdout] Error: Cannot assign requested address (os error 99)
[INFO] [stdout] 
[INFO] [stdout] ---- examples::string::article::test_article_preview stdout ----
[INFO] [stdout] Error: Cannot assign requested address (os error 99)
[INFO] [stdout] 
[INFO] [stdout] ---- examples::string::cache::test_cache stdout ----
[INFO] [stdout] Error: Cannot assign requested address (os error 99)
[INFO] [stdout] 
[INFO] [stdout] ---- examples::string::lock::test_lock stdout ----
[INFO] [stdout] Error: Cannot assign requested address (os error 99)
[INFO] [stdout] 
[INFO] [stdout] ---- examples::string::id_generator::test_id_generator stdout ----
[INFO] [stdout] Error: Cannot assign requested address (os error 99)
[INFO] [stdout] 
[INFO] [stdout] ---- examples::string::log::test_log stdout ----
[INFO] [stdout] Error: Cannot assign requested address (os error 99)
[INFO] [stdout] 
[INFO] [stdout] 
[INFO] [stdout] failures:
[INFO] [stdout]     commands::string::test_exists
[INFO] [stdout]     commands::string::test_set_range
[INFO] [stdout]     commands::string::test_strlen
[INFO] [stdout]     examples::liveness::test_ping
[INFO] [stdout]     examples::string::article::test_article
[INFO] [stdout]     examples::string::article::test_article_preview
[INFO] [stdout]     examples::string::cache::test_cache
[INFO] [stdout]     examples::string::id_generator::test_id_generator
[INFO] [stdout]     examples::string::lock::test_lock
[INFO] [stdout]     examples::string::log::test_log
[INFO] [stdout] 
[INFO] [stdout] test result: FAILED. 0 passed; 10 failed; 0 ignored; 0 measured; 0 filtered out; finished in 0.01s
[INFO] [stdout] 
[INFO] [stderr] error: test failed, to rerun pass `--test main`
[INFO] running `Command { std: "docker" "inspect" "910ac0740895d91d443d450bef60767299e2848436625b21a8c18f321e67f9cb", kill_on_drop: false }`
[INFO] running `Command { std: "docker" "rm" "-f" "910ac0740895d91d443d450bef60767299e2848436625b21a8c18f321e67f9cb", kill_on_drop: false }`
[INFO] [stdout] 910ac0740895d91d443d450bef60767299e2848436625b21a8c18f321e67f9cb
