[INFO] fetching crate aragog 0.17.1...
[INFO] testing aragog-0.17.1 against nightly-2024-10-28+rustflags=-Zrandomize-layout for randomize-layout
[INFO] extracting crate aragog 0.17.1 into /workspace/builds/worker-4-tc2/source
[INFO] validating manifest of crates.io crate aragog 0.17.1 on toolchain nightly-2024-10-28
[INFO] running `Command { std: CARGO_HOME="/workspace/cargo-home" RUSTUP_HOME="/workspace/rustup-home" "/workspace/cargo-home/bin/cargo" "+nightly-2024-10-28" "metadata" "--manifest-path" "Cargo.toml" "--no-deps", kill_on_drop: false }`
[INFO] started tweaking crates.io crate aragog 0.17.1
[INFO] finished tweaking crates.io crate aragog 0.17.1
[INFO] tweaked toml for crates.io crate aragog 0.17.1 written to /workspace/builds/worker-4-tc2/source/Cargo.toml
[INFO] crate crates.io crate aragog 0.17.1 already has a lockfile, it will not be regenerated
[INFO] running `Command { std: CARGO_HOME="/workspace/cargo-home" RUSTUP_HOME="/workspace/rustup-home" "/workspace/cargo-home/bin/cargo" "+nightly-2024-10-28" "fetch" "--manifest-path" "Cargo.toml", kill_on_drop: false }`
[INFO] running `Command { std: "docker" "create" "-v" "/var/lib/crater-agent-workspace/builds/worker-4-tc2/target:/opt/rustwide/target:rw,Z" "-v" "/var/lib/crater-agent-workspace/builds/worker-4-tc2/source:/opt/rustwide/workdir:ro,Z" "-v" "/var/lib/crater-agent-workspace/cargo-home:/opt/rustwide/cargo-home:ro,Z" "-v" "/var/lib/crater-agent-workspace/rustup-home:/opt/rustwide/rustup-home:ro,Z" "-e" "SOURCE_DIR=/opt/rustwide/workdir" "-e" "CARGO_TARGET_DIR=/opt/rustwide/target" "-e" "CARGO_HOME=/opt/rustwide/cargo-home" "-e" "RUSTUP_HOME=/opt/rustwide/rustup-home" "-w" "/opt/rustwide/workdir" "-m" "1610612736" "--user" "0:0" "--network" "none" "ghcr.io/rust-lang/crates-build-env/linux@sha256:4a844ea9eb2546a2d2c7022eacef16ef2e8229c7fbb2c7d4d55a9ceca922f72d" "/opt/rustwide/cargo-home/bin/cargo" "+nightly-2024-10-28" "metadata" "--no-deps" "--format-version=1", kill_on_drop: false }`
[INFO] [stdout] 244c4b648ec16fe8f6eedb5263d4926fbc06a080daea75a65c61550719b3684c
[INFO] running `Command { std: "docker" "start" "-a" "244c4b648ec16fe8f6eedb5263d4926fbc06a080daea75a65c61550719b3684c", kill_on_drop: false }`
[INFO] running `Command { std: "docker" "inspect" "244c4b648ec16fe8f6eedb5263d4926fbc06a080daea75a65c61550719b3684c", kill_on_drop: false }`
[INFO] running `Command { std: "docker" "rm" "-f" "244c4b648ec16fe8f6eedb5263d4926fbc06a080daea75a65c61550719b3684c", kill_on_drop: false }`
[INFO] [stdout] 244c4b648ec16fe8f6eedb5263d4926fbc06a080daea75a65c61550719b3684c
[INFO] running `Command { std: "docker" "create" "-v" "/var/lib/crater-agent-workspace/builds/worker-4-tc2/target:/opt/rustwide/target:rw,Z" "-v" "/var/lib/crater-agent-workspace/builds/worker-4-tc2/source:/opt/rustwide/workdir:ro,Z" "-v" "/var/lib/crater-agent-workspace/cargo-home:/opt/rustwide/cargo-home:ro,Z" "-v" "/var/lib/crater-agent-workspace/rustup-home:/opt/rustwide/rustup-home:ro,Z" "-e" "SOURCE_DIR=/opt/rustwide/workdir" "-e" "CARGO_TARGET_DIR=/opt/rustwide/target" "-e" "CARGO_INCREMENTAL=0" "-e" "RUST_BACKTRACE=full" "-e" "RUSTFLAGS=--cap-lints=forbid -Zrandomize-layout" "-e" "RUSTDOCFLAGS=--cap-lints=forbid" "-e" "CARGO_HOME=/opt/rustwide/cargo-home" "-e" "RUSTUP_HOME=/opt/rustwide/rustup-home" "-w" "/opt/rustwide/workdir" "-m" "1610612736" "--user" "0:0" "--network" "none" "ghcr.io/rust-lang/crates-build-env/linux@sha256:4a844ea9eb2546a2d2c7022eacef16ef2e8229c7fbb2c7d4d55a9ceca922f72d" "/opt/rustwide/cargo-home/bin/cargo" "+nightly-2024-10-28" "build" "--frozen" "--message-format=json", kill_on_drop: false }`
[INFO] [stdout] e85cb035a3c6694598fea3d4469d97f63810c4cf0458d98e9f56cd269af0115a
[INFO] running `Command { std: "docker" "start" "-a" "e85cb035a3c6694598fea3d4469d97f63810c4cf0458d98e9f56cd269af0115a", kill_on_drop: false }`
[INFO] [stderr]    Compiling autocfg v1.1.0
[INFO] [stderr]    Compiling proc-macro2 v1.0.69
[INFO] [stderr]    Compiling unicode-ident v1.0.12
[INFO] [stderr]    Compiling libc v0.2.150
[INFO] [stderr]    Compiling pin-project-lite v0.2.13
[INFO] [stderr]    Compiling futures-core v0.3.29
[INFO] [stderr]    Compiling memchr v2.6.4
[INFO] [stderr]    Compiling bytes v1.5.0
[INFO] [stderr]    Compiling once_cell v1.18.0
[INFO] [stderr]    Compiling pkg-config v0.3.27
[INFO] [stderr]    Compiling vcpkg v0.2.15
[INFO] [stderr]    Compiling futures-task v0.3.29
[INFO] [stderr]    Compiling futures-sink v0.3.29
[INFO] [stderr]    Compiling cfg-if v1.0.0
[INFO] [stderr]    Compiling futures-channel v0.3.29
[INFO] [stderr]    Compiling futures-util v0.3.29
[INFO] [stderr]    Compiling itoa v1.0.9
[INFO] [stderr]    Compiling pin-utils v0.1.0
[INFO] [stderr]    Compiling serde v1.0.193
[INFO] [stderr]    Compiling futures-io v0.3.29
[INFO] [stderr]    Compiling tracing-core v0.1.32
[INFO] [stderr]    Compiling fnv v1.0.7
[INFO] [stderr]    Compiling version_check v0.9.4
[INFO] [stderr]    Compiling openssl v0.10.59
[INFO] [stderr]    Compiling foreign-types-shared v0.1.1
[INFO] [stderr]    Compiling syn v1.0.109
[INFO] [stderr]    Compiling foreign-types v0.3.2
[INFO] [stderr]    Compiling slab v0.4.9
[INFO] [stderr]    Compiling num-traits v0.2.17
[INFO] [stderr]    Compiling num-integer v0.1.45
[INFO] [stderr]    Compiling crc32fast v1.3.2
[INFO] [stderr]    Compiling native-tls v0.2.11
[INFO] [stderr]    Compiling httparse v1.8.0
[INFO] [stderr]    Compiling tinyvec_macros v0.1.1
[INFO] [stderr]    Compiling http v0.2.11
[INFO] [stderr]    Compiling percent-encoding v2.3.0
[INFO] [stderr]    Compiling hashbrown v0.14.2
[INFO] [stderr]    Compiling equivalent v1.0.1
[INFO] [stderr]    Compiling bitflags v2.4.1
[INFO] [stderr]    Compiling tinyvec v1.6.0
[INFO] [stderr]    Compiling ryu v1.0.15
[INFO] [stderr]    Compiling log v0.4.20
[INFO] [stderr]    Compiling openssl-probe v0.1.5
[INFO] [stderr]    Compiling try-lock v0.2.4
[INFO] [stderr]    Compiling quote v1.0.33
[INFO] [stderr]    Compiling tracing v0.1.40
[INFO] [stderr]    Compiling adler v1.0.2
[INFO] [stderr]    Compiling want v0.3.1
[INFO] [stderr]    Compiling form_urlencoded v1.2.0
[INFO] [stderr]    Compiling miniz_oxide v0.7.1
[INFO] [stderr]    Compiling proc-macro-error-attr v1.0.4
[INFO] [stderr]    Compiling num-bigint v0.4.4
[INFO] [stderr]    Compiling syn v2.0.39
[INFO] [stderr]    Compiling thiserror v1.0.50
[INFO] [stderr]    Compiling mio v0.8.9
[INFO] [stderr]    Compiling socket2 v0.5.5
[INFO] [stderr]    Compiling indexmap v2.1.0
[INFO] [stderr]    Compiling socket2 v0.4.10
[INFO] [stderr]    Compiling httpdate v1.0.3
[INFO] [stderr]    Compiling unicode-bidi v0.3.13
[INFO] [stderr]    Compiling serde_json v1.0.108
[INFO] [stderr]    Compiling cc v1.0.83
[INFO] [stderr]    Compiling tower-service v0.3.2
[INFO] [stderr]    Compiling flate2 v1.0.28
[INFO] [stderr]    Compiling proc-macro-error v1.0.4
[INFO] [stderr]    Compiling http-body v0.4.5
[INFO] [stderr]    Compiling num-rational v0.4.1
[INFO] [stderr]    Compiling num-iter v0.1.43
[INFO] [stderr]    Compiling indexmap v1.9.3
[INFO] [stderr]    Compiling tokio v1.34.0
[INFO] [stderr]    Compiling unicode-normalization v0.1.22
[INFO] [stderr]    Compiling async-trait v0.1.74
[INFO] [stderr]    Compiling aho-corasick v1.1.2
[INFO] [stderr]    Compiling encoding_rs v0.8.33
[INFO] [stderr]    Compiling regex-syntax v0.8.2
[INFO] [stderr]    Compiling linked-hash-map v0.5.6
[INFO] [stderr]    Compiling ipnet v2.9.0
[INFO] [stderr]    Compiling base64 v0.21.5
[INFO] [stderr]    Compiling idna v0.4.0
[INFO] [stderr]    Compiling mime v0.3.17
[INFO] [stderr]    Compiling hashbrown v0.12.3
[INFO] [stderr]    Compiling yaml-rust v0.4.5
[INFO] [stderr]    Compiling num-complex v0.4.4
[INFO] [stderr]    Compiling base64 v0.13.1
[INFO] [stderr]    Compiling openssl-sys v0.9.95
[INFO] [stderr]    Compiling url v2.4.1
[INFO] [stderr]    Compiling regex-automata v0.4.3
[INFO] [stderr]    Compiling num v0.4.1
[INFO] [stderr]    Compiling futures-macro v0.3.29
[INFO] [stderr]    Compiling serde_derive v1.0.193
[INFO] [stderr]    Compiling openssl-macros v0.1.1
[INFO] [stderr]    Compiling thiserror-impl v1.0.50
[INFO] [stderr]    Compiling maybe-async v0.2.7
[INFO] [stderr]    Compiling typed-builder v0.9.1
[INFO] [stderr]    Compiling aragog-macros v0.8.0
[INFO] [stderr]    Compiling tokio-util v0.7.10
[INFO] [stderr]    Compiling async-compression v0.4.5
[INFO] [stderr]    Compiling regex v1.10.2
[INFO] [stderr]    Compiling tokio-native-tls v0.3.1
[INFO] [stderr]    Compiling h2 v0.3.22
[INFO] [stderr]    Compiling futures-executor v0.3.29
[INFO] [stderr]    Compiling futures v0.3.29
[INFO] [stderr]    Compiling serde_urlencoded v0.7.1
[INFO] [stderr]    Compiling serde_qs v0.8.5
[INFO] [stderr]    Compiling serde_yaml v0.8.26
[INFO] [stderr]    Compiling hyper v0.14.27
[INFO] [stderr]    Compiling hyper-tls v0.5.0
[INFO] [stderr]    Compiling reqwest v0.11.22
[INFO] [stderr]    Compiling arangors_lite v0.2.0
[INFO] [stderr]    Compiling aragog v0.17.1 (/opt/rustwide/workdir)
[INFO] [stderr]     Finished `dev` profile [unoptimized + debuginfo] target(s) in 31.75s
[INFO] running `Command { std: "docker" "inspect" "e85cb035a3c6694598fea3d4469d97f63810c4cf0458d98e9f56cd269af0115a", kill_on_drop: false }`
[INFO] running `Command { std: "docker" "rm" "-f" "e85cb035a3c6694598fea3d4469d97f63810c4cf0458d98e9f56cd269af0115a", kill_on_drop: false }`
[INFO] [stdout] e85cb035a3c6694598fea3d4469d97f63810c4cf0458d98e9f56cd269af0115a
[INFO] running `Command { std: "docker" "create" "-v" "/var/lib/crater-agent-workspace/builds/worker-4-tc2/target:/opt/rustwide/target:rw,Z" "-v" "/var/lib/crater-agent-workspace/builds/worker-4-tc2/source:/opt/rustwide/workdir:ro,Z" "-v" "/var/lib/crater-agent-workspace/cargo-home:/opt/rustwide/cargo-home:ro,Z" "-v" "/var/lib/crater-agent-workspace/rustup-home:/opt/rustwide/rustup-home:ro,Z" "-e" "SOURCE_DIR=/opt/rustwide/workdir" "-e" "CARGO_TARGET_DIR=/opt/rustwide/target" "-e" "CARGO_INCREMENTAL=0" "-e" "RUST_BACKTRACE=full" "-e" "RUSTFLAGS=--cap-lints=forbid -Zrandomize-layout" "-e" "RUSTDOCFLAGS=--cap-lints=forbid" "-e" "CARGO_HOME=/opt/rustwide/cargo-home" "-e" "RUSTUP_HOME=/opt/rustwide/rustup-home" "-w" "/opt/rustwide/workdir" "-m" "1610612736" "--user" "0:0" "--network" "none" "ghcr.io/rust-lang/crates-build-env/linux@sha256:4a844ea9eb2546a2d2c7022eacef16ef2e8229c7fbb2c7d4d55a9ceca922f72d" "/opt/rustwide/cargo-home/bin/cargo" "+nightly-2024-10-28" "test" "--frozen" "--no-run" "--message-format=json", kill_on_drop: false }`
[INFO] [stdout] e53a554972238d4fe6777cd27d0e2471d2c418812f3a0a53bd099a270c3326b3
[INFO] running `Command { std: "docker" "start" "-a" "e53a554972238d4fe6777cd27d0e2471d2c418812f3a0a53bd099a270c3326b3", kill_on_drop: false }`
[INFO] [stderr]    Compiling num_cpus v1.16.0
[INFO] [stderr]    Compiling log v0.4.20
[INFO] [stderr]    Compiling tokio-macros v2.2.0
[INFO] [stderr]    Compiling atty v0.2.14
[INFO] [stderr]    Compiling humantime v2.1.0
[INFO] [stderr]    Compiling iana-time-zone v0.1.58
[INFO] [stderr]    Compiling termcolor v1.4.0
[INFO] [stderr]    Compiling chrono v0.4.31
[INFO] [stderr]    Compiling native-tls v0.2.11
[INFO] [stderr]    Compiling env_logger v0.9.3
[INFO] [stderr]    Compiling tokio v1.34.0
[INFO] [stderr]    Compiling tokio-util v0.7.10
[INFO] [stderr]    Compiling tokio-native-tls v0.3.1
[INFO] [stderr]    Compiling async-compression v0.4.5
[INFO] [stderr]    Compiling h2 v0.3.22
[INFO] [stderr]    Compiling hyper v0.14.27
[INFO] [stderr]    Compiling hyper-tls v0.5.0
[INFO] [stderr]    Compiling reqwest v0.11.22
[INFO] [stderr]    Compiling arangors_lite v0.2.0
[INFO] [stderr]    Compiling aragog v0.17.1 (/opt/rustwide/workdir)
[INFO] [stderr]     Finished `test` profile [unoptimized + debuginfo] target(s) in 14.77s
[INFO] running `Command { std: "docker" "inspect" "e53a554972238d4fe6777cd27d0e2471d2c418812f3a0a53bd099a270c3326b3", kill_on_drop: false }`
[INFO] running `Command { std: "docker" "rm" "-f" "e53a554972238d4fe6777cd27d0e2471d2c418812f3a0a53bd099a270c3326b3", kill_on_drop: false }`
[INFO] [stdout] e53a554972238d4fe6777cd27d0e2471d2c418812f3a0a53bd099a270c3326b3
[INFO] running `Command { std: "docker" "create" "-v" "/var/lib/crater-agent-workspace/builds/worker-4-tc2/target:/opt/rustwide/target:rw,Z" "-v" "/var/lib/crater-agent-workspace/builds/worker-4-tc2/source:/opt/rustwide/workdir:ro,Z" "-v" "/var/lib/crater-agent-workspace/cargo-home:/opt/rustwide/cargo-home:ro,Z" "-v" "/var/lib/crater-agent-workspace/rustup-home:/opt/rustwide/rustup-home:ro,Z" "-e" "SOURCE_DIR=/opt/rustwide/workdir" "-e" "CARGO_TARGET_DIR=/opt/rustwide/target" "-e" "CARGO_INCREMENTAL=0" "-e" "RUST_BACKTRACE=full" "-e" "RUSTFLAGS=--cap-lints=forbid -Zrandomize-layout" "-e" "RUSTDOCFLAGS=--cap-lints=forbid" "-e" "CARGO_HOME=/opt/rustwide/cargo-home" "-e" "RUSTUP_HOME=/opt/rustwide/rustup-home" "-w" "/opt/rustwide/workdir" "-m" "1610612736" "--user" "0:0" "--network" "none" "ghcr.io/rust-lang/crates-build-env/linux@sha256:4a844ea9eb2546a2d2c7022eacef16ef2e8229c7fbb2c7d4d55a9ceca922f72d" "/opt/rustwide/cargo-home/bin/cargo" "+nightly-2024-10-28" "test" "--frozen", kill_on_drop: false }`
[INFO] [stdout] c6a1b56bb5779452910b5108409786e9ab3d01b997986d717cfe5117bdd86348
[INFO] running `Command { std: "docker" "start" "-a" "c6a1b56bb5779452910b5108409786e9ab3d01b997986d717cfe5117bdd86348", kill_on_drop: false }`
[INFO] [stderr]     Finished `test` profile [unoptimized + debuginfo] target(s) in 0.16s
[INFO] [stderr]      Running unittests src/lib.rs (/opt/rustwide/target/debug/deps/aragog-c5fc3f6fe36bc869)
[INFO] [stdout] 
[INFO] [stdout] running 11 tests
[INFO] [stdout] test db::database_record::tests::struct_serialize_deserialize ... ok
[INFO] [stdout] test db::database_record::tests::enum_serialize_deserialize ... ok
[INFO] [stdout] test db::database_record::tests::struct_with_enum_serialize_deserialize ... ok
[INFO] [stdout] test query::query_id_helper::tests::works_with_single_letter ... ok
[INFO] [stdout] test query::query_id_helper::tests::increases_letter_count ... ok
[INFO] [stdout] test validate::tests::string_validators::exact_length::validates_only_correct_strings ... ok
[INFO] [stdout] test validate::tests::string_validators::max_length::validates_only_correct_strings ... ok
[INFO] [stdout] test validate::tests::string_validators::min_length::validates_only_correct_strings ... ok
[INFO] [stdout] test schema::database_schema::tests::serialization_works ... ok
[INFO] [stdout] test validate::tests::string_validators::numeric_string::validates_only_numeric_characters ... ok
[INFO] [stdout] test validate::tests::string_validators::regex::validate_regex_works ... ok
[INFO] [stdout] 
[INFO] [stdout] test result: ok. 11 passed; 0 failed; 0 ignored; 0 measured; 0 filtered out; finished in 0.00s
[INFO] [stdout] 
[INFO] [stderr]    Doc-tests aragog
[INFO] [stdout] 
[INFO] [stdout] running 101 tests
[INFO] [stdout] test src/db/database_record.rs - db::database_record::DatabaseRecord<T>::inbound_query (line 820) - compile ... ok
[INFO] [stdout] test src/db/database_record.rs - db::database_record::DatabaseRecord<T>::exists (line 919) - compile ... ok
[INFO] [stdout] test src/db/database_record.rs - db::database_record::DatabaseRecord<T>::outbound_query (line 790) - compile ... ok
[INFO] [stdout] test src/db/database_record.rs - db::database_record::DatabaseRecord<T>::outbound_graph (line 851) - compile ... ok
[INFO] [stdout] test src/db/database_record.rs - db::database_record::DatabaseRecord<T>::inbound_graph (line 881) - compile ... ok
[INFO] [stdout] test src/authorize_action.rs - authorize_action::AuthorizeAction (line 8) ... ok
[INFO] [stdout] test src/foreign_link.rs - foreign_link::ForeignLink::foreign_key (line 56) ... ok
[INFO] [stdout] test src/db/database_connection.rs - db::database_connection::DatabaseConnection::builder (line 48) ... FAILED
[INFO] [stdout] test src/lib.rs - (line 364) ... ignored
[INFO] [stdout] test src/db/database_connection_builder.rs - db::database_connection_builder::DatabaseConnectionBuilder::build (line 80) ... FAILED
[INFO] [stdout] test src/db/database_record.rs - db::database_record::DatabaseRecord<T>::get (line 631) ... FAILED
[INFO] [stdout] test src/db/transaction/mod.rs - db::transaction::Transaction::safe_execute (line 230) ... FAILED
[INFO] [stdout] test src/lib.rs - (line 425) ... ignored
[INFO] [stdout] test src/db/database_record.rs - db::database_record::DatabaseRecord<T>::aql_get (line 750) ... FAILED
[INFO] [stdout] test src/db/database_record.rs - db::database_record::DatabaseRecord<T>::link (line 489) ... FAILED
[INFO] [stdout] test src/foreign_link.rs - foreign_link::ForeignLink (line 8) ... FAILED
[INFO] [stdout] test src/db/database_record.rs - db::database_record::DatabaseRecord<T>::get_in_batches (line 688) ... FAILED
[INFO] [stdout] test src/db/transaction/mod.rs - db::transaction::Transaction (line 24) ... FAILED
[INFO] [stdout] test src/db/transaction/mod.rs - db::transaction::Transaction::abort (line 172) has been running for over 60 seconds
[INFO] [stdout] test src/db/transaction/mod.rs - db::transaction::Transaction::commit (line 116) has been running for over 60 seconds
[INFO] [stdout] test src/lib.rs - (line 108) has been running for over 60 seconds
[INFO] [stdout] test src/lib.rs - (line 152) has been running for over 60 seconds
[INFO] [stdout] test src/lib.rs - (line 198) has been running for over 60 seconds
[INFO] [stdout] test src/lib.rs - (line 198) ... FAILED
[INFO] [stdout] test src/lib.rs - (line 251) has been running for over 60 seconds
[INFO] [stdout] test src/link.rs - link::Link::link_query (line 61) ... ok
[INFO] [stdout] test src/lib.rs - (line 295) has been running for over 60 seconds
[INFO] [stdout] test src/lib.rs - (line 393) has been running for over 60 seconds
[INFO] [stdout] test src/lib.rs - (line 400) has been running for over 60 seconds
[INFO] [stdout] test src/lib.rs - (line 251) ... FAILED
[INFO] [stdout] test src/lib.rs - (line 412) has been running for over 60 seconds
[INFO] [stdout] test src/db/transaction/mod.rs - db::transaction::Transaction::commit (line 116) ... FAILED
[INFO] [stdout] test src/lib.rs - (line 295) ... FAILED
[INFO] [stdout] test src/lib.rs - (line 108) ... FAILED
[INFO] [stdout] test src/db/transaction/mod.rs - db::transaction::Transaction::abort (line 172) ... FAILED
[INFO] [stdout] test src/lib.rs - (line 439) has been running for over 60 seconds
[INFO] [stdout] test src/lib.rs - (line 447) has been running for over 60 seconds
[INFO] [stdout] test src/lib.rs - (line 455) has been running for over 60 seconds
[INFO] [stdout] test src/lib.rs - (line 59) has been running for over 60 seconds
[INFO] [stdout] test src/link.rs - link::Link (line 9) has been running for over 60 seconds
[INFO] [stdout] test src/query/comparison.rs - query::comparison::Comparison::all (line 750) has been running for over 60 seconds
[INFO] [stdout] test src/query/comparison.rs - query::comparison::Comparison::and (line 829) has been running for over 60 seconds
[INFO] [stdout] test src/query/comparison.rs - query::comparison::Comparison::any (line 792) has been running for over 60 seconds
[INFO] [stdout] test src/link.rs - link::Link (line 9) ... FAILED
[INFO] [stdout] test src/query/comparison.rs - query::comparison::Comparison::aql_str (line 879) has been running for over 60 seconds
[INFO] [stdout] test src/query/comparison.rs - query::comparison::Comparison::field (line 728) has been running for over 60 seconds
[INFO] [stdout] test src/query/comparison.rs - query::comparison::Comparison::none (line 771) has been running for over 60 seconds
[INFO] [stdout] test src/query/comparison.rs - query::comparison::Comparison::or (line 844) has been running for over 60 seconds
[INFO] [stdout] test src/query/comparison.rs - query::comparison::Comparison::statement (line 812) has been running for over 60 seconds
[ERROR] error running command: no output for 300 seconds
[INFO] running `Command { std: "docker" "inspect" "c6a1b56bb5779452910b5108409786e9ab3d01b997986d717cfe5117bdd86348", kill_on_drop: false }`
[INFO] running `Command { std: "docker" "rm" "-f" "c6a1b56bb5779452910b5108409786e9ab3d01b997986d717cfe5117bdd86348", kill_on_drop: false }`
[INFO] [stdout] c6a1b56bb5779452910b5108409786e9ab3d01b997986d717cfe5117bdd86348
