[INFO] fetching crate ar_cuil_cuit_validator 0.1.1...
[INFO] testing ar_cuil_cuit_validator-0.1.1 against nightly-2024-10-28+rustflags=-Zrandomize-layout for randomize-layout
[INFO] extracting crate ar_cuil_cuit_validator 0.1.1 into /workspace/builds/worker-7-tc2/source
[INFO] validating manifest of crates.io crate ar_cuil_cuit_validator 0.1.1 on toolchain nightly-2024-10-28
[INFO] running `Command { std: CARGO_HOME="/workspace/cargo-home" RUSTUP_HOME="/workspace/rustup-home" "/workspace/cargo-home/bin/cargo" "+nightly-2024-10-28" "metadata" "--manifest-path" "Cargo.toml" "--no-deps", kill_on_drop: false }`
[INFO] started tweaking crates.io crate ar_cuil_cuit_validator 0.1.1
[INFO] finished tweaking crates.io crate ar_cuil_cuit_validator 0.1.1
[INFO] tweaked toml for crates.io crate ar_cuil_cuit_validator 0.1.1 written to /workspace/builds/worker-7-tc2/source/Cargo.toml
[INFO] crate crates.io crate ar_cuil_cuit_validator 0.1.1 already has a lockfile, it will not be regenerated
[INFO] running `Command { std: CARGO_HOME="/workspace/cargo-home" RUSTUP_HOME="/workspace/rustup-home" "/workspace/cargo-home/bin/cargo" "+nightly-2024-10-28" "fetch" "--manifest-path" "Cargo.toml", kill_on_drop: false }`
[INFO] running `Command { std: "docker" "create" "-v" "/var/lib/crater-agent-workspace/builds/worker-7-tc2/target:/opt/rustwide/target:rw,Z" "-v" "/var/lib/crater-agent-workspace/builds/worker-7-tc2/source:/opt/rustwide/workdir:ro,Z" "-v" "/var/lib/crater-agent-workspace/cargo-home:/opt/rustwide/cargo-home:ro,Z" "-v" "/var/lib/crater-agent-workspace/rustup-home:/opt/rustwide/rustup-home:ro,Z" "-e" "SOURCE_DIR=/opt/rustwide/workdir" "-e" "CARGO_TARGET_DIR=/opt/rustwide/target" "-e" "CARGO_HOME=/opt/rustwide/cargo-home" "-e" "RUSTUP_HOME=/opt/rustwide/rustup-home" "-w" "/opt/rustwide/workdir" "-m" "1610612736" "--user" "0:0" "--network" "none" "ghcr.io/rust-lang/crates-build-env/linux@sha256:4a844ea9eb2546a2d2c7022eacef16ef2e8229c7fbb2c7d4d55a9ceca922f72d" "/opt/rustwide/cargo-home/bin/cargo" "+nightly-2024-10-28" "metadata" "--no-deps" "--format-version=1", kill_on_drop: false }`
[INFO] [stdout] 1fae68d3d5aaec22342ccd4661c415cdfdb3dc03c67da950f75cee8b20b53e07
[INFO] running `Command { std: "docker" "start" "-a" "1fae68d3d5aaec22342ccd4661c415cdfdb3dc03c67da950f75cee8b20b53e07", kill_on_drop: false }`
[INFO] running `Command { std: "docker" "inspect" "1fae68d3d5aaec22342ccd4661c415cdfdb3dc03c67da950f75cee8b20b53e07", kill_on_drop: false }`
[INFO] running `Command { std: "docker" "rm" "-f" "1fae68d3d5aaec22342ccd4661c415cdfdb3dc03c67da950f75cee8b20b53e07", kill_on_drop: false }`
[INFO] [stdout] 1fae68d3d5aaec22342ccd4661c415cdfdb3dc03c67da950f75cee8b20b53e07
[INFO] running `Command { std: "docker" "create" "-v" "/var/lib/crater-agent-workspace/builds/worker-7-tc2/target:/opt/rustwide/target:rw,Z" "-v" "/var/lib/crater-agent-workspace/builds/worker-7-tc2/source:/opt/rustwide/workdir:ro,Z" "-v" "/var/lib/crater-agent-workspace/cargo-home:/opt/rustwide/cargo-home:ro,Z" "-v" "/var/lib/crater-agent-workspace/rustup-home:/opt/rustwide/rustup-home:ro,Z" "-e" "SOURCE_DIR=/opt/rustwide/workdir" "-e" "CARGO_TARGET_DIR=/opt/rustwide/target" "-e" "CARGO_INCREMENTAL=0" "-e" "RUST_BACKTRACE=full" "-e" "RUSTFLAGS=--cap-lints=forbid -Zrandomize-layout" "-e" "RUSTDOCFLAGS=--cap-lints=forbid" "-e" "CARGO_HOME=/opt/rustwide/cargo-home" "-e" "RUSTUP_HOME=/opt/rustwide/rustup-home" "-w" "/opt/rustwide/workdir" "-m" "1610612736" "--user" "0:0" "--network" "none" "ghcr.io/rust-lang/crates-build-env/linux@sha256:4a844ea9eb2546a2d2c7022eacef16ef2e8229c7fbb2c7d4d55a9ceca922f72d" "/opt/rustwide/cargo-home/bin/cargo" "+nightly-2024-10-28" "build" "--frozen" "--message-format=json", kill_on_drop: false }`
[INFO] [stdout] 03992cce16fe6518da97fe00269a7bc3d3bb5720e0b3dbf16fabc0887d4c913f
[INFO] running `Command { std: "docker" "start" "-a" "03992cce16fe6518da97fe00269a7bc3d3bb5720e0b3dbf16fabc0887d4c913f", kill_on_drop: false }`
[INFO] [stderr]    Compiling proc-macro2 v1.0.69
[INFO] [stderr]    Compiling unicode-ident v1.0.12
[INFO] [stderr]    Compiling utf8parse v0.2.1
[INFO] [stderr]    Compiling anstyle v1.0.4
[INFO] [stderr]    Compiling colorchoice v1.0.0
[INFO] [stderr]    Compiling anstyle-query v1.0.0
[INFO] [stderr]    Compiling clap_lex v0.5.1
[INFO] [stderr]    Compiling strsim v0.10.0
[INFO] [stderr]    Compiling anstyle-parse v0.2.2
[INFO] [stderr]    Compiling heck v0.4.1
[INFO] [stderr]    Compiling anstream v0.6.4
[INFO] [stderr]    Compiling clap_builder v4.4.6
[INFO] [stderr]    Compiling quote v1.0.33
[INFO] [stderr]    Compiling syn v2.0.38
[INFO] [stderr]    Compiling clap_derive v4.4.2
[INFO] [stderr]    Compiling clap v4.4.6
[INFO] [stderr]    Compiling ar_cuil_cuit_validator v0.1.1 (/opt/rustwide/workdir)
[INFO] [stderr]     Finished `dev` profile [unoptimized + debuginfo] target(s) in 4.63s
[INFO] running `Command { std: "docker" "inspect" "03992cce16fe6518da97fe00269a7bc3d3bb5720e0b3dbf16fabc0887d4c913f", kill_on_drop: false }`
[INFO] running `Command { std: "docker" "rm" "-f" "03992cce16fe6518da97fe00269a7bc3d3bb5720e0b3dbf16fabc0887d4c913f", kill_on_drop: false }`
[INFO] [stdout] 03992cce16fe6518da97fe00269a7bc3d3bb5720e0b3dbf16fabc0887d4c913f
[INFO] running `Command { std: "docker" "create" "-v" "/var/lib/crater-agent-workspace/builds/worker-7-tc2/target:/opt/rustwide/target:rw,Z" "-v" "/var/lib/crater-agent-workspace/builds/worker-7-tc2/source:/opt/rustwide/workdir:ro,Z" "-v" "/var/lib/crater-agent-workspace/cargo-home:/opt/rustwide/cargo-home:ro,Z" "-v" "/var/lib/crater-agent-workspace/rustup-home:/opt/rustwide/rustup-home:ro,Z" "-e" "SOURCE_DIR=/opt/rustwide/workdir" "-e" "CARGO_TARGET_DIR=/opt/rustwide/target" "-e" "CARGO_INCREMENTAL=0" "-e" "RUST_BACKTRACE=full" "-e" "RUSTFLAGS=--cap-lints=forbid -Zrandomize-layout" "-e" "RUSTDOCFLAGS=--cap-lints=forbid" "-e" "CARGO_HOME=/opt/rustwide/cargo-home" "-e" "RUSTUP_HOME=/opt/rustwide/rustup-home" "-w" "/opt/rustwide/workdir" "-m" "1610612736" "--user" "0:0" "--network" "none" "ghcr.io/rust-lang/crates-build-env/linux@sha256:4a844ea9eb2546a2d2c7022eacef16ef2e8229c7fbb2c7d4d55a9ceca922f72d" "/opt/rustwide/cargo-home/bin/cargo" "+nightly-2024-10-28" "test" "--frozen" "--no-run" "--message-format=json", kill_on_drop: false }`
[INFO] [stdout] 6a52e22d184bd3cedde190bb32babf96147451f9b9a49d0941fb9414be251b85
[INFO] running `Command { std: "docker" "start" "-a" "6a52e22d184bd3cedde190bb32babf96147451f9b9a49d0941fb9414be251b85", kill_on_drop: false }`
[INFO] [stderr]    Compiling ar_cuil_cuit_validator v0.1.1 (/opt/rustwide/workdir)
[INFO] [stderr]     Finished `test` profile [unoptimized + debuginfo] target(s) in 0.41s
[INFO] running `Command { std: "docker" "inspect" "6a52e22d184bd3cedde190bb32babf96147451f9b9a49d0941fb9414be251b85", kill_on_drop: false }`
[INFO] running `Command { std: "docker" "rm" "-f" "6a52e22d184bd3cedde190bb32babf96147451f9b9a49d0941fb9414be251b85", kill_on_drop: false }`
[INFO] [stdout] 6a52e22d184bd3cedde190bb32babf96147451f9b9a49d0941fb9414be251b85
[INFO] running `Command { std: "docker" "create" "-v" "/var/lib/crater-agent-workspace/builds/worker-7-tc2/target:/opt/rustwide/target:rw,Z" "-v" "/var/lib/crater-agent-workspace/builds/worker-7-tc2/source:/opt/rustwide/workdir:ro,Z" "-v" "/var/lib/crater-agent-workspace/cargo-home:/opt/rustwide/cargo-home:ro,Z" "-v" "/var/lib/crater-agent-workspace/rustup-home:/opt/rustwide/rustup-home:ro,Z" "-e" "SOURCE_DIR=/opt/rustwide/workdir" "-e" "CARGO_TARGET_DIR=/opt/rustwide/target" "-e" "CARGO_INCREMENTAL=0" "-e" "RUST_BACKTRACE=full" "-e" "RUSTFLAGS=--cap-lints=forbid -Zrandomize-layout" "-e" "RUSTDOCFLAGS=--cap-lints=forbid" "-e" "CARGO_HOME=/opt/rustwide/cargo-home" "-e" "RUSTUP_HOME=/opt/rustwide/rustup-home" "-w" "/opt/rustwide/workdir" "-m" "1610612736" "--user" "0:0" "--network" "none" "ghcr.io/rust-lang/crates-build-env/linux@sha256:4a844ea9eb2546a2d2c7022eacef16ef2e8229c7fbb2c7d4d55a9ceca922f72d" "/opt/rustwide/cargo-home/bin/cargo" "+nightly-2024-10-28" "test" "--frozen", kill_on_drop: false }`
[INFO] [stdout] a1a6e8f312997ef951c9bd66ea71837adede435ac797d25ce29a21c7afc84e7c
[INFO] running `Command { std: "docker" "start" "-a" "a1a6e8f312997ef951c9bd66ea71837adede435ac797d25ce29a21c7afc84e7c", kill_on_drop: false }`
[INFO] [stderr]     Finished `test` profile [unoptimized + debuginfo] target(s) in 0.06s
[INFO] [stderr]      Running unittests src/main.rs (/opt/rustwide/target/debug/deps/ar_cuil_cuit_validator-282d141fbe36950a)
[INFO] [stderr]      Running unittests src/cli.rs (/opt/rustwide/target/debug/deps/ar_cuil_cuit_validator-d93ffae78ff265bb)
[INFO] [stdout] 
[INFO] [stdout] running 3 tests
[INFO] [stdout] test cuil_cuit::test::assert_validation_fails_due_to_invalid_cuil_cuit_format ... ok
[INFO] [stdout] test cuil_cuit::test::assert_validation_returns_true ... ok
[INFO] [stdout] test cuil_cuit::test::assert_validation_returns_false ... ok
[INFO] [stdout] 
[INFO] [stdout] test result: ok. 3 passed; 0 failed; 0 ignored; 0 measured; 0 filtered out; finished in 0.00s
[INFO] [stdout] 
[INFO] [stdout] 
[INFO] [stdout] running 3 tests
[INFO] [stderr]    Doc-tests ar_cuil_cuit_validator
[INFO] [stdout] test cuil_cuit::test::assert_validation_returns_false ... ok
[INFO] [stdout] test cuil_cuit::test::assert_validation_returns_true ... ok
[INFO] [stdout] test cuil_cuit::test::assert_validation_fails_due_to_invalid_cuil_cuit_format ... ok
[INFO] [stdout] 
[INFO] [stdout] test result: ok. 3 passed; 0 failed; 0 ignored; 0 measured; 0 filtered out; finished in 0.00s
[INFO] [stdout] 
[INFO] [stdout] 
[INFO] [stdout] running 1 test
[INFO] [stdout] test src/main.rs - (line 18) ... FAILED
[INFO] [stdout] 
[INFO] [stdout] failures:
[INFO] [stdout] 
[INFO] [stdout] ---- src/main.rs - (line 18) stdout ----
[INFO] [stdout] error[E0425]: cannot find function `is_valid` in this scope
[INFO] [stdout]  --> src/main.rs:23:14
[INFO] [stdout]   |
[INFO] [stdout] 8 | let result = is_valid(valid_cuil_cuit).unwrap();
[INFO] [stdout]   |              ^^^^^^^^ not found in this scope
[INFO] [stdout]   |
[INFO] [stdout] help: consider importing this function
[INFO] [stdout]   |
[INFO] [stdout] 2 + use ar_cuil_cuit_validator::cuil_cuit::is_valid;
[INFO] [stdout]   |
[INFO] [stdout] 
[INFO] [stdout] error: aborting due to 1 previous error
[INFO] [stdout] 
[INFO] [stdout] For more information about this error, try `rustc --explain E0425`.
[INFO] [stdout] Couldn't compile the test.
[INFO] [stdout] 
[INFO] [stdout] failures:
[INFO] [stdout]     src/main.rs - (line 18)
[INFO] [stdout] 
[INFO] [stdout] test result: FAILED. 0 passed; 1 failed; 0 ignored; 0 measured; 0 filtered out; finished in 0.10s
[INFO] [stdout] 
[INFO] [stderr] error: doctest failed, to rerun pass `--doc`
[INFO] running `Command { std: "docker" "inspect" "a1a6e8f312997ef951c9bd66ea71837adede435ac797d25ce29a21c7afc84e7c", kill_on_drop: false }`
[INFO] running `Command { std: "docker" "rm" "-f" "a1a6e8f312997ef951c9bd66ea71837adede435ac797d25ce29a21c7afc84e7c", kill_on_drop: false }`
[INFO] [stdout] a1a6e8f312997ef951c9bd66ea71837adede435ac797d25ce29a21c7afc84e7c
