[INFO] fetching crate aptos-bitvec-link 0.1.0...
[INFO] testing aptos-bitvec-link-0.1.0 against nightly-2024-10-28+rustflags=-Zrandomize-layout for randomize-layout
[INFO] extracting crate aptos-bitvec-link 0.1.0 into /workspace/builds/worker-4-tc2/source
[INFO] validating manifest of crates.io crate aptos-bitvec-link 0.1.0 on toolchain nightly-2024-10-28
[INFO] running `Command { std: CARGO_HOME="/workspace/cargo-home" RUSTUP_HOME="/workspace/rustup-home" "/workspace/cargo-home/bin/cargo" "+nightly-2024-10-28" "metadata" "--manifest-path" "Cargo.toml" "--no-deps", kill_on_drop: false }`
[INFO] started tweaking crates.io crate aptos-bitvec-link 0.1.0
[INFO] finished tweaking crates.io crate aptos-bitvec-link 0.1.0
[INFO] tweaked toml for crates.io crate aptos-bitvec-link 0.1.0 written to /workspace/builds/worker-4-tc2/source/Cargo.toml
[INFO] running `Command { std: CARGO_HOME="/workspace/cargo-home" RUSTUP_HOME="/workspace/rustup-home" "/workspace/cargo-home/bin/cargo" "+nightly-2024-10-28" "generate-lockfile" "--manifest-path" "Cargo.toml", kill_on_drop: false }`
[INFO] [stderr]     Updating crates.io index
[INFO] [stderr]      Locking 62 packages to latest compatible versions
[INFO] [stderr]       Adding proptest-derive v0.3.0 (available: v0.5.0)
[INFO] running `Command { std: CARGO_HOME="/workspace/cargo-home" RUSTUP_HOME="/workspace/rustup-home" "/workspace/cargo-home/bin/cargo" "+nightly-2024-10-28" "fetch" "--manifest-path" "Cargo.toml", kill_on_drop: false }`
[INFO] running `Command { std: "docker" "create" "-v" "/var/lib/crater-agent-workspace/builds/worker-4-tc2/target:/opt/rustwide/target:rw,Z" "-v" "/var/lib/crater-agent-workspace/builds/worker-4-tc2/source:/opt/rustwide/workdir:ro,Z" "-v" "/var/lib/crater-agent-workspace/cargo-home:/opt/rustwide/cargo-home:ro,Z" "-v" "/var/lib/crater-agent-workspace/rustup-home:/opt/rustwide/rustup-home:ro,Z" "-e" "SOURCE_DIR=/opt/rustwide/workdir" "-e" "CARGO_TARGET_DIR=/opt/rustwide/target" "-e" "CARGO_HOME=/opt/rustwide/cargo-home" "-e" "RUSTUP_HOME=/opt/rustwide/rustup-home" "-w" "/opt/rustwide/workdir" "-m" "1610612736" "--user" "0:0" "--network" "none" "ghcr.io/rust-lang/crates-build-env/linux@sha256:4a844ea9eb2546a2d2c7022eacef16ef2e8229c7fbb2c7d4d55a9ceca922f72d" "/opt/rustwide/cargo-home/bin/cargo" "+nightly-2024-10-28" "metadata" "--no-deps" "--format-version=1", kill_on_drop: false }`
[INFO] [stdout] def2114ed823c788767fa048123e57bfe5f695769ff912751a743216a3541c03
[INFO] running `Command { std: "docker" "start" "-a" "def2114ed823c788767fa048123e57bfe5f695769ff912751a743216a3541c03", kill_on_drop: false }`
[INFO] running `Command { std: "docker" "inspect" "def2114ed823c788767fa048123e57bfe5f695769ff912751a743216a3541c03", kill_on_drop: false }`
[INFO] running `Command { std: "docker" "rm" "-f" "def2114ed823c788767fa048123e57bfe5f695769ff912751a743216a3541c03", kill_on_drop: false }`
[INFO] [stdout] def2114ed823c788767fa048123e57bfe5f695769ff912751a743216a3541c03
[INFO] running `Command { std: "docker" "create" "-v" "/var/lib/crater-agent-workspace/builds/worker-4-tc2/target:/opt/rustwide/target:rw,Z" "-v" "/var/lib/crater-agent-workspace/builds/worker-4-tc2/source:/opt/rustwide/workdir:ro,Z" "-v" "/var/lib/crater-agent-workspace/cargo-home:/opt/rustwide/cargo-home:ro,Z" "-v" "/var/lib/crater-agent-workspace/rustup-home:/opt/rustwide/rustup-home:ro,Z" "-e" "SOURCE_DIR=/opt/rustwide/workdir" "-e" "CARGO_TARGET_DIR=/opt/rustwide/target" "-e" "CARGO_INCREMENTAL=0" "-e" "RUST_BACKTRACE=full" "-e" "RUSTFLAGS=--cap-lints=forbid -Zrandomize-layout" "-e" "RUSTDOCFLAGS=--cap-lints=forbid" "-e" "CARGO_HOME=/opt/rustwide/cargo-home" "-e" "RUSTUP_HOME=/opt/rustwide/rustup-home" "-w" "/opt/rustwide/workdir" "-m" "1610612736" "--user" "0:0" "--network" "none" "ghcr.io/rust-lang/crates-build-env/linux@sha256:4a844ea9eb2546a2d2c7022eacef16ef2e8229c7fbb2c7d4d55a9ceca922f72d" "/opt/rustwide/cargo-home/bin/cargo" "+nightly-2024-10-28" "build" "--frozen" "--message-format=json", kill_on_drop: false }`
[INFO] [stdout] 1078a01697e6e1a25c7ac24afb85ec35f0b100c95de035b5431a5d5571661f8e
[INFO] running `Command { std: "docker" "start" "-a" "1078a01697e6e1a25c7ac24afb85ec35f0b100c95de035b5431a5d5571661f8e", kill_on_drop: false }`
[INFO] [stderr]    Compiling serde_bytes v0.11.15
[INFO] [stderr]    Compiling aptos-bitvec-link v0.1.0 (/opt/rustwide/workdir)
[INFO] [stderr]     Finished `dev` profile [unoptimized + debuginfo] target(s) in 0.32s
[INFO] running `Command { std: "docker" "inspect" "1078a01697e6e1a25c7ac24afb85ec35f0b100c95de035b5431a5d5571661f8e", kill_on_drop: false }`
[INFO] running `Command { std: "docker" "rm" "-f" "1078a01697e6e1a25c7ac24afb85ec35f0b100c95de035b5431a5d5571661f8e", kill_on_drop: false }`
[INFO] [stdout] 1078a01697e6e1a25c7ac24afb85ec35f0b100c95de035b5431a5d5571661f8e
[INFO] running `Command { std: "docker" "create" "-v" "/var/lib/crater-agent-workspace/builds/worker-4-tc2/target:/opt/rustwide/target:rw,Z" "-v" "/var/lib/crater-agent-workspace/builds/worker-4-tc2/source:/opt/rustwide/workdir:ro,Z" "-v" "/var/lib/crater-agent-workspace/cargo-home:/opt/rustwide/cargo-home:ro,Z" "-v" "/var/lib/crater-agent-workspace/rustup-home:/opt/rustwide/rustup-home:ro,Z" "-e" "SOURCE_DIR=/opt/rustwide/workdir" "-e" "CARGO_TARGET_DIR=/opt/rustwide/target" "-e" "CARGO_INCREMENTAL=0" "-e" "RUST_BACKTRACE=full" "-e" "RUSTFLAGS=--cap-lints=forbid -Zrandomize-layout" "-e" "RUSTDOCFLAGS=--cap-lints=forbid" "-e" "CARGO_HOME=/opt/rustwide/cargo-home" "-e" "RUSTUP_HOME=/opt/rustwide/rustup-home" "-w" "/opt/rustwide/workdir" "-m" "1610612736" "--user" "0:0" "--network" "none" "ghcr.io/rust-lang/crates-build-env/linux@sha256:4a844ea9eb2546a2d2c7022eacef16ef2e8229c7fbb2c7d4d55a9ceca922f72d" "/opt/rustwide/cargo-home/bin/cargo" "+nightly-2024-10-28" "test" "--frozen" "--no-run" "--message-format=json", kill_on_drop: false }`
[INFO] [stdout] bdd509919fd10b34c24eabfc00205a2fa3a8b86791372c8734d877dc5d7f9b2d
[INFO] running `Command { std: "docker" "start" "-a" "bdd509919fd10b34c24eabfc00205a2fa3a8b86791372c8734d877dc5d7f9b2d", kill_on_drop: false }`
[INFO] [stderr]    Compiling proc-macro2 v0.4.30
[INFO] [stderr]    Compiling libm v0.2.11
[INFO] [stderr]    Compiling unicode-xid v0.1.0
[INFO] [stderr]    Compiling syn v0.15.44
[INFO] [stderr]    Compiling num-traits v0.2.19
[INFO] [stderr]    Compiling bit-set v0.5.3
[INFO] [stderr]    Compiling unarray v0.1.4
[INFO] [stderr]    Compiling wait-timeout v0.2.0
[INFO] [stderr]    Compiling serde_bytes v0.11.15
[INFO] [stderr]    Compiling rand_xorshift v0.3.0
[INFO] [stderr]    Compiling bcs-link v0.1.3
[INFO] [stderr]    Compiling rand_chacha v0.3.1
[INFO] [stderr]    Compiling rusty-fork v0.3.0
[INFO] [stderr]    Compiling aptos-bitvec-link v0.1.0 (/opt/rustwide/workdir)
[INFO] [stderr]    Compiling rand v0.8.5
[INFO] [stderr]    Compiling quote v0.6.13
[INFO] [stderr]    Compiling proptest v1.5.0
[INFO] [stderr]    Compiling proptest-derive v0.3.0
[INFO] [stderr]     Finished `test` profile [unoptimized + debuginfo] target(s) in 5.92s
[INFO] running `Command { std: "docker" "inspect" "bdd509919fd10b34c24eabfc00205a2fa3a8b86791372c8734d877dc5d7f9b2d", kill_on_drop: false }`
[INFO] running `Command { std: "docker" "rm" "-f" "bdd509919fd10b34c24eabfc00205a2fa3a8b86791372c8734d877dc5d7f9b2d", kill_on_drop: false }`
[INFO] [stdout] bdd509919fd10b34c24eabfc00205a2fa3a8b86791372c8734d877dc5d7f9b2d
[INFO] running `Command { std: "docker" "create" "-v" "/var/lib/crater-agent-workspace/builds/worker-4-tc2/target:/opt/rustwide/target:rw,Z" "-v" "/var/lib/crater-agent-workspace/builds/worker-4-tc2/source:/opt/rustwide/workdir:ro,Z" "-v" "/var/lib/crater-agent-workspace/cargo-home:/opt/rustwide/cargo-home:ro,Z" "-v" "/var/lib/crater-agent-workspace/rustup-home:/opt/rustwide/rustup-home:ro,Z" "-e" "SOURCE_DIR=/opt/rustwide/workdir" "-e" "CARGO_TARGET_DIR=/opt/rustwide/target" "-e" "CARGO_INCREMENTAL=0" "-e" "RUST_BACKTRACE=full" "-e" "RUSTFLAGS=--cap-lints=forbid -Zrandomize-layout" "-e" "RUSTDOCFLAGS=--cap-lints=forbid" "-e" "CARGO_HOME=/opt/rustwide/cargo-home" "-e" "RUSTUP_HOME=/opt/rustwide/rustup-home" "-w" "/opt/rustwide/workdir" "-m" "1610612736" "--user" "0:0" "--network" "none" "ghcr.io/rust-lang/crates-build-env/linux@sha256:4a844ea9eb2546a2d2c7022eacef16ef2e8229c7fbb2c7d4d55a9ceca922f72d" "/opt/rustwide/cargo-home/bin/cargo" "+nightly-2024-10-28" "test" "--frozen", kill_on_drop: false }`
[INFO] [stdout] a97a4405d11704999965221e53af13ee6c1b461022c6896443ee934330d415da
[INFO] running `Command { std: "docker" "start" "-a" "a97a4405d11704999965221e53af13ee6c1b461022c6896443ee934330d415da", kill_on_drop: false }`
[INFO] [stderr]     Finished `test` profile [unoptimized + debuginfo] target(s) in 0.05s
[INFO] [stderr]      Running unittests src/lib.rs (/opt/rustwide/target/debug/deps/aptos_bitvec_link-d09e1ad999acf62c)
[INFO] [stdout] 
[INFO] [stdout] running 10 tests
[INFO] [stdout] test test::test_conversion ... ok
[INFO] [stdout] test test::test_count_ones ... ok
[INFO] [stdout] test test::test_last_set_bit ... ok
[INFO] [stdout] test test::test_empty ... ok
[INFO] [stdout] test test::test_deserialization ... ok
[INFO] [stdout] test test::test_extremes ... ok
[INFO] [stdout] test test::test_iter_ones ... ok
[INFO] [stdout] test test::test_and ... ok
[INFO] [stdout] test test::test_or ... ok
[INFO] [stdout] test test::test_serde_roundtrip ... ok
[INFO] [stdout] 
[INFO] [stdout] test result: ok. 10 passed; 0 failed; 0 ignored; 0 measured; 0 filtered out; finished in 5.38s
[INFO] [stdout] 
[INFO] [stderr]    Doc-tests aptos_bitvec_link
[INFO] [stdout] 
[INFO] [stdout] running 1 test
[INFO] [stdout] test src/lib.rs - BitVec (line 43) ... FAILED
[INFO] [stdout] 
[INFO] [stdout] failures:
[INFO] [stdout] 
[INFO] [stdout] ---- src/lib.rs - BitVec (line 43) stdout ----
[INFO] [stdout] error[E0432]: unresolved import `aptos_bitvec`
[INFO] [stdout]  --> src/lib.rs:44:5
[INFO] [stdout]   |
[INFO] [stdout] 3 | use aptos_bitvec::BitVec;
[INFO] [stdout]   |     ^^^^^^^^^^^^ use of undeclared crate or module `aptos_bitvec`
[INFO] [stdout] 
[INFO] [stdout] error: aborting due to 1 previous error
[INFO] [stdout] 
[INFO] [stdout] For more information about this error, try `rustc --explain E0432`.
[INFO] [stdout] Couldn't compile the test.
[INFO] [stdout] 
[INFO] [stdout] failures:
[INFO] [stdout]     src/lib.rs - BitVec (line 43)
[INFO] [stdout] 
[INFO] [stdout] test result: FAILED. 0 passed; 1 failed; 0 ignored; 0 measured; 0 filtered out; finished in 0.05s
[INFO] [stdout] 
[INFO] [stderr] error: doctest failed, to rerun pass `--doc`
[INFO] running `Command { std: "docker" "inspect" "a97a4405d11704999965221e53af13ee6c1b461022c6896443ee934330d415da", kill_on_drop: false }`
[INFO] running `Command { std: "docker" "rm" "-f" "a97a4405d11704999965221e53af13ee6c1b461022c6896443ee934330d415da", kill_on_drop: false }`
[INFO] [stdout] a97a4405d11704999965221e53af13ee6c1b461022c6896443ee934330d415da
