[INFO] fetching crate appy-macros 0.1.6...
[INFO] testing appy-macros-0.1.6 against nightly-2024-10-28+rustflags=-Zrandomize-layout for randomize-layout
[INFO] extracting crate appy-macros 0.1.6 into /workspace/builds/worker-1-tc2/source
[INFO] validating manifest of crates.io crate appy-macros 0.1.6 on toolchain nightly-2024-10-28
[INFO] running `Command { std: CARGO_HOME="/workspace/cargo-home" RUSTUP_HOME="/workspace/rustup-home" "/workspace/cargo-home/bin/cargo" "+nightly-2024-10-28" "metadata" "--manifest-path" "Cargo.toml" "--no-deps", kill_on_drop: false }`
[INFO] started tweaking crates.io crate appy-macros 0.1.6
[INFO] finished tweaking crates.io crate appy-macros 0.1.6
[INFO] tweaked toml for crates.io crate appy-macros 0.1.6 written to /workspace/builds/worker-1-tc2/source/Cargo.toml
[INFO] running `Command { std: CARGO_HOME="/workspace/cargo-home" RUSTUP_HOME="/workspace/rustup-home" "/workspace/cargo-home/bin/cargo" "+nightly-2024-10-28" "generate-lockfile" "--manifest-path" "Cargo.toml", kill_on_drop: false }`
[INFO] [stderr]     Updating crates.io index
[INFO] [stderr]      Locking 21 packages to latest compatible versions
[INFO] [stderr]       Adding syn v1.0.109 (available: v2.0.86)
[INFO] [stderr]       Adding toml v0.7.8 (available: v0.8.19)
[INFO] running `Command { std: CARGO_HOME="/workspace/cargo-home" RUSTUP_HOME="/workspace/rustup-home" "/workspace/cargo-home/bin/cargo" "+nightly-2024-10-28" "fetch" "--manifest-path" "Cargo.toml", kill_on_drop: false }`
[INFO] running `Command { std: "docker" "create" "-v" "/var/lib/crater-agent-workspace/builds/worker-1-tc2/target:/opt/rustwide/target:rw,Z" "-v" "/var/lib/crater-agent-workspace/builds/worker-1-tc2/source:/opt/rustwide/workdir:ro,Z" "-v" "/var/lib/crater-agent-workspace/cargo-home:/opt/rustwide/cargo-home:ro,Z" "-v" "/var/lib/crater-agent-workspace/rustup-home:/opt/rustwide/rustup-home:ro,Z" "-e" "SOURCE_DIR=/opt/rustwide/workdir" "-e" "CARGO_TARGET_DIR=/opt/rustwide/target" "-e" "CARGO_HOME=/opt/rustwide/cargo-home" "-e" "RUSTUP_HOME=/opt/rustwide/rustup-home" "-w" "/opt/rustwide/workdir" "-m" "1610612736" "--user" "0:0" "--network" "none" "ghcr.io/rust-lang/crates-build-env/linux@sha256:4a844ea9eb2546a2d2c7022eacef16ef2e8229c7fbb2c7d4d55a9ceca922f72d" "/opt/rustwide/cargo-home/bin/cargo" "+nightly-2024-10-28" "metadata" "--no-deps" "--format-version=1", kill_on_drop: false }`
[INFO] [stdout] f5b874ab431d5348295945808fce86adb87a1d3da446484aec8be9324e4bf3aa
[INFO] running `Command { std: "docker" "start" "-a" "f5b874ab431d5348295945808fce86adb87a1d3da446484aec8be9324e4bf3aa", kill_on_drop: false }`
[INFO] running `Command { std: "docker" "inspect" "f5b874ab431d5348295945808fce86adb87a1d3da446484aec8be9324e4bf3aa", kill_on_drop: false }`
[INFO] running `Command { std: "docker" "rm" "-f" "f5b874ab431d5348295945808fce86adb87a1d3da446484aec8be9324e4bf3aa", kill_on_drop: false }`
[INFO] [stdout] f5b874ab431d5348295945808fce86adb87a1d3da446484aec8be9324e4bf3aa
[INFO] running `Command { std: "docker" "create" "-v" "/var/lib/crater-agent-workspace/builds/worker-1-tc2/target:/opt/rustwide/target:rw,Z" "-v" "/var/lib/crater-agent-workspace/builds/worker-1-tc2/source:/opt/rustwide/workdir:ro,Z" "-v" "/var/lib/crater-agent-workspace/cargo-home:/opt/rustwide/cargo-home:ro,Z" "-v" "/var/lib/crater-agent-workspace/rustup-home:/opt/rustwide/rustup-home:ro,Z" "-e" "SOURCE_DIR=/opt/rustwide/workdir" "-e" "CARGO_TARGET_DIR=/opt/rustwide/target" "-e" "CARGO_INCREMENTAL=0" "-e" "RUST_BACKTRACE=full" "-e" "RUSTFLAGS=--cap-lints=forbid -Zrandomize-layout" "-e" "RUSTDOCFLAGS=--cap-lints=forbid" "-e" "CARGO_HOME=/opt/rustwide/cargo-home" "-e" "RUSTUP_HOME=/opt/rustwide/rustup-home" "-w" "/opt/rustwide/workdir" "-m" "1610612736" "--user" "0:0" "--network" "none" "ghcr.io/rust-lang/crates-build-env/linux@sha256:4a844ea9eb2546a2d2c7022eacef16ef2e8229c7fbb2c7d4d55a9ceca922f72d" "/opt/rustwide/cargo-home/bin/cargo" "+nightly-2024-10-28" "build" "--frozen" "--message-format=json", kill_on_drop: false }`
[INFO] [stdout] 656bac39907404739bef63e043b9725cf149c05d68bce99b645bbb6df4b805be
[INFO] running `Command { std: "docker" "start" "-a" "656bac39907404739bef63e043b9725cf149c05d68bce99b645bbb6df4b805be", kill_on_drop: false }`
[INFO] [stderr]    Compiling equivalent v1.0.1
[INFO] [stderr]    Compiling hashbrown v0.15.0
[INFO] [stderr]    Compiling syn v1.0.109
[INFO] [stderr]    Compiling winnow v0.5.40
[INFO] [stderr]    Compiling serde v1.0.214
[INFO] [stderr]    Compiling thiserror v1.0.66
[INFO] [stderr]    Compiling unicode-segmentation v1.12.0
[INFO] [stderr]    Compiling convert_case v0.6.0
[INFO] [stderr]    Compiling indexmap v2.6.0
[INFO] [stderr]    Compiling serde_spanned v0.6.8
[INFO] [stderr]    Compiling toml_datetime v0.6.8
[INFO] [stderr]    Compiling syn-rsx v0.9.0
[INFO] [stderr]    Compiling toml_edit v0.19.15
[INFO] [stderr]    Compiling toml v0.7.8
[INFO] [stderr]    Compiling appy-macros v0.1.6 (/opt/rustwide/workdir)
[INFO] [stderr]     Finished `dev` profile [unoptimized + debuginfo] target(s) in 11.05s
[INFO] running `Command { std: "docker" "inspect" "656bac39907404739bef63e043b9725cf149c05d68bce99b645bbb6df4b805be", kill_on_drop: false }`
[INFO] running `Command { std: "docker" "rm" "-f" "656bac39907404739bef63e043b9725cf149c05d68bce99b645bbb6df4b805be", kill_on_drop: false }`
[INFO] [stdout] 656bac39907404739bef63e043b9725cf149c05d68bce99b645bbb6df4b805be
[INFO] running `Command { std: "docker" "create" "-v" "/var/lib/crater-agent-workspace/builds/worker-1-tc2/target:/opt/rustwide/target:rw,Z" "-v" "/var/lib/crater-agent-workspace/builds/worker-1-tc2/source:/opt/rustwide/workdir:ro,Z" "-v" "/var/lib/crater-agent-workspace/cargo-home:/opt/rustwide/cargo-home:ro,Z" "-v" "/var/lib/crater-agent-workspace/rustup-home:/opt/rustwide/rustup-home:ro,Z" "-e" "SOURCE_DIR=/opt/rustwide/workdir" "-e" "CARGO_TARGET_DIR=/opt/rustwide/target" "-e" "CARGO_INCREMENTAL=0" "-e" "RUST_BACKTRACE=full" "-e" "RUSTFLAGS=--cap-lints=forbid -Zrandomize-layout" "-e" "RUSTDOCFLAGS=--cap-lints=forbid" "-e" "CARGO_HOME=/opt/rustwide/cargo-home" "-e" "RUSTUP_HOME=/opt/rustwide/rustup-home" "-w" "/opt/rustwide/workdir" "-m" "1610612736" "--user" "0:0" "--network" "none" "ghcr.io/rust-lang/crates-build-env/linux@sha256:4a844ea9eb2546a2d2c7022eacef16ef2e8229c7fbb2c7d4d55a9ceca922f72d" "/opt/rustwide/cargo-home/bin/cargo" "+nightly-2024-10-28" "test" "--frozen" "--no-run" "--message-format=json", kill_on_drop: false }`
[INFO] [stdout] c942841e4ae81fb658dd478061bfdf528a0f9e97473dc28aec7d474fec7d23e7
[INFO] running `Command { std: "docker" "start" "-a" "c942841e4ae81fb658dd478061bfdf528a0f9e97473dc28aec7d474fec7d23e7", kill_on_drop: false }`
[INFO] [stderr]    Compiling appy-macros v0.1.6 (/opt/rustwide/workdir)
[INFO] [stderr]     Finished `test` profile [unoptimized + debuginfo] target(s) in 0.66s
[INFO] running `Command { std: "docker" "inspect" "c942841e4ae81fb658dd478061bfdf528a0f9e97473dc28aec7d474fec7d23e7", kill_on_drop: false }`
[INFO] running `Command { std: "docker" "rm" "-f" "c942841e4ae81fb658dd478061bfdf528a0f9e97473dc28aec7d474fec7d23e7", kill_on_drop: false }`
[INFO] [stdout] c942841e4ae81fb658dd478061bfdf528a0f9e97473dc28aec7d474fec7d23e7
[INFO] running `Command { std: "docker" "create" "-v" "/var/lib/crater-agent-workspace/builds/worker-1-tc2/target:/opt/rustwide/target:rw,Z" "-v" "/var/lib/crater-agent-workspace/builds/worker-1-tc2/source:/opt/rustwide/workdir:ro,Z" "-v" "/var/lib/crater-agent-workspace/cargo-home:/opt/rustwide/cargo-home:ro,Z" "-v" "/var/lib/crater-agent-workspace/rustup-home:/opt/rustwide/rustup-home:ro,Z" "-e" "SOURCE_DIR=/opt/rustwide/workdir" "-e" "CARGO_TARGET_DIR=/opt/rustwide/target" "-e" "CARGO_INCREMENTAL=0" "-e" "RUST_BACKTRACE=full" "-e" "RUSTFLAGS=--cap-lints=forbid -Zrandomize-layout" "-e" "RUSTDOCFLAGS=--cap-lints=forbid" "-e" "CARGO_HOME=/opt/rustwide/cargo-home" "-e" "RUSTUP_HOME=/opt/rustwide/rustup-home" "-w" "/opt/rustwide/workdir" "-m" "1610612736" "--user" "0:0" "--network" "none" "ghcr.io/rust-lang/crates-build-env/linux@sha256:4a844ea9eb2546a2d2c7022eacef16ef2e8229c7fbb2c7d4d55a9ceca922f72d" "/opt/rustwide/cargo-home/bin/cargo" "+nightly-2024-10-28" "test" "--frozen", kill_on_drop: false }`
[INFO] [stdout] bd59198ae35f042c2227f136c281cc99fedeb5af3951ac51c3ad1e5631e485f4
[INFO] running `Command { std: "docker" "start" "-a" "bd59198ae35f042c2227f136c281cc99fedeb5af3951ac51c3ad1e5631e485f4", kill_on_drop: false }`
[INFO] [stderr]     Finished `test` profile [unoptimized + debuginfo] target(s) in 0.03s
[INFO] [stderr]      Running unittests src/lib.rs (/opt/rustwide/target/debug/deps/appy_macros-e118bc3d269f1f69)
[INFO] [stdout] 
[INFO] [stdout] running 0 tests
[INFO] [stdout] 
[INFO] [stdout] test result: ok. 0 passed; 0 failed; 0 ignored; 0 measured; 0 filtered out; finished in 0.00s
[INFO] [stdout] 
[INFO] [stderr]    Doc-tests appy_macros
[INFO] [stdout] 
[INFO] [stdout] running 9 tests
[INFO] [stdout] test src/lib.rs - apx (line 150) ... FAILED
[INFO] [stdout] test src/lib.rs - apx (line 144) ... FAILED
[INFO] [stdout] test src/lib.rs - function_component (line 39) ... FAILED
[INFO] [stdout] test src/lib.rs - component_builder (line 94) ... FAILED
[INFO] [stdout] test src/lib.rs - apx (line 138) ... FAILED
[INFO] [stdout] test src/lib.rs - function_component (line 18) ... FAILED
[INFO] [stdout] test src/lib.rs - main_window (line 59) ... FAILED
[INFO] [stdout] test src/lib.rs - component_builder (line 87) ... ok
[INFO] [stdout] test src/lib.rs - snake_factory (line 123) ... FAILED
[INFO] [stdout] 
[INFO] [stdout] failures:
[INFO] [stdout] 
[INFO] [stdout] ---- src/lib.rs - apx (line 150) stdout ----
[INFO] [stdout] error: cannot find attribute `derive_component` in this scope
[INFO] [stdout]  --> src/lib.rs:151:3
[INFO] [stdout]   |
[INFO] [stdout] 3 | #[derive_component(ComponentBuilder,Default,SnakeFactory)]
[INFO] [stdout]   |   ^^^^^^^^^^^^^^^^
[INFO] [stdout]  --> /rustc/df4ca44d3fbc9301ee17f30f4d474e6ae4b05252/library/core/src/macros/mod.rs:1667:5
[INFO] [stdout]   |
[INFO] [stdout]   = note: similarly named attribute macro `derive_const` defined here
[INFO] [stdout]   |
[INFO] [stdout] help: an attribute macro with a similar name exists
[INFO] [stdout]   |
[INFO] [stdout] 3 | #[derive_const(ComponentBuilder,Default,SnakeFactory)]
[INFO] [stdout]   |   ~~~~~~~~~~~~
[INFO] [stdout] help: consider importing this attribute macro
[INFO] [stdout]   |
[INFO] [stdout] 2 + use appy_macros::derive_component;
[INFO] [stdout]   |
[INFO] [stdout] 
[INFO] [stdout] error[E0405]: cannot find trait `Element` in this scope
[INFO] [stdout]  --> src/lib.rs:157:6
[INFO] [stdout]   |
[INFO] [stdout] 9 | impl Element for MyComponent {
[INFO] [stdout]   |      ^^^^^^^ not found in this scope
[INFO] [stdout] 
[INFO] [stdout] error[E0412]: cannot find type `ElementWrap` in this scope
[INFO] [stdout]   --> src/lib.rs:158:20
[INFO] [stdout]    |
[INFO] [stdout] 10 |     fn render(self:ElementWrap<Self>)->Elements {
[INFO] [stdout]    |                    ^^^^^^^^^^^ not found in this scope
[INFO] [stdout] 
[INFO] [stdout] error[E0412]: cannot find type `Elements` in this scope
[INFO] [stdout]   --> src/lib.rs:158:40
[INFO] [stdout]    |
[INFO] [stdout] 10 |     fn render(self:ElementWrap<Self>)->Elements {
[INFO] [stdout]    |                                        ^^^^^^^^ not found in this scope
[INFO] [stdout] 
[INFO] [stdout] error: aborting due to 4 previous errors
[INFO] [stdout] 
[INFO] [stdout] Some errors have detailed explanations: E0405, E0412.
[INFO] [stdout] For more information about an error, try `rustc --explain E0405`.
[INFO] [stdout] Couldn't compile the test.
[INFO] [stdout] ---- src/lib.rs - apx (line 144) stdout ----
[INFO] [stdout] error[E0425]: cannot find function `my_component` in this scope
[INFO] [stdout]  --> src/lib.rs:146:5
[INFO] [stdout]   |
[INFO] [stdout] 4 |     my_component().param1(123).param3(456)
[INFO] [stdout]   |     ^^^^^^^^^^^^ not found in this scope
[INFO] [stdout] 
[INFO] [stdout] error[E0308]: mismatched types
[INFO] [stdout]  --> src/lib.rs:145:1
[INFO] [stdout]   |
[INFO] [stdout] 2 |   fn main() { #[allow(non_snake_case)] fn _doctest_main_src_lib_rs_144_0() {
[INFO] [stdout]   |                                                                           - help: a return type might be missing here: `-> _`
[INFO] [stdout] 3 | / vec![
[INFO] [stdout] 4 | |     my_component().param1(123).param3(456)
[INFO] [stdout] 5 | | ]
[INFO] [stdout]   | |_^ expected `()`, found `Vec<_, _>`
[INFO] [stdout]   |
[INFO] [stdout]   = note: expected unit type `()`
[INFO] [stdout]                 found struct `Vec<_, _>`
[INFO] [stdout]   = note: this error originates in the macro `vec` (in Nightly builds, run with -Z macro-backtrace for more info)
[INFO] [stdout] 
[INFO] [stdout] error: aborting due to 2 previous errors
[INFO] [stdout] 
[INFO] [stdout] Some errors have detailed explanations: E0308, E0425.
[INFO] [stdout] For more information about an error, try `rustc --explain E0308`.
[INFO] [stdout] Couldn't compile the test.
[INFO] [stdout] ---- src/lib.rs - function_component (line 39) stdout ----
[INFO] [stdout] error: cannot find macro `apx` in this scope
[INFO] [stdout]  --> src/lib.rs:40:1
[INFO] [stdout]   |
[INFO] [stdout] 3 | apx!{
[INFO] [stdout]   | ^^^
[INFO] [stdout]   |
[INFO] [stdout] help: consider importing this macro
[INFO] [stdout]   |
[INFO] [stdout] 2 + use appy_macros::apx;
[INFO] [stdout]   |
[INFO] [stdout] 
[INFO] [stdout] error: aborting due to 1 previous error
[INFO] [stdout] 
[INFO] [stdout] Couldn't compile the test.
[INFO] [stdout] ---- src/lib.rs - component_builder (line 94) stdout ----
[INFO] [stdout] error: expected one of `:`, `@`, or `|`, found `<`
[INFO] [stdout]  --> src/lib.rs:100:30
[INFO] [stdout]   |
[INFO] [stdout] 8 |     pub fn an_int(ElementWrap<Self>,v:i32)->ElementWrap<Self> {
[INFO] [stdout]   |                              ^ expected one of `:`, `@`, or `|`
[INFO] [stdout]   |
[INFO] [stdout]   = note: anonymous parameters are removed in the 2018 edition (see RFC 1685)
[INFO] [stdout] help: if this is a `self` type, give it a parameter name
[INFO] [stdout]   |
[INFO] [stdout] 8 |     pub fn an_int(self: ElementWrap<Self>,v:i32)->ElementWrap<Self> {
[INFO] [stdout]   |                   +++++
[INFO] [stdout] help: if this is a type, explicitly ignore the parameter name
[INFO] [stdout]   |
[INFO] [stdout] 8 |     pub fn an_int(_: ElementWrap<Self>,v:i32)->ElementWrap<Self> {
[INFO] [stdout]   |                   ++
[INFO] [stdout] 
[INFO] [stdout] error: expected one of `:`, `@`, or `|`, found `<`
[INFO] [stdout]   --> src/lib.rs:104:42
[INFO] [stdout]    |
[INFO] [stdout] 12 |     pub fn an_optional_string(ElementWrap<Self>,v:String)->ElementWrap<Self> {
[INFO] [stdout]    |                                          ^ expected one of `:`, `@`, or `|`
[INFO] [stdout]    |
[INFO] [stdout]    = note: anonymous parameters are removed in the 2018 edition (see RFC 1685)
[INFO] [stdout] help: if this is a `self` type, give it a parameter name
[INFO] [stdout]    |
[INFO] [stdout] 12 |     pub fn an_optional_string(self: ElementWrap<Self>,v:String)->ElementWrap<Self> {
[INFO] [stdout]    |                               +++++
[INFO] [stdout] help: if this is a type, explicitly ignore the parameter name
[INFO] [stdout]    |
[INFO] [stdout] 12 |     pub fn an_optional_string(_: ElementWrap<Self>,v:String)->ElementWrap<Self> {
[INFO] [stdout]    |                               ++
[INFO] [stdout] 
[INFO] [stdout] error[E0412]: cannot find type `MyStruct` in this scope
[INFO] [stdout]  --> src/lib.rs:95:6
[INFO] [stdout]   |
[INFO] [stdout] 3 | impl MyStruct {
[INFO] [stdout]   |      ^^^^^^^^ not found in this scope
[INFO] [stdout] 
[INFO] [stdout] error[E0412]: cannot find type `ElementWrap` in this scope
[INFO] [stdout]  --> src/lib.rs:96:19
[INFO] [stdout]   |
[INFO] [stdout] 4 |     pub fn new()->ElementWrap<Self> {
[INFO] [stdout]   |                   ^^^^^^^^^^^ not found in this scope
[INFO] [stdout] 
[INFO] [stdout] error[E0412]: cannot find type `ElementWrap` in this scope
[INFO] [stdout]  --> src/lib.rs:100:45
[INFO] [stdout]   |
[INFO] [stdout] 8 |     pub fn an_int(ElementWrap<Self>,v:i32)->ElementWrap<Self> {
[INFO] [stdout]   |                                             ^^^^^^^^^^^ not found in this scope
[INFO] [stdout] 
[INFO] [stdout] error[E0412]: cannot find type `ElementWrap` in this scope
[INFO] [stdout]   --> src/lib.rs:104:60
[INFO] [stdout]    |
[INFO] [stdout] 12 |     pub fn an_optional_string(ElementWrap<Self>,v:String)->ElementWrap<Self> {
[INFO] [stdout]    |                                                            ^^^^^^^^^^^ not found in this scope
[INFO] [stdout] 
[INFO] [stdout] error: aborting due to 6 previous errors
[INFO] [stdout] 
[INFO] [stdout] For more information about this error, try `rustc --explain E0412`.
[INFO] [stdout] Couldn't compile the test.
[INFO] [stdout] ---- src/lib.rs - apx (line 138) stdout ----
[INFO] [stdout] error: cannot find macro `apx` in this scope
[INFO] [stdout]  --> src/lib.rs:139:1
[INFO] [stdout]   |
[INFO] [stdout] 3 | apx!{
[INFO] [stdout]   | ^^^
[INFO] [stdout]   |
[INFO] [stdout] help: consider importing this macro
[INFO] [stdout]   |
[INFO] [stdout] 2 + use appy_macros::apx;
[INFO] [stdout]   |
[INFO] [stdout] 
[INFO] [stdout] error: aborting due to 1 previous error
[INFO] [stdout] 
[INFO] [stdout] Couldn't compile the test.
[INFO] [stdout] ---- src/lib.rs - function_component (line 18) stdout ----
[INFO] [stdout] error: cannot find attribute `function_component` in this scope
[INFO] [stdout]  --> src/lib.rs:25:3
[INFO] [stdout]   |
[INFO] [stdout] 9 | #[function_component]
[INFO] [stdout]   |   ^^^^^^^^^^^^^^^^^^
[INFO] [stdout]   |
[INFO] [stdout] help: consider importing this attribute macro
[INFO] [stdout]   |
[INFO] [stdout] 2 + use appy_macros::function_component;
[INFO] [stdout]   |
[INFO] [stdout] 
[INFO] [stdout] error: cannot find macro `apx` in this scope
[INFO] [stdout]   --> src/lib.rs:27:5
[INFO] [stdout]    |
[INFO] [stdout] 11 |     apx! {
[INFO] [stdout]    |     ^^^
[INFO] [stdout]    |
[INFO] [stdout] help: consider importing this macro
[INFO] [stdout]    |
[INFO] [stdout] 2  + use appy_macros::apx;
[INFO] [stdout]    |
[INFO] [stdout] 
[INFO] [stdout] error: cannot find attribute `derive_component` in this scope
[INFO] [stdout]  --> src/lib.rs:19:3
[INFO] [stdout]   |
[INFO] [stdout] 3 | #[derive_component(Default,ComponentBuilder)]
[INFO] [stdout]   |   ^^^^^^^^^^^^^^^^
[INFO] [stdout]  --> /rustc/df4ca44d3fbc9301ee17f30f4d474e6ae4b05252/library/core/src/macros/mod.rs:1667:5
[INFO] [stdout]   |
[INFO] [stdout]   = note: similarly named attribute macro `derive_const` defined here
[INFO] [stdout]   |
[INFO] [stdout] help: an attribute macro with a similar name exists
[INFO] [stdout]   |
[INFO] [stdout] 3 | #[derive_const(Default,ComponentBuilder)]
[INFO] [stdout]   |   ~~~~~~~~~~~~
[INFO] [stdout] help: consider importing this attribute macro
[INFO] [stdout]   |
[INFO] [stdout] 2 + use appy_macros::derive_component;
[INFO] [stdout]   |
[INFO] [stdout] 
[INFO] [stdout] error[E0412]: cannot find type `Elements` in this scope
[INFO] [stdout]   --> src/lib.rs:26:35
[INFO] [stdout]    |
[INFO] [stdout] 10 | fn _my_comp_render(props:MyComp)->Elements {
[INFO] [stdout]    |                                   ^^^^^^^^ not found in this scope
[INFO] [stdout] 
[INFO] [stdout] error: aborting due to 4 previous errors
[INFO] [stdout] 
[INFO] [stdout] For more information about this error, try `rustc --explain E0412`.
[INFO] [stdout] Couldn't compile the test.
[INFO] [stdout] ---- src/lib.rs - main_window (line 59) stdout ----
[INFO] [stdout] error[E0432]: unresolved import `appy`
[INFO] [stdout]  --> src/lib.rs:60:5
[INFO] [stdout]   |
[INFO] [stdout] 3 | use appy::*;
[INFO] [stdout]   |     ^^^^ use of undeclared crate or module `appy`
[INFO] [stdout] 
[INFO] [stdout] error: cannot find attribute `main_window` in this scope
[INFO] [stdout]  --> src/lib.rs:62:3
[INFO] [stdout]   |
[INFO] [stdout] 5 | #[main_window]
[INFO] [stdout]   |   ^^^^^^^^^^^
[INFO] [stdout]   |
[INFO] [stdout] help: consider importing this attribute macro
[INFO] [stdout]   |
[INFO] [stdout] 2 + use appy_macros::main_window;
[INFO] [stdout]   |
[INFO] [stdout] 
[INFO] [stdout] error: cannot find macro `apx` in this scope
[INFO] [stdout]  --> src/lib.rs:64:4
[INFO] [stdout]   |
[INFO] [stdout] 7 |    apx!{
[INFO] [stdout]   |    ^^^
[INFO] [stdout]   |
[INFO] [stdout] help: consider importing this macro
[INFO] [stdout]   |
[INFO] [stdout] 2 + use appy_macros::apx;
[INFO] [stdout]   |
[INFO] [stdout] 
[INFO] [stdout] error: aborting due to 3 previous errors
[INFO] [stdout] 
[INFO] [stdout] For more information about this error, try `rustc --explain E0432`.
[INFO] [stdout] Couldn't compile the test.
[INFO] [stdout] ---- src/lib.rs - snake_factory (line 123) stdout ----
[INFO] [stdout] error[E0412]: cannot find type `MyStruct` in this scope
[INFO] [stdout]  --> src/lib.rs:124:19
[INFO] [stdout]   |
[INFO] [stdout] 3 | fn my_struct() -> MyStruct {
[INFO] [stdout]   |                   ^^^^^^^^ not found in this scope
[INFO] [stdout] 
[INFO] [stdout] error[E0433]: failed to resolve: use of undeclared type `MyStruct`
[INFO] [stdout]  --> src/lib.rs:125:5
[INFO] [stdout]   |
[INFO] [stdout] 4 |     MyStruct::new()
[INFO] [stdout]   |     ^^^^^^^^ use of undeclared type `MyStruct`
[INFO] [stdout] 
[INFO] [stdout] error: aborting due to 2 previous errors
[INFO] [stdout] 
[INFO] [stdout] Some errors have detailed explanations: E0412, E0433.
[INFO] [stdout] For more information about an error, try `rustc --explain E0412`.
[INFO] [stdout] Couldn't compile the test.
[INFO] [stdout] 
[INFO] [stdout] failures:
[INFO] [stdout]     src/lib.rs - apx (line 138)
[INFO] [stdout]     src/lib.rs - apx (line 144)
[INFO] [stdout]     src/lib.rs - apx (line 150)
[INFO] [stdout]     src/lib.rs - component_builder (line 94)
[INFO] [stdout]     src/lib.rs - function_component (line 18)
[INFO] [stdout]     src/lib.rs - function_component (line 39)
[INFO] [stdout]     src/lib.rs - main_window (line 59)
[INFO] [stdout]     src/lib.rs - snake_factory (line 123)
[INFO] [stdout] 
[INFO] [stdout] test result: FAILED. 1 passed; 8 failed; 0 ignored; 0 measured; 0 filtered out; finished in 0.39s
[INFO] [stdout] 
[INFO] [stderr] error: doctest failed, to rerun pass `--doc`
[INFO] running `Command { std: "docker" "inspect" "bd59198ae35f042c2227f136c281cc99fedeb5af3951ac51c3ad1e5631e485f4", kill_on_drop: false }`
[INFO] running `Command { std: "docker" "rm" "-f" "bd59198ae35f042c2227f136c281cc99fedeb5af3951ac51c3ad1e5631e485f4", kill_on_drop: false }`
[INFO] [stdout] bd59198ae35f042c2227f136c281cc99fedeb5af3951ac51c3ad1e5631e485f4
