[INFO] fetching crate applin 0.2.8...
[INFO] testing applin-0.2.8 against nightly-2024-10-28 for randomize-layout
[INFO] extracting crate applin 0.2.8 into /workspace/builds/worker-4-tc1/source
[INFO] validating manifest of crates.io crate applin 0.2.8 on toolchain nightly-2024-10-28
[INFO] running `Command { std: CARGO_HOME="/workspace/cargo-home" RUSTUP_HOME="/workspace/rustup-home" "/workspace/cargo-home/bin/cargo" "+nightly-2024-10-28" "metadata" "--manifest-path" "Cargo.toml" "--no-deps", kill_on_drop: false }`
[INFO] started tweaking crates.io crate applin 0.2.8
[INFO] finished tweaking crates.io crate applin 0.2.8
[INFO] tweaked toml for crates.io crate applin 0.2.8 written to /workspace/builds/worker-4-tc1/source/Cargo.toml
[INFO] running `Command { std: CARGO_HOME="/workspace/cargo-home" RUSTUP_HOME="/workspace/rustup-home" "/workspace/cargo-home/bin/cargo" "+nightly-2024-10-28" "generate-lockfile" "--manifest-path" "Cargo.toml", kill_on_drop: false }`
[INFO] [stderr]     Updating crates.io index
[INFO] [stderr]      Locking 102 packages to latest compatible versions
[INFO] [stderr]       Adding servlin v0.4.3 (available: v0.5.1)
[INFO] running `Command { std: CARGO_HOME="/workspace/cargo-home" RUSTUP_HOME="/workspace/rustup-home" "/workspace/cargo-home/bin/cargo" "+nightly-2024-10-28" "fetch" "--manifest-path" "Cargo.toml", kill_on_drop: false }`
[INFO] [stderr]  Downloading crates ...
[INFO] [stderr]   Downloaded safina-timer v0.1.13
[INFO] [stderr]   Downloaded temp-file v0.1.9
[INFO] [stderr]   Downloaded safina-executor v0.3.4
[INFO] [stderr]   Downloaded safina-sync v0.2.5
[INFO] [stderr]   Downloaded temp-dir v0.1.14
[INFO] [stderr]   Downloaded permit v0.2.1
[INFO] [stderr]   Downloaded safe-regex-macro v0.2.6
[INFO] [stderr]   Downloaded safina-threadpool v0.2.5
[INFO] [stderr]   Downloaded safe-regex v0.2.6
[INFO] [stderr]   Downloaded fixed-buffer v0.5.0
[INFO] [stderr]   Downloaded safe-regex-compiler v0.2.6
[INFO] [stderr]   Downloaded safe-proc-macro2 v1.0.67
[INFO] [stderr]   Downloaded safe-quote v1.0.15
[INFO] [stderr]   Downloaded servlin v0.4.3
[INFO] running `Command { std: "docker" "create" "-v" "/var/lib/crater-agent-workspace/builds/worker-4-tc1/target:/opt/rustwide/target:rw,Z" "-v" "/var/lib/crater-agent-workspace/builds/worker-4-tc1/source:/opt/rustwide/workdir:ro,Z" "-v" "/var/lib/crater-agent-workspace/cargo-home:/opt/rustwide/cargo-home:ro,Z" "-v" "/var/lib/crater-agent-workspace/rustup-home:/opt/rustwide/rustup-home:ro,Z" "-e" "SOURCE_DIR=/opt/rustwide/workdir" "-e" "CARGO_TARGET_DIR=/opt/rustwide/target" "-e" "CARGO_HOME=/opt/rustwide/cargo-home" "-e" "RUSTUP_HOME=/opt/rustwide/rustup-home" "-w" "/opt/rustwide/workdir" "-m" "1610612736" "--user" "0:0" "--network" "none" "ghcr.io/rust-lang/crates-build-env/linux@sha256:4a844ea9eb2546a2d2c7022eacef16ef2e8229c7fbb2c7d4d55a9ceca922f72d" "/opt/rustwide/cargo-home/bin/cargo" "+nightly-2024-10-28" "metadata" "--no-deps" "--format-version=1", kill_on_drop: false }`
[INFO] [stdout] 4fa929067e086f48fdac1a7cdc1ef4381ec80116eeb3f7c11f1a682a85902b95
[INFO] running `Command { std: "docker" "start" "-a" "4fa929067e086f48fdac1a7cdc1ef4381ec80116eeb3f7c11f1a682a85902b95", kill_on_drop: false }`
[INFO] running `Command { std: "docker" "inspect" "4fa929067e086f48fdac1a7cdc1ef4381ec80116eeb3f7c11f1a682a85902b95", kill_on_drop: false }`
[INFO] running `Command { std: "docker" "rm" "-f" "4fa929067e086f48fdac1a7cdc1ef4381ec80116eeb3f7c11f1a682a85902b95", kill_on_drop: false }`
[INFO] [stdout] 4fa929067e086f48fdac1a7cdc1ef4381ec80116eeb3f7c11f1a682a85902b95
[INFO] running `Command { std: "docker" "create" "-v" "/var/lib/crater-agent-workspace/builds/worker-4-tc1/target:/opt/rustwide/target:rw,Z" "-v" "/var/lib/crater-agent-workspace/builds/worker-4-tc1/source:/opt/rustwide/workdir:ro,Z" "-v" "/var/lib/crater-agent-workspace/cargo-home:/opt/rustwide/cargo-home:ro,Z" "-v" "/var/lib/crater-agent-workspace/rustup-home:/opt/rustwide/rustup-home:ro,Z" "-e" "SOURCE_DIR=/opt/rustwide/workdir" "-e" "CARGO_TARGET_DIR=/opt/rustwide/target" "-e" "CARGO_INCREMENTAL=0" "-e" "RUST_BACKTRACE=full" "-e" "RUSTFLAGS=--cap-lints=forbid" "-e" "RUSTDOCFLAGS=--cap-lints=forbid" "-e" "CARGO_HOME=/opt/rustwide/cargo-home" "-e" "RUSTUP_HOME=/opt/rustwide/rustup-home" "-w" "/opt/rustwide/workdir" "-m" "1610612736" "--user" "0:0" "--network" "none" "ghcr.io/rust-lang/crates-build-env/linux@sha256:4a844ea9eb2546a2d2c7022eacef16ef2e8229c7fbb2c7d4d55a9ceca922f72d" "/opt/rustwide/cargo-home/bin/cargo" "+nightly-2024-10-28" "build" "--frozen" "--message-format=json", kill_on_drop: false }`
[INFO] [stdout] 84c9bcee8ff5fd2cab0ce2d126a9843727103b939065c166a7f1c89105f1bd5f
[INFO] running `Command { std: "docker" "start" "-a" "84c9bcee8ff5fd2cab0ce2d126a9843727103b939065c166a7f1c89105f1bd5f", kill_on_drop: false }`
[INFO] [stderr]    Compiling proc-macro2 v1.0.89
[INFO] [stderr]    Compiling nanorand v0.7.0
[INFO] [stderr]    Compiling quote v1.0.37
[INFO] [stderr]    Compiling syn v2.0.86
[INFO] [stderr]    Compiling serde_derive v1.0.214
[INFO] [stderr]    Compiling serde v1.0.214
[INFO] [stderr]    Compiling serde_json v1.0.132
[INFO] [stderr]    Compiling applin v0.2.8 (/opt/rustwide/workdir)
[INFO] [stderr]     Finished `dev` profile [unoptimized + debuginfo] target(s) in 7.34s
[INFO] running `Command { std: "docker" "inspect" "84c9bcee8ff5fd2cab0ce2d126a9843727103b939065c166a7f1c89105f1bd5f", kill_on_drop: false }`
[INFO] running `Command { std: "docker" "rm" "-f" "84c9bcee8ff5fd2cab0ce2d126a9843727103b939065c166a7f1c89105f1bd5f", kill_on_drop: false }`
[INFO] [stdout] 84c9bcee8ff5fd2cab0ce2d126a9843727103b939065c166a7f1c89105f1bd5f
[INFO] running `Command { std: "docker" "create" "-v" "/var/lib/crater-agent-workspace/builds/worker-4-tc1/target:/opt/rustwide/target:rw,Z" "-v" "/var/lib/crater-agent-workspace/builds/worker-4-tc1/source:/opt/rustwide/workdir:ro,Z" "-v" "/var/lib/crater-agent-workspace/cargo-home:/opt/rustwide/cargo-home:ro,Z" "-v" "/var/lib/crater-agent-workspace/rustup-home:/opt/rustwide/rustup-home:ro,Z" "-e" "SOURCE_DIR=/opt/rustwide/workdir" "-e" "CARGO_TARGET_DIR=/opt/rustwide/target" "-e" "CARGO_INCREMENTAL=0" "-e" "RUST_BACKTRACE=full" "-e" "RUSTFLAGS=--cap-lints=forbid" "-e" "RUSTDOCFLAGS=--cap-lints=forbid" "-e" "CARGO_HOME=/opt/rustwide/cargo-home" "-e" "RUSTUP_HOME=/opt/rustwide/rustup-home" "-w" "/opt/rustwide/workdir" "-m" "1610612736" "--user" "0:0" "--network" "none" "ghcr.io/rust-lang/crates-build-env/linux@sha256:4a844ea9eb2546a2d2c7022eacef16ef2e8229c7fbb2c7d4d55a9ceca922f72d" "/opt/rustwide/cargo-home/bin/cargo" "+nightly-2024-10-28" "test" "--frozen" "--no-run" "--message-format=json", kill_on_drop: false }`
[INFO] [stdout] 7147b75a0bc14c57d7cf176666c482795e866a6139c4bf2d59632653cbc2820e
[INFO] running `Command { std: "docker" "start" "-a" "7147b75a0bc14c57d7cf176666c482795e866a6139c4bf2d59632653cbc2820e", kill_on_drop: false }`
[INFO] [stderr]    Compiling applin v0.2.8 (/opt/rustwide/workdir)
[INFO] [stderr]     Finished `test` profile [unoptimized + debuginfo] target(s) in 0.95s
[INFO] running `Command { std: "docker" "inspect" "7147b75a0bc14c57d7cf176666c482795e866a6139c4bf2d59632653cbc2820e", kill_on_drop: false }`
[INFO] running `Command { std: "docker" "rm" "-f" "7147b75a0bc14c57d7cf176666c482795e866a6139c4bf2d59632653cbc2820e", kill_on_drop: false }`
[INFO] [stdout] 7147b75a0bc14c57d7cf176666c482795e866a6139c4bf2d59632653cbc2820e
[INFO] running `Command { std: "docker" "create" "-v" "/var/lib/crater-agent-workspace/builds/worker-4-tc1/target:/opt/rustwide/target:rw,Z" "-v" "/var/lib/crater-agent-workspace/builds/worker-4-tc1/source:/opt/rustwide/workdir:ro,Z" "-v" "/var/lib/crater-agent-workspace/cargo-home:/opt/rustwide/cargo-home:ro,Z" "-v" "/var/lib/crater-agent-workspace/rustup-home:/opt/rustwide/rustup-home:ro,Z" "-e" "SOURCE_DIR=/opt/rustwide/workdir" "-e" "CARGO_TARGET_DIR=/opt/rustwide/target" "-e" "CARGO_INCREMENTAL=0" "-e" "RUST_BACKTRACE=full" "-e" "RUSTFLAGS=--cap-lints=forbid" "-e" "RUSTDOCFLAGS=--cap-lints=forbid" "-e" "CARGO_HOME=/opt/rustwide/cargo-home" "-e" "RUSTUP_HOME=/opt/rustwide/rustup-home" "-w" "/opt/rustwide/workdir" "-m" "1610612736" "--user" "0:0" "--network" "none" "ghcr.io/rust-lang/crates-build-env/linux@sha256:4a844ea9eb2546a2d2c7022eacef16ef2e8229c7fbb2c7d4d55a9ceca922f72d" "/opt/rustwide/cargo-home/bin/cargo" "+nightly-2024-10-28" "test" "--frozen", kill_on_drop: false }`
[INFO] [stdout] 764626319ecbfe9e951c305621e036c7e068b82d6d749cfe7a3d1c5560726ef0
[INFO] running `Command { std: "docker" "start" "-a" "764626319ecbfe9e951c305621e036c7e068b82d6d749cfe7a3d1c5560726ef0", kill_on_drop: false }`
[INFO] [stderr]     Finished `test` profile [unoptimized + debuginfo] target(s) in 0.03s
[INFO] [stderr]      Running unittests src/lib.rs (/opt/rustwide/target/debug/deps/applin-40b1bbcb6debe0f6)
[INFO] [stdout] 
[INFO] [stdout] running 0 tests
[INFO] [stdout] 
[INFO] [stdout] test result: ok. 0 passed; 0 failed; 0 ignored; 0 measured; 0 filtered out; finished in 0.00s
[INFO] [stdout] 
[INFO] [stderr]      Running tests/real32_test.rs (/opt/rustwide/target/debug/deps/real32_test-9c5424663ff2d9d8)
[INFO] [stdout] 
[INFO] [stdout] running 1 test
[INFO] [stdout] test deserialize ... ok
[INFO] [stdout] 
[INFO] [stdout] test result: ok. 1 passed; 0 failed; 0 ignored; 0 measured; 0 filtered out; finished in 0.00s
[INFO] [stdout] 
[INFO] [stderr]    Doc-tests applin
[INFO] [stdout] 
[INFO] [stdout] running 5 tests
[INFO] [stdout] test src/action.rs - action::modal (line 156) ... FAILED
[INFO] [stdout] test src/action.rs - action::launch_url (line 131) ... ok
[INFO] [stdout] test src/action.rs - action::poll (line 197) ... ok
[INFO] [stdout] test src/util/mod.rs - util::escape_ascii (line 17) ... ok
[INFO] [stdout] test src/util/mod.rs - util::escape_and_elide (line 50) ... FAILED
[INFO] [stdout] 
[INFO] [stdout] failures:
[INFO] [stdout] 
[INFO] [stdout] ---- src/action.rs - action::modal (line 156) stdout ----
[INFO] [stdout] error[E0277]: the trait bound `Vec<ModalButton>: From<Vec<(_, Vec<Action>)>>` is not satisfied
[INFO] [stdout]    --> src/action.rs:165:5
[INFO] [stdout]     |
[INFO] [stdout] 9   |   button("Delete", [modal(
[INFO] [stdout]     |                     ----- required by a bound introduced by this call
[INFO] [stdout] ...
[INFO] [stdout] 12  | /     vec![
[INFO] [stdout] 13  | |         ("!Delete".into(), vec![rpc("/delete?id=123", false), poll()]),
[INFO] [stdout] 14  | |         ("Cancel".into(), vec![]),
[INFO] [stdout] 15  | |     ]
[INFO] [stdout]     | |_____^ the trait `From<Vec<(_, Vec<Action>)>>` is not implemented for `Vec<ModalButton>`, which is required by `Vec<(_, Vec<Action>)>: Into<Vec<ModalButton>>`
[INFO] [stdout]     |
[INFO] [stdout]     = help: the following other types implement trait `From<T>`:
[INFO] [stdout]               `Vec<T, A>` implements `From<BinaryHeap<T, A>>`
[INFO] [stdout]               `Vec<T, A>` implements `From<Box<[T], A>>`
[INFO] [stdout]               `Vec<T, A>` implements `From<VecDeque<T, A>>`
[INFO] [stdout]               `Vec<T>` implements `From<&[T; N]>`
[INFO] [stdout]               `Vec<T>` implements `From<&[T]>`
[INFO] [stdout]               `Vec<T>` implements `From<&mut [T; N]>`
[INFO] [stdout]               `Vec<T>` implements `From<&mut [T]>`
[INFO] [stdout]               `Vec<T>` implements `From<Cow<'_, [T]>>`
[INFO] [stdout]             and 4 others
[INFO] [stdout]     = note: required for `Vec<(_, Vec<Action>)>` to implement `Into<Vec<ModalButton>>`
[INFO] [stdout] note: required by a bound in `modal`
[INFO] [stdout]    --> /opt/rustwide/workdir/src/action.rs:176:19
[INFO] [stdout]     |
[INFO] [stdout] 173 | pub fn modal(
[INFO] [stdout]     |        ----- required by a bound in this function
[INFO] [stdout] ...
[INFO] [stdout] 176 |     buttons: impl Into<Vec<ModalButton>>,
[INFO] [stdout]     |                   ^^^^^^^^^^^^^^^^^^^^^^ required by this bound in `modal`
[INFO] [stdout] 
[INFO] [stdout] error: aborting due to 1 previous error
[INFO] [stdout] 
[INFO] [stdout] For more information about this error, try `rustc --explain E0277`.
[INFO] [stdout] Couldn't compile the test.
[INFO] [stdout] ---- src/util/mod.rs - util::escape_and_elide (line 50) stdout ----
[INFO] [stdout] Test executable failed (exit status: 101).
[INFO] [stdout] 
[INFO] [stdout] stderr:
[INFO] [stdout] thread 'main' panicked at src/util/mod.rs:7:1:
[INFO] [stdout] assertion `left == right` failed
[INFO] [stdout]   left: "ab..."
[INFO] [stdout]  right: "abcde..."
[INFO] [stdout] stack backtrace:
[INFO] [stdout]    0:     0x59c6b82011aa - std::backtrace_rs::backtrace::libunwind::trace::h207520d6e9873551
[INFO] [stdout]                                at /rustc/df4ca44d3fbc9301ee17f30f4d474e6ae4b05252/library/std/src/../../backtrace/src/backtrace/libunwind.rs:116:5
[INFO] [stdout]    1:     0x59c6b82011aa - std::backtrace_rs::backtrace::trace_unsynchronized::h2ed7433f370e3eca
[INFO] [stdout]                                at /rustc/df4ca44d3fbc9301ee17f30f4d474e6ae4b05252/library/std/src/../../backtrace/src/backtrace/mod.rs:66:5
[INFO] [stdout]    2:     0x59c6b82011aa - std::sys::backtrace::_print_fmt::h916fac51166b18d7
[INFO] [stdout]                                at /rustc/df4ca44d3fbc9301ee17f30f4d474e6ae4b05252/library/std/src/sys/backtrace.rs:66:9
[INFO] [stdout]    3:     0x59c6b82011aa - <std::sys::backtrace::BacktraceLock::print::DisplayBacktrace as core::fmt::Display>::fmt::ha0a4c9b8ce3802e6
[INFO] [stdout]                                at /rustc/df4ca44d3fbc9301ee17f30f4d474e6ae4b05252/library/std/src/sys/backtrace.rs:39:26
[INFO] [stdout]    4:     0x59c6b821d223 - core::fmt::rt::Argument::fmt::h4cfc8587d52b3eb5
[INFO] [stdout]                                at /rustc/df4ca44d3fbc9301ee17f30f4d474e6ae4b05252/library/core/src/fmt/rt.rs:177:76
[INFO] [stdout]    5:     0x59c6b821d223 - core::fmt::write::h522cc39e5b36ae9f
[INFO] [stdout]                                at /rustc/df4ca44d3fbc9301ee17f30f4d474e6ae4b05252/library/core/src/fmt/mod.rs:1190:21
[INFO] [stdout]    6:     0x59c6b81fec13 - std::io::Write::write_fmt::hf1c1dcc8cc1287f0
[INFO] [stdout]                                at /rustc/df4ca44d3fbc9301ee17f30f4d474e6ae4b05252/library/std/src/io/mod.rs:1839:15
[INFO] [stdout]    7:     0x59c6b8200ff2 - std::sys::backtrace::BacktraceLock::print::h4b9e00b29e9c0942
[INFO] [stdout]                                at /rustc/df4ca44d3fbc9301ee17f30f4d474e6ae4b05252/library/std/src/sys/backtrace.rs:42:9
[INFO] [stdout]    8:     0x59c6b8201fbc - std::panicking::default_hook::{{closure}}::hb59b88280d0324d9
[INFO] [stdout]                                at /rustc/df4ca44d3fbc9301ee17f30f4d474e6ae4b05252/library/std/src/panicking.rs:268:22
[INFO] [stdout]    9:     0x59c6b8201e02 - std::panicking::default_hook::he1dd496665be4a29
[INFO] [stdout]                                at /rustc/df4ca44d3fbc9301ee17f30f4d474e6ae4b05252/library/std/src/panicking.rs:295:9
[INFO] [stdout]   10:     0x59c6b82025b7 - std::panicking::rust_panic_with_hook::h2ff17fe8f26dfcf8
[INFO] [stdout]                                at /rustc/df4ca44d3fbc9301ee17f30f4d474e6ae4b05252/library/std/src/panicking.rs:801:13
[INFO] [stdout]   11:     0x59c6b820244a - std::panicking::begin_panic_handler::{{closure}}::h4fad77951c07e101
[INFO] [stdout]                                at /rustc/df4ca44d3fbc9301ee17f30f4d474e6ae4b05252/library/std/src/panicking.rs:674:13
[INFO] [stdout]   12:     0x59c6b8201689 - std::sys::backtrace::__rust_end_short_backtrace::hb1a25b3da5d0ea08
[INFO] [stdout]                                at /rustc/df4ca44d3fbc9301ee17f30f4d474e6ae4b05252/library/std/src/sys/backtrace.rs:170:18
[INFO] [stdout]   13:     0x59c6b82020dc - rust_begin_unwind
[INFO] [stdout]                                at /rustc/df4ca44d3fbc9301ee17f30f4d474e6ae4b05252/library/std/src/panicking.rs:665:5
[INFO] [stdout]   14:     0x59c6b821c560 - core::panicking::panic_fmt::ha9db07b529f9b256
[INFO] [stdout]                                at /rustc/df4ca44d3fbc9301ee17f30f4d474e6ae4b05252/library/core/src/panicking.rs:75:14
[INFO] [stdout]   15:     0x59c6b821c852 - core::panicking::assert_failed_inner::h04f38944d74a80a8
[INFO] [stdout]   16:     0x59c6b81e03b3 - core::panicking::assert_failed::h1aa325caf1dcf71e
[INFO] [stdout]   17:     0x59c6b81e05ba - rust_out::main::_doctest_main_src_util_mod_rs_50_0::h357200b09539ef1a
[INFO] [stdout]   18:     0x59c6b81e0446 - rust_out::main::ha213a30daa5df4da
[INFO] [stdout]   19:     0x59c6b81e0373 - core::ops::function::FnOnce::call_once::hf7edf7132571051c
[INFO] [stdout]   20:     0x59c6b81e0306 - std::sys::backtrace::__rust_begin_short_backtrace::h32fd822fd2ba4079
[INFO] [stdout]   21:     0x59c6b81e02e9 - std::rt::lang_start::{{closure}}::h4039a1c394ed4f7c
[INFO] [stdout]   22:     0x59c6b81fd0f7 - core::ops::function::impls::<impl core::ops::function::FnOnce<A> for &F>::call_once::hd87d66b906e0ccaf
[INFO] [stdout]                                at /rustc/df4ca44d3fbc9301ee17f30f4d474e6ae4b05252/library/core/src/ops/function.rs:284:13
[INFO] [stdout]   23:     0x59c6b81fd0f7 - std::panicking::try::do_call::hae3703de71fc9e3a
[INFO] [stdout]                                at /rustc/df4ca44d3fbc9301ee17f30f4d474e6ae4b05252/library/std/src/panicking.rs:557:40
[INFO] [stdout]   24:     0x59c6b81fd0f7 - std::panicking::try::h1178330e9a2b2645
[INFO] [stdout]                                at /rustc/df4ca44d3fbc9301ee17f30f4d474e6ae4b05252/library/std/src/panicking.rs:520:19
[INFO] [stdout]   25:     0x59c6b81fd0f7 - std::panic::catch_unwind::h0acf49d2305d32ad
[INFO] [stdout]                                at /rustc/df4ca44d3fbc9301ee17f30f4d474e6ae4b05252/library/std/src/panic.rs:358:14
[INFO] [stdout]   26:     0x59c6b81fd0f7 - std::rt::lang_start_internal::{{closure}}::h2d95182d798177be
[INFO] [stdout]                                at /rustc/df4ca44d3fbc9301ee17f30f4d474e6ae4b05252/library/std/src/rt.rs:174:48
[INFO] [stdout]   27:     0x59c6b81fd0f7 - std::panicking::try::do_call::hb506f5bfe11fd30c
[INFO] [stdout]                                at /rustc/df4ca44d3fbc9301ee17f30f4d474e6ae4b05252/library/std/src/panicking.rs:557:40
[INFO] [stdout]   28:     0x59c6b81fd0f7 - std::panicking::try::h54d825c46bd0fa95
[INFO] [stdout]                                at /rustc/df4ca44d3fbc9301ee17f30f4d474e6ae4b05252/library/std/src/panicking.rs:520:19
[INFO] [stdout]   29:     0x59c6b81fd0f7 - std::panic::catch_unwind::hffbb0ad20c4e9fac
[INFO] [stdout]                                at /rustc/df4ca44d3fbc9301ee17f30f4d474e6ae4b05252/library/std/src/panic.rs:358:14
[INFO] [stdout]   30:     0x59c6b81fd0f7 - std::rt::lang_start_internal::h52c291ef1962c925
[INFO] [stdout]                                at /rustc/df4ca44d3fbc9301ee17f30f4d474e6ae4b05252/library/std/src/rt.rs:174:20
[INFO] [stdout]   31:     0x59c6b81e02c7 - std::rt::lang_start::h8c6075cd6f225ba1
[INFO] [stdout]   32:     0x59c6b81e0865 - main
[INFO] [stdout]   33:     0x7f878abb1d90 - <unknown>
[INFO] [stdout]   34:     0x7f878abb1e40 - __libc_start_main
[INFO] [stdout]   35:     0x59c6b81e01d5 - _start
[INFO] [stdout]   36:                0x0 - <unknown>
[INFO] [stdout] 
[INFO] [stdout] 
[INFO] [stdout] 
[INFO] [stdout] failures:
[INFO] [stdout]     src/action.rs - action::modal (line 156)
[INFO] [stdout]     src/util/mod.rs - util::escape_and_elide (line 50)
[INFO] [stdout] 
[INFO] [stdout] test result: FAILED. 3 passed; 2 failed; 0 ignored; 0 measured; 0 filtered out; finished in 0.12s
[INFO] [stdout] 
[INFO] [stderr] error: doctest failed, to rerun pass `--doc`
[INFO] running `Command { std: "docker" "inspect" "764626319ecbfe9e951c305621e036c7e068b82d6d749cfe7a3d1c5560726ef0", kill_on_drop: false }`
[INFO] running `Command { std: "docker" "rm" "-f" "764626319ecbfe9e951c305621e036c7e068b82d6d749cfe7a3d1c5560726ef0", kill_on_drop: false }`
[INFO] [stdout] 764626319ecbfe9e951c305621e036c7e068b82d6d749cfe7a3d1c5560726ef0
