[INFO] fetching crate appliance 0.2.4...
[INFO] testing appliance-0.2.4 against nightly-2024-10-28 for randomize-layout
[INFO] extracting crate appliance 0.2.4 into /workspace/builds/worker-4-tc1/source
[INFO] validating manifest of crates.io crate appliance 0.2.4 on toolchain nightly-2024-10-28
[INFO] running `Command { std: CARGO_HOME="/workspace/cargo-home" RUSTUP_HOME="/workspace/rustup-home" "/workspace/cargo-home/bin/cargo" "+nightly-2024-10-28" "metadata" "--manifest-path" "Cargo.toml" "--no-deps", kill_on_drop: false }`
[INFO] started tweaking crates.io crate appliance 0.2.4
[INFO] finished tweaking crates.io crate appliance 0.2.4
[INFO] tweaked toml for crates.io crate appliance 0.2.4 written to /workspace/builds/worker-4-tc1/source/Cargo.toml
[INFO] running `Command { std: CARGO_HOME="/workspace/cargo-home" RUSTUP_HOME="/workspace/rustup-home" "/workspace/cargo-home/bin/cargo" "+nightly-2024-10-28" "generate-lockfile" "--manifest-path" "Cargo.toml", kill_on_drop: false }`
[INFO] [stderr]     Updating crates.io index
[INFO] [stderr]      Locking 118 packages to latest compatible versions
[INFO] [stderr]       Adding async-io v1.13.0 (available: v2.3.4)
[INFO] [stderr]       Adding bit-vec v0.6.3 (available: v0.8.0)
[INFO] [stderr]       Adding criterion v0.3.6 (available: v0.5.1)
[INFO] [stderr]       Adding event-listener v2.5.3 (available: v5.3.1)
[INFO] [stderr]       Adding flume v0.10.14 (available: v0.11.1)
[INFO] [stderr]       Adding futures-lite v1.13.0 (available: v2.4.0)
[INFO] running `Command { std: CARGO_HOME="/workspace/cargo-home" RUSTUP_HOME="/workspace/rustup-home" "/workspace/cargo-home/bin/cargo" "+nightly-2024-10-28" "fetch" "--manifest-path" "Cargo.toml", kill_on_drop: false }`
[INFO] [stderr]  Downloading crates ...
[INFO] [stderr]   Downloaded async-io v1.13.0
[INFO] [stderr]   Downloaded socket2 v0.4.10
[INFO] [stderr]   Downloaded async-task v4.7.1
[INFO] [stderr]   Downloaded async-lock v2.8.0
[INFO] [stderr]   Downloaded futures-lite v2.4.0
[INFO] [stderr]   Downloaded half v1.8.3
[INFO] [stderr]   Downloaded async-executor v1.13.1
[INFO] [stderr]   Downloaded io-lifetimes v1.0.11
[INFO] [stderr]   Downloaded rustix v0.37.27
[INFO] [stderr]   Downloaded linux-raw-sys v0.3.8
[INFO] running `Command { std: "docker" "create" "-v" "/var/lib/crater-agent-workspace/builds/worker-4-tc1/target:/opt/rustwide/target:rw,Z" "-v" "/var/lib/crater-agent-workspace/builds/worker-4-tc1/source:/opt/rustwide/workdir:ro,Z" "-v" "/var/lib/crater-agent-workspace/cargo-home:/opt/rustwide/cargo-home:ro,Z" "-v" "/var/lib/crater-agent-workspace/rustup-home:/opt/rustwide/rustup-home:ro,Z" "-e" "SOURCE_DIR=/opt/rustwide/workdir" "-e" "CARGO_TARGET_DIR=/opt/rustwide/target" "-e" "CARGO_HOME=/opt/rustwide/cargo-home" "-e" "RUSTUP_HOME=/opt/rustwide/rustup-home" "-w" "/opt/rustwide/workdir" "-m" "1610612736" "--user" "0:0" "--network" "none" "ghcr.io/rust-lang/crates-build-env/linux@sha256:4a844ea9eb2546a2d2c7022eacef16ef2e8229c7fbb2c7d4d55a9ceca922f72d" "/opt/rustwide/cargo-home/bin/cargo" "+nightly-2024-10-28" "metadata" "--no-deps" "--format-version=1", kill_on_drop: false }`
[INFO] [stdout] 99ffd1d823d9fc2b1c753af7474d3e0aecae05d1eab2e2099303255091dfff87
[INFO] running `Command { std: "docker" "start" "-a" "99ffd1d823d9fc2b1c753af7474d3e0aecae05d1eab2e2099303255091dfff87", kill_on_drop: false }`
[INFO] running `Command { std: "docker" "inspect" "99ffd1d823d9fc2b1c753af7474d3e0aecae05d1eab2e2099303255091dfff87", kill_on_drop: false }`
[INFO] running `Command { std: "docker" "rm" "-f" "99ffd1d823d9fc2b1c753af7474d3e0aecae05d1eab2e2099303255091dfff87", kill_on_drop: false }`
[INFO] [stdout] 99ffd1d823d9fc2b1c753af7474d3e0aecae05d1eab2e2099303255091dfff87
[INFO] running `Command { std: "docker" "create" "-v" "/var/lib/crater-agent-workspace/builds/worker-4-tc1/target:/opt/rustwide/target:rw,Z" "-v" "/var/lib/crater-agent-workspace/builds/worker-4-tc1/source:/opt/rustwide/workdir:ro,Z" "-v" "/var/lib/crater-agent-workspace/cargo-home:/opt/rustwide/cargo-home:ro,Z" "-v" "/var/lib/crater-agent-workspace/rustup-home:/opt/rustwide/rustup-home:ro,Z" "-e" "SOURCE_DIR=/opt/rustwide/workdir" "-e" "CARGO_TARGET_DIR=/opt/rustwide/target" "-e" "CARGO_INCREMENTAL=0" "-e" "RUST_BACKTRACE=full" "-e" "RUSTFLAGS=--cap-lints=forbid" "-e" "RUSTDOCFLAGS=--cap-lints=forbid" "-e" "CARGO_HOME=/opt/rustwide/cargo-home" "-e" "RUSTUP_HOME=/opt/rustwide/rustup-home" "-w" "/opt/rustwide/workdir" "-m" "1610612736" "--user" "0:0" "--network" "none" "ghcr.io/rust-lang/crates-build-env/linux@sha256:4a844ea9eb2546a2d2c7022eacef16ef2e8229c7fbb2c7d4d55a9ceca922f72d" "/opt/rustwide/cargo-home/bin/cargo" "+nightly-2024-10-28" "build" "--frozen" "--message-format=json", kill_on_drop: false }`
[INFO] [stdout] 6553565ebd83f301379da9c8aa2fcd99e8bfee24ebe66e3f4adc3521ef8b026b
[INFO] running `Command { std: "docker" "start" "-a" "6553565ebd83f301379da9c8aa2fcd99e8bfee24ebe66e3f4adc3521ef8b026b", kill_on_drop: false }`
[INFO] [stderr]    Compiling libc v0.2.161
[INFO] [stderr]    Compiling crossbeam-utils v0.8.20
[INFO] [stderr]    Compiling futures-core v0.3.31
[INFO] [stderr]    Compiling slab v0.4.9
[INFO] [stderr]    Compiling lock_api v0.4.12
[INFO] [stderr]    Compiling parking v2.2.1
[INFO] [stderr]    Compiling io-lifetimes v1.0.11
[INFO] [stderr]    Compiling pin-project-lite v0.2.15
[INFO] [stderr]    Compiling futures-io v0.3.31
[INFO] [stderr]    Compiling polling v2.8.0
[INFO] [stderr]    Compiling rustix v0.37.27
[INFO] [stderr]    Compiling scopeguard v1.2.0
[INFO] [stderr]    Compiling async-io v1.13.0
[INFO] [stderr]    Compiling fastrand v1.9.0
[INFO] [stderr]    Compiling fastrand v2.1.1
[INFO] [stderr]    Compiling syn v2.0.86
[INFO] [stderr]    Compiling linux-raw-sys v0.3.8
[INFO] [stderr]    Compiling event-listener v2.5.3
[INFO] [stderr]    Compiling waker-fn v1.2.0
[INFO] [stderr]    Compiling log v0.4.22
[INFO] [stderr]    Compiling futures-sink v0.3.31
[INFO] [stderr]    Compiling async-lock v2.8.0
[INFO] [stderr]    Compiling futures-lite v2.4.0
[INFO] [stderr]    Compiling futures-lite v1.13.0
[INFO] [stderr]    Compiling async-task v4.7.1
[INFO] [stderr]    Compiling once_cell v1.20.2
[INFO] [stderr]    Compiling spin v0.9.8
[INFO] [stderr]    Compiling concurrent-queue v2.5.0
[INFO] [stderr]    Compiling async-executor v1.13.1
[INFO] [stderr]    Compiling getrandom v0.2.15
[INFO] [stderr]    Compiling socket2 v0.4.10
[INFO] [stderr]    Compiling num_cpus v1.16.0
[INFO] [stderr]    Compiling nanorand v0.7.0
[INFO] [stderr]    Compiling pin-project-internal v1.1.7
[INFO] [stderr]    Compiling pin-project v1.1.7
[INFO] [stderr]    Compiling flume v0.10.14
[INFO] [stderr]    Compiling appliance v0.2.4 (/opt/rustwide/workdir)
[INFO] [stderr]     Finished `dev` profile [unoptimized + debuginfo] target(s) in 4.45s
[INFO] running `Command { std: "docker" "inspect" "6553565ebd83f301379da9c8aa2fcd99e8bfee24ebe66e3f4adc3521ef8b026b", kill_on_drop: false }`
[INFO] running `Command { std: "docker" "rm" "-f" "6553565ebd83f301379da9c8aa2fcd99e8bfee24ebe66e3f4adc3521ef8b026b", kill_on_drop: false }`
[INFO] [stdout] 6553565ebd83f301379da9c8aa2fcd99e8bfee24ebe66e3f4adc3521ef8b026b
[INFO] running `Command { std: "docker" "create" "-v" "/var/lib/crater-agent-workspace/builds/worker-4-tc1/target:/opt/rustwide/target:rw,Z" "-v" "/var/lib/crater-agent-workspace/builds/worker-4-tc1/source:/opt/rustwide/workdir:ro,Z" "-v" "/var/lib/crater-agent-workspace/cargo-home:/opt/rustwide/cargo-home:ro,Z" "-v" "/var/lib/crater-agent-workspace/rustup-home:/opt/rustwide/rustup-home:ro,Z" "-e" "SOURCE_DIR=/opt/rustwide/workdir" "-e" "CARGO_TARGET_DIR=/opt/rustwide/target" "-e" "CARGO_INCREMENTAL=0" "-e" "RUST_BACKTRACE=full" "-e" "RUSTFLAGS=--cap-lints=forbid" "-e" "RUSTDOCFLAGS=--cap-lints=forbid" "-e" "CARGO_HOME=/opt/rustwide/cargo-home" "-e" "RUSTUP_HOME=/opt/rustwide/rustup-home" "-w" "/opt/rustwide/workdir" "-m" "1610612736" "--user" "0:0" "--network" "none" "ghcr.io/rust-lang/crates-build-env/linux@sha256:4a844ea9eb2546a2d2c7022eacef16ef2e8229c7fbb2c7d4d55a9ceca922f72d" "/opt/rustwide/cargo-home/bin/cargo" "+nightly-2024-10-28" "test" "--frozen" "--no-run" "--message-format=json", kill_on_drop: false }`
[INFO] [stdout] ed521a7b43a57dca57b775db73688798f050c0739db766dcb64d244aaff237d5
[INFO] running `Command { std: "docker" "start" "-a" "ed521a7b43a57dca57b775db73688798f050c0739db766dcb64d244aaff237d5", kill_on_drop: false }`
[INFO] [stderr]    Compiling serde v1.0.214
[INFO] [stderr]    Compiling num-traits v0.2.19
[INFO] [stderr]    Compiling either v1.13.0
[INFO] [stderr]    Compiling rayon-core v1.12.1
[INFO] [stderr]    Compiling ryu v1.0.18
[INFO] [stderr]    Compiling itoa v1.0.11
[INFO] [stderr]    Compiling serde_json v1.0.132
[INFO] [stderr]    Compiling plotters-backend v0.3.7
[INFO] [stderr]    Compiling crossbeam-epoch v0.9.18
[INFO] [stderr]    Compiling regex-syntax v0.8.5
[INFO] [stderr]    Compiling unicode-width v0.1.14
[INFO] [stderr]    Compiling csv-core v0.1.11
[INFO] [stderr]    Compiling thiserror v1.0.66
[INFO] [stderr]    Compiling half v1.8.3
[INFO] [stderr]    Compiling same-file v1.0.6
[INFO] [stderr]    Compiling cast v0.3.0
[INFO] [stderr]    Compiling thiserror-impl v1.0.66
[INFO] [stderr]    Compiling serde_derive v1.0.214
[INFO] [stderr]    Compiling walkdir v2.5.0
[INFO] [stderr]    Compiling atty v0.2.14
[INFO] [stderr]    Compiling crossbeam-deque v0.8.5
[INFO] [stderr]    Compiling itertools v0.10.5
[INFO] [stderr]    Compiling textwrap v0.11.0
[INFO] [stderr]    Compiling oorandom v11.1.4
[INFO] [stderr]    Compiling bit-vec v0.6.3
[INFO] [stderr]    Compiling plotters-svg v0.3.7
[INFO] [stderr]    Compiling clap v2.34.0
[INFO] [stderr]    Compiling rayon v1.10.0
[INFO] [stderr]    Compiling plotters v0.3.7
[INFO] [stderr]    Compiling regex-automata v0.4.8
[INFO] [stderr]    Compiling criterion-plot v0.4.5
[INFO] [stderr]    Compiling regex v1.11.1
[INFO] [stderr]    Compiling serde_cbor v0.11.2
[INFO] [stderr]    Compiling csv v1.3.0
[INFO] [stderr]    Compiling tinytemplate v1.2.1
[INFO] [stderr]    Compiling criterion v0.3.6
[INFO] [stderr]    Compiling appliance v0.2.4 (/opt/rustwide/workdir)
[INFO] [stderr]     Finished `test` profile [unoptimized + debuginfo] target(s) in 9.19s
[INFO] running `Command { std: "docker" "inspect" "ed521a7b43a57dca57b775db73688798f050c0739db766dcb64d244aaff237d5", kill_on_drop: false }`
[INFO] running `Command { std: "docker" "rm" "-f" "ed521a7b43a57dca57b775db73688798f050c0739db766dcb64d244aaff237d5", kill_on_drop: false }`
[INFO] [stdout] ed521a7b43a57dca57b775db73688798f050c0739db766dcb64d244aaff237d5
[INFO] running `Command { std: "docker" "create" "-v" "/var/lib/crater-agent-workspace/builds/worker-4-tc1/target:/opt/rustwide/target:rw,Z" "-v" "/var/lib/crater-agent-workspace/builds/worker-4-tc1/source:/opt/rustwide/workdir:ro,Z" "-v" "/var/lib/crater-agent-workspace/cargo-home:/opt/rustwide/cargo-home:ro,Z" "-v" "/var/lib/crater-agent-workspace/rustup-home:/opt/rustwide/rustup-home:ro,Z" "-e" "SOURCE_DIR=/opt/rustwide/workdir" "-e" "CARGO_TARGET_DIR=/opt/rustwide/target" "-e" "CARGO_INCREMENTAL=0" "-e" "RUST_BACKTRACE=full" "-e" "RUSTFLAGS=--cap-lints=forbid" "-e" "RUSTDOCFLAGS=--cap-lints=forbid" "-e" "CARGO_HOME=/opt/rustwide/cargo-home" "-e" "RUSTUP_HOME=/opt/rustwide/rustup-home" "-w" "/opt/rustwide/workdir" "-m" "1610612736" "--user" "0:0" "--network" "none" "ghcr.io/rust-lang/crates-build-env/linux@sha256:4a844ea9eb2546a2d2c7022eacef16ef2e8229c7fbb2c7d4d55a9ceca922f72d" "/opt/rustwide/cargo-home/bin/cargo" "+nightly-2024-10-28" "test" "--frozen", kill_on_drop: false }`
[INFO] [stdout] 23601bc0383a20a4923401c9065e3dff9c6bc613bac79bedfdadd6e07be9cd7e
[INFO] running `Command { std: "docker" "start" "-a" "23601bc0383a20a4923401c9065e3dff9c6bc613bac79bedfdadd6e07be9cd7e", kill_on_drop: false }`
[INFO] [stderr]     Finished `test` profile [unoptimized + debuginfo] target(s) in 0.07s
[INFO] [stderr]      Running unittests src/lib.rs (/opt/rustwide/target/debug/deps/appliance-aa54ebe3abdf9ec2)
[INFO] [stdout] 
[INFO] [stdout] running 0 tests
[INFO] [stdout] 
[INFO] [stdout] test result: ok. 0 passed; 0 failed; 0 ignored; 0 measured; 0 filtered out; finished in 0.00s
[INFO] [stdout] 
[INFO] [stderr]    Doc-tests appliance
[INFO] [stdout] 
[INFO] [stdout] running 2 tests
[INFO] [stdout] test src/lib.rs - Message (line 47) ... FAILED
[INFO] [stdout] test src/lib.rs - Handler (line 83) ... FAILED
[INFO] [stdout] 
[INFO] [stdout] failures:
[INFO] [stdout] 
[INFO] [stdout] ---- src/lib.rs - Message (line 47) stdout ----
[INFO] [stdout] error[E0053]: method `handle` has an incompatible type for trait
[INFO] [stdout]   --> src/lib.rs:58:32
[INFO] [stdout]    |
[INFO] [stdout] 14 |     fn handle(&mut self, _msg: &Ping) -> usize {
[INFO] [stdout]    |                                ^^^^^ expected `Ping`, found `&Ping`
[INFO] [stdout]    |
[INFO] [stdout]    = note: expected signature `fn(&mut Appliance<'_, _>, Ping) -> _`
[INFO] [stdout]               found signature `fn(&mut Appliance<'_, _>, &Ping) -> _`
[INFO] [stdout] help: change the parameter type to match the trait
[INFO] [stdout]    |
[INFO] [stdout] 14 |     fn handle(&mut self, _msg: Ping) -> usize {
[INFO] [stdout]    |                                ~~~~
[INFO] [stdout] 
[INFO] [stdout] error[E0599]: no method named `send_and_wait_with_timeout` found for struct `Descriptor` in the current scope
[INFO] [stdout]   --> src/lib.rs:65:22
[INFO] [stdout]    |
[INFO] [stdout] 21 |     match descriptor.send_and_wait_with_timeout(Ping, Duration::from_secs(10)) {
[INFO] [stdout]    |                      ^^^^^^^^^^^^^^^^^^^^^^^^^^
[INFO] [stdout]    |
[INFO] [stdout] help: there is a method `send_and_wait_sync` with a similar name
[INFO] [stdout]    |
[INFO] [stdout] 21 |     match descriptor.send_and_wait_sync(Ping, Duration::from_secs(10)) {
[INFO] [stdout]    |                      ~~~~~~~~~~~~~~~~~~
[INFO] [stdout] 
[INFO] [stdout] error: aborting due to 2 previous errors
[INFO] [stdout] 
[INFO] [stdout] Some errors have detailed explanations: E0053, E0599.
[INFO] [stdout] For more information about an error, try `rustc --explain E0053`.
[INFO] [stdout] Couldn't compile the test.
[INFO] [stdout] ---- src/lib.rs - Handler (line 83) stdout ----
[INFO] [stdout] error[E0053]: method `handle` has an incompatible type for trait
[INFO] [stdout]   --> src/lib.rs:94:32
[INFO] [stdout]    |
[INFO] [stdout] 13 |     fn handle(&mut self, _msg: &Ping) -> usize {
[INFO] [stdout]    |                                ^^^^^ expected `Ping`, found `&Ping`
[INFO] [stdout]    |
[INFO] [stdout]    = note: expected signature `fn(&mut Appliance<'_, _>, Ping) -> _`
[INFO] [stdout]               found signature `fn(&mut Appliance<'_, _>, &Ping) -> _`
[INFO] [stdout] help: change the parameter type to match the trait
[INFO] [stdout]    |
[INFO] [stdout] 13 |     fn handle(&mut self, _msg: Ping) -> usize {
[INFO] [stdout]    |                                ~~~~
[INFO] [stdout] 
[INFO] [stdout] error[E0053]: method `handle` has an incompatible type for trait
[INFO] [stdout]   --> src/lib.rs:105:32
[INFO] [stdout]    |
[INFO] [stdout] 24 |     fn handle(&mut self, _msg: &Reset) {
[INFO] [stdout]    |                                ^^^^^^ expected `Reset`, found `&Reset`
[INFO] [stdout]    |
[INFO] [stdout]    = note: expected signature `fn(&mut Appliance<'_, _>, Reset)`
[INFO] [stdout]               found signature `fn(&mut Appliance<'_, _>, &Reset)`
[INFO] [stdout] help: change the parameter type to match the trait
[INFO] [stdout]    |
[INFO] [stdout] 24 |     fn handle(&mut self, _msg: Reset) {
[INFO] [stdout]    |                                ~~~~~
[INFO] [stdout] 
[INFO] [stdout] error[E0107]: missing generics for enum `appliance::Error`
[INFO] [stdout]   --> src/lib.rs:112:36
[INFO] [stdout]    |
[INFO] [stdout] 31 | fn main() -> Result<(), appliance::Error> {
[INFO] [stdout]    |                                    ^^^^^ expected 1 generic argument
[INFO] [stdout]    |
[INFO] [stdout] note: enum defined here, with 1 generic parameter: `M`
[INFO] [stdout]   --> /opt/rustwide/workdir/src/error.rs:6:10
[INFO] [stdout]    |
[INFO] [stdout] 6  | pub enum Error<M> {
[INFO] [stdout]    |          ^^^^^ -
[INFO] [stdout] help: add missing generic argument
[INFO] [stdout]    |
[INFO] [stdout] 31 | fn main() -> Result<(), appliance::Error<M>> {
[INFO] [stdout]    |                                         +++
[INFO] [stdout] 
[INFO] [stdout] error[E0061]: this method takes 2 arguments but 1 argument was supplied
[INFO] [stdout]    --> src/lib.rs:114:28
[INFO] [stdout]     |
[INFO] [stdout] 33  |     assert_eq!(*descriptor.send_and_wait_sync(Ping)?, 1);
[INFO] [stdout]     |                            ^^^^^^^^^^^^^^^^^^------ argument #2 of type `Option<Duration>` is missing
[INFO] [stdout]     |
[INFO] [stdout] note: method defined here
[INFO] [stdout]    --> /opt/rustwide/workdir/src/lib.rs:351:12
[INFO] [stdout]     |
[INFO] [stdout] 351 |     pub fn send_and_wait_sync<M>(
[INFO] [stdout]     |            ^^^^^^^^^^^^^^^^^^
[INFO] [stdout] help: provide the argument
[INFO] [stdout]     |
[INFO] [stdout] 33  |     assert_eq!(*descriptor.send_and_wait_sync(Ping, /* Option<Duration> */)?, 1);
[INFO] [stdout]     |                                              ~~~~~~~~~~~~~~~~~~~~~~~~~~~~~~
[INFO] [stdout] 
[INFO] [stdout] error[E0614]: type `usize` cannot be dereferenced
[INFO] [stdout]   --> src/lib.rs:114:16
[INFO] [stdout]    |
[INFO] [stdout] 33 |     assert_eq!(*descriptor.send_and_wait_sync(Ping)?, 1);
[INFO] [stdout]    |                ^^^^^^^^^^^^^^^^^^^^^^^^^^^^^^^^^^^^^
[INFO] [stdout] 
[INFO] [stdout] error[E0061]: this method takes 2 arguments but 1 argument was supplied
[INFO] [stdout]    --> src/lib.rs:115:28
[INFO] [stdout]     |
[INFO] [stdout] 34  |     assert_eq!(*descriptor.send_and_wait_sync(Ping)?, 2);
[INFO] [stdout]     |                            ^^^^^^^^^^^^^^^^^^------ argument #2 of type `Option<Duration>` is missing
[INFO] [stdout]     |
[INFO] [stdout] note: method defined here
[INFO] [stdout]    --> /opt/rustwide/workdir/src/lib.rs:351:12
[INFO] [stdout]     |
[INFO] [stdout] 351 |     pub fn send_and_wait_sync<M>(
[INFO] [stdout]     |            ^^^^^^^^^^^^^^^^^^
[INFO] [stdout] help: provide the argument
[INFO] [stdout]     |
[INFO] [stdout] 34  |     assert_eq!(*descriptor.send_and_wait_sync(Ping, /* Option<Duration> */)?, 2);
[INFO] [stdout]     |                                              ~~~~~~~~~~~~~~~~~~~~~~~~~~~~~~
[INFO] [stdout] 
[INFO] [stdout] error[E0614]: type `usize` cannot be dereferenced
[INFO] [stdout]   --> src/lib.rs:115:16
[INFO] [stdout]    |
[INFO] [stdout] 34 |     assert_eq!(*descriptor.send_and_wait_sync(Ping)?, 2);
[INFO] [stdout]    |                ^^^^^^^^^^^^^^^^^^^^^^^^^^^^^^^^^^^^^
[INFO] [stdout] 
[INFO] [stdout] error[E0599]: no method named `send` found for struct `Descriptor` in the current scope
[INFO] [stdout]   --> src/lib.rs:116:16
[INFO] [stdout]    |
[INFO] [stdout] 35 |     descriptor.send(Reset)?;
[INFO] [stdout]    |                ^^^^ method not found in `Descriptor<'_, Appliance<'_, usize>>`
[INFO] [stdout] 
[INFO] [stdout] error[E0061]: this method takes 2 arguments but 1 argument was supplied
[INFO] [stdout]    --> src/lib.rs:117:28
[INFO] [stdout]     |
[INFO] [stdout] 36  |     assert_eq!(*descriptor.send_and_wait_sync(Ping)?, 1);
[INFO] [stdout]     |                            ^^^^^^^^^^^^^^^^^^------ argument #2 of type `Option<Duration>` is missing
[INFO] [stdout]     |
[INFO] [stdout] note: method defined here
[INFO] [stdout]    --> /opt/rustwide/workdir/src/lib.rs:351:12
[INFO] [stdout]     |
[INFO] [stdout] 351 |     pub fn send_and_wait_sync<M>(
[INFO] [stdout]     |            ^^^^^^^^^^^^^^^^^^
[INFO] [stdout] help: provide the argument
[INFO] [stdout]     |
[INFO] [stdout] 36  |     assert_eq!(*descriptor.send_and_wait_sync(Ping, /* Option<Duration> */)?, 1);
[INFO] [stdout]     |                                              ~~~~~~~~~~~~~~~~~~~~~~~~~~~~~~
[INFO] [stdout] 
[INFO] [stdout] error[E0614]: type `usize` cannot be dereferenced
[INFO] [stdout]   --> src/lib.rs:117:16
[INFO] [stdout]    |
[INFO] [stdout] 36 |     assert_eq!(*descriptor.send_and_wait_sync(Ping)?, 1);
[INFO] [stdout]    |                ^^^^^^^^^^^^^^^^^^^^^^^^^^^^^^^^^^^^^
[INFO] [stdout] 
[INFO] [stdout] error: aborting due to 10 previous errors
[INFO] [stdout] 
[INFO] [stdout] Some errors have detailed explanations: E0053, E0061, E0107, E0599, E0614.
[INFO] [stdout] For more information about an error, try `rustc --explain E0053`.
[INFO] [stdout] Couldn't compile the test.
[INFO] [stdout] 
[INFO] [stdout] failures:
[INFO] [stdout]     src/lib.rs - Handler (line 83)
[INFO] [stdout]     src/lib.rs - Message (line 47)
[INFO] [stdout] 
[INFO] [stdout] test result: FAILED. 0 passed; 2 failed; 0 ignored; 0 measured; 0 filtered out; finished in 0.12s
[INFO] [stdout] 
[INFO] [stderr] error: doctest failed, to rerun pass `--doc`
[INFO] running `Command { std: "docker" "inspect" "23601bc0383a20a4923401c9065e3dff9c6bc613bac79bedfdadd6e07be9cd7e", kill_on_drop: false }`
[INFO] running `Command { std: "docker" "rm" "-f" "23601bc0383a20a4923401c9065e3dff9c6bc613bac79bedfdadd6e07be9cd7e", kill_on_drop: false }`
[INFO] [stdout] 23601bc0383a20a4923401c9065e3dff9c6bc613bac79bedfdadd6e07be9cd7e
