[INFO] fetching crate apple-bindgen-helmer-fork 0.2.0...
[INFO] testing apple-bindgen-helmer-fork-0.2.0 against nightly-2024-10-28 for randomize-layout
[INFO] extracting crate apple-bindgen-helmer-fork 0.2.0 into /workspace/builds/worker-4-tc1/source
[INFO] validating manifest of crates.io crate apple-bindgen-helmer-fork 0.2.0 on toolchain nightly-2024-10-28
[INFO] running `Command { std: CARGO_HOME="/workspace/cargo-home" RUSTUP_HOME="/workspace/rustup-home" "/workspace/cargo-home/bin/cargo" "+nightly-2024-10-28" "metadata" "--manifest-path" "Cargo.toml" "--no-deps", kill_on_drop: false }`
[INFO] started tweaking crates.io crate apple-bindgen-helmer-fork 0.2.0
[INFO] finished tweaking crates.io crate apple-bindgen-helmer-fork 0.2.0
[INFO] tweaked toml for crates.io crate apple-bindgen-helmer-fork 0.2.0 written to /workspace/builds/worker-4-tc1/source/Cargo.toml
[INFO] crate crates.io crate apple-bindgen-helmer-fork 0.2.0 already has a lockfile, it will not be regenerated
[INFO] running `Command { std: CARGO_HOME="/workspace/cargo-home" RUSTUP_HOME="/workspace/rustup-home" "/workspace/cargo-home/bin/cargo" "+nightly-2024-10-28" "fetch" "--manifest-path" "Cargo.toml", kill_on_drop: false }`
[INFO] [stderr]     Updating crates.io index
[INFO] [stderr]  Downloading crates ...
[INFO] [stderr]   Downloaded toml_datetime v0.5.1
[INFO] [stderr]   Downloaded proc-macro2 v1.0.83
[INFO] [stderr]   Downloaded anstyle-query v1.0.3
[INFO] [stderr]   Downloaded either v1.12.0
[INFO] [stderr]   Downloaded serde_spanned v0.6.6
[INFO] [stderr]   Downloaded thiserror-impl v1.0.61
[INFO] [stderr]   Downloaded thiserror v1.0.61
[INFO] [stderr]   Downloaded line-wrap v0.2.0
[INFO] [stderr]   Downloaded clap_derive v4.5.4
[INFO] [stderr]   Downloaded libloading v0.8.3
[INFO] [stderr]   Downloaded serde_derive v1.0.202
[INFO] [stderr]   Downloaded plist v1.6.1
[INFO] [stderr]   Downloaded indexmap v2.2.6
[INFO] [stderr]   Downloaded memchr v2.7.2
[INFO] [stderr]   Downloaded serde v1.0.202
[INFO] [stderr]   Downloaded prettyplease v0.2.20
[INFO] [stderr]   Downloaded clang-sys v1.7.0
[INFO] [stderr]   Downloaded quick-xml v0.31.0
[INFO] [stderr]   Downloaded nom8 v0.2.0
[INFO] [stderr]   Downloaded serde_json v1.0.117
[INFO] [stderr]   Downloaded bindgen v0.69.4
[INFO] [stderr]   Downloaded clap_builder v4.5.2
[INFO] [stderr]   Downloaded regex v1.10.4
[INFO] [stderr]   Downloaded syn v2.0.65
[INFO] [stderr]   Downloaded bitflags v2.5.0
[INFO] [stderr]   Downloaded regex-syntax v0.8.3
[INFO] [stderr]   Downloaded clap v4.5.4
[INFO] [stderr]   Downloaded toml_edit v0.18.1
[INFO] [stderr]   Downloaded toml v0.6.0
[INFO] [stderr]   Downloaded apple-sdk v0.4.0
[INFO] running `Command { std: "docker" "create" "-v" "/var/lib/crater-agent-workspace/builds/worker-4-tc1/target:/opt/rustwide/target:rw,Z" "-v" "/var/lib/crater-agent-workspace/builds/worker-4-tc1/source:/opt/rustwide/workdir:ro,Z" "-v" "/var/lib/crater-agent-workspace/cargo-home:/opt/rustwide/cargo-home:ro,Z" "-v" "/var/lib/crater-agent-workspace/rustup-home:/opt/rustwide/rustup-home:ro,Z" "-e" "SOURCE_DIR=/opt/rustwide/workdir" "-e" "CARGO_TARGET_DIR=/opt/rustwide/target" "-e" "CARGO_HOME=/opt/rustwide/cargo-home" "-e" "RUSTUP_HOME=/opt/rustwide/rustup-home" "-w" "/opt/rustwide/workdir" "-m" "1610612736" "--user" "0:0" "--network" "none" "ghcr.io/rust-lang/crates-build-env/linux@sha256:4a844ea9eb2546a2d2c7022eacef16ef2e8229c7fbb2c7d4d55a9ceca922f72d" "/opt/rustwide/cargo-home/bin/cargo" "+nightly-2024-10-28" "metadata" "--no-deps" "--format-version=1", kill_on_drop: false }`
[INFO] [stdout] 253feb7eb8934bd6b22348be844373dfe4af9bba2235ee6f00744a7b705e5c9b
[INFO] running `Command { std: "docker" "start" "-a" "253feb7eb8934bd6b22348be844373dfe4af9bba2235ee6f00744a7b705e5c9b", kill_on_drop: false }`
[INFO] running `Command { std: "docker" "inspect" "253feb7eb8934bd6b22348be844373dfe4af9bba2235ee6f00744a7b705e5c9b", kill_on_drop: false }`
[INFO] running `Command { std: "docker" "rm" "-f" "253feb7eb8934bd6b22348be844373dfe4af9bba2235ee6f00744a7b705e5c9b", kill_on_drop: false }`
[INFO] [stdout] 253feb7eb8934bd6b22348be844373dfe4af9bba2235ee6f00744a7b705e5c9b
[INFO] running `Command { std: "docker" "create" "-v" "/var/lib/crater-agent-workspace/builds/worker-4-tc1/target:/opt/rustwide/target:rw,Z" "-v" "/var/lib/crater-agent-workspace/builds/worker-4-tc1/source:/opt/rustwide/workdir:ro,Z" "-v" "/var/lib/crater-agent-workspace/cargo-home:/opt/rustwide/cargo-home:ro,Z" "-v" "/var/lib/crater-agent-workspace/rustup-home:/opt/rustwide/rustup-home:ro,Z" "-e" "SOURCE_DIR=/opt/rustwide/workdir" "-e" "CARGO_TARGET_DIR=/opt/rustwide/target" "-e" "CARGO_INCREMENTAL=0" "-e" "RUST_BACKTRACE=full" "-e" "RUSTFLAGS=--cap-lints=forbid" "-e" "RUSTDOCFLAGS=--cap-lints=forbid" "-e" "CARGO_HOME=/opt/rustwide/cargo-home" "-e" "RUSTUP_HOME=/opt/rustwide/rustup-home" "-w" "/opt/rustwide/workdir" "-m" "1610612736" "--user" "0:0" "--network" "none" "ghcr.io/rust-lang/crates-build-env/linux@sha256:4a844ea9eb2546a2d2c7022eacef16ef2e8229c7fbb2c7d4d55a9ceca922f72d" "/opt/rustwide/cargo-home/bin/cargo" "+nightly-2024-10-28" "build" "--frozen" "--message-format=json", kill_on_drop: false }`
[INFO] [stdout] 682e634b9b2d54913d0ff40028cae0d6d7dc61e72d5405c5c6dbd9306eaabc3b
[INFO] running `Command { std: "docker" "start" "-a" "682e634b9b2d54913d0ff40028cae0d6d7dc61e72d5405c5c6dbd9306eaabc3b", kill_on_drop: false }`
[INFO] [stderr]    Compiling unicode-ident v1.0.12
[INFO] [stderr]    Compiling proc-macro2 v1.0.83
[INFO] [stderr]    Compiling memchr v2.7.2
[INFO] [stderr]    Compiling serde v1.0.202
[INFO] [stderr]    Compiling glob v0.3.1
[INFO] [stderr]    Compiling powerfmt v0.2.0
[INFO] [stderr]    Compiling prettyplease v0.2.20
[INFO] [stderr]    Compiling libc v0.2.155
[INFO] [stderr]    Compiling rustix v0.38.34
[INFO] [stderr]    Compiling is_terminal_polyfill v1.70.0
[INFO] [stderr]    Compiling indexmap v1.9.3
[INFO] [stderr]    Compiling anstyle-parse v0.2.4
[INFO] [stderr]    Compiling colorchoice v1.0.1
[INFO] [stderr]    Compiling num-conv v0.1.0
[INFO] [stderr]    Compiling hashbrown v0.14.5
[INFO] [stderr]    Compiling time-core v0.1.2
[INFO] [stderr]    Compiling anstyle v1.0.7
[INFO] [stderr]    Compiling anstyle-query v1.0.3
[INFO] [stderr]    Compiling bitflags v2.5.0
[INFO] [stderr]    Compiling deranged v0.3.11
[INFO] [stderr]    Compiling syn v1.0.109
[INFO] [stderr]    Compiling serde_json v1.0.117
[INFO] [stderr]    Compiling regex-syntax v0.8.3
[INFO] [stderr]    Compiling either v1.12.0
[INFO] [stderr]    Compiling libloading v0.8.3
[INFO] [stderr]    Compiling anstream v0.6.14
[INFO] [stderr]    Compiling bindgen v0.69.4
[INFO] [stderr]    Compiling strsim v0.11.1
[INFO] [stderr]    Compiling thiserror v1.0.61
[INFO] [stderr]    Compiling line-wrap v0.2.0
[INFO] [stderr]    Compiling home v0.5.9
[INFO] [stderr]    Compiling heck v0.5.0
[INFO] [stderr]    Compiling itertools v0.12.1
[INFO] [stderr]    Compiling clang-sys v1.7.0
[INFO] [stderr]    Compiling aho-corasick v1.1.3
[INFO] [stderr]    Compiling quick-xml v0.31.0
[INFO] [stderr]    Compiling indexmap v2.2.6
[INFO] [stderr]    Compiling quote v1.0.36
[INFO] [stderr]    Compiling nom8 v0.2.0
[INFO] [stderr]    Compiling nom v7.1.3
[INFO] [stderr]    Compiling time v0.3.36
[INFO] [stderr]    Compiling syn v2.0.65
[INFO] [stderr]    Compiling clap_builder v4.5.2
[INFO] [stderr]    Compiling shlex v1.3.0
[INFO] [stderr]    Compiling log v0.4.21
[INFO] [stderr]    Compiling rustc-hash v1.1.0
[INFO] [stderr]    Compiling convert_case v0.4.0
[INFO] [stderr]    Compiling lazycell v1.3.0
[INFO] [stderr]    Compiling regex-automata v0.4.6
[INFO] [stderr]    Compiling which v4.4.2
[INFO] [stderr]    Compiling cexpr v0.6.0
[INFO] [stderr]    Compiling derive_more v0.99.17
[INFO] [stderr]    Compiling serde_derive v1.0.202
[INFO] [stderr]    Compiling thiserror-impl v1.0.61
[INFO] [stderr]    Compiling clap_derive v4.5.4
[INFO] [stderr]    Compiling regex v1.10.4
[INFO] [stderr]    Compiling clap v4.5.4
[INFO] [stderr]    Compiling toml_datetime v0.5.1
[INFO] [stderr]    Compiling serde_spanned v0.6.6
[INFO] [stderr]    Compiling plist v1.6.1
[INFO] [stderr]    Compiling toml_edit v0.18.1
[INFO] [stderr]    Compiling apple-sdk v0.4.0
[INFO] [stderr]    Compiling toml v0.6.0
[INFO] [stderr]    Compiling apple-bindgen-helmer-fork v0.2.0 (/opt/rustwide/workdir)
[INFO] [stdout] warning: unused import: `FileConfig`
[INFO] [stdout]  --> src/builder.rs:2:33
[INFO] [stdout]   |
[INFO] [stdout] 2 |     config::{Config, ConfigMap, FileConfig},
[INFO] [stdout]   |                                 ^^^^^^^^^^
[INFO] [stdout]   |
[INFO] [stdout]   = note: `#[warn(unused_imports)]` on by default
[INFO] [stdout] 
[INFO] [stdout] 
[INFO] [stdout] warning: use of deprecated method `bindgen::options::<impl bindgen::Builder>::rustfmt_bindings`
[INFO] [stdout]   --> src/builder.rs:67:14
[INFO] [stdout]    |
[INFO] [stdout] 67 |             .rustfmt_bindings(true);
[INFO] [stdout]    |              ^^^^^^^^^^^^^^^^
[INFO] [stdout]    |
[INFO] [stdout]    = note: `#[warn(deprecated)]` on by default
[INFO] [stdout] 
[INFO] [stdout] 
[INFO] [stderr]     Finished `dev` profile [unoptimized + debuginfo] target(s) in 10.64s
[INFO] running `Command { std: "docker" "inspect" "682e634b9b2d54913d0ff40028cae0d6d7dc61e72d5405c5c6dbd9306eaabc3b", kill_on_drop: false }`
[INFO] running `Command { std: "docker" "rm" "-f" "682e634b9b2d54913d0ff40028cae0d6d7dc61e72d5405c5c6dbd9306eaabc3b", kill_on_drop: false }`
[INFO] [stdout] 682e634b9b2d54913d0ff40028cae0d6d7dc61e72d5405c5c6dbd9306eaabc3b
[INFO] running `Command { std: "docker" "create" "-v" "/var/lib/crater-agent-workspace/builds/worker-4-tc1/target:/opt/rustwide/target:rw,Z" "-v" "/var/lib/crater-agent-workspace/builds/worker-4-tc1/source:/opt/rustwide/workdir:ro,Z" "-v" "/var/lib/crater-agent-workspace/cargo-home:/opt/rustwide/cargo-home:ro,Z" "-v" "/var/lib/crater-agent-workspace/rustup-home:/opt/rustwide/rustup-home:ro,Z" "-e" "SOURCE_DIR=/opt/rustwide/workdir" "-e" "CARGO_TARGET_DIR=/opt/rustwide/target" "-e" "CARGO_INCREMENTAL=0" "-e" "RUST_BACKTRACE=full" "-e" "RUSTFLAGS=--cap-lints=forbid" "-e" "RUSTDOCFLAGS=--cap-lints=forbid" "-e" "CARGO_HOME=/opt/rustwide/cargo-home" "-e" "RUSTUP_HOME=/opt/rustwide/rustup-home" "-w" "/opt/rustwide/workdir" "-m" "1610612736" "--user" "0:0" "--network" "none" "ghcr.io/rust-lang/crates-build-env/linux@sha256:4a844ea9eb2546a2d2c7022eacef16ef2e8229c7fbb2c7d4d55a9ceca922f72d" "/opt/rustwide/cargo-home/bin/cargo" "+nightly-2024-10-28" "test" "--frozen" "--no-run" "--message-format=json", kill_on_drop: false }`
[INFO] [stdout] c41fe0c43ae66cac489c91e5b18e69d05b708d2c5b0bb59beb4f6326d03f02fd
[INFO] running `Command { std: "docker" "start" "-a" "c41fe0c43ae66cac489c91e5b18e69d05b708d2c5b0bb59beb4f6326d03f02fd", kill_on_drop: false }`
[INFO] [stderr]    Compiling apple-bindgen-helmer-fork v0.2.0 (/opt/rustwide/workdir)
[INFO] [stdout] warning: unused import: `FileConfig`
[INFO] [stdout]  --> src/builder.rs:2:33
[INFO] [stdout]   |
[INFO] [stdout] 2 |     config::{Config, ConfigMap, FileConfig},
[INFO] [stdout]   |                                 ^^^^^^^^^^
[INFO] [stdout]   |
[INFO] [stdout]   = note: `#[warn(unused_imports)]` on by default
[INFO] [stdout] 
[INFO] [stdout] 
[INFO] [stdout] warning: use of deprecated method `bindgen::options::<impl bindgen::Builder>::rustfmt_bindings`
[INFO] [stdout]   --> src/builder.rs:67:14
[INFO] [stdout]    |
[INFO] [stdout] 67 |             .rustfmt_bindings(true);
[INFO] [stdout]    |              ^^^^^^^^^^^^^^^^
[INFO] [stdout]    |
[INFO] [stdout]    = note: `#[warn(deprecated)]` on by default
[INFO] [stdout] 
[INFO] [stdout] 
[INFO] [stdout] warning: unused import: `FileConfig`
[INFO] [stdout]  --> src/builder.rs:2:33
[INFO] [stdout]   |
[INFO] [stdout] 2 |     config::{Config, ConfigMap, FileConfig},
[INFO] [stdout]   |                                 ^^^^^^^^^^
[INFO] [stdout]   |
[INFO] [stdout]   = note: `#[warn(unused_imports)]` on by default
[INFO] [stdout] 
[INFO] [stdout] 
[INFO] [stdout] warning: use of deprecated method `bindgen::options::<impl bindgen::Builder>::rustfmt_bindings`
[INFO] [stdout]   --> src/builder.rs:67:14
[INFO] [stdout]    |
[INFO] [stdout] 67 |             .rustfmt_bindings(true);
[INFO] [stdout]    |              ^^^^^^^^^^^^^^^^
[INFO] [stdout]    |
[INFO] [stdout]    = note: `#[warn(deprecated)]` on by default
[INFO] [stdout] 
[INFO] [stdout] 
[INFO] [stderr]     Finished `test` profile [unoptimized + debuginfo] target(s) in 0.69s
[INFO] running `Command { std: "docker" "inspect" "c41fe0c43ae66cac489c91e5b18e69d05b708d2c5b0bb59beb4f6326d03f02fd", kill_on_drop: false }`
[INFO] running `Command { std: "docker" "rm" "-f" "c41fe0c43ae66cac489c91e5b18e69d05b708d2c5b0bb59beb4f6326d03f02fd", kill_on_drop: false }`
[INFO] [stdout] c41fe0c43ae66cac489c91e5b18e69d05b708d2c5b0bb59beb4f6326d03f02fd
[INFO] running `Command { std: "docker" "create" "-v" "/var/lib/crater-agent-workspace/builds/worker-4-tc1/target:/opt/rustwide/target:rw,Z" "-v" "/var/lib/crater-agent-workspace/builds/worker-4-tc1/source:/opt/rustwide/workdir:ro,Z" "-v" "/var/lib/crater-agent-workspace/cargo-home:/opt/rustwide/cargo-home:ro,Z" "-v" "/var/lib/crater-agent-workspace/rustup-home:/opt/rustwide/rustup-home:ro,Z" "-e" "SOURCE_DIR=/opt/rustwide/workdir" "-e" "CARGO_TARGET_DIR=/opt/rustwide/target" "-e" "CARGO_INCREMENTAL=0" "-e" "RUST_BACKTRACE=full" "-e" "RUSTFLAGS=--cap-lints=forbid" "-e" "RUSTDOCFLAGS=--cap-lints=forbid" "-e" "CARGO_HOME=/opt/rustwide/cargo-home" "-e" "RUSTUP_HOME=/opt/rustwide/rustup-home" "-w" "/opt/rustwide/workdir" "-m" "1610612736" "--user" "0:0" "--network" "none" "ghcr.io/rust-lang/crates-build-env/linux@sha256:4a844ea9eb2546a2d2c7022eacef16ef2e8229c7fbb2c7d4d55a9ceca922f72d" "/opt/rustwide/cargo-home/bin/cargo" "+nightly-2024-10-28" "test" "--frozen", kill_on_drop: false }`
[INFO] [stdout] 793bf83a4f206fbb46086bbc10fb0edd8eb8f4e25311b7924445d9a71c7a7926
[INFO] running `Command { std: "docker" "start" "-a" "793bf83a4f206fbb46086bbc10fb0edd8eb8f4e25311b7924445d9a71c7a7926", kill_on_drop: false }`
[INFO] [stderr] warning: unused import: `FileConfig`
[INFO] [stderr]  --> src/builder.rs:2:33
[INFO] [stderr]   |
[INFO] [stderr] 2 |     config::{Config, ConfigMap, FileConfig},
[INFO] [stderr]   |                                 ^^^^^^^^^^
[INFO] [stderr]   |
[INFO] [stderr]   = note: `#[warn(unused_imports)]` on by default
[INFO] [stderr] 
[INFO] [stderr] warning: use of deprecated method `bindgen::options::<impl bindgen::Builder>::rustfmt_bindings`
[INFO] [stderr]   --> src/builder.rs:67:14
[INFO] [stderr]    |
[INFO] [stderr] 67 |             .rustfmt_bindings(true);
[INFO] [stderr]    |              ^^^^^^^^^^^^^^^^
[INFO] [stderr]    |
[INFO] [stderr]    = note: `#[warn(deprecated)]` on by default
[INFO] [stderr] 
[INFO] [stderr] warning: `apple-bindgen-helmer-fork` (lib) generated 2 warnings (run `cargo fix --lib -p apple-bindgen-helmer-fork` to apply 1 suggestion)
[INFO] [stderr] warning: `apple-bindgen-helmer-fork` (lib test) generated 2 warnings (2 duplicates)
[INFO] [stderr]     Finished `test` profile [unoptimized + debuginfo] target(s) in 0.06s
[INFO] [stderr]      Running unittests src/lib.rs (/opt/rustwide/target/debug/deps/apple_bindgen_helmer_fork-32fe91b06f253596)
[INFO] [stdout] 
[INFO] [stdout] running 1 test
[INFO] [stdout] test test::generate_core_foundation ... FAILED
[INFO] [stdout] 
[INFO] [stdout] failures:
[INFO] [stdout] 
[INFO] [stdout] ---- test::generate_core_foundation stdout ----
[INFO] [stdout] thread 'test::generate_core_foundation' panicked at src/test.rs:6:10:
[INFO] [stdout] macosx sdk not found: XcrunError(Os { code: 2, kind: NotFound, message: "No such file or directory" })
[INFO] [stdout] stack backtrace:
[INFO] [stdout]    0:     0x58a76ec5deca - std::backtrace_rs::backtrace::libunwind::trace::h207520d6e9873551
[INFO] [stdout]                                at /rustc/df4ca44d3fbc9301ee17f30f4d474e6ae4b05252/library/std/src/../../backtrace/src/backtrace/libunwind.rs:116:5
[INFO] [stdout]    1:     0x58a76ec5deca - std::backtrace_rs::backtrace::trace_unsynchronized::h2ed7433f370e3eca
[INFO] [stdout]                                at /rustc/df4ca44d3fbc9301ee17f30f4d474e6ae4b05252/library/std/src/../../backtrace/src/backtrace/mod.rs:66:5
[INFO] [stdout]    2:     0x58a76ec5deca - std::sys::backtrace::_print_fmt::h916fac51166b18d7
[INFO] [stdout]                                at /rustc/df4ca44d3fbc9301ee17f30f4d474e6ae4b05252/library/std/src/sys/backtrace.rs:66:9
[INFO] [stdout]    3:     0x58a76ec5deca - <std::sys::backtrace::BacktraceLock::print::DisplayBacktrace as core::fmt::Display>::fmt::ha0a4c9b8ce3802e6
[INFO] [stdout]                                at /rustc/df4ca44d3fbc9301ee17f30f4d474e6ae4b05252/library/std/src/sys/backtrace.rs:39:26
[INFO] [stdout]    4:     0x58a76ec88003 - core::fmt::rt::Argument::fmt::h4cfc8587d52b3eb5
[INFO] [stdout]                                at /rustc/df4ca44d3fbc9301ee17f30f4d474e6ae4b05252/library/core/src/fmt/rt.rs:177:76
[INFO] [stdout]    5:     0x58a76ec88003 - core::fmt::write::h522cc39e5b36ae9f
[INFO] [stdout]                                at /rustc/df4ca44d3fbc9301ee17f30f4d474e6ae4b05252/library/core/src/fmt/mod.rs:1190:21
[INFO] [stdout]    6:     0x58a76ec5a413 - std::io::Write::write_fmt::h7d3c26752da97734
[INFO] [stdout]                                at /rustc/df4ca44d3fbc9301ee17f30f4d474e6ae4b05252/library/std/src/io/mod.rs:1839:15
[INFO] [stdout]    7:     0x58a76ec5dd12 - std::sys::backtrace::BacktraceLock::print::h4b9e00b29e9c0942
[INFO] [stdout]                                at /rustc/df4ca44d3fbc9301ee17f30f4d474e6ae4b05252/library/std/src/sys/backtrace.rs:42:9
[INFO] [stdout]    8:     0x58a76ec5f35a - std::panicking::default_hook::{{closure}}::hb59b88280d0324d9
[INFO] [stdout]                                at /rustc/df4ca44d3fbc9301ee17f30f4d474e6ae4b05252/library/std/src/panicking.rs:268:22
[INFO] [stdout]    9:     0x58a76ec5f164 - std::panicking::default_hook::he1dd496665be4a29
[INFO] [stdout]                                at /rustc/df4ca44d3fbc9301ee17f30f4d474e6ae4b05252/library/std/src/panicking.rs:292:9
[INFO] [stdout]   10:     0x58a76ebf2d99 - <alloc::boxed::Box<F,A> as core::ops::function::Fn<Args>>::call::h4ff71de18744e1dc
[INFO] [stdout]                                at /rustc/df4ca44d3fbc9301ee17f30f4d474e6ae4b05252/library/alloc/src/boxed.rs:2468:9
[INFO] [stdout]   11:     0x58a76ebf2d99 - test::test_main::{{closure}}::hcf7c055ce117aa81
[INFO] [stdout]                                at /rustc/df4ca44d3fbc9301ee17f30f4d474e6ae4b05252/library/test/src/lib.rs:133:21
[INFO] [stdout]   12:     0x58a76ec5fa58 - <alloc::boxed::Box<F,A> as core::ops::function::Fn<Args>>::call::h1d66c6bbd60c9692
[INFO] [stdout]                                at /rustc/df4ca44d3fbc9301ee17f30f4d474e6ae4b05252/library/alloc/src/boxed.rs:2468:9
[INFO] [stdout]   13:     0x58a76ec5fa58 - std::panicking::rust_panic_with_hook::h2ff17fe8f26dfcf8
[INFO] [stdout]                                at /rustc/df4ca44d3fbc9301ee17f30f4d474e6ae4b05252/library/std/src/panicking.rs:809:13
[INFO] [stdout]   14:     0x58a76ec5f81a - std::panicking::begin_panic_handler::{{closure}}::h4fad77951c07e101
[INFO] [stdout]                                at /rustc/df4ca44d3fbc9301ee17f30f4d474e6ae4b05252/library/std/src/panicking.rs:674:13
[INFO] [stdout]   15:     0x58a76ec5e3a9 - std::sys::backtrace::__rust_end_short_backtrace::hb1a25b3da5d0ea08
[INFO] [stdout]                                at /rustc/df4ca44d3fbc9301ee17f30f4d474e6ae4b05252/library/std/src/sys/backtrace.rs:170:18
[INFO] [stdout]   16:     0x58a76ec5f4ac - rust_begin_unwind
[INFO] [stdout]                                at /rustc/df4ca44d3fbc9301ee17f30f4d474e6ae4b05252/library/std/src/panicking.rs:665:5
[INFO] [stdout]   17:     0x58a76ec86350 - core::panicking::panic_fmt::ha9db07b529f9b256
[INFO] [stdout]                                at /rustc/df4ca44d3fbc9301ee17f30f4d474e6ae4b05252/library/core/src/panicking.rs:75:14
[INFO] [stdout]   18:     0x58a76ec867d6 - core::result::unwrap_failed::h5e8218e4d4338b8a
[INFO] [stdout]                                at /rustc/df4ca44d3fbc9301ee17f30f4d474e6ae4b05252/library/core/src/result.rs:1698:5
[INFO] [stdout]   19:     0x58a76e3bca81 - core::result::Result<T,E>::expect::hc43f20d8a7396a61
[INFO] [stdout]                                at /rustc/df4ca44d3fbc9301ee17f30f4d474e6ae4b05252/library/core/src/result.rs:1060:23
[INFO] [stdout]   20:     0x58a76e3c76a7 - apple_bindgen_helmer_fork::test::generate_core_foundation::hc677617b029a8757
[INFO] [stdout]                                at /opt/rustwide/workdir/src/test.rs:5:5
[INFO] [stdout]   21:     0x58a76e3c7637 - apple_bindgen_helmer_fork::test::generate_core_foundation::{{closure}}::h2414f9b68b4f0199
[INFO] [stdout]                                at /opt/rustwide/workdir/src/test.rs:4:30
[INFO] [stdout]   22:     0x58a76e3b6366 - core::ops::function::FnOnce::call_once::habc9026a0dcf2fe4
[INFO] [stdout]                                at /rustc/df4ca44d3fbc9301ee17f30f4d474e6ae4b05252/library/core/src/ops/function.rs:250:5
[INFO] [stdout]   23:     0x58a76ebf766b - core::ops::function::FnOnce::call_once::h22c3ba5715e93f05
[INFO] [stdout]                                at /rustc/df4ca44d3fbc9301ee17f30f4d474e6ae4b05252/library/core/src/ops/function.rs:250:5
[INFO] [stdout]   24:     0x58a76ebf766b - test::__rust_begin_short_backtrace::h8e82d8113d0da17f
[INFO] [stdout]                                at /rustc/df4ca44d3fbc9301ee17f30f4d474e6ae4b05252/library/test/src/lib.rs:621:18
[INFO] [stdout]   25:     0x58a76ebf6fe7 - test::run_test_in_process::{{closure}}::h33235f4f20b7b7c7
[INFO] [stdout]                                at /rustc/df4ca44d3fbc9301ee17f30f4d474e6ae4b05252/library/test/src/lib.rs:644:60
[INFO] [stdout]   26:     0x58a76ebf6fe7 - <core::panic::unwind_safe::AssertUnwindSafe<F> as core::ops::function::FnOnce<()>>::call_once::hb5043206310c586f
[INFO] [stdout]                                at /rustc/df4ca44d3fbc9301ee17f30f4d474e6ae4b05252/library/core/src/panic/unwind_safe.rs:272:9
[INFO] [stdout]   27:     0x58a76ebf6fe7 - std::panicking::try::do_call::h9ad4731a60ab23e2
[INFO] [stdout]                                at /rustc/df4ca44d3fbc9301ee17f30f4d474e6ae4b05252/library/std/src/panicking.rs:557:40
[INFO] [stdout]   28:     0x58a76ebf6fe7 - std::panicking::try::h3824d23db772a716
[INFO] [stdout]                                at /rustc/df4ca44d3fbc9301ee17f30f4d474e6ae4b05252/library/std/src/panicking.rs:520:19
[INFO] [stdout]   29:     0x58a76ebf6fe7 - std::panic::catch_unwind::h5afd514605fde46b
[INFO] [stdout]                                at /rustc/df4ca44d3fbc9301ee17f30f4d474e6ae4b05252/library/std/src/panic.rs:358:14
[INFO] [stdout]   30:     0x58a76ebf6fe7 - test::run_test_in_process::h0d5cbfa7067d1720
[INFO] [stdout]                                at /rustc/df4ca44d3fbc9301ee17f30f4d474e6ae4b05252/library/test/src/lib.rs:644:27
[INFO] [stdout]   31:     0x58a76ebf6fe7 - test::run_test::{{closure}}::h708eb8872708115d
[INFO] [stdout]                                at /rustc/df4ca44d3fbc9301ee17f30f4d474e6ae4b05252/library/test/src/lib.rs:565:43
[INFO] [stdout]   32:     0x58a76ebba704 - test::run_test::{{closure}}::h392c51cee94713ab
[INFO] [stdout]                                at /rustc/df4ca44d3fbc9301ee17f30f4d474e6ae4b05252/library/test/src/lib.rs:595:41
[INFO] [stdout]   33:     0x58a76ebba704 - std::sys::backtrace::__rust_begin_short_backtrace::h2f40290710935a8b
[INFO] [stdout]                                at /rustc/df4ca44d3fbc9301ee17f30f4d474e6ae4b05252/library/std/src/sys/backtrace.rs:154:18
[INFO] [stdout]   34:     0x58a76ebbdeae - std::thread::Builder::spawn_unchecked_::{{closure}}::{{closure}}::h3fd968d89053a903
[INFO] [stdout]                                at /rustc/df4ca44d3fbc9301ee17f30f4d474e6ae4b05252/library/std/src/thread/mod.rs:541:17
[INFO] [stdout]   35:     0x58a76ebbdeae - <core::panic::unwind_safe::AssertUnwindSafe<F> as core::ops::function::FnOnce<()>>::call_once::h743f637ba4229880
[INFO] [stdout]                                at /rustc/df4ca44d3fbc9301ee17f30f4d474e6ae4b05252/library/core/src/panic/unwind_safe.rs:272:9
[INFO] [stdout]   36:     0x58a76ebbdeae - std::panicking::try::do_call::h07440897322525a6
[INFO] [stdout]                                at /rustc/df4ca44d3fbc9301ee17f30f4d474e6ae4b05252/library/std/src/panicking.rs:557:40
[INFO] [stdout]   37:     0x58a76ebbdeae - std::panicking::try::he5a2e00188156637
[INFO] [stdout]                                at /rustc/df4ca44d3fbc9301ee17f30f4d474e6ae4b05252/library/std/src/panicking.rs:520:19
[INFO] [stdout]   38:     0x58a76ebbdeae - std::panic::catch_unwind::hbaf3cae49b3c6433
[INFO] [stdout]                                at /rustc/df4ca44d3fbc9301ee17f30f4d474e6ae4b05252/library/std/src/panic.rs:358:14
[INFO] [stdout]   39:     0x58a76ebbdeae - std::thread::Builder::spawn_unchecked_::{{closure}}::h8e141ea224820bce
[INFO] [stdout]                                at /rustc/df4ca44d3fbc9301ee17f30f4d474e6ae4b05252/library/std/src/thread/mod.rs:540:30
[INFO] [stdout]   40:     0x58a76ebbdeae - core::ops::function::FnOnce::call_once{{vtable.shim}}::h90d312fedd7b8ea8
[INFO] [stdout]                                at /rustc/df4ca44d3fbc9301ee17f30f4d474e6ae4b05252/library/core/src/ops/function.rs:250:5
[INFO] [stdout]   41:     0x58a76ec63f9b - <alloc::boxed::Box<F,A> as core::ops::function::FnOnce<Args>>::call_once::h69aa08ddb6adb8b6
[INFO] [stdout]                                at /rustc/df4ca44d3fbc9301ee17f30f4d474e6ae4b05252/library/alloc/src/boxed.rs:2454:9
[INFO] [stdout]   42:     0x58a76ec63f9b - <alloc::boxed::Box<F,A> as core::ops::function::FnOnce<Args>>::call_once::h5aa36efdb79c806f
[INFO] [stdout]                                at /rustc/df4ca44d3fbc9301ee17f30f4d474e6ae4b05252/library/alloc/src/boxed.rs:2454:9
[INFO] [stdout]   43:     0x58a76ec63f9b - std::sys::pal::unix::thread::Thread::new::thread_start::h6cd80a1b4be5158d
[INFO] [stdout]                                at /rustc/df4ca44d3fbc9301ee17f30f4d474e6ae4b05252/library/std/src/sys/pal/unix/thread.rs:105:17
[INFO] [stdout]   44:     0x79d8a0a38ac3 - <unknown>
[INFO] [stdout]   45:     0x79d8a0ac9a04 - clone
[INFO] [stdout]   46:                0x0 - <unknown>
[INFO] [stdout] 
[INFO] [stdout] 
[INFO] [stdout] failures:
[INFO] [stdout]     test::generate_core_foundation
[INFO] [stdout] 
[INFO] [stdout] test result: FAILED. 0 passed; 1 failed; 0 ignored; 0 measured; 0 filtered out; finished in 0.03s
[INFO] [stdout] 
[INFO] [stderr] error: test failed, to rerun pass `--lib`
[INFO] running `Command { std: "docker" "inspect" "793bf83a4f206fbb46086bbc10fb0edd8eb8f4e25311b7924445d9a71c7a7926", kill_on_drop: false }`
[INFO] running `Command { std: "docker" "rm" "-f" "793bf83a4f206fbb46086bbc10fb0edd8eb8f4e25311b7924445d9a71c7a7926", kill_on_drop: false }`
[INFO] [stdout] 793bf83a4f206fbb46086bbc10fb0edd8eb8f4e25311b7924445d9a71c7a7926
