[INFO] fetching crate apis 0.5.10...
[INFO] testing apis-0.5.10 against nightly-2024-10-28 for randomize-layout
[INFO] extracting crate apis 0.5.10 into /workspace/builds/worker-5-tc1/source
[INFO] validating manifest of crates.io crate apis 0.5.10 on toolchain nightly-2024-10-28
[INFO] running `Command { std: CARGO_HOME="/workspace/cargo-home" RUSTUP_HOME="/workspace/rustup-home" "/workspace/cargo-home/bin/cargo" "+nightly-2024-10-28" "metadata" "--manifest-path" "Cargo.toml" "--no-deps", kill_on_drop: false }`
[INFO] started tweaking crates.io crate apis 0.5.10
[INFO] removed 0 missing examples
[INFO] finished tweaking crates.io crate apis 0.5.10
[INFO] tweaked toml for crates.io crate apis 0.5.10 written to /workspace/builds/worker-5-tc1/source/Cargo.toml
[INFO] crate crates.io crate apis 0.5.10 already has a lockfile, it will not be regenerated
[INFO] running `Command { std: CARGO_HOME="/workspace/cargo-home" RUSTUP_HOME="/workspace/rustup-home" "/workspace/cargo-home/bin/cargo" "+nightly-2024-10-28" "fetch" "--manifest-path" "Cargo.toml", kill_on_drop: false }`
[INFO] [stderr]     Updating crates.io index
[INFO] [stderr]  Downloading crates ...
[INFO] [stderr]   Downloaded unbounded-spsc v0.1.9
[INFO] [stderr]   Downloaded marksman_escape v0.1.2
[INFO] [stderr]   Downloaded macro-machines v0.10.6
[INFO] [stderr]   Downloaded bounded-spsc-queue v0.4.0
[INFO] running `Command { std: "docker" "create" "-v" "/var/lib/crater-agent-workspace/builds/worker-5-tc1/target:/opt/rustwide/target:rw,Z" "-v" "/var/lib/crater-agent-workspace/builds/worker-5-tc1/source:/opt/rustwide/workdir:ro,Z" "-v" "/var/lib/crater-agent-workspace/cargo-home:/opt/rustwide/cargo-home:ro,Z" "-v" "/var/lib/crater-agent-workspace/rustup-home:/opt/rustwide/rustup-home:ro,Z" "-e" "SOURCE_DIR=/opt/rustwide/workdir" "-e" "CARGO_TARGET_DIR=/opt/rustwide/target" "-e" "CARGO_HOME=/opt/rustwide/cargo-home" "-e" "RUSTUP_HOME=/opt/rustwide/rustup-home" "-w" "/opt/rustwide/workdir" "-m" "1610612736" "--user" "0:0" "--network" "none" "ghcr.io/rust-lang/crates-build-env/linux@sha256:4a844ea9eb2546a2d2c7022eacef16ef2e8229c7fbb2c7d4d55a9ceca922f72d" "/opt/rustwide/cargo-home/bin/cargo" "+nightly-2024-10-28" "metadata" "--no-deps" "--format-version=1", kill_on_drop: false }`
[INFO] [stdout] 031496e6516e9f1322e171c535c5618caed768035d244fbaa84eaecd0e1dada2
[INFO] running `Command { std: "docker" "start" "-a" "031496e6516e9f1322e171c535c5618caed768035d244fbaa84eaecd0e1dada2", kill_on_drop: false }`
[INFO] running `Command { std: "docker" "inspect" "031496e6516e9f1322e171c535c5618caed768035d244fbaa84eaecd0e1dada2", kill_on_drop: false }`
[INFO] running `Command { std: "docker" "rm" "-f" "031496e6516e9f1322e171c535c5618caed768035d244fbaa84eaecd0e1dada2", kill_on_drop: false }`
[INFO] [stdout] 031496e6516e9f1322e171c535c5618caed768035d244fbaa84eaecd0e1dada2
[INFO] running `Command { std: "docker" "create" "-v" "/var/lib/crater-agent-workspace/builds/worker-5-tc1/target:/opt/rustwide/target:rw,Z" "-v" "/var/lib/crater-agent-workspace/builds/worker-5-tc1/source:/opt/rustwide/workdir:ro,Z" "-v" "/var/lib/crater-agent-workspace/cargo-home:/opt/rustwide/cargo-home:ro,Z" "-v" "/var/lib/crater-agent-workspace/rustup-home:/opt/rustwide/rustup-home:ro,Z" "-e" "SOURCE_DIR=/opt/rustwide/workdir" "-e" "CARGO_TARGET_DIR=/opt/rustwide/target" "-e" "CARGO_INCREMENTAL=0" "-e" "RUST_BACKTRACE=full" "-e" "RUSTFLAGS=--cap-lints=forbid" "-e" "RUSTDOCFLAGS=--cap-lints=forbid" "-e" "CARGO_HOME=/opt/rustwide/cargo-home" "-e" "RUSTUP_HOME=/opt/rustwide/rustup-home" "-w" "/opt/rustwide/workdir" "-m" "1610612736" "--user" "0:0" "--network" "none" "ghcr.io/rust-lang/crates-build-env/linux@sha256:4a844ea9eb2546a2d2c7022eacef16ef2e8229c7fbb2c7d4d55a9ceca922f72d" "/opt/rustwide/cargo-home/bin/cargo" "+nightly-2024-10-28" "build" "--frozen" "--message-format=json", kill_on_drop: false }`
[INFO] [stdout] 305f1ba2099907d50d017c1eaf0fff3e44f22f0ec8846a3c59fa68dbb62908b7
[INFO] running `Command { std: "docker" "start" "-a" "305f1ba2099907d50d017c1eaf0fff3e44f22f0ec8846a3c59fa68dbb62908b7", kill_on_drop: false }`
[INFO] [stderr]    Compiling proc-macro2 v1.0.86
[INFO] [stderr]    Compiling unicode-ident v1.0.12
[INFO] [stderr]    Compiling rustversion v1.0.17
[INFO] [stderr]    Compiling syn v1.0.109
[INFO] [stderr]    Compiling heck v0.5.0
[INFO] [stderr]    Compiling log v0.4.22
[INFO] [stderr]    Compiling marksman_escape v0.1.2
[INFO] [stderr]    Compiling bounded-spsc-queue v0.4.0
[INFO] [stderr]    Compiling lazy_static v1.5.0
[INFO] [stderr]    Compiling either v1.13.0
[INFO] [stderr]    Compiling smallvec v1.13.2
[INFO] [stderr]    Compiling vec_map v0.8.2
[INFO] [stderr]    Compiling colored v2.1.0
[INFO] [stderr]    Compiling unbounded-spsc v0.1.9
[INFO] [stderr]    Compiling quote v1.0.37
[INFO] [stderr]    Compiling syn v2.0.76
[INFO] [stderr]    Compiling variant_count v1.1.0
[INFO] [stderr]    Compiling strum_macros v0.26.4
[INFO] [stderr]    Compiling macro-machines v0.10.6
[INFO] [stderr]    Compiling strum v0.26.3
[INFO] [stderr]    Compiling apis v0.5.10 (/opt/rustwide/workdir)
[INFO] [stderr]     Finished `dev` profile [unoptimized + debuginfo] target(s) in 3.30s
[INFO] running `Command { std: "docker" "inspect" "305f1ba2099907d50d017c1eaf0fff3e44f22f0ec8846a3c59fa68dbb62908b7", kill_on_drop: false }`
[INFO] running `Command { std: "docker" "rm" "-f" "305f1ba2099907d50d017c1eaf0fff3e44f22f0ec8846a3c59fa68dbb62908b7", kill_on_drop: false }`
[INFO] [stdout] 305f1ba2099907d50d017c1eaf0fff3e44f22f0ec8846a3c59fa68dbb62908b7
[INFO] running `Command { std: "docker" "create" "-v" "/var/lib/crater-agent-workspace/builds/worker-5-tc1/target:/opt/rustwide/target:rw,Z" "-v" "/var/lib/crater-agent-workspace/builds/worker-5-tc1/source:/opt/rustwide/workdir:ro,Z" "-v" "/var/lib/crater-agent-workspace/cargo-home:/opt/rustwide/cargo-home:ro,Z" "-v" "/var/lib/crater-agent-workspace/rustup-home:/opt/rustwide/rustup-home:ro,Z" "-e" "SOURCE_DIR=/opt/rustwide/workdir" "-e" "CARGO_TARGET_DIR=/opt/rustwide/target" "-e" "CARGO_INCREMENTAL=0" "-e" "RUST_BACKTRACE=full" "-e" "RUSTFLAGS=--cap-lints=forbid" "-e" "RUSTDOCFLAGS=--cap-lints=forbid" "-e" "CARGO_HOME=/opt/rustwide/cargo-home" "-e" "RUSTUP_HOME=/opt/rustwide/rustup-home" "-w" "/opt/rustwide/workdir" "-m" "1610612736" "--user" "0:0" "--network" "none" "ghcr.io/rust-lang/crates-build-env/linux@sha256:4a844ea9eb2546a2d2c7022eacef16ef2e8229c7fbb2c7d4d55a9ceca922f72d" "/opt/rustwide/cargo-home/bin/cargo" "+nightly-2024-10-28" "test" "--frozen" "--no-run" "--message-format=json", kill_on_drop: false }`
[INFO] [stdout] 882010ccfbca93437daa32ef70e19b983a53e6d85dce5b62c7772088f910f51d
[INFO] running `Command { std: "docker" "start" "-a" "882010ccfbca93437daa32ef70e19b983a53e6d85dce5b62c7772088f910f51d", kill_on_drop: false }`
[INFO] [stderr]    Compiling libc v0.2.158
[INFO] [stderr]    Compiling cfg-if v1.0.0
[INFO] [stderr]    Compiling xml-rs v0.8.21
[INFO] [stderr]    Compiling autocfg v1.3.0
[INFO] [stderr]    Compiling pkg-config v0.3.30
[INFO] [stderr]    Compiling khronos_api v3.1.0
[INFO] [stderr]    Compiling bitflags v1.3.2
[INFO] [stderr]    Compiling log v0.4.22
[INFO] [stderr]    Compiling once_cell v1.19.0
[INFO] [stderr]    Compiling downcast-rs v1.2.1
[INFO] [stderr]    Compiling scoped-tls v1.0.1
[INFO] [stderr]    Compiling parking_lot_core v0.8.6
[INFO] [stderr]    Compiling scopeguard v1.2.0
[INFO] [stderr]    Compiling shlex v1.3.0
[INFO] [stderr]    Compiling xcursor v0.3.8
[INFO] [stderr]    Compiling libloading v0.8.5
[INFO] [stderr]    Compiling instant v0.1.13
[INFO] [stderr]    Compiling zerocopy-derive v0.7.35
[INFO] [stderr]    Compiling aho-corasick v1.1.3
[INFO] [stderr]    Compiling winit v0.26.1
[INFO] [stderr]    Compiling regex-syntax v0.8.4
[INFO] [stderr]    Compiling dlib v0.5.2
[INFO] [stderr]    Compiling cc v1.1.14
[INFO] [stderr]    Compiling byteorder v1.5.0
[INFO] [stderr]    Compiling cty v0.2.2
[INFO] [stderr]    Compiling gimli v0.29.0
[INFO] [stderr]    Compiling percent-encoding v2.3.1
[INFO] [stderr]    Compiling raw-window-handle v0.4.3
[INFO] [stderr]    Compiling adler v1.0.2
[INFO] [stderr]    Compiling utf8parse v0.2.2
[INFO] [stderr]    Compiling miniz_oxide v0.7.4
[INFO] [stderr]    Compiling memoffset v0.6.5
[INFO] [stderr]    Compiling lock_api v0.4.12
[INFO] [stderr]    Compiling libloading v0.7.4
[INFO] [stderr]    Compiling anstyle-parse v0.2.5
[INFO] [stderr]    Compiling object v0.36.3
[INFO] [stderr]    Compiling colorchoice v1.0.2
[INFO] [stderr]    Compiling anstyle v1.0.8
[INFO] [stderr]    Compiling is_terminal_polyfill v1.70.1
[INFO] [stderr]    Compiling rustc-demangle v0.1.24
[INFO] [stderr]    Compiling anstyle-query v1.1.1
[INFO] [stderr]    Compiling macro-machines v0.10.6
[INFO] [stderr]    Compiling takeable-option v0.5.0
[INFO] [stderr]    Compiling wayland-scanner v0.29.5
[INFO] [stderr]    Compiling wayland-sys v0.29.5
[INFO] [stderr]    Compiling gl_generator v0.14.0
[INFO] [stderr]    Compiling x11-dl v2.21.0
[INFO] [stderr]    Compiling smithay-client-toolkit v0.15.4
[INFO] [stderr]    Compiling anstream v0.6.15
[INFO] [stderr]    Compiling fnv v1.0.7
[INFO] [stderr]    Compiling humantime v2.1.0
[INFO] [stderr]    Compiling apis v0.5.10 (/opt/rustwide/workdir)
[INFO] [stderr]    Compiling zerocopy v0.7.35
[INFO] [stderr]    Compiling glutin_glx_sys v0.1.8
[INFO] [stderr]    Compiling glutin_egl_sys v0.1.6
[INFO] [stderr]    Compiling glium v0.31.0
[INFO] [stderr]    Compiling backtrace v0.3.73
[INFO] [stderr]    Compiling regex-automata v0.4.7
[INFO] [stderr]    Compiling wayland-client v0.29.5
[INFO] [stderr]    Compiling nix v0.24.3
[INFO] [stderr]    Compiling wayland-protocols v0.29.5
[INFO] [stderr]    Compiling nix v0.22.3
[INFO] [stderr]    Compiling memmap2 v0.3.1
[INFO] [stderr]    Compiling getrandom v0.2.15
[INFO] [stderr]    Compiling parking_lot v0.11.2
[INFO] [stderr]    Compiling shared_library v0.1.9
[INFO] [stderr]    Compiling mio v0.8.11
[INFO] [stderr]    Compiling osmesa-sys v0.1.2
[INFO] [stderr]    Compiling rand_core v0.6.4
[INFO] [stderr]    Compiling ppv-lite86 v0.2.20
[INFO] [stderr]    Compiling rand_chacha v0.3.1
[INFO] [stderr]    Compiling rand v0.8.5
[INFO] [stderr]    Compiling addr2line v0.22.0
[INFO] [stderr]    Compiling wayland-commons v0.29.5
[INFO] [stderr]    Compiling regex v1.10.6
[INFO] [stderr]    Compiling env_filter v0.1.2
[INFO] [stderr]    Compiling calloop v0.9.3
[INFO] [stderr]    Compiling env_logger v0.11.5
[INFO] [stderr]    Compiling wayland-cursor v0.29.5
[INFO] [stderr]    Compiling wayland-egl v0.29.5
[INFO] [stderr]    Compiling glutin v0.28.0
[INFO] [stderr]     Finished `test` profile [unoptimized + debuginfo] target(s) in 45.32s
[INFO] running `Command { std: "docker" "inspect" "882010ccfbca93437daa32ef70e19b983a53e6d85dce5b62c7772088f910f51d", kill_on_drop: false }`
[INFO] running `Command { std: "docker" "rm" "-f" "882010ccfbca93437daa32ef70e19b983a53e6d85dce5b62c7772088f910f51d", kill_on_drop: false }`
[INFO] [stdout] 882010ccfbca93437daa32ef70e19b983a53e6d85dce5b62c7772088f910f51d
[INFO] running `Command { std: "docker" "create" "-v" "/var/lib/crater-agent-workspace/builds/worker-5-tc1/target:/opt/rustwide/target:rw,Z" "-v" "/var/lib/crater-agent-workspace/builds/worker-5-tc1/source:/opt/rustwide/workdir:ro,Z" "-v" "/var/lib/crater-agent-workspace/cargo-home:/opt/rustwide/cargo-home:ro,Z" "-v" "/var/lib/crater-agent-workspace/rustup-home:/opt/rustwide/rustup-home:ro,Z" "-e" "SOURCE_DIR=/opt/rustwide/workdir" "-e" "CARGO_TARGET_DIR=/opt/rustwide/target" "-e" "CARGO_INCREMENTAL=0" "-e" "RUST_BACKTRACE=full" "-e" "RUSTFLAGS=--cap-lints=forbid" "-e" "RUSTDOCFLAGS=--cap-lints=forbid" "-e" "CARGO_HOME=/opt/rustwide/cargo-home" "-e" "RUSTUP_HOME=/opt/rustwide/rustup-home" "-w" "/opt/rustwide/workdir" "-m" "1610612736" "--user" "0:0" "--network" "none" "ghcr.io/rust-lang/crates-build-env/linux@sha256:4a844ea9eb2546a2d2c7022eacef16ef2e8229c7fbb2c7d4d55a9ceca922f72d" "/opt/rustwide/cargo-home/bin/cargo" "+nightly-2024-10-28" "test" "--frozen", kill_on_drop: false }`
[INFO] [stdout] 425d72a66edf78e5a63a5af8bd0564b2dbcad66c78615658c6de42b20f519ceb
[INFO] running `Command { std: "docker" "start" "-a" "425d72a66edf78e5a63a5af8bd0564b2dbcad66c78615658c6de42b20f519ceb", kill_on_drop: false }`
[INFO] [stderr]     Finished `test` profile [unoptimized + debuginfo] target(s) in 0.10s
[INFO] [stderr]      Running unittests src/lib.rs (/opt/rustwide/target/debug/deps/apis-ad02deaa91c9d1aa)
[INFO] [stdout] 
[INFO] [stdout] running 0 tests
[INFO] [stdout] 
[INFO] [stdout] test result: ok. 0 passed; 0 failed; 0 ignored; 0 measured; 0 filtered out; finished in 0.00s
[INFO] [stdout] 
[INFO] [stderr]    Doc-tests apis
[INFO] [stdout] 
[INFO] [stdout] running 13 tests
[INFO] [stdout] test src/process/mod.rs - process::Def<CTX>::define (line 763) ... FAILED
[INFO] [stdout] test src/process/mod.rs - process::Def<CTX>::define (line 746) ... FAILED
[INFO] [stdout] test src/process/mod.rs - process::Def<CTX>::define (line 797) ... FAILED
[INFO] [stdout] test src/channel/mod.rs - channel::Def<CTX>::define (line 191) ... FAILED
[INFO] [stdout] test src/process/mod.rs - process::Def<CTX>::define (line 816) ... FAILED
[INFO] [stdout] test src/channel/mod.rs - channel::Def<CTX>::define (line 175) ... FAILED
[INFO] [stdout] test src/channel/mod.rs - channel::Def<CTX>::define (line 207) ... FAILED
[INFO] [stdout] test src/process/mod.rs - process::Def<CTX>::define (line 780) ... FAILED
[INFO] [stdout] test src/channel/mod.rs - channel::Def<CTX>::define (line 153) ... FAILED
[INFO] [stdout] test src/channel/mod.rs - channel::Def<CTX>::define (line 223) ... FAILED
[INFO] [stdout] test src/session/macro_def.rs - session::macro_def::def_session (line 29) ... ok
[INFO] [stdout] test src/session/mod.rs - session::Context::def (line 117) ... ok
[INFO] [stdout] test src/session/mod.rs - session::Context::def (line 166) ... ok
[INFO] [stdout] 
[INFO] [stdout] failures:
[INFO] [stdout] 
[INFO] [stdout] ---- src/process/mod.rs - process::Def<CTX>::define (line 763) stdout ----
[INFO] [stdout] error[E0432]: unresolved import `apis::session::mock`
[INFO] [stdout]  --> src/process/mod.rs:766:20
[INFO] [stdout]   |
[INFO] [stdout] 4 | use apis::session::mock::*;
[INFO] [stdout]   |                    ^^^^ could not find `mock` in `session`
[INFO] [stdout] 
[INFO] [stdout] error: aborting due to 1 previous error
[INFO] [stdout] 
[INFO] [stdout] For more information about this error, try `rustc --explain E0432`.
[INFO] [stdout] Couldn't compile the test.
[INFO] [stdout] ---- src/process/mod.rs - process::Def<CTX>::define (line 746) stdout ----
[INFO] [stdout] error[E0432]: unresolved import `apis::session::mock`
[INFO] [stdout]  --> src/process/mod.rs:749:20
[INFO] [stdout]   |
[INFO] [stdout] 4 | use apis::session::mock::*;
[INFO] [stdout]   |                    ^^^^ could not find `mock` in `session`
[INFO] [stdout] 
[INFO] [stdout] error: aborting due to 1 previous error
[INFO] [stdout] 
[INFO] [stdout] For more information about this error, try `rustc --explain E0432`.
[INFO] [stdout] Couldn't compile the test.
[INFO] [stdout] ---- src/process/mod.rs - process::Def<CTX>::define (line 797) stdout ----
[INFO] [stdout] error[E0432]: unresolved import `apis::session::mock`
[INFO] [stdout]  --> src/process/mod.rs:800:20
[INFO] [stdout]   |
[INFO] [stdout] 4 | use apis::session::mock::*;
[INFO] [stdout]   |                    ^^^^ could not find `mock` in `session`
[INFO] [stdout] 
[INFO] [stdout] error: aborting due to 1 previous error
[INFO] [stdout] 
[INFO] [stdout] For more information about this error, try `rustc --explain E0432`.
[INFO] [stdout] Couldn't compile the test.
[INFO] [stdout] ---- src/channel/mod.rs - channel::Def<CTX>::define (line 191) stdout ----
[INFO] [stdout] error[E0432]: unresolved import `apis::session::mock`
[INFO] [stdout]  --> src/channel/mod.rs:194:20
[INFO] [stdout]   |
[INFO] [stdout] 4 | use apis::session::mock::*;
[INFO] [stdout]   |                    ^^^^ could not find `mock` in `session`
[INFO] [stdout] 
[INFO] [stdout] error: aborting due to 1 previous error
[INFO] [stdout] 
[INFO] [stdout] For more information about this error, try `rustc --explain E0432`.
[INFO] [stdout] Couldn't compile the test.
[INFO] [stdout] ---- src/process/mod.rs - process::Def<CTX>::define (line 816) stdout ----
[INFO] [stdout] error[E0432]: unresolved import `apis::session::mock`
[INFO] [stdout]  --> src/process/mod.rs:819:20
[INFO] [stdout]   |
[INFO] [stdout] 4 | use apis::session::mock::*;
[INFO] [stdout]   |                    ^^^^ could not find `mock` in `session`
[INFO] [stdout] 
[INFO] [stdout] error: aborting due to 1 previous error
[INFO] [stdout] 
[INFO] [stdout] For more information about this error, try `rustc --explain E0432`.
[INFO] [stdout] Couldn't compile the test.
[INFO] [stdout] ---- src/channel/mod.rs - channel::Def<CTX>::define (line 175) stdout ----
[INFO] [stdout] error[E0432]: unresolved import `apis::session::mock`
[INFO] [stdout]  --> src/channel/mod.rs:178:20
[INFO] [stdout]   |
[INFO] [stdout] 4 | use apis::session::mock::*;
[INFO] [stdout]   |                    ^^^^ could not find `mock` in `session`
[INFO] [stdout] 
[INFO] [stdout] error: aborting due to 1 previous error
[INFO] [stdout] 
[INFO] [stdout] For more information about this error, try `rustc --explain E0432`.
[INFO] [stdout] Couldn't compile the test.
[INFO] [stdout] ---- src/channel/mod.rs - channel::Def<CTX>::define (line 207) stdout ----
[INFO] [stdout] error[E0432]: unresolved import `apis::session::mock`
[INFO] [stdout]  --> src/channel/mod.rs:210:20
[INFO] [stdout]   |
[INFO] [stdout] 4 | use apis::session::mock::*;
[INFO] [stdout]   |                    ^^^^ could not find `mock` in `session`
[INFO] [stdout] 
[INFO] [stdout] error: aborting due to 1 previous error
[INFO] [stdout] 
[INFO] [stdout] For more information about this error, try `rustc --explain E0432`.
[INFO] [stdout] Couldn't compile the test.
[INFO] [stdout] ---- src/process/mod.rs - process::Def<CTX>::define (line 780) stdout ----
[INFO] [stdout] error[E0432]: unresolved import `apis::session::mock`
[INFO] [stdout]  --> src/process/mod.rs:783:20
[INFO] [stdout]   |
[INFO] [stdout] 4 | use apis::session::mock::*;
[INFO] [stdout]   |                    ^^^^ could not find `mock` in `session`
[INFO] [stdout] 
[INFO] [stdout] error: aborting due to 1 previous error
[INFO] [stdout] 
[INFO] [stdout] For more information about this error, try `rustc --explain E0432`.
[INFO] [stdout] Couldn't compile the test.
[INFO] [stdout] ---- src/channel/mod.rs - channel::Def<CTX>::define (line 153) stdout ----
[INFO] [stdout] error[E0432]: unresolved import `apis::session::mock`
[INFO] [stdout]  --> src/channel/mod.rs:156:20
[INFO] [stdout]   |
[INFO] [stdout] 4 | use apis::session::mock::*;
[INFO] [stdout]   |                    ^^^^ could not find `mock` in `session`
[INFO] [stdout] 
[INFO] [stdout] error: aborting due to 1 previous error
[INFO] [stdout] 
[INFO] [stdout] For more information about this error, try `rustc --explain E0432`.
[INFO] [stdout] Couldn't compile the test.
[INFO] [stdout] ---- src/channel/mod.rs - channel::Def<CTX>::define (line 223) stdout ----
[INFO] [stdout] error[E0432]: unresolved import `apis::session::mock`
[INFO] [stdout]  --> src/channel/mod.rs:226:20
[INFO] [stdout]   |
[INFO] [stdout] 4 | use apis::session::mock::*;
[INFO] [stdout]   |                    ^^^^ could not find `mock` in `session`
[INFO] [stdout] 
[INFO] [stdout] error: aborting due to 1 previous error
[INFO] [stdout] 
[INFO] [stdout] For more information about this error, try `rustc --explain E0432`.
[INFO] [stdout] Couldn't compile the test.
[INFO] [stdout] 
[INFO] [stdout] failures:
[INFO] [stdout]     src/channel/mod.rs - channel::Def<CTX>::define (line 153)
[INFO] [stdout]     src/channel/mod.rs - channel::Def<CTX>::define (line 175)
[INFO] [stdout]     src/channel/mod.rs - channel::Def<CTX>::define (line 191)
[INFO] [stdout]     src/channel/mod.rs - channel::Def<CTX>::define (line 207)
[INFO] [stdout]     src/channel/mod.rs - channel::Def<CTX>::define (line 223)
[INFO] [stdout]     src/process/mod.rs - process::Def<CTX>::define (line 746)
[INFO] [stdout]     src/process/mod.rs - process::Def<CTX>::define (line 763)
[INFO] [stdout]     src/process/mod.rs - process::Def<CTX>::define (line 780)
[INFO] [stdout]     src/process/mod.rs - process::Def<CTX>::define (line 797)
[INFO] [stdout]     src/process/mod.rs - process::Def<CTX>::define (line 816)
[INFO] [stdout] 
[INFO] [stdout] test result: FAILED. 3 passed; 10 failed; 0 ignored; 0 measured; 0 filtered out; finished in 0.27s
[INFO] [stdout] 
[INFO] [stderr] error: doctest failed, to rerun pass `--doc`
[INFO] running `Command { std: "docker" "inspect" "425d72a66edf78e5a63a5af8bd0564b2dbcad66c78615658c6de42b20f519ceb", kill_on_drop: false }`
[INFO] running `Command { std: "docker" "rm" "-f" "425d72a66edf78e5a63a5af8bd0564b2dbcad66c78615658c6de42b20f519ceb", kill_on_drop: false }`
[INFO] [stdout] 425d72a66edf78e5a63a5af8bd0564b2dbcad66c78615658c6de42b20f519ceb
