[INFO] fetching crate api-request-utils-rs 0.2.5...
[INFO] testing api-request-utils-rs-0.2.5 against nightly-2024-10-28+rustflags=-Zrandomize-layout for randomize-layout
[INFO] extracting crate api-request-utils-rs 0.2.5 into /workspace/builds/worker-7-tc2/source
[INFO] validating manifest of crates.io crate api-request-utils-rs 0.2.5 on toolchain nightly-2024-10-28
[INFO] running `Command { std: CARGO_HOME="/workspace/cargo-home" RUSTUP_HOME="/workspace/rustup-home" "/workspace/cargo-home/bin/cargo" "+nightly-2024-10-28" "metadata" "--manifest-path" "Cargo.toml" "--no-deps", kill_on_drop: false }`
[INFO] started tweaking crates.io crate api-request-utils-rs 0.2.5
[INFO] finished tweaking crates.io crate api-request-utils-rs 0.2.5
[INFO] tweaked toml for crates.io crate api-request-utils-rs 0.2.5 written to /workspace/builds/worker-7-tc2/source/Cargo.toml
[INFO] running `Command { std: CARGO_HOME="/workspace/cargo-home" RUSTUP_HOME="/workspace/rustup-home" "/workspace/cargo-home/bin/cargo" "+nightly-2024-10-28" "generate-lockfile" "--manifest-path" "Cargo.toml", kill_on_drop: false }`
[INFO] [stderr]     Updating crates.io index
[INFO] [stderr]      Locking 128 packages to latest compatible versions
[INFO] [stderr]       Adding reqwest v0.11.27 (available: v0.12.9)
[INFO] running `Command { std: CARGO_HOME="/workspace/cargo-home" RUSTUP_HOME="/workspace/rustup-home" "/workspace/cargo-home/bin/cargo" "+nightly-2024-10-28" "fetch" "--manifest-path" "Cargo.toml", kill_on_drop: false }`
[INFO] running `Command { std: "docker" "create" "-v" "/var/lib/crater-agent-workspace/builds/worker-7-tc2/target:/opt/rustwide/target:rw,Z" "-v" "/var/lib/crater-agent-workspace/builds/worker-7-tc2/source:/opt/rustwide/workdir:ro,Z" "-v" "/var/lib/crater-agent-workspace/cargo-home:/opt/rustwide/cargo-home:ro,Z" "-v" "/var/lib/crater-agent-workspace/rustup-home:/opt/rustwide/rustup-home:ro,Z" "-e" "SOURCE_DIR=/opt/rustwide/workdir" "-e" "CARGO_TARGET_DIR=/opt/rustwide/target" "-e" "CARGO_HOME=/opt/rustwide/cargo-home" "-e" "RUSTUP_HOME=/opt/rustwide/rustup-home" "-w" "/opt/rustwide/workdir" "-m" "1610612736" "--user" "0:0" "--network" "none" "ghcr.io/rust-lang/crates-build-env/linux@sha256:4a844ea9eb2546a2d2c7022eacef16ef2e8229c7fbb2c7d4d55a9ceca922f72d" "/opt/rustwide/cargo-home/bin/cargo" "+nightly-2024-10-28" "metadata" "--no-deps" "--format-version=1", kill_on_drop: false }`
[INFO] [stdout] 40fdd0f529db1c23a90e9b9664d78b3560a8af45e5b23b29e28f8afd9c6b1401
[INFO] running `Command { std: "docker" "start" "-a" "40fdd0f529db1c23a90e9b9664d78b3560a8af45e5b23b29e28f8afd9c6b1401", kill_on_drop: false }`
[INFO] running `Command { std: "docker" "inspect" "40fdd0f529db1c23a90e9b9664d78b3560a8af45e5b23b29e28f8afd9c6b1401", kill_on_drop: false }`
[INFO] running `Command { std: "docker" "rm" "-f" "40fdd0f529db1c23a90e9b9664d78b3560a8af45e5b23b29e28f8afd9c6b1401", kill_on_drop: false }`
[INFO] [stdout] 40fdd0f529db1c23a90e9b9664d78b3560a8af45e5b23b29e28f8afd9c6b1401
[INFO] running `Command { std: "docker" "create" "-v" "/var/lib/crater-agent-workspace/builds/worker-7-tc2/target:/opt/rustwide/target:rw,Z" "-v" "/var/lib/crater-agent-workspace/builds/worker-7-tc2/source:/opt/rustwide/workdir:ro,Z" "-v" "/var/lib/crater-agent-workspace/cargo-home:/opt/rustwide/cargo-home:ro,Z" "-v" "/var/lib/crater-agent-workspace/rustup-home:/opt/rustwide/rustup-home:ro,Z" "-e" "SOURCE_DIR=/opt/rustwide/workdir" "-e" "CARGO_TARGET_DIR=/opt/rustwide/target" "-e" "CARGO_INCREMENTAL=0" "-e" "RUST_BACKTRACE=full" "-e" "RUSTFLAGS=--cap-lints=forbid -Zrandomize-layout" "-e" "RUSTDOCFLAGS=--cap-lints=forbid" "-e" "CARGO_HOME=/opt/rustwide/cargo-home" "-e" "RUSTUP_HOME=/opt/rustwide/rustup-home" "-w" "/opt/rustwide/workdir" "-m" "1610612736" "--user" "0:0" "--network" "none" "ghcr.io/rust-lang/crates-build-env/linux@sha256:4a844ea9eb2546a2d2c7022eacef16ef2e8229c7fbb2c7d4d55a9ceca922f72d" "/opt/rustwide/cargo-home/bin/cargo" "+nightly-2024-10-28" "build" "--frozen" "--message-format=json", kill_on_drop: false }`
[INFO] [stdout] 3008a9c7cbebcca60040be649afd36c22c92b4d28323bd734d43fa853b0849b3
[INFO] running `Command { std: "docker" "start" "-a" "3008a9c7cbebcca60040be649afd36c22c92b4d28323bd734d43fa853b0849b3", kill_on_drop: false }`
[INFO] [stderr]    Compiling vcpkg v0.2.15
[INFO] [stderr]    Compiling bytes v1.8.0
[INFO] [stderr]    Compiling openssl v0.10.68
[INFO] [stderr]    Compiling futures-task v0.3.31
[INFO] [stderr]    Compiling native-tls v0.2.12
[INFO] [stderr]    Compiling tracing v0.1.40
[INFO] [stderr]    Compiling openssl-probe v0.1.5
[INFO] [stderr]    Compiling syn v2.0.86
[INFO] [stderr]    Compiling serde_json v1.0.132
[INFO] [stderr]    Compiling ipnet v2.10.1
[INFO] [stderr]    Compiling mime v0.3.17
[INFO] [stderr]    Compiling futures-util v0.3.31
[INFO] [stderr]    Compiling openssl-sys v0.9.104
[INFO] [stderr]    Compiling tokio v1.41.0
[INFO] [stderr]    Compiling http v0.2.12
[INFO] [stderr]    Compiling http-body v0.4.6
[INFO] [stderr]    Compiling openssl-macros v0.1.1
[INFO] [stderr]    Compiling serde_derive v1.0.214
[INFO] [stderr]    Compiling thiserror-impl v1.0.66
[INFO] [stderr]    Compiling async-trait v0.1.83
[INFO] [stderr]    Compiling thiserror v1.0.66
[INFO] [stderr]    Compiling tokio-util v0.7.12
[INFO] [stderr]    Compiling h2 v0.3.26
[INFO] [stderr]    Compiling serde v1.0.214
[INFO] [stderr]    Compiling tokio-native-tls v0.3.1
[INFO] [stderr]    Compiling hyper v0.14.31
[INFO] [stderr]    Compiling serde_urlencoded v0.7.1
[INFO] [stderr]    Compiling hyper-tls v0.5.0
[INFO] [stderr]    Compiling reqwest v0.11.27
[INFO] [stderr]    Compiling api-request-utils-rs v0.2.5 (/opt/rustwide/workdir)
[INFO] [stderr]     Finished `dev` profile [unoptimized + debuginfo] target(s) in 10.61s
[INFO] running `Command { std: "docker" "inspect" "3008a9c7cbebcca60040be649afd36c22c92b4d28323bd734d43fa853b0849b3", kill_on_drop: false }`
[INFO] running `Command { std: "docker" "rm" "-f" "3008a9c7cbebcca60040be649afd36c22c92b4d28323bd734d43fa853b0849b3", kill_on_drop: false }`
[INFO] [stdout] 3008a9c7cbebcca60040be649afd36c22c92b4d28323bd734d43fa853b0849b3
[INFO] running `Command { std: "docker" "create" "-v" "/var/lib/crater-agent-workspace/builds/worker-7-tc2/target:/opt/rustwide/target:rw,Z" "-v" "/var/lib/crater-agent-workspace/builds/worker-7-tc2/source:/opt/rustwide/workdir:ro,Z" "-v" "/var/lib/crater-agent-workspace/cargo-home:/opt/rustwide/cargo-home:ro,Z" "-v" "/var/lib/crater-agent-workspace/rustup-home:/opt/rustwide/rustup-home:ro,Z" "-e" "SOURCE_DIR=/opt/rustwide/workdir" "-e" "CARGO_TARGET_DIR=/opt/rustwide/target" "-e" "CARGO_INCREMENTAL=0" "-e" "RUST_BACKTRACE=full" "-e" "RUSTFLAGS=--cap-lints=forbid -Zrandomize-layout" "-e" "RUSTDOCFLAGS=--cap-lints=forbid" "-e" "CARGO_HOME=/opt/rustwide/cargo-home" "-e" "RUSTUP_HOME=/opt/rustwide/rustup-home" "-w" "/opt/rustwide/workdir" "-m" "1610612736" "--user" "0:0" "--network" "none" "ghcr.io/rust-lang/crates-build-env/linux@sha256:4a844ea9eb2546a2d2c7022eacef16ef2e8229c7fbb2c7d4d55a9ceca922f72d" "/opt/rustwide/cargo-home/bin/cargo" "+nightly-2024-10-28" "test" "--frozen" "--no-run" "--message-format=json", kill_on_drop: false }`
[INFO] [stdout] 81e074222cd676b712fa5998cb83f37a29555ba496f86a1824f80f2bd0c2fec1
[INFO] running `Command { std: "docker" "start" "-a" "81e074222cd676b712fa5998cb83f37a29555ba496f86a1824f80f2bd0c2fec1", kill_on_drop: false }`
[INFO] [stderr]    Compiling api-request-utils-rs v0.2.5 (/opt/rustwide/workdir)
[INFO] [stderr]     Finished `test` profile [unoptimized + debuginfo] target(s) in 0.46s
[INFO] running `Command { std: "docker" "inspect" "81e074222cd676b712fa5998cb83f37a29555ba496f86a1824f80f2bd0c2fec1", kill_on_drop: false }`
[INFO] running `Command { std: "docker" "rm" "-f" "81e074222cd676b712fa5998cb83f37a29555ba496f86a1824f80f2bd0c2fec1", kill_on_drop: false }`
[INFO] [stdout] 81e074222cd676b712fa5998cb83f37a29555ba496f86a1824f80f2bd0c2fec1
[INFO] running `Command { std: "docker" "create" "-v" "/var/lib/crater-agent-workspace/builds/worker-7-tc2/target:/opt/rustwide/target:rw,Z" "-v" "/var/lib/crater-agent-workspace/builds/worker-7-tc2/source:/opt/rustwide/workdir:ro,Z" "-v" "/var/lib/crater-agent-workspace/cargo-home:/opt/rustwide/cargo-home:ro,Z" "-v" "/var/lib/crater-agent-workspace/rustup-home:/opt/rustwide/rustup-home:ro,Z" "-e" "SOURCE_DIR=/opt/rustwide/workdir" "-e" "CARGO_TARGET_DIR=/opt/rustwide/target" "-e" "CARGO_INCREMENTAL=0" "-e" "RUST_BACKTRACE=full" "-e" "RUSTFLAGS=--cap-lints=forbid -Zrandomize-layout" "-e" "RUSTDOCFLAGS=--cap-lints=forbid" "-e" "CARGO_HOME=/opt/rustwide/cargo-home" "-e" "RUSTUP_HOME=/opt/rustwide/rustup-home" "-w" "/opt/rustwide/workdir" "-m" "1610612736" "--user" "0:0" "--network" "none" "ghcr.io/rust-lang/crates-build-env/linux@sha256:4a844ea9eb2546a2d2c7022eacef16ef2e8229c7fbb2c7d4d55a9ceca922f72d" "/opt/rustwide/cargo-home/bin/cargo" "+nightly-2024-10-28" "test" "--frozen", kill_on_drop: false }`
[INFO] [stdout] 81932b9f7f985f1bd6e64acb517348da67fad63b6b790b7edca505f7b442400c
[INFO] running `Command { std: "docker" "start" "-a" "81932b9f7f985f1bd6e64acb517348da67fad63b6b790b7edca505f7b442400c", kill_on_drop: false }`
[INFO] [stderr]     Finished `test` profile [unoptimized + debuginfo] target(s) in 0.06s
[INFO] [stderr]      Running unittests src/lib.rs (/opt/rustwide/target/debug/deps/api_request_utils-cf9ffd6e618703cc)
[INFO] [stdout] 
[INFO] [stdout] running 0 tests
[INFO] [stdout] 
[INFO] [stdout] test result: ok. 0 passed; 0 failed; 0 ignored; 0 measured; 0 filtered out; finished in 0.00s
[INFO] [stdout] 
[INFO] [stderr]    Doc-tests api_request_utils
[INFO] [stdout] 
[INFO] [stdout] running 4 tests
[INFO] [stdout] test src/../README.md - (line 117) ... FAILED
[INFO] [stdout] test src/../README.md - (line 37) ... FAILED
[INFO] [stdout] test src/../README.md - (line 89) ... FAILED
[INFO] [stdout] test src/../README.md - (line 65) ... FAILED
[INFO] [stdout] 
[INFO] [stdout] failures:
[INFO] [stdout] 
[INFO] [stdout] ---- src/../README.md - (line 117) stdout ----
[INFO] [stdout] error[E0425]: cannot find value `error` in this scope
[INFO] [stdout]  --> src/../README.md:121:7
[INFO] [stdout]   |
[INFO] [stdout] 7 | match error {
[INFO] [stdout]   |       ^^^^^ not found in this scope
[INFO] [stdout] 
[INFO] [stdout] error: aborting due to 1 previous error
[INFO] [stdout] 
[INFO] [stdout] For more information about this error, try `rustc --explain E0425`.
[INFO] [stdout] Couldn't compile the test.
[INFO] [stdout] ---- src/../README.md - (line 37) stdout ----
[INFO] [stdout] error[E0107]: missing generics for trait `api_request_utils::RequestHandler`
[INFO] [stdout]    --> src/../README.md:58:6
[INFO] [stdout]     |
[INFO] [stdout] 24  | impl RequestHandler for MyAPIClient {} // Default settings should be enought
[INFO] [stdout]     |      ^^^^^^^^^^^^^^ expected 3 generic arguments
[INFO] [stdout]     |
[INFO] [stdout] note: trait defined here, with 3 generic parameters: `T`, `O`, `E`
[INFO] [stdout]    --> /opt/rustwide/workdir/src/lib.rs:135:11
[INFO] [stdout]     |
[INFO] [stdout] 135 | pub trait RequestHandler<T : DeserializeOwned,O : DeserializeOwned,E : DeserializeOwned> : RequestDefaults {
[INFO] [stdout]     |           ^^^^^^^^^^^^^^ -                    -                    -
[INFO] [stdout] help: add missing generic arguments
[INFO] [stdout]     |
[INFO] [stdout] 24  | impl RequestHandler<T, O, E> for MyAPIClient {} // Default settings should be enought
[INFO] [stdout]     |                    +++++++++
[INFO] [stdout] 
[INFO] [stdout] error[E0308]: mismatched types
[INFO] [stdout]   --> src/../README.md:47:25
[INFO] [stdout]    |
[INFO] [stdout] 13 |     fn client(&self) -> &reqwest::Client {
[INFO] [stdout]    |        ------           ^^^^^^^^^^^^^^^^ expected `&Client`, found `()`
[INFO] [stdout]    |        |
[INFO] [stdout]    |        implicitly returns `()` as its body has no tail or `return` expression
[INFO] [stdout] 
[INFO] [stdout] error: aborting due to 2 previous errors
[INFO] [stdout] 
[INFO] [stdout] Some errors have detailed explanations: E0107, E0308.
[INFO] [stdout] For more information about an error, try `rustc --explain E0107`.
[INFO] [stdout] Couldn't compile the test.
[INFO] [stdout] ---- src/../README.md - (line 89) stdout ----
[INFO] [stdout] error: expected expression, found `;`
[INFO] [stdout]  --> src/../README.md:94:63
[INFO] [stdout]   |
[INFO] [stdout] 6 |     let json_payload : String = /* Define your JSON payload */;
[INFO] [stdout]   |                                                               ^ expected expression
[INFO] [stdout] 
[INFO] [stdout] error[E0433]: failed to resolve: use of undeclared crate or module `tokio`
[INFO] [stdout]  --> src/../README.md:90:3
[INFO] [stdout]   |
[INFO] [stdout] 2 | #[tokio::main]
[INFO] [stdout]   |   ^^^^^ use of undeclared crate or module `tokio`
[INFO] [stdout] 
[INFO] [stdout] error[E0433]: failed to resolve: use of undeclared type `MyAPIClient`
[INFO] [stdout]  --> src/../README.md:92:22
[INFO] [stdout]   |
[INFO] [stdout] 4 |     let api_client = MyAPIClient::new();
[INFO] [stdout]   |                      ^^^^^^^^^^^ use of undeclared type `MyAPIClient`
[INFO] [stdout] 
[INFO] [stdout] error[E0752]: `main` function is not allowed to be `async`
[INFO] [stdout]  --> src/../README.md:91:1
[INFO] [stdout]   |
[INFO] [stdout] 3 | async fn main() {
[INFO] [stdout]   | ^^^^^^^^^^^^^^^ `main` function is not allowed to be `async`
[INFO] [stdout] 
[INFO] [stdout] error: aborting due to 4 previous errors
[INFO] [stdout] 
[INFO] [stdout] Some errors have detailed explanations: E0433, E0752.
[INFO] [stdout] For more information about an error, try `rustc --explain E0433`.
[INFO] [stdout] Couldn't compile the test.
[INFO] [stdout] ---- src/../README.md - (line 65) stdout ----
[INFO] [stdout] error: expected expression, found `;`
[INFO] [stdout]  --> src/../README.md:69:92
[INFO] [stdout]   |
[INFO] [stdout] 5 |     let parameters: HashMap<&str, serde_json::Value> = /* Define your request parameters */;
[INFO] [stdout]   |                                                                                            ^ expected expression
[INFO] [stdout] 
[INFO] [stdout] error[E0433]: failed to resolve: use of undeclared crate or module `tokio`
[INFO] [stdout]  --> src/../README.md:66:3
[INFO] [stdout]   |
[INFO] [stdout] 2 | #[tokio::main]
[INFO] [stdout]   |   ^^^^^ use of undeclared crate or module `tokio`
[INFO] [stdout] 
[INFO] [stdout] error[E0433]: failed to resolve: use of undeclared type `MyAPIClient`
[INFO] [stdout]  --> src/../README.md:68:22
[INFO] [stdout]   |
[INFO] [stdout] 4 |     let api_client = MyAPIClient::new();
[INFO] [stdout]   |                      ^^^^^^^^^^^ use of undeclared type `MyAPIClient`
[INFO] [stdout] 
[INFO] [stdout] error[E0752]: `main` function is not allowed to be `async`
[INFO] [stdout]  --> src/../README.md:67:1
[INFO] [stdout]   |
[INFO] [stdout] 3 | async fn main() {
[INFO] [stdout]   | ^^^^^^^^^^^^^^^ `main` function is not allowed to be `async`
[INFO] [stdout] 
[INFO] [stdout] error: aborting due to 4 previous errors
[INFO] [stdout] 
[INFO] [stdout] Some errors have detailed explanations: E0433, E0752.
[INFO] [stdout] For more information about an error, try `rustc --explain E0433`.
[INFO] [stdout] Couldn't compile the test.
[INFO] [stdout] 
[INFO] [stdout] failures:
[INFO] [stdout]     src/../README.md - (line 117)
[INFO] [stdout]     src/../README.md - (line 37)
[INFO] [stdout]     src/../README.md - (line 65)
[INFO] [stdout]     src/../README.md - (line 89)
[INFO] [stdout] 
[INFO] [stdout] test result: FAILED. 0 passed; 4 failed; 0 ignored; 0 measured; 0 filtered out; finished in 0.06s
[INFO] [stdout] 
[INFO] [stderr] error: doctest failed, to rerun pass `--doc`
[INFO] running `Command { std: "docker" "inspect" "81932b9f7f985f1bd6e64acb517348da67fad63b6b790b7edca505f7b442400c", kill_on_drop: false }`
[INFO] running `Command { std: "docker" "rm" "-f" "81932b9f7f985f1bd6e64acb517348da67fad63b6b790b7edca505f7b442400c", kill_on_drop: false }`
[INFO] [stdout] 81932b9f7f985f1bd6e64acb517348da67fad63b6b790b7edca505f7b442400c
