[INFO] fetching crate anytest 0.1.0...
[INFO] testing anytest-0.1.0 against nightly-2024-10-28 for randomize-layout
[INFO] extracting crate anytest 0.1.0 into /workspace/builds/worker-3-tc1/source
[INFO] validating manifest of crates.io crate anytest 0.1.0 on toolchain nightly-2024-10-28
[INFO] running `Command { std: CARGO_HOME="/workspace/cargo-home" RUSTUP_HOME="/workspace/rustup-home" "/workspace/cargo-home/bin/cargo" "+nightly-2024-10-28" "metadata" "--manifest-path" "Cargo.toml" "--no-deps", kill_on_drop: false }`
[INFO] started tweaking crates.io crate anytest 0.1.0
[INFO] finished tweaking crates.io crate anytest 0.1.0
[INFO] tweaked toml for crates.io crate anytest 0.1.0 written to /workspace/builds/worker-3-tc1/source/Cargo.toml
[INFO] crate crates.io crate anytest 0.1.0 already has a lockfile, it will not be regenerated
[INFO] running `Command { std: CARGO_HOME="/workspace/cargo-home" RUSTUP_HOME="/workspace/rustup-home" "/workspace/cargo-home/bin/cargo" "+nightly-2024-10-28" "fetch" "--manifest-path" "Cargo.toml", kill_on_drop: false }`
[INFO] [stderr]     Updating crates.io index
[INFO] [stderr]  Downloading crates ...
[INFO] [stderr]   Downloaded which v6.0.1
[INFO] [stderr]   Downloaded windows-targets v0.52.4
[INFO] [stderr]   Downloaded colorchoice v1.0.0
[INFO] [stderr]   Downloaded anytest-derive v0.1.0
[INFO] [stderr]   Downloaded utf8parse v0.2.1
[INFO] [stderr]   Downloaded anstyle-wincon v3.0.2
[INFO] [stderr]   Downloaded anstyle-query v1.0.2
[INFO] [stderr]   Downloaded clap_derive v4.5.4
[INFO] [stderr]   Downloaded rev_buf_reader v0.3.0
[INFO] [stderr]   Downloaded anstyle v1.0.6
[INFO] [stderr]   Downloaded anstyle-parse v0.2.3
[INFO] [stderr]   Downloaded anstream v0.6.13
[INFO] [stderr]   Downloaded clap v4.5.4
[INFO] [stderr]   Downloaded log v0.4.21
[INFO] [stderr]   Downloaded memchr v2.7.2
[INFO] [stderr]   Downloaded proc-macro2 v1.0.79
[INFO] [stderr]   Downloaded bitflags v2.5.0
[INFO] [stderr]   Downloaded strsim v0.11.0
[INFO] [stderr]   Downloaded clap_builder v4.5.2
[INFO] [stderr]   Downloaded smart-default v0.7.1
[INFO] [stderr]   Downloaded clap_lex v0.7.0
[INFO] [stderr]   Downloaded either v1.11.0
[INFO] [stderr]   Downloaded regex v1.10.4
[INFO] [stderr]   Downloaded syn v2.0.55
[INFO] [stderr]   Downloaded regex-syntax v0.8.3
[INFO] [stderr]   Downloaded rustix v0.38.32
[INFO] [stderr]   Downloaded windows_x86_64_gnullvm v0.52.4
[INFO] [stderr]   Downloaded windows_aarch64_gnullvm v0.52.4
[INFO] [stderr]   Downloaded winsafe v0.0.19
[INFO] [stderr]   Downloaded regex-automata v0.4.6
[INFO] [stderr]   Downloaded libc v0.2.153
[INFO] [stderr]   Downloaded windows_x86_64_msvc v0.52.4
[INFO] [stderr]   Downloaded windows_aarch64_msvc v0.52.4
[INFO] [stderr]   Downloaded windows_i686_msvc v0.52.4
[INFO] [stderr]   Downloaded windows_x86_64_gnu v0.52.4
[INFO] [stderr]   Downloaded windows_i686_gnu v0.52.4
[INFO] [stderr]   Downloaded linux-raw-sys v0.4.13
[INFO] running `Command { std: "docker" "create" "-v" "/var/lib/crater-agent-workspace/builds/worker-3-tc1/target:/opt/rustwide/target:rw,Z" "-v" "/var/lib/crater-agent-workspace/builds/worker-3-tc1/source:/opt/rustwide/workdir:ro,Z" "-v" "/var/lib/crater-agent-workspace/cargo-home:/opt/rustwide/cargo-home:ro,Z" "-v" "/var/lib/crater-agent-workspace/rustup-home:/opt/rustwide/rustup-home:ro,Z" "-e" "SOURCE_DIR=/opt/rustwide/workdir" "-e" "CARGO_TARGET_DIR=/opt/rustwide/target" "-e" "CARGO_HOME=/opt/rustwide/cargo-home" "-e" "RUSTUP_HOME=/opt/rustwide/rustup-home" "-w" "/opt/rustwide/workdir" "-m" "1610612736" "--user" "0:0" "--network" "none" "ghcr.io/rust-lang/crates-build-env/linux@sha256:4a844ea9eb2546a2d2c7022eacef16ef2e8229c7fbb2c7d4d55a9ceca922f72d" "/opt/rustwide/cargo-home/bin/cargo" "+nightly-2024-10-28" "metadata" "--no-deps" "--format-version=1", kill_on_drop: false }`
[INFO] [stdout] 5740879ebf6a0f6dea09188517bcde141446bce0c68aecd80790ce0e8a62aff4
[INFO] running `Command { std: "docker" "start" "-a" "5740879ebf6a0f6dea09188517bcde141446bce0c68aecd80790ce0e8a62aff4", kill_on_drop: false }`
[INFO] running `Command { std: "docker" "inspect" "5740879ebf6a0f6dea09188517bcde141446bce0c68aecd80790ce0e8a62aff4", kill_on_drop: false }`
[INFO] running `Command { std: "docker" "rm" "-f" "5740879ebf6a0f6dea09188517bcde141446bce0c68aecd80790ce0e8a62aff4", kill_on_drop: false }`
[INFO] [stdout] 5740879ebf6a0f6dea09188517bcde141446bce0c68aecd80790ce0e8a62aff4
[INFO] running `Command { std: "docker" "create" "-v" "/var/lib/crater-agent-workspace/builds/worker-3-tc1/target:/opt/rustwide/target:rw,Z" "-v" "/var/lib/crater-agent-workspace/builds/worker-3-tc1/source:/opt/rustwide/workdir:ro,Z" "-v" "/var/lib/crater-agent-workspace/cargo-home:/opt/rustwide/cargo-home:ro,Z" "-v" "/var/lib/crater-agent-workspace/rustup-home:/opt/rustwide/rustup-home:ro,Z" "-e" "SOURCE_DIR=/opt/rustwide/workdir" "-e" "CARGO_TARGET_DIR=/opt/rustwide/target" "-e" "CARGO_INCREMENTAL=0" "-e" "RUST_BACKTRACE=full" "-e" "RUSTFLAGS=--cap-lints=forbid" "-e" "RUSTDOCFLAGS=--cap-lints=forbid" "-e" "CARGO_HOME=/opt/rustwide/cargo-home" "-e" "RUSTUP_HOME=/opt/rustwide/rustup-home" "-w" "/opt/rustwide/workdir" "-m" "1610612736" "--user" "0:0" "--network" "none" "ghcr.io/rust-lang/crates-build-env/linux@sha256:4a844ea9eb2546a2d2c7022eacef16ef2e8229c7fbb2c7d4d55a9ceca922f72d" "/opt/rustwide/cargo-home/bin/cargo" "+nightly-2024-10-28" "build" "--frozen" "--message-format=json", kill_on_drop: false }`
[INFO] [stdout] 8257bcec78f08d3408ae0780df712638dad1356dc93f3b4cfdb6b417d69990a5
[INFO] running `Command { std: "docker" "start" "-a" "8257bcec78f08d3408ae0780df712638dad1356dc93f3b4cfdb6b417d69990a5", kill_on_drop: false }`
[INFO] [stderr]    Compiling proc-macro2 v1.0.79
[INFO] [stderr]    Compiling unicode-ident v1.0.12
[INFO] [stderr]    Compiling regex-syntax v0.8.3
[INFO] [stderr]    Compiling memchr v2.7.2
[INFO] [stderr]    Compiling utf8parse v0.2.1
[INFO] [stderr]    Compiling anstyle v1.0.6
[INFO] [stderr]    Compiling rustix v0.38.32
[INFO] [stderr]    Compiling anstyle-query v1.0.2
[INFO] [stderr]    Compiling colorchoice v1.0.0
[INFO] [stderr]    Compiling clap_lex v0.7.0
[INFO] [stderr]    Compiling linux-raw-sys v0.4.13
[INFO] [stderr]    Compiling bitflags v2.5.0
[INFO] [stderr]    Compiling strsim v0.11.0
[INFO] [stderr]    Compiling home v0.5.9
[INFO] [stderr]    Compiling either v1.11.0
[INFO] [stderr]    Compiling anstyle-parse v0.2.3
[INFO] [stderr]    Compiling shlex v1.3.0
[INFO] [stderr]    Compiling log v0.4.21
[INFO] [stderr]    Compiling anstream v0.6.13
[INFO] [stderr]    Compiling clap_builder v4.5.2
[INFO] [stderr]    Compiling aho-corasick v1.1.3
[INFO] [stderr]    Compiling rev_buf_reader v0.3.0
[INFO] [stderr]    Compiling quote v1.0.35
[INFO] [stderr]    Compiling syn v2.0.55
[INFO] [stderr]    Compiling regex-automata v0.4.6
[INFO] [stderr]    Compiling which v6.0.1
[INFO] [stderr]    Compiling clap_derive v4.5.4
[INFO] [stderr]    Compiling smart-default v0.7.1
[INFO] [stderr]    Compiling regex v1.10.4
[INFO] [stderr]    Compiling anytest-derive v0.1.0
[INFO] [stderr]    Compiling clap v4.5.4
[INFO] [stderr]    Compiling anytest v0.1.0 (/opt/rustwide/workdir)
[INFO] [stdout] warning: method `name` is never used
[INFO] [stdout]  --> src/language.rs:2:8
[INFO] [stdout]   |
[INFO] [stdout] 1 | pub trait Language {
[INFO] [stdout]   |           -------- method in this trait
[INFO] [stdout] 2 |     fn name(&self) -> &str;
[INFO] [stdout]   |        ^^^^
[INFO] [stdout]   |
[INFO] [stdout]   = note: `#[warn(dead_code)]` on by default
[INFO] [stdout] 
[INFO] [stdout] 
[INFO] [stdout] warning: methods `language`, `language_name`, and `name` are never used
[INFO] [stdout]   --> src/test_framework.rs:8:8
[INFO] [stdout]    |
[INFO] [stdout] 7  | pub trait TestFrameworkMeta {
[INFO] [stdout]    |           ----------------- methods in this trait
[INFO] [stdout] 8  |     fn language(&self) -> &dyn Language;
[INFO] [stdout]    |        ^^^^^^^^
[INFO] [stdout] 9  |
[INFO] [stdout] 10 |     fn language_name(&self) -> &str {
[INFO] [stdout]    |        ^^^^^^^^^^^^^
[INFO] [stdout] ...
[INFO] [stdout] 14 |     fn name(&self) -> &str;
[INFO] [stdout]    |        ^^^^
[INFO] [stdout] 
[INFO] [stdout] 
[INFO] [stderr]     Finished `dev` profile [unoptimized + debuginfo] target(s) in 5.09s
[INFO] running `Command { std: "docker" "inspect" "8257bcec78f08d3408ae0780df712638dad1356dc93f3b4cfdb6b417d69990a5", kill_on_drop: false }`
[INFO] running `Command { std: "docker" "rm" "-f" "8257bcec78f08d3408ae0780df712638dad1356dc93f3b4cfdb6b417d69990a5", kill_on_drop: false }`
[INFO] [stdout] 8257bcec78f08d3408ae0780df712638dad1356dc93f3b4cfdb6b417d69990a5
[INFO] running `Command { std: "docker" "create" "-v" "/var/lib/crater-agent-workspace/builds/worker-3-tc1/target:/opt/rustwide/target:rw,Z" "-v" "/var/lib/crater-agent-workspace/builds/worker-3-tc1/source:/opt/rustwide/workdir:ro,Z" "-v" "/var/lib/crater-agent-workspace/cargo-home:/opt/rustwide/cargo-home:ro,Z" "-v" "/var/lib/crater-agent-workspace/rustup-home:/opt/rustwide/rustup-home:ro,Z" "-e" "SOURCE_DIR=/opt/rustwide/workdir" "-e" "CARGO_TARGET_DIR=/opt/rustwide/target" "-e" "CARGO_INCREMENTAL=0" "-e" "RUST_BACKTRACE=full" "-e" "RUSTFLAGS=--cap-lints=forbid" "-e" "RUSTDOCFLAGS=--cap-lints=forbid" "-e" "CARGO_HOME=/opt/rustwide/cargo-home" "-e" "RUSTUP_HOME=/opt/rustwide/rustup-home" "-w" "/opt/rustwide/workdir" "-m" "1610612736" "--user" "0:0" "--network" "none" "ghcr.io/rust-lang/crates-build-env/linux@sha256:4a844ea9eb2546a2d2c7022eacef16ef2e8229c7fbb2c7d4d55a9ceca922f72d" "/opt/rustwide/cargo-home/bin/cargo" "+nightly-2024-10-28" "test" "--frozen" "--no-run" "--message-format=json", kill_on_drop: false }`
[INFO] [stdout] 12fa9b0ad68069d752b7196bcf8dd04ba20e23f14cafc5c7ae687d4e08c07f35
[INFO] running `Command { std: "docker" "start" "-a" "12fa9b0ad68069d752b7196bcf8dd04ba20e23f14cafc5c7ae687d4e08c07f35", kill_on_drop: false }`
[INFO] [stdout] warning: method `name` is never used
[INFO] [stdout]  --> src/language.rs:2:8
[INFO] [stdout]   |
[INFO] [stdout] 1 | pub trait Language {
[INFO] [stdout]   |           -------- method in this trait
[INFO] [stdout] 2 |     fn name(&self) -> &str;
[INFO] [stdout]   |        ^^^^
[INFO] [stdout]   |
[INFO] [stdout]   = note: `#[warn(dead_code)]` on by default
[INFO] [stdout] 
[INFO] [stdout] 
[INFO] [stderr]    Compiling anytest v0.1.0 (/opt/rustwide/workdir)
[INFO] [stdout] warning: methods `language`, `language_name`, and `name` are never used
[INFO] [stdout]   --> src/test_framework.rs:8:8
[INFO] [stdout]    |
[INFO] [stdout] 7  | pub trait TestFrameworkMeta {
[INFO] [stdout]    |           ----------------- methods in this trait
[INFO] [stdout] 8  |     fn language(&self) -> &dyn Language;
[INFO] [stdout]    |        ^^^^^^^^
[INFO] [stdout] 9  |
[INFO] [stdout] 10 |     fn language_name(&self) -> &str {
[INFO] [stdout]    |        ^^^^^^^^^^^^^
[INFO] [stdout] ...
[INFO] [stdout] 14 |     fn name(&self) -> &str;
[INFO] [stdout]    |        ^^^^
[INFO] [stdout] 
[INFO] [stdout] 
[INFO] [stdout] warning: method `name` is never used
[INFO] [stdout]  --> src/language.rs:2:8
[INFO] [stdout]   |
[INFO] [stdout] 1 | pub trait Language {
[INFO] [stdout]   |           -------- method in this trait
[INFO] [stdout] 2 |     fn name(&self) -> &str;
[INFO] [stdout]   |        ^^^^
[INFO] [stdout]   |
[INFO] [stdout]   = note: `#[warn(dead_code)]` on by default
[INFO] [stdout] 
[INFO] [stdout] 
[INFO] [stdout] warning: methods `language`, `language_name`, and `name` are never used
[INFO] [stdout]   --> src/test_framework.rs:8:8
[INFO] [stdout]    |
[INFO] [stdout] 7  | pub trait TestFrameworkMeta {
[INFO] [stdout]    |           ----------------- methods in this trait
[INFO] [stdout] 8  |     fn language(&self) -> &dyn Language;
[INFO] [stdout]    |        ^^^^^^^^
[INFO] [stdout] 9  |
[INFO] [stdout] 10 |     fn language_name(&self) -> &str {
[INFO] [stdout]    |        ^^^^^^^^^^^^^
[INFO] [stdout] ...
[INFO] [stdout] 14 |     fn name(&self) -> &str;
[INFO] [stdout]    |        ^^^^
[INFO] [stdout] 
[INFO] [stdout] 
[INFO] [stderr]     Finished `test` profile [unoptimized + debuginfo] target(s) in 0.73s
[INFO] running `Command { std: "docker" "inspect" "12fa9b0ad68069d752b7196bcf8dd04ba20e23f14cafc5c7ae687d4e08c07f35", kill_on_drop: false }`
[INFO] running `Command { std: "docker" "rm" "-f" "12fa9b0ad68069d752b7196bcf8dd04ba20e23f14cafc5c7ae687d4e08c07f35", kill_on_drop: false }`
[INFO] [stdout] 12fa9b0ad68069d752b7196bcf8dd04ba20e23f14cafc5c7ae687d4e08c07f35
[INFO] running `Command { std: "docker" "create" "-v" "/var/lib/crater-agent-workspace/builds/worker-3-tc1/target:/opt/rustwide/target:rw,Z" "-v" "/var/lib/crater-agent-workspace/builds/worker-3-tc1/source:/opt/rustwide/workdir:ro,Z" "-v" "/var/lib/crater-agent-workspace/cargo-home:/opt/rustwide/cargo-home:ro,Z" "-v" "/var/lib/crater-agent-workspace/rustup-home:/opt/rustwide/rustup-home:ro,Z" "-e" "SOURCE_DIR=/opt/rustwide/workdir" "-e" "CARGO_TARGET_DIR=/opt/rustwide/target" "-e" "CARGO_INCREMENTAL=0" "-e" "RUST_BACKTRACE=full" "-e" "RUSTFLAGS=--cap-lints=forbid" "-e" "RUSTDOCFLAGS=--cap-lints=forbid" "-e" "CARGO_HOME=/opt/rustwide/cargo-home" "-e" "RUSTUP_HOME=/opt/rustwide/rustup-home" "-w" "/opt/rustwide/workdir" "-m" "1610612736" "--user" "0:0" "--network" "none" "ghcr.io/rust-lang/crates-build-env/linux@sha256:4a844ea9eb2546a2d2c7022eacef16ef2e8229c7fbb2c7d4d55a9ceca922f72d" "/opt/rustwide/cargo-home/bin/cargo" "+nightly-2024-10-28" "test" "--frozen", kill_on_drop: false }`
[INFO] [stdout] 266bb809ce710e2f4830382580aadca8f398b3ca9edc2bf82587702cf144e226
[INFO] running `Command { std: "docker" "start" "-a" "266bb809ce710e2f4830382580aadca8f398b3ca9edc2bf82587702cf144e226", kill_on_drop: false }`
[INFO] [stderr] warning: method `name` is never used
[INFO] [stderr]  --> src/language.rs:2:8
[INFO] [stderr]   |
[INFO] [stderr] 1 | pub trait Language {
[INFO] [stderr]   |           -------- method in this trait
[INFO] [stderr] 2 |     fn name(&self) -> &str;
[INFO] [stderr]   |        ^^^^
[INFO] [stderr]   |
[INFO] [stderr]   = note: `#[warn(dead_code)]` on by default
[INFO] [stderr] 
[INFO] [stderr] warning: methods `language`, `language_name`, and `name` are never used
[INFO] [stderr]   --> src/test_framework.rs:8:8
[INFO] [stderr]    |
[INFO] [stderr] 7  | pub trait TestFrameworkMeta {
[INFO] [stderr]    |           ----------------- methods in this trait
[INFO] [stderr] 8  |     fn language(&self) -> &dyn Language;
[INFO] [stderr]    |        ^^^^^^^^
[INFO] [stderr] 9  |
[INFO] [stderr] 10 |     fn language_name(&self) -> &str {
[INFO] [stderr]    |        ^^^^^^^^^^^^^
[INFO] [stderr] ...
[INFO] [stderr] 14 |     fn name(&self) -> &str;
[INFO] [stderr]    |        ^^^^
[INFO] [stderr] 
[INFO] [stderr] warning: `anytest` (lib) generated 2 warnings
[INFO] [stderr] warning: `anytest` (lib test) generated 2 warnings (2 duplicates)
[INFO] [stderr]     Finished `test` profile [unoptimized + debuginfo] target(s) in 0.03s
[INFO] [stderr]      Running unittests src/lib.rs (/opt/rustwide/target/debug/deps/anytest-90024940852a5039)
[INFO] [stdout] 
[INFO] [stdout] running 6 tests
[INFO] [stdout] test context::tests::test_context_new ... ok
[INFO] [stdout] test rel_path::tests::test_rel_path_new ... ok
[INFO] [stdout] test rel_path::tests::test_rel_path_open ... ok
[INFO] [stdout] test tests::test_format_command ... ok
[INFO] [stdout] test rel_path::tests::test_rel_path_lines ... ok
[INFO] [stdout] test context::tests::test_content_find_nearest ... ok
[INFO] [stdout] 
[INFO] [stdout] test result: ok. 6 passed; 0 failed; 0 ignored; 0 measured; 0 filtered out; finished in 0.01s
[INFO] [stdout] 
[INFO] [stderr]      Running unittests src/main.rs (/opt/rustwide/target/debug/deps/anytest-c3bc92fffd059d5a)
[INFO] [stdout] 
[INFO] [stdout] running 1 test
[INFO] [stdout] test cli::tests::test_args_to_context ... ok
[INFO] [stdout] 
[INFO] [stdout] test result: ok. 1 passed; 0 failed; 0 ignored; 0 measured; 0 filtered out; finished in 0.01s
[INFO] [stdout] 
[INFO] [stderr]      Running tests/test_api.rs (/opt/rustwide/target/debug/deps/test_api-c928b21931c06fb0)
[INFO] [stdout] 
[INFO] [stdout] running 1 test
[INFO] [stdout] test test_build_command ... FAILED
[INFO] [stdout] 
[INFO] [stdout] failures:
[INFO] [stdout] 
[INFO] [stdout] ---- test_build_command stdout ----
[INFO] [stdout] thread 'test_build_command' panicked at tests/test_api.rs:11:6:
[INFO] [stdout] called `Result::unwrap()` on an `Err` value: "Root path must be an existing directory"
[INFO] [stdout] stack backtrace:
[INFO] [stdout]    0:     0x6343b4ed004a - std::backtrace_rs::backtrace::libunwind::trace::h207520d6e9873551
[INFO] [stdout]                                at /rustc/df4ca44d3fbc9301ee17f30f4d474e6ae4b05252/library/std/src/../../backtrace/src/backtrace/libunwind.rs:116:5
[INFO] [stdout]    1:     0x6343b4ed004a - std::backtrace_rs::backtrace::trace_unsynchronized::h2ed7433f370e3eca
[INFO] [stdout]                                at /rustc/df4ca44d3fbc9301ee17f30f4d474e6ae4b05252/library/std/src/../../backtrace/src/backtrace/mod.rs:66:5
[INFO] [stdout]    2:     0x6343b4ed004a - std::sys::backtrace::_print_fmt::h916fac51166b18d7
[INFO] [stdout]                                at /rustc/df4ca44d3fbc9301ee17f30f4d474e6ae4b05252/library/std/src/sys/backtrace.rs:66:9
[INFO] [stdout]    3:     0x6343b4ed004a - <std::sys::backtrace::BacktraceLock::print::DisplayBacktrace as core::fmt::Display>::fmt::ha0a4c9b8ce3802e6
[INFO] [stdout]                                at /rustc/df4ca44d3fbc9301ee17f30f4d474e6ae4b05252/library/std/src/sys/backtrace.rs:39:26
[INFO] [stdout]    4:     0x6343b4ef7513 - core::fmt::rt::Argument::fmt::h4cfc8587d52b3eb5
[INFO] [stdout]                                at /rustc/df4ca44d3fbc9301ee17f30f4d474e6ae4b05252/library/core/src/fmt/rt.rs:177:76
[INFO] [stdout]    5:     0x6343b4ef7513 - core::fmt::write::h522cc39e5b36ae9f
[INFO] [stdout]                                at /rustc/df4ca44d3fbc9301ee17f30f4d474e6ae4b05252/library/core/src/fmt/mod.rs:1190:21
[INFO] [stdout]    6:     0x6343b4ecc813 - std::io::Write::write_fmt::h7d3c26752da97734
[INFO] [stdout]                                at /rustc/df4ca44d3fbc9301ee17f30f4d474e6ae4b05252/library/std/src/io/mod.rs:1839:15
[INFO] [stdout]    7:     0x6343b4ecfe92 - std::sys::backtrace::BacktraceLock::print::h4b9e00b29e9c0942
[INFO] [stdout]                                at /rustc/df4ca44d3fbc9301ee17f30f4d474e6ae4b05252/library/std/src/sys/backtrace.rs:42:9
[INFO] [stdout]    8:     0x6343b4ed14da - std::panicking::default_hook::{{closure}}::hb59b88280d0324d9
[INFO] [stdout]                                at /rustc/df4ca44d3fbc9301ee17f30f4d474e6ae4b05252/library/std/src/panicking.rs:268:22
[INFO] [stdout]    9:     0x6343b4ed12e4 - std::panicking::default_hook::he1dd496665be4a29
[INFO] [stdout]                                at /rustc/df4ca44d3fbc9301ee17f30f4d474e6ae4b05252/library/std/src/panicking.rs:292:9
[INFO] [stdout]   10:     0x6343b4bc0349 - <alloc::boxed::Box<F,A> as core::ops::function::Fn<Args>>::call::h4ff71de18744e1dc
[INFO] [stdout]                                at /rustc/df4ca44d3fbc9301ee17f30f4d474e6ae4b05252/library/alloc/src/boxed.rs:2468:9
[INFO] [stdout]   11:     0x6343b4bc0349 - test::test_main::{{closure}}::hcf7c055ce117aa81
[INFO] [stdout]                                at /rustc/df4ca44d3fbc9301ee17f30f4d474e6ae4b05252/library/test/src/lib.rs:133:21
[INFO] [stdout]   12:     0x6343b4ed1bd8 - <alloc::boxed::Box<F,A> as core::ops::function::Fn<Args>>::call::h1d66c6bbd60c9692
[INFO] [stdout]                                at /rustc/df4ca44d3fbc9301ee17f30f4d474e6ae4b05252/library/alloc/src/boxed.rs:2468:9
[INFO] [stdout]   13:     0x6343b4ed1bd8 - std::panicking::rust_panic_with_hook::h2ff17fe8f26dfcf8
[INFO] [stdout]                                at /rustc/df4ca44d3fbc9301ee17f30f4d474e6ae4b05252/library/std/src/panicking.rs:809:13
[INFO] [stdout]   14:     0x6343b4ed199a - std::panicking::begin_panic_handler::{{closure}}::h4fad77951c07e101
[INFO] [stdout]                                at /rustc/df4ca44d3fbc9301ee17f30f4d474e6ae4b05252/library/std/src/panicking.rs:674:13
[INFO] [stdout]   15:     0x6343b4ed0529 - std::sys::backtrace::__rust_end_short_backtrace::hb1a25b3da5d0ea08
[INFO] [stdout]                                at /rustc/df4ca44d3fbc9301ee17f30f4d474e6ae4b05252/library/std/src/sys/backtrace.rs:170:18
[INFO] [stdout]   16:     0x6343b4ed162c - rust_begin_unwind
[INFO] [stdout]                                at /rustc/df4ca44d3fbc9301ee17f30f4d474e6ae4b05252/library/std/src/panicking.rs:665:5
[INFO] [stdout]   17:     0x6343b4ef5b40 - core::panicking::panic_fmt::ha9db07b529f9b256
[INFO] [stdout]                                at /rustc/df4ca44d3fbc9301ee17f30f4d474e6ae4b05252/library/core/src/panicking.rs:75:14
[INFO] [stdout]   18:     0x6343b4ef5fc6 - core::result::unwrap_failed::h5e8218e4d4338b8a
[INFO] [stdout]                                at /rustc/df4ca44d3fbc9301ee17f30f4d474e6ae4b05252/library/core/src/result.rs:1698:5
[INFO] [stdout]   19:     0x6343b4b85e54 - core::result::Result<T,E>::unwrap::h38da563c9ec39864
[INFO] [stdout]                                at /rustc/df4ca44d3fbc9301ee17f30f4d474e6ae4b05252/library/core/src/result.rs:1103:23
[INFO] [stdout]   20:     0x6343b4b85e54 - test_api::test_build_command::h87bb612ab588988d
[INFO] [stdout]                                at /opt/rustwide/workdir/tests/test_api.rs:5:19
[INFO] [stdout]   21:     0x6343b4b85d37 - test_api::test_build_command::{{closure}}::hcea62054e5c8eb95
[INFO] [stdout]                                at /opt/rustwide/workdir/tests/test_api.rs:4:24
[INFO] [stdout]   22:     0x6343b4b84f86 - core::ops::function::FnOnce::call_once::h570125367577702d
[INFO] [stdout]                                at /rustc/df4ca44d3fbc9301ee17f30f4d474e6ae4b05252/library/core/src/ops/function.rs:250:5
[INFO] [stdout]   23:     0x6343b4bc4c1b - core::ops::function::FnOnce::call_once::h22c3ba5715e93f05
[INFO] [stdout]                                at /rustc/df4ca44d3fbc9301ee17f30f4d474e6ae4b05252/library/core/src/ops/function.rs:250:5
[INFO] [stdout]   24:     0x6343b4bc4c1b - test::__rust_begin_short_backtrace::h8e82d8113d0da17f
[INFO] [stdout]                                at /rustc/df4ca44d3fbc9301ee17f30f4d474e6ae4b05252/library/test/src/lib.rs:621:18
[INFO] [stdout]   25:     0x6343b4bc4597 - test::run_test_in_process::{{closure}}::h33235f4f20b7b7c7
[INFO] [stdout]                                at /rustc/df4ca44d3fbc9301ee17f30f4d474e6ae4b05252/library/test/src/lib.rs:644:60
[INFO] [stdout]   26:     0x6343b4bc4597 - <core::panic::unwind_safe::AssertUnwindSafe<F> as core::ops::function::FnOnce<()>>::call_once::hb5043206310c586f
[INFO] [stdout]                                at /rustc/df4ca44d3fbc9301ee17f30f4d474e6ae4b05252/library/core/src/panic/unwind_safe.rs:272:9
[INFO] [stdout]   27:     0x6343b4bc4597 - std::panicking::try::do_call::h9ad4731a60ab23e2
[INFO] [stdout]                                at /rustc/df4ca44d3fbc9301ee17f30f4d474e6ae4b05252/library/std/src/panicking.rs:557:40
[INFO] [stdout]   28:     0x6343b4bc4597 - std::panicking::try::h3824d23db772a716
[INFO] [stdout]                                at /rustc/df4ca44d3fbc9301ee17f30f4d474e6ae4b05252/library/std/src/panicking.rs:520:19
[INFO] [stdout]   29:     0x6343b4bc4597 - std::panic::catch_unwind::h5afd514605fde46b
[INFO] [stdout]                                at /rustc/df4ca44d3fbc9301ee17f30f4d474e6ae4b05252/library/std/src/panic.rs:358:14
[INFO] [stdout]   30:     0x6343b4bc4597 - test::run_test_in_process::h0d5cbfa7067d1720
[INFO] [stdout]                                at /rustc/df4ca44d3fbc9301ee17f30f4d474e6ae4b05252/library/test/src/lib.rs:644:27
[INFO] [stdout]   31:     0x6343b4bc4597 - test::run_test::{{closure}}::h708eb8872708115d
[INFO] [stdout]                                at /rustc/df4ca44d3fbc9301ee17f30f4d474e6ae4b05252/library/test/src/lib.rs:565:43
[INFO] [stdout]   32:     0x6343b4b87cb4 - test::run_test::{{closure}}::h392c51cee94713ab
[INFO] [stdout]                                at /rustc/df4ca44d3fbc9301ee17f30f4d474e6ae4b05252/library/test/src/lib.rs:595:41
[INFO] [stdout]   33:     0x6343b4b87cb4 - std::sys::backtrace::__rust_begin_short_backtrace::h2f40290710935a8b
[INFO] [stdout]                                at /rustc/df4ca44d3fbc9301ee17f30f4d474e6ae4b05252/library/std/src/sys/backtrace.rs:154:18
[INFO] [stdout]   34:     0x6343b4b8b45e - std::thread::Builder::spawn_unchecked_::{{closure}}::{{closure}}::h3fd968d89053a903
[INFO] [stdout]                                at /rustc/df4ca44d3fbc9301ee17f30f4d474e6ae4b05252/library/std/src/thread/mod.rs:541:17
[INFO] [stdout]   35:     0x6343b4b8b45e - <core::panic::unwind_safe::AssertUnwindSafe<F> as core::ops::function::FnOnce<()>>::call_once::h743f637ba4229880
[INFO] [stdout]                                at /rustc/df4ca44d3fbc9301ee17f30f4d474e6ae4b05252/library/core/src/panic/unwind_safe.rs:272:9
[INFO] [stdout]   36:     0x6343b4b8b45e - std::panicking::try::do_call::h07440897322525a6
[INFO] [stdout]                                at /rustc/df4ca44d3fbc9301ee17f30f4d474e6ae4b05252/library/std/src/panicking.rs:557:40
[INFO] [stdout]   37:     0x6343b4b8b45e - std::panicking::try::he5a2e00188156637
[INFO] [stdout]                                at /rustc/df4ca44d3fbc9301ee17f30f4d474e6ae4b05252/library/std/src/panicking.rs:520:19
[INFO] [stdout]   38:     0x6343b4b8b45e - std::panic::catch_unwind::hbaf3cae49b3c6433
[INFO] [stdout]                                at /rustc/df4ca44d3fbc9301ee17f30f4d474e6ae4b05252/library/std/src/panic.rs:358:14
[INFO] [stdout]   39:     0x6343b4b8b45e - std::thread::Builder::spawn_unchecked_::{{closure}}::h8e141ea224820bce
[INFO] [stdout]                                at /rustc/df4ca44d3fbc9301ee17f30f4d474e6ae4b05252/library/std/src/thread/mod.rs:540:30
[INFO] [stdout]   40:     0x6343b4b8b45e - core::ops::function::FnOnce::call_once{{vtable.shim}}::h90d312fedd7b8ea8
[INFO] [stdout]                                at /rustc/df4ca44d3fbc9301ee17f30f4d474e6ae4b05252/library/core/src/ops/function.rs:250:5
[INFO] [stdout]   41:     0x6343b4ed5bcb - <alloc::boxed::Box<F,A> as core::ops::function::FnOnce<Args>>::call_once::h69aa08ddb6adb8b6
[INFO] [stdout]                                at /rustc/df4ca44d3fbc9301ee17f30f4d474e6ae4b05252/library/alloc/src/boxed.rs:2454:9
[INFO] [stdout]   42:     0x6343b4ed5bcb - <alloc::boxed::Box<F,A> as core::ops::function::FnOnce<Args>>::call_once::h5aa36efdb79c806f
[INFO] [stdout]                                at /rustc/df4ca44d3fbc9301ee17f30f4d474e6ae4b05252/library/alloc/src/boxed.rs:2454:9
[INFO] [stdout]   43:     0x6343b4ed5bcb - std::sys::pal::unix::thread::Thread::new::thread_start::h6cd80a1b4be5158d
[INFO] [stdout]                                at /rustc/df4ca44d3fbc9301ee17f30f4d474e6ae4b05252/library/std/src/sys/pal/unix/thread.rs:105:17
[INFO] [stdout]   44:     0x7df3e31d6ac3 - <unknown>
[INFO] [stdout]   45:     0x7df3e3267a04 - clone
[INFO] [stdout]   46:                0x0 - <unknown>
[INFO] [stdout] 
[INFO] [stdout] 
[INFO] [stdout] failures:
[INFO] [stdout]     test_build_command
[INFO] [stdout] 
[INFO] [stdout] test result: FAILED. 0 passed; 1 failed; 0 ignored; 0 measured; 0 filtered out; finished in 0.02s
[INFO] [stdout] 
[INFO] [stderr] error: test failed, to rerun pass `--test test_api`
[INFO] running `Command { std: "docker" "inspect" "266bb809ce710e2f4830382580aadca8f398b3ca9edc2bf82587702cf144e226", kill_on_drop: false }`
[INFO] running `Command { std: "docker" "rm" "-f" "266bb809ce710e2f4830382580aadca8f398b3ca9edc2bf82587702cf144e226", kill_on_drop: false }`
[INFO] [stdout] 266bb809ce710e2f4830382580aadca8f398b3ca9edc2bf82587702cf144e226
